I20260709 14:53:27.609797  7420 tablet_bootstrap.cc:654] T 17088a13dde143a2aa4887ffae6005ee P 315d4eb2af6b473e88d3905350b1a3da: Neither blocks nor log segments found. Creating new log.
I20260709 14:53:27.663682  7425 ts_tablet_manager.cc:1434] T 7168f8b417b1447d99dffec1256228bc P aba9154cb07548b8afa8b4d1684064e3: Time spent starting tablet: real 0.125s	user 0.009s	sys 0.000s
I20260709 14:53:27.688995  7425 tablet_bootstrap.cc:492] T ed05d21fbd6a4214a368b1eca6bf4724 P aba9154cb07548b8afa8b4d1684064e3: Bootstrap starting.
I20260709 14:53:27.690709  7289 tablet_service.cc:1511] Processing CreateTablet for tablet b738d50e22684ec681943491a7406538 (DEFAULT_TABLE table=test-workload [id=e3432c63cd6f4537a0a8d7e4365d3592]), partition=RANGE (key) PARTITION 982746729 <= VALUES < 1019144756
I20260709 14:53:27.691854  7289 data_dirs.cc:400] Could only allocate 1 dirs of requested 3 for tablet b738d50e22684ec681943491a7406538. 1 dirs total, 0 dirs full, 0 dirs failed
I20260709 14:53:27.694959  7425 tablet_bootstrap.cc:654] T ed05d21fbd6a4214a368b1eca6bf4724 P aba9154cb07548b8afa8b4d1684064e3: Neither blocks nor log segments found. Creating new log.
I20260709 14:53:27.690719  7363 data_dirs.cc:400] Could only allocate 1 dirs of requested 3 for tablet 8d62f0124f6b4b4daeacbac542ec9e9b. 1 dirs total, 0 dirs full, 0 dirs failed
I20260709 14:53:27.701787  7214 data_dirs.cc:400] Could only allocate 1 dirs of requested 3 for tablet 618ef7cb770b401eb2fce90ecf65fac2. 1 dirs total, 0 dirs full, 0 dirs failed
I20260709 14:53:27.711337  7217 tablet_service.cc:1511] Processing CreateTablet for tablet 3df9d396e07b460cbefceb55abe2456a (DEFAULT_TABLE table=test-workload [id=e3432c63cd6f4537a0a8d7e4365d3592]), partition=RANGE (key) PARTITION 2038289512 <= VALUES < 2074687539
I20260709 14:53:27.712507  7217 data_dirs.cc:400] Could only allocate 1 dirs of requested 3 for tablet 3df9d396e07b460cbefceb55abe2456a. 1 dirs total, 0 dirs full, 0 dirs failed
I20260709 14:53:27.712710  7215 tablet_service.cc:1511] Processing CreateTablet for tablet 793522c4137f442da8ffdb8c1e4041c3 (DEFAULT_TABLE table=test-workload [id=e3432c63cd6f4537a0a8d7e4365d3592]), partition=RANGE (key) PARTITION 2074687539 <= VALUES < 2111085566
I20260709 14:53:27.713789  7215 data_dirs.cc:400] Could only allocate 1 dirs of requested 3 for tablet 793522c4137f442da8ffdb8c1e4041c3. 1 dirs total, 0 dirs full, 0 dirs failed
I20260709 14:53:27.715191  7212 tablet_service.cc:1511] Processing CreateTablet for tablet 8d62f0124f6b4b4daeacbac542ec9e9b (DEFAULT_TABLE table=test-workload [id=e3432c63cd6f4537a0a8d7e4365d3592]), partition=RANGE (key) PARTITION 2111085566 <= VALUES
I20260709 14:53:27.716385  7212 data_dirs.cc:400] Could only allocate 1 dirs of requested 3 for tablet 8d62f0124f6b4b4daeacbac542ec9e9b. 1 dirs total, 0 dirs full, 0 dirs failed
I20260709 14:53:27.718423  7305 tablet_service.cc:1917] Received RequestConsensusVote() RPC: tablet_id: "b8631d61246b44eca8bf23d7e80db370" candidate_uuid: "315d4eb2af6b473e88d3905350b1a3da" candidate_term: 1 candidate_status { last_received { term: 0 index: 0 } } ignore_live_leader: false dest_uuid: "aba9154cb07548b8afa8b4d1684064e3" is_pre_election: true
I20260709 14:53:27.719614  7422 raft_consensus.cc:493] T a9c44a451d174016868fb1d62fa5ebf0 P 14150f81abfa4965b2a8e55d587296e2 [term 0 FOLLOWER]: Starting pre-election (no leader contacted us within the election timeout)
I20260709 14:53:27.720047  7422 raft_consensus.cc:515] T a9c44a451d174016868fb1d62fa5ebf0 P 14150f81abfa4965b2a8e55d587296e2 [term 0 FOLLOWER]: Starting pre-election with config: opid_index: -1 OBSOLETE_local: false peers { permanent_uuid: "14150f81abfa4965b2a8e55d587296e2" member_type: VOTER last_known_addr { host: "127.5.249.129" port: 45587 } } peers { permanent_uuid: "aba9154cb07548b8afa8b4d1684064e3" member_type: VOTER last_known_addr { host: "127.5.249.130" port: 42433 } } peers { permanent_uuid: "315d4eb2af6b473e88d3905350b1a3da" member_type: VOTER last_known_addr { host: "127.5.249.131" port: 46491 } }
I20260709 14:53:27.721870  7422 leader_election.cc:290] T a9c44a451d174016868fb1d62fa5ebf0 P 14150f81abfa4965b2a8e55d587296e2 [CANDIDATE]: Term 1 pre-election: Requested pre-vote from peers aba9154cb07548b8afa8b4d1684064e3 (127.5.249.130:42433), 315d4eb2af6b473e88d3905350b1a3da (127.5.249.131:46491)
I20260709 14:53:27.723642  7379 tablet_service.cc:1917] Received RequestConsensusVote() RPC: tablet_id: "a9c44a451d174016868fb1d62fa5ebf0" candidate_uuid: "14150f81abfa4965b2a8e55d587296e2" candidate_term: 1 candidate_status { last_received { term: 0 index: 0 } } ignore_live_leader: false dest_uuid: "315d4eb2af6b473e88d3905350b1a3da" is_pre_election: true
W20260709 14:53:27.725669  7195 leader_election.cc:343] T a9c44a451d174016868fb1d62fa5ebf0 P 14150f81abfa4965b2a8e55d587296e2 [CANDIDATE]: Term 1 pre-election: Tablet error from VoteRequest() call to peer 315d4eb2af6b473e88d3905350b1a3da (127.5.249.131:46491): Illegal state: must be running to vote when last-logged opid is not known
I20260709 14:53:27.726536  7305 tablet_service.cc:1917] Received RequestConsensusVote() RPC: tablet_id: "a9c44a451d174016868fb1d62fa5ebf0" candidate_uuid: "14150f81abfa4965b2a8e55d587296e2" candidate_term: 1 candidate_status { last_received { term: 0 index: 0 } } ignore_live_leader: false dest_uuid: "aba9154cb07548b8afa8b4d1684064e3" is_pre_election: true
W20260709 14:53:27.729296  7195 leader_election.cc:343] T a9c44a451d174016868fb1d62fa5ebf0 P 14150f81abfa4965b2a8e55d587296e2 [CANDIDATE]: Term 1 pre-election: Tablet error from VoteRequest() call to peer aba9154cb07548b8afa8b4d1684064e3 (127.5.249.130:42433): Illegal state: must be running to vote when last-logged opid is not known
I20260709 14:53:27.729691  7195 leader_election.cc:304] T a9c44a451d174016868fb1d62fa5ebf0 P 14150f81abfa4965b2a8e55d587296e2 [CANDIDATE]: Term 1 pre-election: Election decided. Result: candidate lost. Election summary: received 3 responses out of 3 voters: 1 yes votes; 2 no votes. yes voters: 14150f81abfa4965b2a8e55d587296e2; no voters: 315d4eb2af6b473e88d3905350b1a3da, aba9154cb07548b8afa8b4d1684064e3
I20260709 14:53:27.730052  7230 tablet_service.cc:1917] Received RequestConsensusVote() RPC: tablet_id: "b8631d61246b44eca8bf23d7e80db370" candidate_uuid: "315d4eb2af6b473e88d3905350b1a3da" candidate_term: 1 candidate_status { last_received { term: 0 index: 0 } } ignore_live_leader: false dest_uuid: "14150f81abfa4965b2a8e55d587296e2" is_pre_election: true
W20260709 14:53:27.731688  7344 leader_election.cc:343] T b8631d61246b44eca8bf23d7e80db370 P 315d4eb2af6b473e88d3905350b1a3da [CANDIDATE]: Term 1 pre-election: Tablet error from VoteRequest() call to peer aba9154cb07548b8afa8b4d1684064e3 (127.5.249.130:42433): Illegal state: must be running to vote when last-logged opid is not known
W20260709 14:53:27.732306  7344 leader_election.cc:343] T b8631d61246b44eca8bf23d7e80db370 P 315d4eb2af6b473e88d3905350b1a3da [CANDIDATE]: Term 1 pre-election: Tablet error from VoteRequest() call to peer 14150f81abfa4965b2a8e55d587296e2 (127.5.249.129:45587): Illegal state: must be running to vote when last-logged opid is not known
I20260709 14:53:27.732659  7344 leader_election.cc:304] T b8631d61246b44eca8bf23d7e80db370 P 315d4eb2af6b473e88d3905350b1a3da [CANDIDATE]: Term 1 pre-election: Election decided. Result: candidate lost. Election summary: received 3 responses out of 3 voters: 1 yes votes; 2 no votes. yes voters: 315d4eb2af6b473e88d3905350b1a3da; no voters: 14150f81abfa4965b2a8e55d587296e2, aba9154cb07548b8afa8b4d1684064e3
I20260709 14:53:27.733357  7423 raft_consensus.cc:2749] T b8631d61246b44eca8bf23d7e80db370 P 315d4eb2af6b473e88d3905350b1a3da [term 0 FOLLOWER]: Leader pre-election lost for term 1. Reason: could not achieve majority
I20260709 14:53:27.740934  7291 tablet_service.cc:1511] Processing CreateTablet for tablet cf490d5c7de545c1b591d00ba7db8018 (DEFAULT_TABLE table=test-workload [id=e3432c63cd6f4537a0a8d7e4365d3592]), partition=RANGE (key) PARTITION 1055542783 <= VALUES < 1091940810
I20260709 14:53:27.746089  7422 raft_consensus.cc:2749] T a9c44a451d174016868fb1d62fa5ebf0 P 14150f81abfa4965b2a8e55d587296e2 [term 0 FOLLOWER]: Leader pre-election lost for term 1. Reason: could not achieve majority
I20260709 14:53:27.752300  7420 tablet_bootstrap.cc:492] T 17088a13dde143a2aa4887ffae6005ee P 315d4eb2af6b473e88d3905350b1a3da: No bootstrap required, opened a new log
I20260709 14:53:27.752676  7420 ts_tablet_manager.cc:1403] T 17088a13dde143a2aa4887ffae6005ee P 315d4eb2af6b473e88d3905350b1a3da: Time spent bootstrapping tablet: real 0.149s	user 0.013s	sys 0.004s
I20260709 14:53:27.748855  7295 tablet_service.cc:1511] Processing CreateTablet for tablet 0dde866f367c4cb4a4403b5bee89034a (DEFAULT_TABLE table=test-workload [id=e3432c63cd6f4537a0a8d7e4365d3592]), partition=RANGE (key) PARTITION 873552648 <= VALUES < 909950675
I20260709 14:53:27.755290  7420 raft_consensus.cc:359] T 17088a13dde143a2aa4887ffae6005ee P 315d4eb2af6b473e88d3905350b1a3da [term 0 FOLLOWER]: Replica starting. Triggering 0 pending ops. Active config: opid_index: -1 OBSOLETE_local: false peers { permanent_uuid: "14150f81abfa4965b2a8e55d587296e2" member_type: VOTER last_known_addr { host: "127.5.249.129" port: 45587 } } peers { permanent_uuid: "aba9154cb07548b8afa8b4d1684064e3" member_type: VOTER last_known_addr { host: "127.5.249.130" port: 42433 } } peers { permanent_uuid: "315d4eb2af6b473e88d3905350b1a3da" member_type: VOTER last_known_addr { host: "127.5.249.131" port: 46491 } }
I20260709 14:53:27.755937  7420 raft_consensus.cc:385] T 17088a13dde143a2aa4887ffae6005ee P 315d4eb2af6b473e88d3905350b1a3da [term 0 FOLLOWER]: Consensus starting up: Expiring failure detector timer to make a prompt election more likely
I20260709 14:53:27.756217  7420 raft_consensus.cc:740] T 17088a13dde143a2aa4887ffae6005ee P 315d4eb2af6b473e88d3905350b1a3da [term 0 FOLLOWER]: Becoming Follower/Learner. State: Replica: 315d4eb2af6b473e88d3905350b1a3da, State: Initialized, Role: FOLLOWER
I20260709 14:53:27.756469  7418 tablet_bootstrap.cc:654] T e2c73877059d4d348874ea206fe7eb71 P 14150f81abfa4965b2a8e55d587296e2: Neither blocks nor log segments found. Creating new log.
I20260709 14:53:27.756901  7420 consensus_queue.cc:260] T 17088a13dde143a2aa4887ffae6005ee P 315d4eb2af6b473e88d3905350b1a3da [NON_LEADER]: Queue going to NON_LEADER mode. State: All replicated index: 0, Majority replicated index: 0, Committed index: 0, Last appended: 0.0, Last appended by leader: 0, Current term: 0, Majority size: -1, State: 0, Mode: NON_LEADER, active raft config: opid_index: -1 OBSOLETE_local: false peers { permanent_uuid: "14150f81abfa4965b2a8e55d587296e2" member_type: VOTER last_known_addr { host: "127.5.249.129" port: 45587 } } peers { permanent_uuid: "aba9154cb07548b8afa8b4d1684064e3" member_type: VOTER last_known_addr { host: "127.5.249.130" port: 42433 } } peers { permanent_uuid: "315d4eb2af6b473e88d3905350b1a3da" member_type: VOTER last_known_addr { host: "127.5.249.131" port: 46491 } }
I20260709 14:53:27.771999  7292 tablet_service.cc:1511] Processing CreateTablet for tablet cb9c0243268243c191e21fe35ac1fb7b (DEFAULT_TABLE table=test-workload [id=e3432c63cd6f4537a0a8d7e4365d3592]), partition=RANGE (key) PARTITION 1091940810 <= VALUES < 1128338837
I20260709 14:53:27.772773  7291 data_dirs.cc:400] Could only allocate 1 dirs of requested 3 for tablet cf490d5c7de545c1b591d00ba7db8018. 1 dirs total, 0 dirs full, 0 dirs failed
I20260709 14:53:27.778578  7420 ts_tablet_manager.cc:1434] T 17088a13dde143a2aa4887ffae6005ee P 315d4eb2af6b473e88d3905350b1a3da: Time spent starting tablet: real 0.026s	user 0.006s	sys 0.001s
I20260709 14:53:27.779568  7420 tablet_bootstrap.cc:492] T ed05d21fbd6a4214a368b1eca6bf4724 P 315d4eb2af6b473e88d3905350b1a3da: Bootstrap starting.
I20260709 14:53:27.777884  7288 tablet_service.cc:1511] Processing CreateTablet for tablet de0cca881e6748aaa3a70569b1bcd301 (DEFAULT_TABLE table=test-workload [id=e3432c63cd6f4537a0a8d7e4365d3592]), partition=RANGE (key) PARTITION 1019144756 <= VALUES < 1055542783
I20260709 14:53:27.785085  7420 tablet_bootstrap.cc:654] T ed05d21fbd6a4214a368b1eca6bf4724 P 315d4eb2af6b473e88d3905350b1a3da: Neither blocks nor log segments found. Creating new log.
I20260709 14:53:27.786253  7422 raft_consensus.cc:493] T 17088a13dde143a2aa4887ffae6005ee P 14150f81abfa4965b2a8e55d587296e2 [term 0 FOLLOWER]: Starting pre-election (no leader contacted us within the election timeout)
I20260709 14:53:27.786688  7422 raft_consensus.cc:515] T 17088a13dde143a2aa4887ffae6005ee P 14150f81abfa4965b2a8e55d587296e2 [term 0 FOLLOWER]: Starting pre-election with config: opid_index: -1 OBSOLETE_local: false peers { permanent_uuid: "14150f81abfa4965b2a8e55d587296e2" member_type: VOTER last_known_addr { host: "127.5.249.129" port: 45587 } } peers { permanent_uuid: "aba9154cb07548b8afa8b4d1684064e3" member_type: VOTER last_known_addr { host: "127.5.249.130" port: 42433 } } peers { permanent_uuid: "315d4eb2af6b473e88d3905350b1a3da" member_type: VOTER last_known_addr { host: "127.5.249.131" port: 46491 } }
I20260709 14:53:27.788961  7422 leader_election.cc:290] T 17088a13dde143a2aa4887ffae6005ee P 14150f81abfa4965b2a8e55d587296e2 [CANDIDATE]: Term 1 pre-election: Requested pre-vote from peers aba9154cb07548b8afa8b4d1684064e3 (127.5.249.130:42433), 315d4eb2af6b473e88d3905350b1a3da (127.5.249.131:46491)
I20260709 14:53:27.791090  7305 tablet_service.cc:1917] Received RequestConsensusVote() RPC: tablet_id: "17088a13dde143a2aa4887ffae6005ee" candidate_uuid: "14150f81abfa4965b2a8e55d587296e2" candidate_term: 1 candidate_status { last_received { term: 0 index: 0 } } ignore_live_leader: false dest_uuid: "aba9154cb07548b8afa8b4d1684064e3" is_pre_election: true
I20260709 14:53:27.792016  7379 tablet_service.cc:1917] Received RequestConsensusVote() RPC: tablet_id: "17088a13dde143a2aa4887ffae6005ee" candidate_uuid: "14150f81abfa4965b2a8e55d587296e2" candidate_term: 1 candidate_status { last_received { term: 0 index: 0 } } ignore_live_leader: false dest_uuid: "315d4eb2af6b473e88d3905350b1a3da" is_pre_election: true
I20260709 14:53:27.792685  7287 tablet_service.cc:1511] Processing CreateTablet for tablet 077ae2660bc942f695e671307f329773 (DEFAULT_TABLE table=test-workload [id=e3432c63cd6f4537a0a8d7e4365d3592]), partition=RANGE (key) PARTITION 1128338837 <= VALUES < 1164736864
I20260709 14:53:27.793094  7379 raft_consensus.cc:2468] T 17088a13dde143a2aa4887ffae6005ee P 315d4eb2af6b473e88d3905350b1a3da [term 0 FOLLOWER]: Leader pre-election vote request: Granting yes vote for candidate 14150f81abfa4965b2a8e55d587296e2 in term 0.
I20260709 14:53:27.794366  7195 leader_election.cc:304] T 17088a13dde143a2aa4887ffae6005ee P 14150f81abfa4965b2a8e55d587296e2 [CANDIDATE]: Term 1 pre-election: Election decided. Result: candidate won. Election summary: received 2 responses out of 3 voters: 2 yes votes; 0 no votes. yes voters: 14150f81abfa4965b2a8e55d587296e2, 315d4eb2af6b473e88d3905350b1a3da; no voters: 
I20260709 14:53:27.796043  7422 raft_consensus.cc:2804] T 17088a13dde143a2aa4887ffae6005ee P 14150f81abfa4965b2a8e55d587296e2 [term 0 FOLLOWER]: Leader pre-election won for term 1
I20260709 14:53:27.797009  7422 raft_consensus.cc:493] T 17088a13dde143a2aa4887ffae6005ee P 14150f81abfa4965b2a8e55d587296e2 [term 0 FOLLOWER]: Starting leader election (no leader contacted us within the election timeout)
I20260709 14:53:27.797397  7422 raft_consensus.cc:3060] T 17088a13dde143a2aa4887ffae6005ee P 14150f81abfa4965b2a8e55d587296e2 [term 0 FOLLOWER]: Advancing to term 1
I20260709 14:53:27.798368  7288 data_dirs.cc:400] Could only allocate 1 dirs of requested 3 for tablet de0cca881e6748aaa3a70569b1bcd301. 1 dirs total, 0 dirs full, 0 dirs failed
I20260709 14:53:27.802553  7423 raft_consensus.cc:493] T ead4f2adcdc14338ba189cd7df26901b P 315d4eb2af6b473e88d3905350b1a3da [term 0 FOLLOWER]: Starting pre-election (no leader contacted us within the election timeout)
I20260709 14:53:27.803018  7423 raft_consensus.cc:515] T ead4f2adcdc14338ba189cd7df26901b P 315d4eb2af6b473e88d3905350b1a3da [term 0 FOLLOWER]: Starting pre-election with config: opid_index: -1 OBSOLETE_local: false peers { permanent_uuid: "315d4eb2af6b473e88d3905350b1a3da" member_type: VOTER last_known_addr { host: "127.5.249.131" port: 46491 } } peers { permanent_uuid: "14150f81abfa4965b2a8e55d587296e2" member_type: VOTER last_known_addr { host: "127.5.249.129" port: 45587 } } peers { permanent_uuid: "aba9154cb07548b8afa8b4d1684064e3" member_type: VOTER last_known_addr { host: "127.5.249.130" port: 42433 } }
I20260709 14:53:27.804967  7423 leader_election.cc:290] T ead4f2adcdc14338ba189cd7df26901b P 315d4eb2af6b473e88d3905350b1a3da [CANDIDATE]: Term 1 pre-election: Requested pre-vote from peers 14150f81abfa4965b2a8e55d587296e2 (127.5.249.129:45587), aba9154cb07548b8afa8b4d1684064e3 (127.5.249.130:42433)
I20260709 14:53:27.802699  7425 tablet_bootstrap.cc:492] T ed05d21fbd6a4214a368b1eca6bf4724 P aba9154cb07548b8afa8b4d1684064e3: No bootstrap required, opened a new log
I20260709 14:53:27.807668  7295 data_dirs.cc:400] Could only allocate 1 dirs of requested 3 for tablet 0dde866f367c4cb4a4403b5bee89034a. 1 dirs total, 0 dirs full, 0 dirs failed
I20260709 14:53:27.807772  7230 tablet_service.cc:1917] Received RequestConsensusVote() RPC: tablet_id: "ead4f2adcdc14338ba189cd7df26901b" candidate_uuid: "315d4eb2af6b473e88d3905350b1a3da" candidate_term: 1 candidate_status { last_received { term: 0 index: 0 } } ignore_live_leader: false dest_uuid: "14150f81abfa4965b2a8e55d587296e2" is_pre_election: true
W20260709 14:53:27.809254  7344 leader_election.cc:343] T ead4f2adcdc14338ba189cd7df26901b P 315d4eb2af6b473e88d3905350b1a3da [CANDIDATE]: Term 1 pre-election: Tablet error from VoteRequest() call to peer 14150f81abfa4965b2a8e55d587296e2 (127.5.249.129:45587): Illegal state: must be running to vote when last-logged opid is not known
I20260709 14:53:27.807757  7305 tablet_service.cc:1917] Received RequestConsensusVote() RPC: tablet_id: "ead4f2adcdc14338ba189cd7df26901b" candidate_uuid: "315d4eb2af6b473e88d3905350b1a3da" candidate_term: 1 candidate_status { last_received { term: 0 index: 0 } } ignore_live_leader: false dest_uuid: "aba9154cb07548b8afa8b4d1684064e3" is_pre_election: true
W20260709 14:53:27.810703  7344 leader_election.cc:343] T ead4f2adcdc14338ba189cd7df26901b P 315d4eb2af6b473e88d3905350b1a3da [CANDIDATE]: Term 1 pre-election: Tablet error from VoteRequest() call to peer aba9154cb07548b8afa8b4d1684064e3 (127.5.249.130:42433): Illegal state: must be running to vote when last-logged opid is not known
I20260709 14:53:27.811098  7344 leader_election.cc:304] T ead4f2adcdc14338ba189cd7df26901b P 315d4eb2af6b473e88d3905350b1a3da [CANDIDATE]: Term 1 pre-election: Election decided. Result: candidate lost. Election summary: received 3 responses out of 3 voters: 1 yes votes; 2 no votes. yes voters: 315d4eb2af6b473e88d3905350b1a3da; no voters: 14150f81abfa4965b2a8e55d587296e2, aba9154cb07548b8afa8b4d1684064e3
I20260709 14:53:27.811968  7423 raft_consensus.cc:2749] T ead4f2adcdc14338ba189cd7df26901b P 315d4eb2af6b473e88d3905350b1a3da [term 0 FOLLOWER]: Leader pre-election lost for term 1. Reason: could not achieve majority
I20260709 14:53:27.818454  7287 data_dirs.cc:400] Could only allocate 1 dirs of requested 3 for tablet 077ae2660bc942f695e671307f329773. 1 dirs total, 0 dirs full, 0 dirs failed
I20260709 14:53:27.829140  7425 ts_tablet_manager.cc:1403] T ed05d21fbd6a4214a368b1eca6bf4724 P aba9154cb07548b8afa8b4d1684064e3: Time spent bootstrapping tablet: real 0.140s	user 0.037s	sys 0.008s
I20260709 14:53:27.832424  7292 data_dirs.cc:400] Could only allocate 1 dirs of requested 3 for tablet cb9c0243268243c191e21fe35ac1fb7b. 1 dirs total, 0 dirs full, 0 dirs failed
I20260709 14:53:27.842855  7422 raft_consensus.cc:515] T 17088a13dde143a2aa4887ffae6005ee P 14150f81abfa4965b2a8e55d587296e2 [term 1 FOLLOWER]: Starting leader election with config: opid_index: -1 OBSOLETE_local: false peers { permanent_uuid: "14150f81abfa4965b2a8e55d587296e2" member_type: VOTER last_known_addr { host: "127.5.249.129" port: 45587 } } peers { permanent_uuid: "aba9154cb07548b8afa8b4d1684064e3" member_type: VOTER last_known_addr { host: "127.5.249.130" port: 42433 } } peers { permanent_uuid: "315d4eb2af6b473e88d3905350b1a3da" member_type: VOTER last_known_addr { host: "127.5.249.131" port: 46491 } }
I20260709 14:53:27.844966  7422 leader_election.cc:290] T 17088a13dde143a2aa4887ffae6005ee P 14150f81abfa4965b2a8e55d587296e2 [CANDIDATE]: Term 1 election: Requested vote from peers aba9154cb07548b8afa8b4d1684064e3 (127.5.249.130:42433), 315d4eb2af6b473e88d3905350b1a3da (127.5.249.131:46491)
I20260709 14:53:27.846060  7290 tablet_service.cc:1511] Processing CreateTablet for tablet 294d530308e442b383169ba1b2695d71 (DEFAULT_TABLE table=test-workload [id=e3432c63cd6f4537a0a8d7e4365d3592]), partition=RANGE (key) PARTITION 1164736864 <= VALUES < 1201134891
I20260709 14:53:27.847409  7290 data_dirs.cc:400] Could only allocate 1 dirs of requested 3 for tablet 294d530308e442b383169ba1b2695d71. 1 dirs total, 0 dirs full, 0 dirs failed
I20260709 14:53:27.859019  7286 tablet_service.cc:1511] Processing CreateTablet for tablet 7b457ae65e164e8d9305d340e356129a (DEFAULT_TABLE table=test-workload [id=e3432c63cd6f4537a0a8d7e4365d3592]), partition=RANGE (key) PARTITION 1201134891 <= VALUES < 1237532918
I20260709 14:53:27.860276  7286 data_dirs.cc:400] Could only allocate 1 dirs of requested 3 for tablet 7b457ae65e164e8d9305d340e356129a. 1 dirs total, 0 dirs full, 0 dirs failed
I20260709 14:53:27.860126  7288 tablet_service.cc:1511] Processing CreateTablet for tablet 2f7166c9cf2f4673968232ab4c13713e (DEFAULT_TABLE table=test-workload [id=e3432c63cd6f4537a0a8d7e4365d3592]), partition=RANGE (key) PARTITION 1273930945 <= VALUES < 1310328972
I20260709 14:53:27.866717  7288 data_dirs.cc:400] Could only allocate 1 dirs of requested 3 for tablet 2f7166c9cf2f4673968232ab4c13713e. 1 dirs total, 0 dirs full, 0 dirs failed
I20260709 14:53:27.867156  7293 tablet_service.cc:1511] Processing CreateTablet for tablet 0ebb33a9b872441883d5b7dccbeb50ef (DEFAULT_TABLE table=test-workload [id=e3432c63cd6f4537a0a8d7e4365d3592]), partition=RANGE (key) PARTITION 1310328972 <= VALUES < 1346726999
I20260709 14:53:27.868319  7293 data_dirs.cc:400] Could only allocate 1 dirs of requested 3 for tablet 0ebb33a9b872441883d5b7dccbeb50ef. 1 dirs total, 0 dirs full, 0 dirs failed
I20260709 14:53:27.873251  7292 tablet_service.cc:1511] Processing CreateTablet for tablet f5fa353243d043da89ad0f03881532ce (DEFAULT_TABLE table=test-workload [id=e3432c63cd6f4537a0a8d7e4365d3592]), partition=RANGE (key) PARTITION 1346726999 <= VALUES < 1383125026
W20260709 14:53:27.854575  7195 outbound_call.cc:321] RPC callback for RPC call kudu.consensus.ConsensusService.RequestConsensusVote -> {remote=127.5.249.131:46491, user_credentials={real_user=slave}} blocked reactor thread for 60290.5us
I20260709 14:53:27.875095  7294 tablet_service.cc:1511] Processing CreateTablet for tablet ee7043573bfa48a0b80e718c275259a7 (DEFAULT_TABLE table=test-workload [id=e3432c63cd6f4537a0a8d7e4365d3592]), partition=RANGE (key) PARTITION 1383125026 <= VALUES < 1419523053
I20260709 14:53:27.876227  7292 data_dirs.cc:400] Could only allocate 1 dirs of requested 3 for tablet f5fa353243d043da89ad0f03881532ce. 1 dirs total, 0 dirs full, 0 dirs failed
I20260709 14:53:27.879333  7425 raft_consensus.cc:359] T ed05d21fbd6a4214a368b1eca6bf4724 P aba9154cb07548b8afa8b4d1684064e3 [term 0 FOLLOWER]: Replica starting. Triggering 0 pending ops. Active config: opid_index: -1 OBSOLETE_local: false peers { permanent_uuid: "14150f81abfa4965b2a8e55d587296e2" member_type: VOTER last_known_addr { host: "127.5.249.129" port: 45587 } } peers { permanent_uuid: "aba9154cb07548b8afa8b4d1684064e3" member_type: VOTER last_known_addr { host: "127.5.249.130" port: 42433 } } peers { permanent_uuid: "315d4eb2af6b473e88d3905350b1a3da" member_type: VOTER last_known_addr { host: "127.5.249.131" port: 46491 } }
I20260709 14:53:27.881930  7418 tablet_bootstrap.cc:492] T e2c73877059d4d348874ea206fe7eb71 P 14150f81abfa4965b2a8e55d587296e2: No bootstrap required, opened a new log
I20260709 14:53:27.882431  7418 ts_tablet_manager.cc:1403] T e2c73877059d4d348874ea206fe7eb71 P 14150f81abfa4965b2a8e55d587296e2: Time spent bootstrapping tablet: real 0.206s	user 0.025s	sys 0.039s
I20260709 14:53:27.885121  7418 raft_consensus.cc:359] T e2c73877059d4d348874ea206fe7eb71 P 14150f81abfa4965b2a8e55d587296e2 [term 0 FOLLOWER]: Replica starting. Triggering 0 pending ops. Active config: opid_index: -1 OBSOLETE_local: false peers { permanent_uuid: "14150f81abfa4965b2a8e55d587296e2" member_type: VOTER last_known_addr { host: "127.5.249.129" port: 45587 } } peers { permanent_uuid: "aba9154cb07548b8afa8b4d1684064e3" member_type: VOTER last_known_addr { host: "127.5.249.130" port: 42433 } } peers { permanent_uuid: "315d4eb2af6b473e88d3905350b1a3da" member_type: VOTER last_known_addr { host: "127.5.249.131" port: 46491 } }
I20260709 14:53:27.885833  7294 data_dirs.cc:400] Could only allocate 1 dirs of requested 3 for tablet ee7043573bfa48a0b80e718c275259a7. 1 dirs total, 0 dirs full, 0 dirs failed
I20260709 14:53:27.885790  7418 raft_consensus.cc:385] T e2c73877059d4d348874ea206fe7eb71 P 14150f81abfa4965b2a8e55d587296e2 [term 0 FOLLOWER]: Consensus starting up: Expiring failure detector timer to make a prompt election more likely
I20260709 14:53:27.886277  7418 raft_consensus.cc:740] T e2c73877059d4d348874ea206fe7eb71 P 14150f81abfa4965b2a8e55d587296e2 [term 0 FOLLOWER]: Becoming Follower/Learner. State: Replica: 14150f81abfa4965b2a8e55d587296e2, State: Initialized, Role: FOLLOWER
I20260709 14:53:27.887091  7418 consensus_queue.cc:260] T e2c73877059d4d348874ea206fe7eb71 P 14150f81abfa4965b2a8e55d587296e2 [NON_LEADER]: Queue going to NON_LEADER mode. State: All replicated index: 0, Majority replicated index: 0, Committed index: 0, Last appended: 0.0, Last appended by leader: 0, Current term: 0, Majority size: -1, State: 0, Mode: NON_LEADER, active raft config: opid_index: -1 OBSOLETE_local: false peers { permanent_uuid: "14150f81abfa4965b2a8e55d587296e2" member_type: VOTER last_known_addr { host: "127.5.249.129" port: 45587 } } peers { permanent_uuid: "aba9154cb07548b8afa8b4d1684064e3" member_type: VOTER last_known_addr { host: "127.5.249.130" port: 42433 } } peers { permanent_uuid: "315d4eb2af6b473e88d3905350b1a3da" member_type: VOTER last_known_addr { host: "127.5.249.131" port: 46491 } }
I20260709 14:53:27.891970  7418 ts_tablet_manager.cc:1434] T e2c73877059d4d348874ea206fe7eb71 P 14150f81abfa4965b2a8e55d587296e2: Time spent starting tablet: real 0.009s	user 0.004s	sys 0.002s
I20260709 14:53:27.893021  7418 tablet_bootstrap.cc:492] T 83de0c8f23fe4aeda19379d59e00602a P 14150f81abfa4965b2a8e55d587296e2: Bootstrap starting.
I20260709 14:53:27.880036  7425 raft_consensus.cc:385] T ed05d21fbd6a4214a368b1eca6bf4724 P aba9154cb07548b8afa8b4d1684064e3 [term 0 FOLLOWER]: Consensus starting up: Expiring failure detector timer to make a prompt election more likely
I20260709 14:53:27.900054  7379 tablet_service.cc:1917] Received RequestConsensusVote() RPC: tablet_id: "17088a13dde143a2aa4887ffae6005ee" candidate_uuid: "14150f81abfa4965b2a8e55d587296e2" candidate_term: 1 candidate_status { last_received { term: 0 index: 0 } } ignore_live_leader: false dest_uuid: "315d4eb2af6b473e88d3905350b1a3da"
W20260709 14:53:27.900250  7195 leader_election.cc:343] T 17088a13dde143a2aa4887ffae6005ee P 14150f81abfa4965b2a8e55d587296e2 [CANDIDATE]: Term 1 pre-election: Tablet error from VoteRequest() call to peer aba9154cb07548b8afa8b4d1684064e3 (127.5.249.130:42433): Illegal state: must be running to vote when last-logged opid is not known
I20260709 14:53:27.900394  7291 tablet_service.cc:1511] Processing CreateTablet for tablet f60e36a69b254605b09d0bd928183ec3 (DEFAULT_TABLE table=test-workload [id=e3432c63cd6f4537a0a8d7e4365d3592]), partition=RANGE (key) PARTITION 1455921080 <= VALUES < 1492319107
I20260709 14:53:27.900727  7433 raft_consensus.cc:493] T 7168f8b417b1447d99dffec1256228bc P aba9154cb07548b8afa8b4d1684064e3 [term 0 FOLLOWER]: Starting pre-election (no leader contacted us within the election timeout)
I20260709 14:53:27.901258  7305 tablet_service.cc:1917] Received RequestConsensusVote() RPC: tablet_id: "17088a13dde143a2aa4887ffae6005ee" candidate_uuid: "14150f81abfa4965b2a8e55d587296e2" candidate_term: 1 candidate_status { last_received { term: 0 index: 0 } } ignore_live_leader: false dest_uuid: "aba9154cb07548b8afa8b4d1684064e3"
I20260709 14:53:27.901204  7433 raft_consensus.cc:515] T 7168f8b417b1447d99dffec1256228bc P aba9154cb07548b8afa8b4d1684064e3 [term 0 FOLLOWER]: Starting pre-election with config: opid_index: -1 OBSOLETE_local: false peers { permanent_uuid: "14150f81abfa4965b2a8e55d587296e2" member_type: VOTER last_known_addr { host: "127.5.249.129" port: 45587 } } peers { permanent_uuid: "aba9154cb07548b8afa8b4d1684064e3" member_type: VOTER last_known_addr { host: "127.5.249.130" port: 42433 } } peers { permanent_uuid: "315d4eb2af6b473e88d3905350b1a3da" member_type: VOTER last_known_addr { host: "127.5.249.131" port: 46491 } }
W20260709 14:53:27.902581  7195 leader_election.cc:343] T 17088a13dde143a2aa4887ffae6005ee P 14150f81abfa4965b2a8e55d587296e2 [CANDIDATE]: Term 1 election: Tablet error from VoteRequest() call to peer aba9154cb07548b8afa8b4d1684064e3 (127.5.249.130:42433): Illegal state: must be running to vote when last-logged opid is not known
I20260709 14:53:27.903326  7379 raft_consensus.cc:3060] T 17088a13dde143a2aa4887ffae6005ee P 315d4eb2af6b473e88d3905350b1a3da [term 0 FOLLOWER]: Advancing to term 1
I20260709 14:53:27.903553  7291 data_dirs.cc:400] Could only allocate 1 dirs of requested 3 for tablet f60e36a69b254605b09d0bd928183ec3. 1 dirs total, 0 dirs full, 0 dirs failed
I20260709 14:53:27.904356  7289 tablet_service.cc:1511] Processing CreateTablet for tablet 9e9b141a79924d558c14150aa18afcf0 (DEFAULT_TABLE table=test-workload [id=e3432c63cd6f4537a0a8d7e4365d3592]), partition=RANGE (key) PARTITION 1419523053 <= VALUES < 1455921080
I20260709 14:53:27.904981  7433 leader_election.cc:290] T 7168f8b417b1447d99dffec1256228bc P aba9154cb07548b8afa8b4d1684064e3 [CANDIDATE]: Term 1 pre-election: Requested pre-vote from peers 14150f81abfa4965b2a8e55d587296e2 (127.5.249.129:45587), 315d4eb2af6b473e88d3905350b1a3da (127.5.249.131:46491)
I20260709 14:53:27.905525  7289 data_dirs.cc:400] Could only allocate 1 dirs of requested 3 for tablet 9e9b141a79924d558c14150aa18afcf0. 1 dirs total, 0 dirs full, 0 dirs failed
I20260709 14:53:27.910068  7293 tablet_service.cc:1511] Processing CreateTablet for tablet 4b8e59c590c14dcca6de2f94a4002308 (DEFAULT_TABLE table=test-workload [id=e3432c63cd6f4537a0a8d7e4365d3592]), partition=RANGE (key) PARTITION 1492319107 <= VALUES < 1528717134
I20260709 14:53:27.911249  7293 data_dirs.cc:400] Could only allocate 1 dirs of requested 3 for tablet 4b8e59c590c14dcca6de2f94a4002308. 1 dirs total, 0 dirs full, 0 dirs failed
I20260709 14:53:27.898967  7425 raft_consensus.cc:740] T ed05d21fbd6a4214a368b1eca6bf4724 P aba9154cb07548b8afa8b4d1684064e3 [term 0 FOLLOWER]: Becoming Follower/Learner. State: Replica: aba9154cb07548b8afa8b4d1684064e3, State: Initialized, Role: FOLLOWER
I20260709 14:53:27.921844  7379 raft_consensus.cc:2468] T 17088a13dde143a2aa4887ffae6005ee P 315d4eb2af6b473e88d3905350b1a3da [term 1 FOLLOWER]: Leader election vote request: Granting yes vote for candidate 14150f81abfa4965b2a8e55d587296e2 in term 1.
I20260709 14:53:27.933087  7294 tablet_service.cc:1511] Processing CreateTablet for tablet 28fc7fe684b7470b9b211da30366651b (DEFAULT_TABLE table=test-workload [id=e3432c63cd6f4537a0a8d7e4365d3592]), partition=RANGE (key) PARTITION 1819901350 <= VALUES < 1856299377
I20260709 14:53:27.934376  7294 data_dirs.cc:400] Could only allocate 1 dirs of requested 3 for tablet 28fc7fe684b7470b9b211da30366651b. 1 dirs total, 0 dirs full, 0 dirs failed
I20260709 14:53:27.936414  7286 tablet_service.cc:1511] Processing CreateTablet for tablet ce68ba48c09b43aa9cbeb557ab3ea1af (DEFAULT_TABLE table=test-workload [id=e3432c63cd6f4537a0a8d7e4365d3592]), partition=RANGE (key) PARTITION 1565115161 <= VALUES < 1601513188
I20260709 14:53:27.938090  7420 tablet_bootstrap.cc:492] T ed05d21fbd6a4214a368b1eca6bf4724 P 315d4eb2af6b473e88d3905350b1a3da: No bootstrap required, opened a new log
I20260709 14:53:27.938576  7420 ts_tablet_manager.cc:1403] T ed05d21fbd6a4214a368b1eca6bf4724 P 315d4eb2af6b473e88d3905350b1a3da: Time spent bootstrapping tablet: real 0.159s	user 0.006s	sys 0.015s
I20260709 14:53:27.940817  7286 data_dirs.cc:400] Could only allocate 1 dirs of requested 3 for tablet ce68ba48c09b43aa9cbeb557ab3ea1af. 1 dirs total, 0 dirs full, 0 dirs failed
I20260709 14:53:27.943367  7291 tablet_service.cc:1511] Processing CreateTablet for tablet 060f093d699d4e7ea232c0498a331d09 (DEFAULT_TABLE table=test-workload [id=e3432c63cd6f4537a0a8d7e4365d3592]), partition=RANGE (key) PARTITION 1601513188 <= VALUES < 1637911215
I20260709 14:53:27.944628  7291 data_dirs.cc:400] Could only allocate 1 dirs of requested 3 for tablet 060f093d699d4e7ea232c0498a331d09. 1 dirs total, 0 dirs full, 0 dirs failed
I20260709 14:53:27.941304  7420 raft_consensus.cc:359] T ed05d21fbd6a4214a368b1eca6bf4724 P 315d4eb2af6b473e88d3905350b1a3da [term 0 FOLLOWER]: Replica starting. Triggering 0 pending ops. Active config: opid_index: -1 OBSOLETE_local: false peers { permanent_uuid: "14150f81abfa4965b2a8e55d587296e2" member_type: VOTER last_known_addr { host: "127.5.249.129" port: 45587 } } peers { permanent_uuid: "aba9154cb07548b8afa8b4d1684064e3" member_type: VOTER last_known_addr { host: "127.5.249.130" port: 42433 } } peers { permanent_uuid: "315d4eb2af6b473e88d3905350b1a3da" member_type: VOTER last_known_addr { host: "127.5.249.131" port: 46491 } }
I20260709 14:53:27.947134  7420 raft_consensus.cc:385] T ed05d21fbd6a4214a368b1eca6bf4724 P 315d4eb2af6b473e88d3905350b1a3da [term 0 FOLLOWER]: Consensus starting up: Expiring failure detector timer to make a prompt election more likely
I20260709 14:53:27.943334  7230 tablet_service.cc:1917] Received RequestConsensusVote() RPC: tablet_id: "7168f8b417b1447d99dffec1256228bc" candidate_uuid: "aba9154cb07548b8afa8b4d1684064e3" candidate_term: 1 candidate_status { last_received { term: 0 index: 0 } } ignore_live_leader: false dest_uuid: "14150f81abfa4965b2a8e55d587296e2" is_pre_election: true
W20260709 14:53:27.948786  7270 leader_election.cc:343] T 7168f8b417b1447d99dffec1256228bc P aba9154cb07548b8afa8b4d1684064e3 [CANDIDATE]: Term 1 pre-election: Tablet error from VoteRequest() call to peer 14150f81abfa4965b2a8e55d587296e2 (127.5.249.129:45587): Illegal state: must be running to vote when last-logged opid is not known
I20260709 14:53:27.942329  7425 consensus_queue.cc:260] T ed05d21fbd6a4214a368b1eca6bf4724 P aba9154cb07548b8afa8b4d1684064e3 [NON_LEADER]: Queue going to NON_LEADER mode. State: All replicated index: 0, Majority replicated index: 0, Committed index: 0, Last appended: 0.0, Last appended by leader: 0, Current term: 0, Majority size: -1, State: 0, Mode: NON_LEADER, active raft config: opid_index: -1 OBSOLETE_local: false peers { permanent_uuid: "14150f81abfa4965b2a8e55d587296e2" member_type: VOTER last_known_addr { host: "127.5.249.129" port: 45587 } } peers { permanent_uuid: "aba9154cb07548b8afa8b4d1684064e3" member_type: VOTER last_known_addr { host: "127.5.249.130" port: 42433 } } peers { permanent_uuid: "315d4eb2af6b473e88d3905350b1a3da" member_type: VOTER last_known_addr { host: "127.5.249.131" port: 46491 } }
I20260709 14:53:27.948732  7378 tablet_service.cc:1917] Received RequestConsensusVote() RPC: tablet_id: "7168f8b417b1447d99dffec1256228bc" candidate_uuid: "aba9154cb07548b8afa8b4d1684064e3" candidate_term: 1 candidate_status { last_received { term: 0 index: 0 } } ignore_live_leader: false dest_uuid: "315d4eb2af6b473e88d3905350b1a3da" is_pre_election: true
I20260709 14:53:27.949184  7294 tablet_service.cc:1511] Processing CreateTablet for tablet ee881ef163e948d588d6cc0f1acbcc71 (DEFAULT_TABLE table=test-workload [id=e3432c63cd6f4537a0a8d7e4365d3592]), partition=RANGE (key) PARTITION 1637911215 <= VALUES < 1674309242
I20260709 14:53:27.950428  7294 data_dirs.cc:400] Could only allocate 1 dirs of requested 3 for tablet ee881ef163e948d588d6cc0f1acbcc71. 1 dirs total, 0 dirs full, 0 dirs failed
I20260709 14:53:27.951153  7425 ts_tablet_manager.cc:1434] T ed05d21fbd6a4214a368b1eca6bf4724 P aba9154cb07548b8afa8b4d1684064e3: Time spent starting tablet: real 0.122s	user 0.007s	sys 0.000s
I20260709 14:53:27.952417  7425 tablet_bootstrap.cc:492] T f862eac0ce0f4ff4a477fe9a3c71877c P aba9154cb07548b8afa8b4d1684064e3: Bootstrap starting.
I20260709 14:53:27.951450  7420 raft_consensus.cc:740] T ed05d21fbd6a4214a368b1eca6bf4724 P 315d4eb2af6b473e88d3905350b1a3da [term 0 FOLLOWER]: Becoming Follower/Learner. State: Replica: 315d4eb2af6b473e88d3905350b1a3da, State: Initialized, Role: FOLLOWER
I20260709 14:53:27.954289  7418 tablet_bootstrap.cc:654] T 83de0c8f23fe4aeda19379d59e00602a P 14150f81abfa4965b2a8e55d587296e2: Neither blocks nor log segments found. Creating new log.
I20260709 14:53:27.954710  7420 consensus_queue.cc:260] T ed05d21fbd6a4214a368b1eca6bf4724 P 315d4eb2af6b473e88d3905350b1a3da [NON_LEADER]: Queue going to NON_LEADER mode. State: All replicated index: 0, Majority replicated index: 0, Committed index: 0, Last appended: 0.0, Last appended by leader: 0, Current term: 0, Majority size: -1, State: 0, Mode: NON_LEADER, active raft config: opid_index: -1 OBSOLETE_local: false peers { permanent_uuid: "14150f81abfa4965b2a8e55d587296e2" member_type: VOTER last_known_addr { host: "127.5.249.129" port: 45587 } } peers { permanent_uuid: "aba9154cb07548b8afa8b4d1684064e3" member_type: VOTER last_known_addr { host: "127.5.249.130" port: 42433 } } peers { permanent_uuid: "315d4eb2af6b473e88d3905350b1a3da" member_type: VOTER last_known_addr { host: "127.5.249.131" port: 46491 } }
I20260709 14:53:27.956049  7195 leader_election.cc:304] T 17088a13dde143a2aa4887ffae6005ee P 14150f81abfa4965b2a8e55d587296e2 [CANDIDATE]: Term 1 election: Election decided. Result: candidate won. Election summary: received 3 responses out of 3 voters: 2 yes votes; 1 no votes. yes voters: 14150f81abfa4965b2a8e55d587296e2, 315d4eb2af6b473e88d3905350b1a3da; no voters: aba9154cb07548b8afa8b4d1684064e3
I20260709 14:53:27.933533  7295 tablet_service.cc:1511] Processing CreateTablet for tablet 10edb89dc63e4e35b711d31b7782740d (DEFAULT_TABLE table=test-workload [id=e3432c63cd6f4537a0a8d7e4365d3592]), partition=RANGE (key) PARTITION 1528717134 <= VALUES < 1565115161
I20260709 14:53:27.957145  7438 raft_consensus.cc:2804] T 17088a13dde143a2aa4887ffae6005ee P 14150f81abfa4965b2a8e55d587296e2 [term 1 FOLLOWER]: Leader election won for term 1
I20260709 14:53:27.957607  7438 raft_consensus.cc:697] T 17088a13dde143a2aa4887ffae6005ee P 14150f81abfa4965b2a8e55d587296e2 [term 1 LEADER]: Becoming Leader. State: Replica: 14150f81abfa4965b2a8e55d587296e2, State: Running, Role: LEADER
I20260709 14:53:27.958415  7438 consensus_queue.cc:237] T 17088a13dde143a2aa4887ffae6005ee P 14150f81abfa4965b2a8e55d587296e2 [LEADER]: Queue going to LEADER mode. State: All replicated index: 0, Majority replicated index: 0, Committed index: 0, Last appended: 0.0, Last appended by leader: 0, Current term: 1, Majority size: 2, State: 0, Mode: LEADER, active raft config: opid_index: -1 OBSOLETE_local: false peers { permanent_uuid: "14150f81abfa4965b2a8e55d587296e2" member_type: VOTER last_known_addr { host: "127.5.249.129" port: 45587 } } peers { permanent_uuid: "aba9154cb07548b8afa8b4d1684064e3" member_type: VOTER last_known_addr { host: "127.5.249.130" port: 42433 } } peers { permanent_uuid: "315d4eb2af6b473e88d3905350b1a3da" member_type: VOTER last_known_addr { host: "127.5.249.131" port: 46491 } }
W20260709 14:53:27.962196  7270 leader_election.cc:343] T 7168f8b417b1447d99dffec1256228bc P aba9154cb07548b8afa8b4d1684064e3 [CANDIDATE]: Term 1 pre-election: Tablet error from VoteRequest() call to peer 315d4eb2af6b473e88d3905350b1a3da (127.5.249.131:46491): Illegal state: must be running to vote when last-logged opid is not known
I20260709 14:53:27.963583  7270 leader_election.cc:304] T 7168f8b417b1447d99dffec1256228bc P aba9154cb07548b8afa8b4d1684064e3 [CANDIDATE]: Term 1 pre-election: Election decided. Result: candidate lost. Election summary: received 3 responses out of 3 voters: 1 yes votes; 2 no votes. yes voters: aba9154cb07548b8afa8b4d1684064e3; no voters: 14150f81abfa4965b2a8e55d587296e2, 315d4eb2af6b473e88d3905350b1a3da
I20260709 14:53:27.964351  7433 raft_consensus.cc:2749] T 7168f8b417b1447d99dffec1256228bc P aba9154cb07548b8afa8b4d1684064e3 [term 0 FOLLOWER]: Leader pre-election lost for term 1. Reason: could not achieve majority
I20260709 14:53:27.967370  7290 tablet_service.cc:1511] Processing CreateTablet for tablet 9beaebd025ac41549562146905c08900 (DEFAULT_TABLE table=test-workload [id=e3432c63cd6f4537a0a8d7e4365d3592]), partition=RANGE (key) PARTITION 1674309242 <= VALUES < 1710707269
I20260709 14:53:27.980790  7293 tablet_service.cc:1511] Processing CreateTablet for tablet 0db777a9157c4015bf1077de92bbc934 (DEFAULT_TABLE table=test-workload [id=e3432c63cd6f4537a0a8d7e4365d3592]), partition=RANGE (key) PARTITION 1710707269 <= VALUES < 1747105296
I20260709 14:53:27.985160  7287 tablet_service.cc:1511] Processing CreateTablet for tablet 50fdbd2e99ce45fab86d8d19353036e5 (DEFAULT_TABLE table=test-workload [id=e3432c63cd6f4537a0a8d7e4365d3592]), partition=RANGE (key) PARTITION 1747105296 <= VALUES < 1783503323
I20260709 14:53:27.994053  7420 ts_tablet_manager.cc:1434] T ed05d21fbd6a4214a368b1eca6bf4724 P 315d4eb2af6b473e88d3905350b1a3da: Time spent starting tablet: real 0.055s	user 0.000s	sys 0.008s
I20260709 14:53:27.996138  7289 tablet_service.cc:1511] Processing CreateTablet for tablet 2c755c56cb48497da9636b104cdce21e (DEFAULT_TABLE table=test-workload [id=e3432c63cd6f4537a0a8d7e4365d3592]), partition=RANGE (key) PARTITION 1783503323 <= VALUES < 1819901350
I20260709 14:53:27.998229  7420 tablet_bootstrap.cc:492] T 83de0c8f23fe4aeda19379d59e00602a P 315d4eb2af6b473e88d3905350b1a3da: Bootstrap starting.
I20260709 14:53:27.991755  7295 data_dirs.cc:400] Could only allocate 1 dirs of requested 3 for tablet 10edb89dc63e4e35b711d31b7782740d. 1 dirs total, 0 dirs full, 0 dirs failed
I20260709 14:53:28.002933  7425 tablet_bootstrap.cc:654] T f862eac0ce0f4ff4a477fe9a3c71877c P aba9154cb07548b8afa8b4d1684064e3: Neither blocks nor log segments found. Creating new log.
I20260709 14:53:28.005434  7290 data_dirs.cc:400] Could only allocate 1 dirs of requested 3 for tablet 9beaebd025ac41549562146905c08900. 1 dirs total, 0 dirs full, 0 dirs failed
I20260709 14:53:28.014828  7294 tablet_service.cc:1511] Processing CreateTablet for tablet 32932f33e59d4e7894c91e04f90c3061 (DEFAULT_TABLE table=test-workload [id=e3432c63cd6f4537a0a8d7e4365d3592]), partition=RANGE (key) PARTITION 1856299377 <= VALUES < 1892697404
I20260709 14:53:28.016983  7423 raft_consensus.cc:493] T ed05d21fbd6a4214a368b1eca6bf4724 P 315d4eb2af6b473e88d3905350b1a3da [term 0 FOLLOWER]: Starting pre-election (no leader contacted us within the election timeout)
I20260709 14:53:28.017457  7423 raft_consensus.cc:515] T ed05d21fbd6a4214a368b1eca6bf4724 P 315d4eb2af6b473e88d3905350b1a3da [term 0 FOLLOWER]: Starting pre-election with config: opid_index: -1 OBSOLETE_local: false peers { permanent_uuid: "14150f81abfa4965b2a8e55d587296e2" member_type: VOTER last_known_addr { host: "127.5.249.129" port: 45587 } } peers { permanent_uuid: "aba9154cb07548b8afa8b4d1684064e3" member_type: VOTER last_known_addr { host: "127.5.249.130" port: 42433 } } peers { permanent_uuid: "315d4eb2af6b473e88d3905350b1a3da" member_type: VOTER last_known_addr { host: "127.5.249.131" port: 46491 } }
I20260709 14:53:28.022161  7230 tablet_service.cc:1917] Received RequestConsensusVote() RPC: tablet_id: "ed05d21fbd6a4214a368b1eca6bf4724" candidate_uuid: "315d4eb2af6b473e88d3905350b1a3da" candidate_term: 1 candidate_status { last_received { term: 0 index: 0 } } ignore_live_leader: false dest_uuid: "14150f81abfa4965b2a8e55d587296e2" is_pre_election: true
W20260709 14:53:28.023604  7344 leader_election.cc:343] T ed05d21fbd6a4214a368b1eca6bf4724 P 315d4eb2af6b473e88d3905350b1a3da [CANDIDATE]: Term 1 pre-election: Tablet error from VoteRequest() call to peer 14150f81abfa4965b2a8e55d587296e2 (127.5.249.129:45587): Illegal state: must be running to vote when last-logged opid is not known
I20260709 14:53:28.023321  7127 catalog_manager.cc:5697] T 17088a13dde143a2aa4887ffae6005ee P 14150f81abfa4965b2a8e55d587296e2 reported cstate change: term changed from 0 to 1, leader changed from <none> to 14150f81abfa4965b2a8e55d587296e2 (127.5.249.129). New cstate: current_term: 1 leader_uuid: "14150f81abfa4965b2a8e55d587296e2" committed_config { opid_index: -1 OBSOLETE_local: false peers { permanent_uuid: "14150f81abfa4965b2a8e55d587296e2" member_type: VOTER last_known_addr { host: "127.5.249.129" port: 45587 } health_report { overall_health: HEALTHY } } peers { permanent_uuid: "aba9154cb07548b8afa8b4d1684064e3" member_type: VOTER last_known_addr { host: "127.5.249.130" port: 42433 } health_report { overall_health: UNKNOWN } } peers { permanent_uuid: "315d4eb2af6b473e88d3905350b1a3da" member_type: VOTER last_known_addr { host: "127.5.249.131" port: 46491 } health_report { overall_health: UNKNOWN } } }
I20260709 14:53:28.024380  7423 leader_election.cc:290] T ed05d21fbd6a4214a368b1eca6bf4724 P 315d4eb2af6b473e88d3905350b1a3da [CANDIDATE]: Term 1 pre-election: Requested pre-vote from peers 14150f81abfa4965b2a8e55d587296e2 (127.5.249.129:45587), aba9154cb07548b8afa8b4d1684064e3 (127.5.249.130:42433)
I20260709 14:53:28.024783  7420 tablet_bootstrap.cc:654] T 83de0c8f23fe4aeda19379d59e00602a P 315d4eb2af6b473e88d3905350b1a3da: Neither blocks nor log segments found. Creating new log.
I20260709 14:53:28.019281  7287 data_dirs.cc:400] Could only allocate 1 dirs of requested 3 for tablet 50fdbd2e99ce45fab86d8d19353036e5. 1 dirs total, 0 dirs full, 0 dirs failed
I20260709 14:53:28.026088  7293 data_dirs.cc:400] Could only allocate 1 dirs of requested 3 for tablet 0db777a9157c4015bf1077de92bbc934. 1 dirs total, 0 dirs full, 0 dirs failed
I20260709 14:53:28.030026  7289 data_dirs.cc:400] Could only allocate 1 dirs of requested 3 for tablet 2c755c56cb48497da9636b104cdce21e. 1 dirs total, 0 dirs full, 0 dirs failed
I20260709 14:53:28.030313  7305 tablet_service.cc:1917] Received RequestConsensusVote() RPC: tablet_id: "ed05d21fbd6a4214a368b1eca6bf4724" candidate_uuid: "315d4eb2af6b473e88d3905350b1a3da" candidate_term: 1 candidate_status { last_received { term: 0 index: 0 } } ignore_live_leader: false dest_uuid: "aba9154cb07548b8afa8b4d1684064e3" is_pre_election: true
I20260709 14:53:28.030898  7305 raft_consensus.cc:2468] T ed05d21fbd6a4214a368b1eca6bf4724 P aba9154cb07548b8afa8b4d1684064e3 [term 0 FOLLOWER]: Leader pre-election vote request: Granting yes vote for candidate 315d4eb2af6b473e88d3905350b1a3da in term 0.
I20260709 14:53:28.032011  7294 data_dirs.cc:400] Could only allocate 1 dirs of requested 3 for tablet 32932f33e59d4e7894c91e04f90c3061. 1 dirs total, 0 dirs full, 0 dirs failed
I20260709 14:53:28.036914  7286 tablet_service.cc:1511] Processing CreateTablet for tablet 6c6f811d54be43cfa9294e8d230358e3 (DEFAULT_TABLE table=test-workload [id=e3432c63cd6f4537a0a8d7e4365d3592]), partition=RANGE (key) PARTITION 1892697404 <= VALUES < 1929095431
I20260709 14:53:28.038192  7286 data_dirs.cc:400] Could only allocate 1 dirs of requested 3 for tablet 6c6f811d54be43cfa9294e8d230358e3. 1 dirs total, 0 dirs full, 0 dirs failed
I20260709 14:53:28.043346  7288 tablet_service.cc:1511] Processing CreateTablet for tablet d96fde1d7ef34c79a22acbc7cd4ab6ac (DEFAULT_TABLE table=test-workload [id=e3432c63cd6f4537a0a8d7e4365d3592]), partition=RANGE (key) PARTITION 1929095431 <= VALUES < 1965493458
I20260709 14:53:28.043520  7292 tablet_service.cc:1511] Processing CreateTablet for tablet 618ef7cb770b401eb2fce90ecf65fac2 (DEFAULT_TABLE table=test-workload [id=e3432c63cd6f4537a0a8d7e4365d3592]), partition=RANGE (key) PARTITION 1965493458 <= VALUES < 2001891485
I20260709 14:53:28.044633  7288 data_dirs.cc:400] Could only allocate 1 dirs of requested 3 for tablet d96fde1d7ef34c79a22acbc7cd4ab6ac. 1 dirs total, 0 dirs full, 0 dirs failed
I20260709 14:53:28.050467  7292 data_dirs.cc:400] Could only allocate 1 dirs of requested 3 for tablet 618ef7cb770b401eb2fce90ecf65fac2. 1 dirs total, 0 dirs full, 0 dirs failed
I20260709 14:53:28.050282  7344 leader_election.cc:304] T ed05d21fbd6a4214a368b1eca6bf4724 P 315d4eb2af6b473e88d3905350b1a3da [CANDIDATE]: Term 1 pre-election: Election decided. Result: candidate won. Election summary: received 3 responses out of 3 voters: 2 yes votes; 1 no votes. yes voters: 315d4eb2af6b473e88d3905350b1a3da, aba9154cb07548b8afa8b4d1684064e3; no voters: 14150f81abfa4965b2a8e55d587296e2
I20260709 14:53:28.052336  7423 raft_consensus.cc:2804] T ed05d21fbd6a4214a368b1eca6bf4724 P 315d4eb2af6b473e88d3905350b1a3da [term 0 FOLLOWER]: Leader pre-election won for term 1
I20260709 14:53:28.052696  7423 raft_consensus.cc:493] T ed05d21fbd6a4214a368b1eca6bf4724 P 315d4eb2af6b473e88d3905350b1a3da [term 0 FOLLOWER]: Starting leader election (no leader contacted us within the election timeout)
I20260709 14:53:28.053012  7423 raft_consensus.cc:3060] T ed05d21fbd6a4214a368b1eca6bf4724 P 315d4eb2af6b473e88d3905350b1a3da [term 0 FOLLOWER]: Advancing to term 1
