I20260709 14:53:05.667681 19673 raft_consensus.cc:359] T 64ab4689501c437c802adbe4d87a3639 P a698c4788b4b4f5786da003fa720d239 [term 0 FOLLOWER]: Replica starting. Triggering 0 pending ops. Active config: opid_index: -1 OBSOLETE_local: false peers { permanent_uuid: "a698c4788b4b4f5786da003fa720d239" member_type: VOTER last_known_addr { host: "127.18.228.1" port: 45347 } } peers { permanent_uuid: "0b9b5b43d7ae44bda8df6b7c2784c076" member_type: VOTER last_known_addr { host: "127.18.228.2" port: 43457 } } peers { permanent_uuid: "35ff87cf7a1442289bf52c876291075b" member_type: VOTER last_known_addr { host: "127.18.228.3" port: 45499 } }
I20260709 14:53:05.668355 19673 raft_consensus.cc:385] T 64ab4689501c437c802adbe4d87a3639 P a698c4788b4b4f5786da003fa720d239 [term 0 FOLLOWER]: Consensus starting up: Expiring failure detector timer to make a prompt election more likely
I20260709 14:53:05.668625 19673 raft_consensus.cc:740] T 64ab4689501c437c802adbe4d87a3639 P a698c4788b4b4f5786da003fa720d239 [term 0 FOLLOWER]: Becoming Follower/Learner. State: Replica: a698c4788b4b4f5786da003fa720d239, State: Initialized, Role: FOLLOWER
I20260709 14:53:05.669209 19673 consensus_queue.cc:260] T 64ab4689501c437c802adbe4d87a3639 P a698c4788b4b4f5786da003fa720d239 [NON_LEADER]: Queue going to NON_LEADER mode. State: All replicated index: 0, Majority replicated index: 0, Committed index: 0, Last appended: 0.0, Last appended by leader: 0, Current term: 0, Majority size: -1, State: 0, Mode: NON_LEADER, active raft config: opid_index: -1 OBSOLETE_local: false peers { permanent_uuid: "a698c4788b4b4f5786da003fa720d239" member_type: VOTER last_known_addr { host: "127.18.228.1" port: 45347 } } peers { permanent_uuid: "0b9b5b43d7ae44bda8df6b7c2784c076" member_type: VOTER last_known_addr { host: "127.18.228.2" port: 43457 } } peers { permanent_uuid: "35ff87cf7a1442289bf52c876291075b" member_type: VOTER last_known_addr { host: "127.18.228.3" port: 45499 } }
I20260709 14:53:05.672416 19673 ts_tablet_manager.cc:1434] T 64ab4689501c437c802adbe4d87a3639 P a698c4788b4b4f5786da003fa720d239: Time spent starting tablet: real 0.007s	user 0.003s	sys 0.004s
I20260709 14:53:05.683223 19671 tablet_bootstrap.cc:492] T f1bfadb919da4ffcaf86aad849e4f30f P 0b9b5b43d7ae44bda8df6b7c2784c076: No bootstrap required, opened a new log
I20260709 14:53:05.683636 19671 ts_tablet_manager.cc:1403] T f1bfadb919da4ffcaf86aad849e4f30f P 0b9b5b43d7ae44bda8df6b7c2784c076: Time spent bootstrapping tablet: real 0.037s	user 0.017s	sys 0.007s
I20260709 14:53:05.685735 19671 raft_consensus.cc:359] T f1bfadb919da4ffcaf86aad849e4f30f P 0b9b5b43d7ae44bda8df6b7c2784c076 [term 0 FOLLOWER]: Replica starting. Triggering 0 pending ops. Active config: opid_index: -1 OBSOLETE_local: false peers { permanent_uuid: "a698c4788b4b4f5786da003fa720d239" member_type: VOTER last_known_addr { host: "127.18.228.1" port: 45347 } } peers { permanent_uuid: "0b9b5b43d7ae44bda8df6b7c2784c076" member_type: VOTER last_known_addr { host: "127.18.228.2" port: 43457 } } peers { permanent_uuid: "35ff87cf7a1442289bf52c876291075b" member_type: VOTER last_known_addr { host: "127.18.228.3" port: 45499 } }
I20260709 14:53:05.686239 19671 raft_consensus.cc:385] T f1bfadb919da4ffcaf86aad849e4f30f P 0b9b5b43d7ae44bda8df6b7c2784c076 [term 0 FOLLOWER]: Consensus starting up: Expiring failure detector timer to make a prompt election more likely
I20260709 14:53:05.686453 19671 raft_consensus.cc:740] T f1bfadb919da4ffcaf86aad849e4f30f P 0b9b5b43d7ae44bda8df6b7c2784c076 [term 0 FOLLOWER]: Becoming Follower/Learner. State: Replica: 0b9b5b43d7ae44bda8df6b7c2784c076, State: Initialized, Role: FOLLOWER
I20260709 14:53:05.687057 19671 consensus_queue.cc:260] T f1bfadb919da4ffcaf86aad849e4f30f P 0b9b5b43d7ae44bda8df6b7c2784c076 [NON_LEADER]: Queue going to NON_LEADER mode. State: All replicated index: 0, Majority replicated index: 0, Committed index: 0, Last appended: 0.0, Last appended by leader: 0, Current term: 0, Majority size: -1, State: 0, Mode: NON_LEADER, active raft config: opid_index: -1 OBSOLETE_local: false peers { permanent_uuid: "a698c4788b4b4f5786da003fa720d239" member_type: VOTER last_known_addr { host: "127.18.228.1" port: 45347 } } peers { permanent_uuid: "0b9b5b43d7ae44bda8df6b7c2784c076" member_type: VOTER last_known_addr { host: "127.18.228.2" port: 43457 } } peers { permanent_uuid: "35ff87cf7a1442289bf52c876291075b" member_type: VOTER last_known_addr { host: "127.18.228.3" port: 45499 } }
I20260709 14:53:05.688567 19671 ts_tablet_manager.cc:1434] T f1bfadb919da4ffcaf86aad849e4f30f P 0b9b5b43d7ae44bda8df6b7c2784c076: Time spent starting tablet: real 0.005s	user 0.006s	sys 0.000s
I20260709 14:53:05.697830 19706 consensus_queue.cc:1048] T 2db0fba26f6d4c98968dfc5372ff155d P a698c4788b4b4f5786da003fa720d239 [LEADER]: Connected to new peer: Peer: permanent_uuid: "0b9b5b43d7ae44bda8df6b7c2784c076" member_type: VOTER last_known_addr { host: "127.18.228.2" port: 43457 }, Status: LMP_MISMATCH, Last received: 0.0, Next index: 1, Last known committed idx: 0, Time since last communication: 0.000s
I20260709 14:53:05.721760 19706 consensus_queue.cc:1048] T 2db0fba26f6d4c98968dfc5372ff155d P a698c4788b4b4f5786da003fa720d239 [LEADER]: Connected to new peer: Peer: permanent_uuid: "35ff87cf7a1442289bf52c876291075b" member_type: VOTER last_known_addr { host: "127.18.228.3" port: 45499 }, Status: LMP_MISMATCH, Last received: 0.0, Next index: 1, Last known committed idx: 0, Time since last communication: 0.000s
I20260709 14:53:05.740437 19705 raft_consensus.cc:493] T 636dae3f584d41039b01668bc7b800f4 P a698c4788b4b4f5786da003fa720d239 [term 0 FOLLOWER]: Starting pre-election (no leader contacted us within the election timeout)
I20260709 14:53:05.740864 19705 raft_consensus.cc:515] T 636dae3f584d41039b01668bc7b800f4 P a698c4788b4b4f5786da003fa720d239 [term 0 FOLLOWER]: Starting pre-election with config: opid_index: -1 OBSOLETE_local: false peers { permanent_uuid: "a698c4788b4b4f5786da003fa720d239" member_type: VOTER last_known_addr { host: "127.18.228.1" port: 45347 } } peers { permanent_uuid: "0b9b5b43d7ae44bda8df6b7c2784c076" member_type: VOTER last_known_addr { host: "127.18.228.2" port: 43457 } } peers { permanent_uuid: "35ff87cf7a1442289bf52c876291075b" member_type: VOTER last_known_addr { host: "127.18.228.3" port: 45499 } }
I20260709 14:53:05.742676 19705 leader_election.cc:290] T 636dae3f584d41039b01668bc7b800f4 P a698c4788b4b4f5786da003fa720d239 [CANDIDATE]: Term 1 pre-election: Requested pre-vote from peers 0b9b5b43d7ae44bda8df6b7c2784c076 (127.18.228.2:43457), 35ff87cf7a1442289bf52c876291075b (127.18.228.3:45499)
I20260709 14:53:05.743525 19553 tablet_service.cc:1917] Received RequestConsensusVote() RPC: tablet_id: "636dae3f584d41039b01668bc7b800f4" candidate_uuid: "a698c4788b4b4f5786da003fa720d239" candidate_term: 1 candidate_status { last_received { term: 0 index: 0 } } ignore_live_leader: false dest_uuid: "0b9b5b43d7ae44bda8df6b7c2784c076" is_pre_election: true
I20260709 14:53:05.743811 19627 tablet_service.cc:1917] Received RequestConsensusVote() RPC: tablet_id: "636dae3f584d41039b01668bc7b800f4" candidate_uuid: "a698c4788b4b4f5786da003fa720d239" candidate_term: 1 candidate_status { last_received { term: 0 index: 0 } } ignore_live_leader: false dest_uuid: "35ff87cf7a1442289bf52c876291075b" is_pre_election: true
I20260709 14:53:05.744100 19553 raft_consensus.cc:2468] T 636dae3f584d41039b01668bc7b800f4 P 0b9b5b43d7ae44bda8df6b7c2784c076 [term 0 FOLLOWER]: Leader pre-election vote request: Granting yes vote for candidate a698c4788b4b4f5786da003fa720d239 in term 0.
I20260709 14:53:05.744524 19627 raft_consensus.cc:2468] T 636dae3f584d41039b01668bc7b800f4 P 35ff87cf7a1442289bf52c876291075b [term 0 FOLLOWER]: Leader pre-election vote request: Granting yes vote for candidate a698c4788b4b4f5786da003fa720d239 in term 0.
I20260709 14:53:05.745082 19445 leader_election.cc:304] T 636dae3f584d41039b01668bc7b800f4 P a698c4788b4b4f5786da003fa720d239 [CANDIDATE]: Term 1 pre-election: Election decided. Result: candidate won. Election summary: received 2 responses out of 3 voters: 2 yes votes; 0 no votes. yes voters: 0b9b5b43d7ae44bda8df6b7c2784c076, a698c4788b4b4f5786da003fa720d239; no voters: 
I20260709 14:53:05.745814 19705 raft_consensus.cc:2804] T 636dae3f584d41039b01668bc7b800f4 P a698c4788b4b4f5786da003fa720d239 [term 0 FOLLOWER]: Leader pre-election won for term 1
I20260709 14:53:05.746176 19705 raft_consensus.cc:493] T 636dae3f584d41039b01668bc7b800f4 P a698c4788b4b4f5786da003fa720d239 [term 0 FOLLOWER]: Starting leader election (no leader contacted us within the election timeout)
I20260709 14:53:05.746464 19705 raft_consensus.cc:3060] T 636dae3f584d41039b01668bc7b800f4 P a698c4788b4b4f5786da003fa720d239 [term 0 FOLLOWER]: Advancing to term 1
I20260709 14:53:05.751310 19705 raft_consensus.cc:515] T 636dae3f584d41039b01668bc7b800f4 P a698c4788b4b4f5786da003fa720d239 [term 1 FOLLOWER]: Starting leader election with config: opid_index: -1 OBSOLETE_local: false peers { permanent_uuid: "a698c4788b4b4f5786da003fa720d239" member_type: VOTER last_known_addr { host: "127.18.228.1" port: 45347 } } peers { permanent_uuid: "0b9b5b43d7ae44bda8df6b7c2784c076" member_type: VOTER last_known_addr { host: "127.18.228.2" port: 43457 } } peers { permanent_uuid: "35ff87cf7a1442289bf52c876291075b" member_type: VOTER last_known_addr { host: "127.18.228.3" port: 45499 } }
I20260709 14:53:05.753127 19705 leader_election.cc:290] T 636dae3f584d41039b01668bc7b800f4 P a698c4788b4b4f5786da003fa720d239 [CANDIDATE]: Term 1 election: Requested vote from peers 0b9b5b43d7ae44bda8df6b7c2784c076 (127.18.228.2:43457), 35ff87cf7a1442289bf52c876291075b (127.18.228.3:45499)
I20260709 14:53:05.753904 19553 tablet_service.cc:1917] Received RequestConsensusVote() RPC: tablet_id: "636dae3f584d41039b01668bc7b800f4" candidate_uuid: "a698c4788b4b4f5786da003fa720d239" candidate_term: 1 candidate_status { last_received { term: 0 index: 0 } } ignore_live_leader: false dest_uuid: "0b9b5b43d7ae44bda8df6b7c2784c076"
I20260709 14:53:05.754246 19627 tablet_service.cc:1917] Received RequestConsensusVote() RPC: tablet_id: "636dae3f584d41039b01668bc7b800f4" candidate_uuid: "a698c4788b4b4f5786da003fa720d239" candidate_term: 1 candidate_status { last_received { term: 0 index: 0 } } ignore_live_leader: false dest_uuid: "35ff87cf7a1442289bf52c876291075b"
I20260709 14:53:05.754523 19553 raft_consensus.cc:3060] T 636dae3f584d41039b01668bc7b800f4 P 0b9b5b43d7ae44bda8df6b7c2784c076 [term 0 FOLLOWER]: Advancing to term 1
I20260709 14:53:05.754806 19627 raft_consensus.cc:3060] T 636dae3f584d41039b01668bc7b800f4 P 35ff87cf7a1442289bf52c876291075b [term 0 FOLLOWER]: Advancing to term 1
I20260709 14:53:05.759204 19627 raft_consensus.cc:2468] T 636dae3f584d41039b01668bc7b800f4 P 35ff87cf7a1442289bf52c876291075b [term 1 FOLLOWER]: Leader election vote request: Granting yes vote for candidate a698c4788b4b4f5786da003fa720d239 in term 1.
I20260709 14:53:05.760170 19443 leader_election.cc:304] T 636dae3f584d41039b01668bc7b800f4 P a698c4788b4b4f5786da003fa720d239 [CANDIDATE]: Term 1 election: Election decided. Result: candidate won. Election summary: received 2 responses out of 3 voters: 2 yes votes; 0 no votes. yes voters: 35ff87cf7a1442289bf52c876291075b, a698c4788b4b4f5786da003fa720d239; no voters: 
I20260709 14:53:05.760855 19705 raft_consensus.cc:2804] T 636dae3f584d41039b01668bc7b800f4 P a698c4788b4b4f5786da003fa720d239 [term 1 FOLLOWER]: Leader election won for term 1
I20260709 14:53:05.761296 19705 raft_consensus.cc:697] T 636dae3f584d41039b01668bc7b800f4 P a698c4788b4b4f5786da003fa720d239 [term 1 LEADER]: Becoming Leader. State: Replica: a698c4788b4b4f5786da003fa720d239, State: Running, Role: LEADER
I20260709 14:53:05.761538 19553 raft_consensus.cc:2468] T 636dae3f584d41039b01668bc7b800f4 P 0b9b5b43d7ae44bda8df6b7c2784c076 [term 1 FOLLOWER]: Leader election vote request: Granting yes vote for candidate a698c4788b4b4f5786da003fa720d239 in term 1.
I20260709 14:53:05.762110 19705 consensus_queue.cc:237] T 636dae3f584d41039b01668bc7b800f4 P a698c4788b4b4f5786da003fa720d239 [LEADER]: Queue going to LEADER mode. State: All replicated index: 0, Majority replicated index: 0, Committed index: 0, Last appended: 0.0, Last appended by leader: 0, Current term: 1, Majority size: 2, State: 0, Mode: LEADER, active raft config: opid_index: -1 OBSOLETE_local: false peers { permanent_uuid: "a698c4788b4b4f5786da003fa720d239" member_type: VOTER last_known_addr { host: "127.18.228.1" port: 45347 } } peers { permanent_uuid: "0b9b5b43d7ae44bda8df6b7c2784c076" member_type: VOTER last_known_addr { host: "127.18.228.2" port: 43457 } } peers { permanent_uuid: "35ff87cf7a1442289bf52c876291075b" member_type: VOTER last_known_addr { host: "127.18.228.3" port: 45499 } }
I20260709 14:53:05.768728 19376 catalog_manager.cc:5697] T 636dae3f584d41039b01668bc7b800f4 P a698c4788b4b4f5786da003fa720d239 reported cstate change: term changed from 0 to 1, leader changed from <none> to a698c4788b4b4f5786da003fa720d239 (127.18.228.1). New cstate: current_term: 1 leader_uuid: "a698c4788b4b4f5786da003fa720d239" committed_config { opid_index: -1 OBSOLETE_local: false peers { permanent_uuid: "a698c4788b4b4f5786da003fa720d239" member_type: VOTER last_known_addr { host: "127.18.228.1" port: 45347 } health_report { overall_health: HEALTHY } } peers { permanent_uuid: "0b9b5b43d7ae44bda8df6b7c2784c076" member_type: VOTER last_known_addr { host: "127.18.228.2" port: 43457 } health_report { overall_health: UNKNOWN } } peers { permanent_uuid: "35ff87cf7a1442289bf52c876291075b" member_type: VOTER last_known_addr { host: "127.18.228.3" port: 45499 } health_report { overall_health: UNKNOWN } } }
I20260709 14:53:05.779826 19705 raft_consensus.cc:493] T 64ab4689501c437c802adbe4d87a3639 P a698c4788b4b4f5786da003fa720d239 [term 0 FOLLOWER]: Starting pre-election (no leader contacted us within the election timeout)
I20260709 14:53:05.780375 19705 raft_consensus.cc:515] T 64ab4689501c437c802adbe4d87a3639 P a698c4788b4b4f5786da003fa720d239 [term 0 FOLLOWER]: Starting pre-election with config: opid_index: -1 OBSOLETE_local: false peers { permanent_uuid: "a698c4788b4b4f5786da003fa720d239" member_type: VOTER last_known_addr { host: "127.18.228.1" port: 45347 } } peers { permanent_uuid: "0b9b5b43d7ae44bda8df6b7c2784c076" member_type: VOTER last_known_addr { host: "127.18.228.2" port: 43457 } } peers { permanent_uuid: "35ff87cf7a1442289bf52c876291075b" member_type: VOTER last_known_addr { host: "127.18.228.3" port: 45499 } }
I20260709 14:53:05.782068 19705 leader_election.cc:290] T 64ab4689501c437c802adbe4d87a3639 P a698c4788b4b4f5786da003fa720d239 [CANDIDATE]: Term 1 pre-election: Requested pre-vote from peers 0b9b5b43d7ae44bda8df6b7c2784c076 (127.18.228.2:43457), 35ff87cf7a1442289bf52c876291075b (127.18.228.3:45499)
I20260709 14:53:05.782805 19553 tablet_service.cc:1917] Received RequestConsensusVote() RPC: tablet_id: "64ab4689501c437c802adbe4d87a3639" candidate_uuid: "a698c4788b4b4f5786da003fa720d239" candidate_term: 1 candidate_status { last_received { term: 0 index: 0 } } ignore_live_leader: false dest_uuid: "0b9b5b43d7ae44bda8df6b7c2784c076" is_pre_election: true
I20260709 14:53:05.783573 19627 tablet_service.cc:1917] Received RequestConsensusVote() RPC: tablet_id: "64ab4689501c437c802adbe4d87a3639" candidate_uuid: "a698c4788b4b4f5786da003fa720d239" candidate_term: 1 candidate_status { last_received { term: 0 index: 0 } } ignore_live_leader: false dest_uuid: "35ff87cf7a1442289bf52c876291075b" is_pre_election: true
I20260709 14:53:05.784304 19627 raft_consensus.cc:2393] T 64ab4689501c437c802adbe4d87a3639 P 35ff87cf7a1442289bf52c876291075b [term 1 FOLLOWER]: Leader pre-election vote request: Denying vote to candidate a698c4788b4b4f5786da003fa720d239 in current term 1: Already voted for candidate 0b9b5b43d7ae44bda8df6b7c2784c076 in this term.
I20260709 14:53:05.785070 19443 leader_election.cc:304] T 64ab4689501c437c802adbe4d87a3639 P a698c4788b4b4f5786da003fa720d239 [CANDIDATE]: Term 1 pre-election: Election decided. Result: candidate lost. Election summary: received 3 responses out of 3 voters: 1 yes votes; 2 no votes. yes voters: a698c4788b4b4f5786da003fa720d239; no voters: 0b9b5b43d7ae44bda8df6b7c2784c076, 35ff87cf7a1442289bf52c876291075b
I20260709 14:53:05.785705 19705 raft_consensus.cc:3060] T 64ab4689501c437c802adbe4d87a3639 P a698c4788b4b4f5786da003fa720d239 [term 0 FOLLOWER]: Advancing to term 1
I20260709 14:53:05.792689 19705 raft_consensus.cc:2749] T 64ab4689501c437c802adbe4d87a3639 P a698c4788b4b4f5786da003fa720d239 [term 1 FOLLOWER]: Leader pre-election lost for term 1. Reason: could not achieve majority
I20260709 14:53:05.815227 19678 raft_consensus.cc:493] T 6b5540ec70744c7f97a0f3f351b4b954 P 35ff87cf7a1442289bf52c876291075b [term 0 FOLLOWER]: Starting pre-election (no leader contacted us within the election timeout)
I20260709 14:53:05.815797 19678 raft_consensus.cc:515] T 6b5540ec70744c7f97a0f3f351b4b954 P 35ff87cf7a1442289bf52c876291075b [term 0 FOLLOWER]: Starting pre-election with config: opid_index: -1 OBSOLETE_local: false peers { permanent_uuid: "a698c4788b4b4f5786da003fa720d239" member_type: VOTER last_known_addr { host: "127.18.228.1" port: 45347 } } peers { permanent_uuid: "0b9b5b43d7ae44bda8df6b7c2784c076" member_type: VOTER last_known_addr { host: "127.18.228.2" port: 43457 } } peers { permanent_uuid: "35ff87cf7a1442289bf52c876291075b" member_type: VOTER last_known_addr { host: "127.18.228.3" port: 45499 } }
I20260709 14:53:05.818017 19678 leader_election.cc:290] T 6b5540ec70744c7f97a0f3f351b4b954 P 35ff87cf7a1442289bf52c876291075b [CANDIDATE]: Term 1 pre-election: Requested pre-vote from peers a698c4788b4b4f5786da003fa720d239 (127.18.228.1:45347), 0b9b5b43d7ae44bda8df6b7c2784c076 (127.18.228.2:43457)
I20260709 14:53:05.818951 19553 tablet_service.cc:1917] Received RequestConsensusVote() RPC: tablet_id: "6b5540ec70744c7f97a0f3f351b4b954" candidate_uuid: "35ff87cf7a1442289bf52c876291075b" candidate_term: 1 candidate_status { last_received { term: 0 index: 0 } } ignore_live_leader: false dest_uuid: "0b9b5b43d7ae44bda8df6b7c2784c076" is_pre_election: true
I20260709 14:53:05.819072 19478 tablet_service.cc:1917] Received RequestConsensusVote() RPC: tablet_id: "6b5540ec70744c7f97a0f3f351b4b954" candidate_uuid: "35ff87cf7a1442289bf52c876291075b" candidate_term: 1 candidate_status { last_received { term: 0 index: 0 } } ignore_live_leader: false dest_uuid: "a698c4788b4b4f5786da003fa720d239" is_pre_election: true
I20260709 14:53:05.819626 19553 raft_consensus.cc:2393] T 6b5540ec70744c7f97a0f3f351b4b954 P 0b9b5b43d7ae44bda8df6b7c2784c076 [term 1 FOLLOWER]: Leader pre-election vote request: Denying vote to candidate 35ff87cf7a1442289bf52c876291075b in current term 1: Already voted for candidate 0b9b5b43d7ae44bda8df6b7c2784c076 in this term.
I20260709 14:53:05.819849 19478 raft_consensus.cc:2393] T 6b5540ec70744c7f97a0f3f351b4b954 P a698c4788b4b4f5786da003fa720d239 [term 1 FOLLOWER]: Leader pre-election vote request: Denying vote to candidate 35ff87cf7a1442289bf52c876291075b in current term 1: Already voted for candidate a698c4788b4b4f5786da003fa720d239 in this term.
I20260709 14:53:05.820853 19591 leader_election.cc:304] T 6b5540ec70744c7f97a0f3f351b4b954 P 35ff87cf7a1442289bf52c876291075b [CANDIDATE]: Term 1 pre-election: Election decided. Result: candidate lost. Election summary: received 3 responses out of 3 voters: 1 yes votes; 2 no votes. yes voters: 35ff87cf7a1442289bf52c876291075b; no voters: 0b9b5b43d7ae44bda8df6b7c2784c076, a698c4788b4b4f5786da003fa720d239
I20260709 14:53:05.821568 19678 raft_consensus.cc:3060] T 6b5540ec70744c7f97a0f3f351b4b954 P 35ff87cf7a1442289bf52c876291075b [term 0 FOLLOWER]: Advancing to term 1
I20260709 14:53:05.825771 19678 raft_consensus.cc:2749] T 6b5540ec70744c7f97a0f3f351b4b954 P 35ff87cf7a1442289bf52c876291075b [term 1 FOLLOWER]: Leader pre-election lost for term 1. Reason: could not achieve majority
I20260709 14:53:05.910421 19678 consensus_queue.cc:1048] T 845c012b3a2948188c94757bf74a4779 P 35ff87cf7a1442289bf52c876291075b [LEADER]: Connected to new peer: Peer: permanent_uuid: "0b9b5b43d7ae44bda8df6b7c2784c076" member_type: VOTER last_known_addr { host: "127.18.228.2" port: 43457 }, Status: LMP_MISMATCH, Last received: 0.0, Next index: 1, Last known committed idx: 0, Time since last communication: 0.000s
I20260709 14:53:05.921726 19740 consensus_queue.cc:1048] T 845c012b3a2948188c94757bf74a4779 P 35ff87cf7a1442289bf52c876291075b [LEADER]: Connected to new peer: Peer: permanent_uuid: "a698c4788b4b4f5786da003fa720d239" member_type: VOTER last_known_addr { host: "127.18.228.1" port: 45347 }, Status: LMP_MISMATCH, Last received: 0.0, Next index: 1, Last known committed idx: 0, Time since last communication: 0.001s
I20260709 14:53:05.925889 19678 consensus_queue.cc:1048] T f1bfadb919da4ffcaf86aad849e4f30f P 35ff87cf7a1442289bf52c876291075b [LEADER]: Connected to new peer: Peer: permanent_uuid: "a698c4788b4b4f5786da003fa720d239" member_type: VOTER last_known_addr { host: "127.18.228.1" port: 45347 }, Status: LMP_MISMATCH, Last received: 0.0, Next index: 1, Last known committed idx: 0, Time since last communication: 0.000s
I20260709 14:53:05.943749 19553 raft_consensus.cc:3060] T f1bfadb919da4ffcaf86aad849e4f30f P 0b9b5b43d7ae44bda8df6b7c2784c076 [term 0 FOLLOWER]: Advancing to term 1
I20260709 14:53:05.951938 19707 consensus_queue.cc:1048] T f1bfadb919da4ffcaf86aad849e4f30f P 35ff87cf7a1442289bf52c876291075b [LEADER]: Connected to new peer: Peer: permanent_uuid: "0b9b5b43d7ae44bda8df6b7c2784c076" member_type: VOTER last_known_addr { host: "127.18.228.2" port: 43457 }, Status: LMP_MISMATCH, Last received: 0.0, Next index: 1, Last known committed idx: 0, Time since last communication: 0.001s
I20260709 14:53:05.960083 19705 raft_consensus.cc:493] T c03e0ab69ce244a0b99af454b96b3da9 P a698c4788b4b4f5786da003fa720d239 [term 0 FOLLOWER]: Starting pre-election (no leader contacted us within the election timeout)
I20260709 14:53:05.960548 19705 raft_consensus.cc:515] T c03e0ab69ce244a0b99af454b96b3da9 P a698c4788b4b4f5786da003fa720d239 [term 0 FOLLOWER]: Starting pre-election with config: opid_index: -1 OBSOLETE_local: false peers { permanent_uuid: "a698c4788b4b4f5786da003fa720d239" member_type: VOTER last_known_addr { host: "127.18.228.1" port: 45347 } } peers { permanent_uuid: "0b9b5b43d7ae44bda8df6b7c2784c076" member_type: VOTER last_known_addr { host: "127.18.228.2" port: 43457 } } peers { permanent_uuid: "35ff87cf7a1442289bf52c876291075b" member_type: VOTER last_known_addr { host: "127.18.228.3" port: 45499 } }
I20260709 14:53:05.962338 19705 leader_election.cc:290] T c03e0ab69ce244a0b99af454b96b3da9 P a698c4788b4b4f5786da003fa720d239 [CANDIDATE]: Term 1 pre-election: Requested pre-vote from peers 0b9b5b43d7ae44bda8df6b7c2784c076 (127.18.228.2:43457), 35ff87cf7a1442289bf52c876291075b (127.18.228.3:45499)
I20260709 14:53:05.962963 19553 tablet_service.cc:1917] Received RequestConsensusVote() RPC: tablet_id: "c03e0ab69ce244a0b99af454b96b3da9" candidate_uuid: "a698c4788b4b4f5786da003fa720d239" candidate_term: 1 candidate_status { last_received { term: 0 index: 0 } } ignore_live_leader: false dest_uuid: "0b9b5b43d7ae44bda8df6b7c2784c076" is_pre_election: true
I20260709 14:53:05.964025 19627 tablet_service.cc:1917] Received RequestConsensusVote() RPC: tablet_id: "c03e0ab69ce244a0b99af454b96b3da9" candidate_uuid: "a698c4788b4b4f5786da003fa720d239" candidate_term: 1 candidate_status { last_received { term: 0 index: 0 } } ignore_live_leader: false dest_uuid: "35ff87cf7a1442289bf52c876291075b" is_pre_election: true
I20260709 14:53:05.964767 19627 raft_consensus.cc:2393] T c03e0ab69ce244a0b99af454b96b3da9 P 35ff87cf7a1442289bf52c876291075b [term 1 FOLLOWER]: Leader pre-election vote request: Denying vote to candidate a698c4788b4b4f5786da003fa720d239 in current term 1: Already voted for candidate 0b9b5b43d7ae44bda8df6b7c2784c076 in this term.
I20260709 14:53:05.967478 19709 consensus_queue.cc:1048] T 2bbe56cec32240dc8ff414c0d1e0d0a7 P 0b9b5b43d7ae44bda8df6b7c2784c076 [LEADER]: Connected to new peer: Peer: permanent_uuid: "35ff87cf7a1442289bf52c876291075b" member_type: VOTER last_known_addr { host: "127.18.228.3" port: 45499 }, Status: LMP_MISMATCH, Last received: 0.0, Next index: 1, Last known committed idx: 0, Time since last communication: 0.000s
I20260709 14:53:05.970120 19445 leader_election.cc:304] T c03e0ab69ce244a0b99af454b96b3da9 P a698c4788b4b4f5786da003fa720d239 [CANDIDATE]: Term 1 pre-election: Election decided. Result: candidate lost. Election summary: received 3 responses out of 3 voters: 1 yes votes; 2 no votes. yes voters: a698c4788b4b4f5786da003fa720d239; no voters: 0b9b5b43d7ae44bda8df6b7c2784c076, 35ff87cf7a1442289bf52c876291075b
I20260709 14:53:05.970116 19709 consensus_queue.cc:1048] T c03e0ab69ce244a0b99af454b96b3da9 P 0b9b5b43d7ae44bda8df6b7c2784c076 [LEADER]: Connected to new peer: Peer: permanent_uuid: "35ff87cf7a1442289bf52c876291075b" member_type: VOTER last_known_addr { host: "127.18.228.3" port: 45499 }, Status: LMP_MISMATCH, Last received: 0.0, Next index: 1, Last known committed idx: 0, Time since last communication: 0.001s
I20260709 14:53:05.971536 19705 raft_consensus.cc:3060] T c03e0ab69ce244a0b99af454b96b3da9 P a698c4788b4b4f5786da003fa720d239 [term 0 FOLLOWER]: Advancing to term 1
I20260709 14:53:05.980391 19705 raft_consensus.cc:2749] T c03e0ab69ce244a0b99af454b96b3da9 P a698c4788b4b4f5786da003fa720d239 [term 1 FOLLOWER]: Leader pre-election lost for term 1. Reason: could not achieve majority
I20260709 14:53:05.990468 19676 consensus_queue.cc:1048] T 2bbe56cec32240dc8ff414c0d1e0d0a7 P 0b9b5b43d7ae44bda8df6b7c2784c076 [LEADER]: Connected to new peer: Peer: permanent_uuid: "a698c4788b4b4f5786da003fa720d239" member_type: VOTER last_known_addr { host: "127.18.228.1" port: 45347 }, Status: LMP_MISMATCH, Last received: 0.0, Next index: 1, Last known committed idx: 0, Time since last communication: 0.000s
I20260709 14:53:05.998411 19709 consensus_queue.cc:1048] T c03e0ab69ce244a0b99af454b96b3da9 P 0b9b5b43d7ae44bda8df6b7c2784c076 [LEADER]: Connected to new peer: Peer: permanent_uuid: "a698c4788b4b4f5786da003fa720d239" member_type: VOTER last_known_addr { host: "127.18.228.1" port: 45347 }, Status: LMP_MISMATCH, Last received: 0.0, Next index: 1, Last known committed idx: 0, Time since last communication: 0.000s
I20260709 14:53:06.045415 19705 raft_consensus.cc:493] T e95f52b6ca79434f9d77fe9a621cb9de P a698c4788b4b4f5786da003fa720d239 [term 0 FOLLOWER]: Starting pre-election (no leader contacted us within the election timeout)
I20260709 14:53:06.045881 19705 raft_consensus.cc:515] T e95f52b6ca79434f9d77fe9a621cb9de P a698c4788b4b4f5786da003fa720d239 [term 0 FOLLOWER]: Starting pre-election with config: opid_index: -1 OBSOLETE_local: false peers { permanent_uuid: "a698c4788b4b4f5786da003fa720d239" member_type: VOTER last_known_addr { host: "127.18.228.1" port: 45347 } } peers { permanent_uuid: "0b9b5b43d7ae44bda8df6b7c2784c076" member_type: VOTER last_known_addr { host: "127.18.228.2" port: 43457 } } peers { permanent_uuid: "35ff87cf7a1442289bf52c876291075b" member_type: VOTER last_known_addr { host: "127.18.228.3" port: 45499 } }
I20260709 14:53:06.047098 19477 raft_consensus.cc:3060] T e95f52b6ca79434f9d77fe9a621cb9de P a698c4788b4b4f5786da003fa720d239 [term 0 FOLLOWER]: Advancing to term 1
I20260709 14:53:06.047715 19705 leader_election.cc:290] T e95f52b6ca79434f9d77fe9a621cb9de P a698c4788b4b4f5786da003fa720d239 [CANDIDATE]: Term 1 pre-election: Requested pre-vote from peers 0b9b5b43d7ae44bda8df6b7c2784c076 (127.18.228.2:43457), 35ff87cf7a1442289bf52c876291075b (127.18.228.3:45499)
I20260709 14:53:06.048421 19553 tablet_service.cc:1917] Received RequestConsensusVote() RPC: tablet_id: "e95f52b6ca79434f9d77fe9a621cb9de" candidate_uuid: "a698c4788b4b4f5786da003fa720d239" candidate_term: 1 candidate_status { last_received { term: 0 index: 0 } } ignore_live_leader: false dest_uuid: "0b9b5b43d7ae44bda8df6b7c2784c076" is_pre_election: true
I20260709 14:53:06.049264 19627 tablet_service.cc:1917] Received RequestConsensusVote() RPC: tablet_id: "e95f52b6ca79434f9d77fe9a621cb9de" candidate_uuid: "a698c4788b4b4f5786da003fa720d239" candidate_term: 1 candidate_status { last_received { term: 0 index: 0 } } ignore_live_leader: false dest_uuid: "35ff87cf7a1442289bf52c876291075b" is_pre_election: true
I20260709 14:53:06.049996 19627 raft_consensus.cc:2393] T e95f52b6ca79434f9d77fe9a621cb9de P 35ff87cf7a1442289bf52c876291075b [term 1 FOLLOWER]: Leader pre-election vote request: Denying vote to candidate a698c4788b4b4f5786da003fa720d239 in current term 1: Already voted for candidate 0b9b5b43d7ae44bda8df6b7c2784c076 in this term.
I20260709 14:53:06.050858 19443 leader_election.cc:304] T e95f52b6ca79434f9d77fe9a621cb9de P a698c4788b4b4f5786da003fa720d239 [CANDIDATE]: Term 1 pre-election: Election decided. Result: candidate lost. Election summary: received 3 responses out of 3 voters: 1 yes votes; 2 no votes. yes voters: a698c4788b4b4f5786da003fa720d239; no voters: 0b9b5b43d7ae44bda8df6b7c2784c076, 35ff87cf7a1442289bf52c876291075b
I20260709 14:53:06.054556 19705 raft_consensus.cc:2749] T e95f52b6ca79434f9d77fe9a621cb9de P a698c4788b4b4f5786da003fa720d239 [term 1 FOLLOWER]: Leader pre-election lost for term 1. Reason: could not achieve majority
I20260709 14:53:06.055410 19676 consensus_queue.cc:1048] T e95f52b6ca79434f9d77fe9a621cb9de P 0b9b5b43d7ae44bda8df6b7c2784c076 [LEADER]: Connected to new peer: Peer: permanent_uuid: "a698c4788b4b4f5786da003fa720d239" member_type: VOTER last_known_addr { host: "127.18.228.1" port: 45347 }, Status: LMP_MISMATCH, Last received: 0.0, Next index: 1, Last known committed idx: 0, Time since last communication: 0.000s
I20260709 14:53:06.066390 19701 consensus_queue.cc:1048] T e95f52b6ca79434f9d77fe9a621cb9de P 0b9b5b43d7ae44bda8df6b7c2784c076 [LEADER]: Connected to new peer: Peer: permanent_uuid: "35ff87cf7a1442289bf52c876291075b" member_type: VOTER last_known_addr { host: "127.18.228.3" port: 45499 }, Status: LMP_MISMATCH, Last received: 0.0, Next index: 1, Last known committed idx: 0, Time since last communication: 0.000s
I20260709 14:53:06.111579 19701 consensus_queue.cc:1048] T 64ab4689501c437c802adbe4d87a3639 P 0b9b5b43d7ae44bda8df6b7c2784c076 [LEADER]: Connected to new peer: Peer: permanent_uuid: "35ff87cf7a1442289bf52c876291075b" member_type: VOTER last_known_addr { host: "127.18.228.3" port: 45499 }, Status: LMP_MISMATCH, Last received: 0.0, Next index: 1, Last known committed idx: 0, Time since last communication: 0.000s
I20260709 14:53:06.123401 19676 consensus_queue.cc:1048] T 64ab4689501c437c802adbe4d87a3639 P 0b9b5b43d7ae44bda8df6b7c2784c076 [LEADER]: Connected to new peer: Peer: permanent_uuid: "a698c4788b4b4f5786da003fa720d239" member_type: VOTER last_known_addr { host: "127.18.228.1" port: 45347 }, Status: LMP_MISMATCH, Last received: 0.0, Next index: 1, Last known committed idx: 0, Time since last communication: 0.000s
I20260709 14:53:06.160287 19705 consensus_queue.cc:1048] T 636dae3f584d41039b01668bc7b800f4 P a698c4788b4b4f5786da003fa720d239 [LEADER]: Connected to new peer: Peer: permanent_uuid: "0b9b5b43d7ae44bda8df6b7c2784c076" member_type: VOTER last_known_addr { host: "127.18.228.2" port: 43457 }, Status: LMP_MISMATCH, Last received: 0.0, Next index: 1, Last known committed idx: 0, Time since last communication: 0.000s
I20260709 14:53:06.172545 19706 consensus_queue.cc:1048] T 636dae3f584d41039b01668bc7b800f4 P a698c4788b4b4f5786da003fa720d239 [LEADER]: Connected to new peer: Peer: permanent_uuid: "35ff87cf7a1442289bf52c876291075b" member_type: VOTER last_known_addr { host: "127.18.228.3" port: 45499 }, Status: LMP_MISMATCH, Last received: 0.0, Next index: 1, Last known committed idx: 0, Time since last communication: 0.000s
W20260709 14:53:06.642413 19424 auto_rebalancer.cc:288] Could not retrieve cluster info: Service unavailable: Tablet not running
I20260709 14:53:07.124473 19757 raft_consensus.cc:493] T 6b5540ec70744c7f97a0f3f351b4b954 P a698c4788b4b4f5786da003fa720d239 [term 1 FOLLOWER]: Starting pre-election (no leader contacted us within the election timeout)
I20260709 14:53:07.124969 19757 raft_consensus.cc:515] T 6b5540ec70744c7f97a0f3f351b4b954 P a698c4788b4b4f5786da003fa720d239 [term 1 FOLLOWER]: Starting pre-election with config: opid_index: -1 OBSOLETE_local: false peers { permanent_uuid: "a698c4788b4b4f5786da003fa720d239" member_type: VOTER last_known_addr { host: "127.18.228.1" port: 45347 } } peers { permanent_uuid: "0b9b5b43d7ae44bda8df6b7c2784c076" member_type: VOTER last_known_addr { host: "127.18.228.2" port: 43457 } } peers { permanent_uuid: "35ff87cf7a1442289bf52c876291075b" member_type: VOTER last_known_addr { host: "127.18.228.3" port: 45499 } }
I20260709 14:53:07.126703 19757 leader_election.cc:290] T 6b5540ec70744c7f97a0f3f351b4b954 P a698c4788b4b4f5786da003fa720d239 [CANDIDATE]: Term 2 pre-election: Requested pre-vote from peers 0b9b5b43d7ae44bda8df6b7c2784c076 (127.18.228.2:43457), 35ff87cf7a1442289bf52c876291075b (127.18.228.3:45499)
I20260709 14:53:07.127647 19553 tablet_service.cc:1917] Received RequestConsensusVote() RPC: tablet_id: "6b5540ec70744c7f97a0f3f351b4b954" candidate_uuid: "a698c4788b4b4f5786da003fa720d239" candidate_term: 2 candidate_status { last_received { term: 0 index: 0 } } ignore_live_leader: false dest_uuid: "0b9b5b43d7ae44bda8df6b7c2784c076" is_pre_election: true
I20260709 14:53:07.128005 19625 tablet_service.cc:1917] Received RequestConsensusVote() RPC: tablet_id: "6b5540ec70744c7f97a0f3f351b4b954" candidate_uuid: "a698c4788b4b4f5786da003fa720d239" candidate_term: 2 candidate_status { last_received { term: 0 index: 0 } } ignore_live_leader: false dest_uuid: "35ff87cf7a1442289bf52c876291075b" is_pre_election: true
I20260709 14:53:07.128414 19553 raft_consensus.cc:2468] T 6b5540ec70744c7f97a0f3f351b4b954 P 0b9b5b43d7ae44bda8df6b7c2784c076 [term 1 FOLLOWER]: Leader pre-election vote request: Granting yes vote for candidate a698c4788b4b4f5786da003fa720d239 in term 1.
I20260709 14:53:07.128713 19625 raft_consensus.cc:2468] T 6b5540ec70744c7f97a0f3f351b4b954 P 35ff87cf7a1442289bf52c876291075b [term 1 FOLLOWER]: Leader pre-election vote request: Granting yes vote for candidate a698c4788b4b4f5786da003fa720d239 in term 1.
I20260709 14:53:07.129647 19445 leader_election.cc:304] T 6b5540ec70744c7f97a0f3f351b4b954 P a698c4788b4b4f5786da003fa720d239 [CANDIDATE]: Term 2 pre-election: Election decided. Result: candidate won. Election summary: received 2 responses out of 3 voters: 2 yes votes; 0 no votes. yes voters: 0b9b5b43d7ae44bda8df6b7c2784c076, a698c4788b4b4f5786da003fa720d239; no voters: 
I20260709 14:53:07.130473 19757 raft_consensus.cc:2804] T 6b5540ec70744c7f97a0f3f351b4b954 P a698c4788b4b4f5786da003fa720d239 [term 1 FOLLOWER]: Leader pre-election won for term 2
I20260709 14:53:07.130911 19757 raft_consensus.cc:493] T 6b5540ec70744c7f97a0f3f351b4b954 P a698c4788b4b4f5786da003fa720d239 [term 1 FOLLOWER]: Starting leader election (no leader contacted us within the election timeout)
I20260709 14:53:07.131202 19757 raft_consensus.cc:3060] T 6b5540ec70744c7f97a0f3f351b4b954 P a698c4788b4b4f5786da003fa720d239 [term 1 FOLLOWER]: Advancing to term 2
I20260709 14:53:07.135638 19757 raft_consensus.cc:515] T 6b5540ec70744c7f97a0f3f351b4b954 P a698c4788b4b4f5786da003fa720d239 [term 2 FOLLOWER]: Starting leader election with config: opid_index: -1 OBSOLETE_local: false peers { permanent_uuid: "a698c4788b4b4f5786da003fa720d239" member_type: VOTER last_known_addr { host: "127.18.228.1" port: 45347 } } peers { permanent_uuid: "0b9b5b43d7ae44bda8df6b7c2784c076" member_type: VOTER last_known_addr { host: "127.18.228.2" port: 43457 } } peers { permanent_uuid: "35ff87cf7a1442289bf52c876291075b" member_type: VOTER last_known_addr { host: "127.18.228.3" port: 45499 } }
I20260709 14:53:07.137277 19757 leader_election.cc:290] T 6b5540ec70744c7f97a0f3f351b4b954 P a698c4788b4b4f5786da003fa720d239 [CANDIDATE]: Term 2 election: Requested vote from peers 0b9b5b43d7ae44bda8df6b7c2784c076 (127.18.228.2:43457), 35ff87cf7a1442289bf52c876291075b (127.18.228.3:45499)
I20260709 14:53:07.138033 19553 tablet_service.cc:1917] Received RequestConsensusVote() RPC: tablet_id: "6b5540ec70744c7f97a0f3f351b4b954" candidate_uuid: "a698c4788b4b4f5786da003fa720d239" candidate_term: 2 candidate_status { last_received { term: 0 index: 0 } } ignore_live_leader: false dest_uuid: "0b9b5b43d7ae44bda8df6b7c2784c076"
I20260709 14:53:07.138253 19625 tablet_service.cc:1917] Received RequestConsensusVote() RPC: tablet_id: "6b5540ec70744c7f97a0f3f351b4b954" candidate_uuid: "a698c4788b4b4f5786da003fa720d239" candidate_term: 2 candidate_status { last_received { term: 0 index: 0 } } ignore_live_leader: false dest_uuid: "35ff87cf7a1442289bf52c876291075b"
I20260709 14:53:07.138521 19553 raft_consensus.cc:3060] T 6b5540ec70744c7f97a0f3f351b4b954 P 0b9b5b43d7ae44bda8df6b7c2784c076 [term 1 FOLLOWER]: Advancing to term 2
I20260709 14:53:07.138814 19625 raft_consensus.cc:3060] T 6b5540ec70744c7f97a0f3f351b4b954 P 35ff87cf7a1442289bf52c876291075b [term 1 FOLLOWER]: Advancing to term 2
I20260709 14:53:07.144461 19553 raft_consensus.cc:2468] T 6b5540ec70744c7f97a0f3f351b4b954 P 0b9b5b43d7ae44bda8df6b7c2784c076 [term 2 FOLLOWER]: Leader election vote request: Granting yes vote for candidate a698c4788b4b4f5786da003fa720d239 in term 2.
I20260709 14:53:07.145097 19625 raft_consensus.cc:2468] T 6b5540ec70744c7f97a0f3f351b4b954 P 35ff87cf7a1442289bf52c876291075b [term 2 FOLLOWER]: Leader election vote request: Granting yes vote for candidate a698c4788b4b4f5786da003fa720d239 in term 2.
I20260709 14:53:07.145605 19445 leader_election.cc:304] T 6b5540ec70744c7f97a0f3f351b4b954 P a698c4788b4b4f5786da003fa720d239 [CANDIDATE]: Term 2 election: Election decided. Result: candidate won. Election summary: received 2 responses out of 3 voters: 2 yes votes; 0 no votes. yes voters: 0b9b5b43d7ae44bda8df6b7c2784c076, a698c4788b4b4f5786da003fa720d239; no voters: 
I20260709 14:53:07.146373 19757 raft_consensus.cc:2804] T 6b5540ec70744c7f97a0f3f351b4b954 P a698c4788b4b4f5786da003fa720d239 [term 2 FOLLOWER]: Leader election won for term 2
I20260709 14:53:07.146778 19757 raft_consensus.cc:697] T 6b5540ec70744c7f97a0f3f351b4b954 P a698c4788b4b4f5786da003fa720d239 [term 2 LEADER]: Becoming Leader. State: Replica: a698c4788b4b4f5786da003fa720d239, State: Running, Role: LEADER
I20260709 14:53:07.147541 19757 consensus_queue.cc:237] T 6b5540ec70744c7f97a0f3f351b4b954 P a698c4788b4b4f5786da003fa720d239 [LEADER]: Queue going to LEADER mode. State: All replicated index: 0, Majority replicated index: 0, Committed index: 0, Last appended: 0.0, Last appended by leader: 0, Current term: 2, Majority size: 2, State: 0, Mode: LEADER, active raft config: opid_index: -1 OBSOLETE_local: false peers { permanent_uuid: "a698c4788b4b4f5786da003fa720d239" member_type: VOTER last_known_addr { host: "127.18.228.1" port: 45347 } } peers { permanent_uuid: "0b9b5b43d7ae44bda8df6b7c2784c076" member_type: VOTER last_known_addr { host: "127.18.228.2" port: 43457 } } peers { permanent_uuid: "35ff87cf7a1442289bf52c876291075b" member_type: VOTER last_known_addr { host: "127.18.228.3" port: 45499 } }
I20260709 14:53:07.154127 19375 catalog_manager.cc:5697] T 6b5540ec70744c7f97a0f3f351b4b954 P a698c4788b4b4f5786da003fa720d239 reported cstate change: term changed from 0 to 2, leader changed from <none> to a698c4788b4b4f5786da003fa720d239 (127.18.228.1). New cstate: current_term: 2 leader_uuid: "a698c4788b4b4f5786da003fa720d239" committed_config { opid_index: -1 OBSOLETE_local: false peers { permanent_uuid: "a698c4788b4b4f5786da003fa720d239" member_type: VOTER last_known_addr { host: "127.18.228.1" port: 45347 } health_report { overall_health: HEALTHY } } peers { permanent_uuid: "0b9b5b43d7ae44bda8df6b7c2784c076" member_type: VOTER last_known_addr { host: "127.18.228.2" port: 43457 } health_report { overall_health: UNKNOWN } } peers { permanent_uuid: "35ff87cf7a1442289bf52c876291075b" member_type: VOTER last_known_addr { host: "127.18.228.3" port: 45499 } health_report { overall_health: UNKNOWN } } }
I20260709 14:53:07.305605 19553 tablet_service.cc:2072] Received LeaderStepDown RPC: tablet_id: "c03e0ab69ce244a0b99af454b96b3da9"
dest_uuid: "0b9b5b43d7ae44bda8df6b7c2784c076"
mode: GRACEFUL
new_leader_uuid: "a698c4788b4b4f5786da003fa720d239"
 from {username='slave'} at 127.0.0.1:55034
I20260709 14:53:07.306166 19553 raft_consensus.cc:606] T c03e0ab69ce244a0b99af454b96b3da9 P 0b9b5b43d7ae44bda8df6b7c2784c076 [term 1 LEADER]: Received request to transfer leadership to TS a698c4788b4b4f5786da003fa720d239
I20260709 14:53:07.311571 19553 tablet_service.cc:2072] Received LeaderStepDown RPC: tablet_id: "64ab4689501c437c802adbe4d87a3639"
dest_uuid: "0b9b5b43d7ae44bda8df6b7c2784c076"
mode: GRACEFUL
new_leader_uuid: "a698c4788b4b4f5786da003fa720d239"
 from {username='slave'} at 127.0.0.1:55034
I20260709 14:53:07.312075 19553 raft_consensus.cc:606] T 64ab4689501c437c802adbe4d87a3639 P 0b9b5b43d7ae44bda8df6b7c2784c076 [term 1 LEADER]: Received request to transfer leadership to TS a698c4788b4b4f5786da003fa720d239
I20260709 14:53:07.330611 19625 tablet_service.cc:2072] Received LeaderStepDown RPC: tablet_id: "845c012b3a2948188c94757bf74a4779"
dest_uuid: "35ff87cf7a1442289bf52c876291075b"
mode: GRACEFUL
new_leader_uuid: "0b9b5b43d7ae44bda8df6b7c2784c076"
 from {username='slave'} at 127.0.0.1:42118
I20260709 14:53:07.331296 19625 raft_consensus.cc:606] T 845c012b3a2948188c94757bf74a4779 P 35ff87cf7a1442289bf52c876291075b [term 1 LEADER]: Received request to transfer leadership to TS 0b9b5b43d7ae44bda8df6b7c2784c076
I20260709 14:53:07.336445 19625 tablet_service.cc:2072] Received LeaderStepDown RPC: tablet_id: "f1bfadb919da4ffcaf86aad849e4f30f"
dest_uuid: "35ff87cf7a1442289bf52c876291075b"
mode: GRACEFUL
new_leader_uuid: "0b9b5b43d7ae44bda8df6b7c2784c076"
 from {username='slave'} at 127.0.0.1:42118
I20260709 14:53:07.336961 19625 raft_consensus.cc:606] T f1bfadb919da4ffcaf86aad849e4f30f P 35ff87cf7a1442289bf52c876291075b [term 1 LEADER]: Received request to transfer leadership to TS 0b9b5b43d7ae44bda8df6b7c2784c076
I20260709 14:53:07.350435 19478 tablet_service.cc:2072] Received LeaderStepDown RPC: tablet_id: "636dae3f584d41039b01668bc7b800f4"
dest_uuid: "a698c4788b4b4f5786da003fa720d239"
mode: GRACEFUL
new_leader_uuid: "35ff87cf7a1442289bf52c876291075b"
 from {username='slave'} at 127.0.0.1:51516
I20260709 14:53:07.350952 19478 raft_consensus.cc:606] T 636dae3f584d41039b01668bc7b800f4 P a698c4788b4b4f5786da003fa720d239 [term 1 LEADER]: Received request to transfer leadership to TS 35ff87cf7a1442289bf52c876291075b
I20260709 14:53:07.388402 19752 raft_consensus.cc:993] T c03e0ab69ce244a0b99af454b96b3da9 P 0b9b5b43d7ae44bda8df6b7c2784c076: : Instructing follower a698c4788b4b4f5786da003fa720d239 to start an election
I20260709 14:53:07.388825 19709 raft_consensus.cc:1081] T c03e0ab69ce244a0b99af454b96b3da9 P 0b9b5b43d7ae44bda8df6b7c2784c076 [term 1 LEADER]: Signalling peer a698c4788b4b4f5786da003fa720d239 to start an election
I20260709 14:53:07.390530 19478 tablet_service.cc:2044] Received Run Leader Election RPC: tablet_id: "c03e0ab69ce244a0b99af454b96b3da9"
dest_uuid: "a698c4788b4b4f5786da003fa720d239"
 from {username='slave'} at 127.0.0.1:51514
I20260709 14:53:07.391016 19478 raft_consensus.cc:493] T c03e0ab69ce244a0b99af454b96b3da9 P a698c4788b4b4f5786da003fa720d239 [term 1 FOLLOWER]: Starting forced leader election (received explicit request)
I20260709 14:53:07.391343 19478 raft_consensus.cc:3060] T c03e0ab69ce244a0b99af454b96b3da9 P a698c4788b4b4f5786da003fa720d239 [term 1 FOLLOWER]: Advancing to term 2
I20260709 14:53:07.395874 19478 raft_consensus.cc:515] T c03e0ab69ce244a0b99af454b96b3da9 P a698c4788b4b4f5786da003fa720d239 [term 2 FOLLOWER]: Starting forced leader election with config: opid_index: -1 OBSOLETE_local: false peers { permanent_uuid: "a698c4788b4b4f5786da003fa720d239" member_type: VOTER last_known_addr { host: "127.18.228.1" port: 45347 } } peers { permanent_uuid: "0b9b5b43d7ae44bda8df6b7c2784c076" member_type: VOTER last_known_addr { host: "127.18.228.2" port: 43457 } } peers { permanent_uuid: "35ff87cf7a1442289bf52c876291075b" member_type: VOTER last_known_addr { host: "127.18.228.3" port: 45499 } }
I20260709 14:53:07.397543 19478 leader_election.cc:290] T c03e0ab69ce244a0b99af454b96b3da9 P a698c4788b4b4f5786da003fa720d239 [CANDIDATE]: Term 2 election: Requested vote from peers 0b9b5b43d7ae44bda8df6b7c2784c076 (127.18.228.2:43457), 35ff87cf7a1442289bf52c876291075b (127.18.228.3:45499)
I20260709 14:53:07.398516 19553 tablet_service.cc:1917] Received RequestConsensusVote() RPC: tablet_id: "c03e0ab69ce244a0b99af454b96b3da9" candidate_uuid: "a698c4788b4b4f5786da003fa720d239" candidate_term: 2 candidate_status { last_received { term: 1 index: 1 } } ignore_live_leader: true dest_uuid: "0b9b5b43d7ae44bda8df6b7c2784c076"
I20260709 14:53:07.398655 19625 tablet_service.cc:1917] Received RequestConsensusVote() RPC: tablet_id: "c03e0ab69ce244a0b99af454b96b3da9" candidate_uuid: "a698c4788b4b4f5786da003fa720d239" candidate_term: 2 candidate_status { last_received { term: 1 index: 1 } } ignore_live_leader: true dest_uuid: "35ff87cf7a1442289bf52c876291075b"
I20260709 14:53:07.399125 19553 raft_consensus.cc:3055] T c03e0ab69ce244a0b99af454b96b3da9 P 0b9b5b43d7ae44bda8df6b7c2784c076 [term 1 LEADER]: Stepping down as leader of term 1
I20260709 14:53:07.399327 19625 raft_consensus.cc:3060] T c03e0ab69ce244a0b99af454b96b3da9 P 35ff87cf7a1442289bf52c876291075b [term 1 FOLLOWER]: Advancing to term 2
I20260709 14:53:07.399439 19553 raft_consensus.cc:740] T c03e0ab69ce244a0b99af454b96b3da9 P 0b9b5b43d7ae44bda8df6b7c2784c076 [term 1 LEADER]: Becoming Follower/Learner. State: Replica: 0b9b5b43d7ae44bda8df6b7c2784c076, State: Running, Role: LEADER
I20260709 14:53:07.400285 19553 consensus_queue.cc:260] T c03e0ab69ce244a0b99af454b96b3da9 P 0b9b5b43d7ae44bda8df6b7c2784c076 [NON_LEADER]: Queue going to NON_LEADER mode. State: All replicated index: 0, Majority replicated index: 1, Committed index: 1, Last appended: 1.1, Last appended by leader: 1, Current term: 1, Majority size: -1, State: 0, Mode: NON_LEADER, active raft config: opid_index: -1 OBSOLETE_local: false peers { permanent_uuid: "a698c4788b4b4f5786da003fa720d239" member_type: VOTER last_known_addr { host: "127.18.228.1" port: 45347 } } peers { permanent_uuid: "0b9b5b43d7ae44bda8df6b7c2784c076" member_type: VOTER last_known_addr { host: "127.18.228.2" port: 43457 } } peers { permanent_uuid: "35ff87cf7a1442289bf52c876291075b" member_type: VOTER last_known_addr { host: "127.18.228.3" port: 45499 } }
I20260709 14:53:07.401304 19553 raft_consensus.cc:3060] T c03e0ab69ce244a0b99af454b96b3da9 P 0b9b5b43d7ae44bda8df6b7c2784c076 [term 1 FOLLOWER]: Advancing to term 2
I20260709 14:53:07.404006 19625 raft_consensus.cc:2468] T c03e0ab69ce244a0b99af454b96b3da9 P 35ff87cf7a1442289bf52c876291075b [term 2 FOLLOWER]: Leader election vote request: Granting yes vote for candidate a698c4788b4b4f5786da003fa720d239 in term 2.
I20260709 14:53:07.405180 19443 leader_election.cc:304] T c03e0ab69ce244a0b99af454b96b3da9 P a698c4788b4b4f5786da003fa720d239 [CANDIDATE]: Term 2 election: Election decided. Result: candidate won. Election summary: received 2 responses out of 3 voters: 2 yes votes; 0 no votes. yes voters: 35ff87cf7a1442289bf52c876291075b, a698c4788b4b4f5786da003fa720d239; no voters: 
I20260709 14:53:07.405952 19553 raft_consensus.cc:2468] T c03e0ab69ce244a0b99af454b96b3da9 P 0b9b5b43d7ae44bda8df6b7c2784c076 [term 2 FOLLOWER]: Leader election vote request: Granting yes vote for candidate a698c4788b4b4f5786da003fa720d239 in term 2.
I20260709 14:53:07.406002 19757 raft_consensus.cc:2804] T c03e0ab69ce244a0b99af454b96b3da9 P a698c4788b4b4f5786da003fa720d239 [term 2 FOLLOWER]: Leader election won for term 2
I20260709 14:53:07.406564 19757 raft_consensus.cc:697] T c03e0ab69ce244a0b99af454b96b3da9 P a698c4788b4b4f5786da003fa720d239 [term 2 LEADER]: Becoming Leader. State: Replica: a698c4788b4b4f5786da003fa720d239, State: Running, Role: LEADER
I20260709 14:53:07.407438 19757 consensus_queue.cc:237] T c03e0ab69ce244a0b99af454b96b3da9 P a698c4788b4b4f5786da003fa720d239 [LEADER]: Queue going to LEADER mode. State: All replicated index: 0, Majority replicated index: 1, Committed index: 1, Last appended: 1.1, Last appended by leader: 1, Current term: 2, Majority size: 2, State: 0, Mode: LEADER, active raft config: opid_index: -1 OBSOLETE_local: false peers { permanent_uuid: "a698c4788b4b4f5786da003fa720d239" member_type: VOTER last_known_addr { host: "127.18.228.1" port: 45347 } } peers { permanent_uuid: "0b9b5b43d7ae44bda8df6b7c2784c076" member_type: VOTER last_known_addr { host: "127.18.228.2" port: 43457 } } peers { permanent_uuid: "35ff87cf7a1442289bf52c876291075b" member_type: VOTER last_known_addr { host: "127.18.228.3" port: 45499 } }
