I20260709 14:53:15.338393 16768 raft_consensus.cc:515] T 060fbf39424d44c5b561aa35aee973aa P 72bd96d00fe94560baaa4e209ca596c0 [term 1 FOLLOWER]: Starting leader election with config: opid_index: -1 OBSOLETE_local: false peers { permanent_uuid: "a3e73118ca98436593b09bbd8d759ccc" member_type: VOTER last_known_addr { host: "127.15.25.193" port: 42971 } } peers { permanent_uuid: "72bd96d00fe94560baaa4e209ca596c0" member_type: VOTER last_known_addr { host: "127.15.25.194" port: 43731 } } peers { permanent_uuid: "a764fcb97f9042859e6af0c1a56d7f15" member_type: VOTER last_known_addr { host: "127.15.25.195" port: 37031 } }
I20260709 14:53:15.339501 16646 raft_consensus.cc:2393] T 060fbf39424d44c5b561aa35aee973aa P 72bd96d00fe94560baaa4e209ca596c0 [term 1 FOLLOWER]: Leader pre-election vote request: Denying vote to candidate a764fcb97f9042859e6af0c1a56d7f15 in current term 1: Already voted for candidate 72bd96d00fe94560baaa4e209ca596c0 in this term.
I20260709 14:53:15.344192 16636 data_dirs.cc:400] Could only allocate 1 dirs of requested 3 for tablet b32b702344c1448581a05f23fbb9d202. 1 dirs total, 0 dirs full, 0 dirs failed
I20260709 14:53:15.344117 16632 tablet_service.cc:1511] Processing CreateTablet for tablet 4eb6527d462e40eab844488a365fad0e (DEFAULT_TABLE table=test-workload [id=96e48c62aced45c1be400a6489c23474]), partition=RANGE (key) PARTITION 1892697404 <= VALUES < 1929095431
I20260709 14:53:15.345304 16632 data_dirs.cc:400] Could only allocate 1 dirs of requested 3 for tablet 4eb6527d462e40eab844488a365fad0e. 1 dirs total, 0 dirs full, 0 dirs failed
I20260709 14:53:15.350077 16560 tablet_service.cc:1511] Processing CreateTablet for tablet 8ebcc6fc677e472eb4f7e1688a05dadc (DEFAULT_TABLE table=test-workload [id=96e48c62aced45c1be400a6489c23474]), partition=RANGE (key) PARTITION 1637911215 <= VALUES < 1674309242
I20260709 14:53:15.351194 16560 data_dirs.cc:400] Could only allocate 1 dirs of requested 3 for tablet 8ebcc6fc677e472eb4f7e1688a05dadc. 1 dirs total, 0 dirs full, 0 dirs failed
I20260709 14:53:15.328622 16762 tablet_bootstrap.cc:654] T 74dd3a91a7fb40148f955ba7abbf4f7a P a3e73118ca98436593b09bbd8d759ccc: Neither blocks nor log segments found. Creating new log.
I20260709 14:53:15.354221 16719 tablet_service.cc:1917] Received RequestConsensusVote() RPC: tablet_id: "060fbf39424d44c5b561aa35aee973aa" candidate_uuid: "72bd96d00fe94560baaa4e209ca596c0" candidate_term: 1 candidate_status { last_received { term: 0 index: 0 } } ignore_live_leader: false dest_uuid: "a764fcb97f9042859e6af0c1a56d7f15" is_pre_election: true
I20260709 14:53:15.354527 16710 data_dirs.cc:400] Could only allocate 1 dirs of requested 3 for tablet 8ebcc6fc677e472eb4f7e1688a05dadc. 1 dirs total, 0 dirs full, 0 dirs failed
I20260709 14:53:15.356105 16704 data_dirs.cc:400] Could only allocate 1 dirs of requested 3 for tablet aa283e1705994c7295709b98bdaa1675. 1 dirs total, 0 dirs full, 0 dirs failed
I20260709 14:53:15.358649 16708 tablet_service.cc:1511] Processing CreateTablet for tablet 2065cf61d441442e9e10790a3756d980 (DEFAULT_TABLE table=test-workload [id=96e48c62aced45c1be400a6489c23474]), partition=RANGE (key) PARTITION 1783503323 <= VALUES < 1819901350
I20260709 14:53:15.358646 16703 tablet_service.cc:1511] Processing CreateTablet for tablet 2c239486ab8b4ea88f9d47c3c4be263b (DEFAULT_TABLE table=test-workload [id=96e48c62aced45c1be400a6489c23474]), partition=RANGE (key) PARTITION 1747105296 <= VALUES < 1783503323
I20260709 14:53:15.360033 16708 data_dirs.cc:400] Could only allocate 1 dirs of requested 3 for tablet 2065cf61d441442e9e10790a3756d980. 1 dirs total, 0 dirs full, 0 dirs failed
I20260709 14:53:15.364589 16705 tablet_service.cc:1511] Processing CreateTablet for tablet b32b702344c1448581a05f23fbb9d202 (DEFAULT_TABLE table=test-workload [id=96e48c62aced45c1be400a6489c23474]), partition=RANGE (key) PARTITION 1819901350 <= VALUES < 1856299377
I20260709 14:53:15.364936 16703 data_dirs.cc:400] Could only allocate 1 dirs of requested 3 for tablet 2c239486ab8b4ea88f9d47c3c4be263b. 1 dirs total, 0 dirs full, 0 dirs failed
I20260709 14:53:15.366641 16705 data_dirs.cc:400] Could only allocate 1 dirs of requested 3 for tablet b32b702344c1448581a05f23fbb9d202. 1 dirs total, 0 dirs full, 0 dirs failed
I20260709 14:53:15.377705 16709 tablet_service.cc:1511] Processing CreateTablet for tablet 2f4e82c027c84a568c66d40c596920c6 (DEFAULT_TABLE table=test-workload [id=96e48c62aced45c1be400a6489c23474]), partition=RANGE (key) PARTITION 1856299377 <= VALUES < 1892697404
I20260709 14:53:15.378465 16707 tablet_service.cc:1511] Processing CreateTablet for tablet 4eb6527d462e40eab844488a365fad0e (DEFAULT_TABLE table=test-workload [id=96e48c62aced45c1be400a6489c23474]), partition=RANGE (key) PARTITION 1892697404 <= VALUES < 1929095431
I20260709 14:53:15.378865 16709 data_dirs.cc:400] Could only allocate 1 dirs of requested 3 for tablet 2f4e82c027c84a568c66d40c596920c6. 1 dirs total, 0 dirs full, 0 dirs failed
I20260709 14:53:15.379580 16707 data_dirs.cc:400] Could only allocate 1 dirs of requested 3 for tablet 4eb6527d462e40eab844488a365fad0e. 1 dirs total, 0 dirs full, 0 dirs failed
I20260709 14:53:15.384393 16710 tablet_service.cc:1511] Processing CreateTablet for tablet e7b020df1c2c48bda703131a10803cae (DEFAULT_TABLE table=test-workload [id=96e48c62aced45c1be400a6489c23474]), partition=RANGE (key) PARTITION 1929095431 <= VALUES < 1965493458
I20260709 14:53:15.394507 16570 tablet_service.cc:1917] Received RequestConsensusVote() RPC: tablet_id: "060fbf39424d44c5b561aa35aee973aa" candidate_uuid: "72bd96d00fe94560baaa4e209ca596c0" candidate_term: 1 candidate_status { last_received { term: 0 index: 0 } } ignore_live_leader: false dest_uuid: "a3e73118ca98436593b09bbd8d759ccc"
I20260709 14:53:15.395092 16570 raft_consensus.cc:3060] T 060fbf39424d44c5b561aa35aee973aa P a3e73118ca98436593b09bbd8d759ccc [term 0 FOLLOWER]: Advancing to term 1
I20260709 14:53:15.400216 16703 tablet_service.cc:1511] Processing CreateTablet for tablet 34b3818591d44230a841d62e2ecd02b4 (DEFAULT_TABLE table=test-workload [id=96e48c62aced45c1be400a6489c23474]), partition=RANGE (key) PARTITION 2001891485 <= VALUES < 2038289512
I20260709 14:53:15.401654 16646 tablet_service.cc:1917] Received RequestConsensusVote() RPC: tablet_id: "80bba767a34d43cd9d9f711e3515be5d" candidate_uuid: "a3e73118ca98436593b09bbd8d759ccc" candidate_term: 1 candidate_status { last_received { term: 0 index: 0 } } ignore_live_leader: false dest_uuid: "72bd96d00fe94560baaa4e209ca596c0" is_pre_election: true
I20260709 14:53:15.402251 16632 tablet_service.cc:1511] Processing CreateTablet for tablet 34b3818591d44230a841d62e2ecd02b4 (DEFAULT_TABLE table=test-workload [id=96e48c62aced45c1be400a6489c23474]), partition=RANGE (key) PARTITION 2001891485 <= VALUES < 2038289512
W20260709 14:53:15.403110 16537 leader_election.cc:343] T 80bba767a34d43cd9d9f711e3515be5d P a3e73118ca98436593b09bbd8d759ccc [CANDIDATE]: Term 1 pre-election: Tablet error from VoteRequest() call to peer 72bd96d00fe94560baaa4e209ca596c0 (127.15.25.194:43731): Illegal state: must be running to vote when last-logged opid is not known
I20260709 14:53:15.403398 16632 data_dirs.cc:400] Could only allocate 1 dirs of requested 3 for tablet 34b3818591d44230a841d62e2ecd02b4. 1 dirs total, 0 dirs full, 0 dirs failed
I20260709 14:53:15.403534 16537 leader_election.cc:304] T 80bba767a34d43cd9d9f711e3515be5d P a3e73118ca98436593b09bbd8d759ccc [CANDIDATE]: Term 1 pre-election: Election decided. Result: candidate lost. Election summary: received 3 responses out of 3 voters: 1 yes votes; 2 no votes. yes voters: a3e73118ca98436593b09bbd8d759ccc; no voters: 72bd96d00fe94560baaa4e209ca596c0, a764fcb97f9042859e6af0c1a56d7f15
I20260709 14:53:15.404711 16766 raft_consensus.cc:2749] T 80bba767a34d43cd9d9f711e3515be5d P a3e73118ca98436593b09bbd8d759ccc [term 0 FOLLOWER]: Leader pre-election lost for term 1. Reason: could not achieve majority
I20260709 14:53:15.404891 16768 leader_election.cc:290] T 060fbf39424d44c5b561aa35aee973aa P 72bd96d00fe94560baaa4e209ca596c0 [CANDIDATE]: Term 1 election: Requested vote from peers a3e73118ca98436593b09bbd8d759ccc (127.15.25.193:42971), a764fcb97f9042859e6af0c1a56d7f15 (127.15.25.195:37031)
I20260709 14:53:15.405809 16703 data_dirs.cc:400] Could only allocate 1 dirs of requested 3 for tablet 34b3818591d44230a841d62e2ecd02b4. 1 dirs total, 0 dirs full, 0 dirs failed
I20260709 14:53:15.406078 16720 tablet_service.cc:1917] Received RequestConsensusVote() RPC: tablet_id: "060fbf39424d44c5b561aa35aee973aa" candidate_uuid: "72bd96d00fe94560baaa4e209ca596c0" candidate_term: 1 candidate_status { last_received { term: 0 index: 0 } } ignore_live_leader: false dest_uuid: "a764fcb97f9042859e6af0c1a56d7f15"
I20260709 14:53:15.409104 16710 data_dirs.cc:400] Could only allocate 1 dirs of requested 3 for tablet e7b020df1c2c48bda703131a10803cae. 1 dirs total, 0 dirs full, 0 dirs failed
I20260709 14:53:15.420763 16627 tablet_service.cc:1511] Processing CreateTablet for tablet e8f55ad4b361492c92708022844ef14e (DEFAULT_TABLE table=test-workload [id=96e48c62aced45c1be400a6489c23474]), partition=RANGE (key) PARTITION 1965493458 <= VALUES < 2001891485
I20260709 14:53:15.422377 16760 tablet_bootstrap.cc:492] T 80bba767a34d43cd9d9f711e3515be5d P 72bd96d00fe94560baaa4e209ca596c0: No bootstrap required, opened a new log
I20260709 14:53:15.409165 16628 tablet_service.cc:1511] Processing CreateTablet for tablet 64e2253c26344932983325ed4e409029 (DEFAULT_TABLE table=test-workload [id=96e48c62aced45c1be400a6489c23474]), partition=RANGE (key) PARTITION 2038289512 <= VALUES < 2074687539
I20260709 14:53:15.431377 16560 tablet_service.cc:1511] Processing CreateTablet for tablet aa283e1705994c7295709b98bdaa1675 (DEFAULT_TABLE table=test-workload [id=96e48c62aced45c1be400a6489c23474]), partition=RANGE (key) PARTITION 1710707269 <= VALUES < 1747105296
I20260709 14:53:15.433401 16631 tablet_service.cc:1511] Processing CreateTablet for tablet b28b47009b2d4af290b23c88693a73ac (DEFAULT_TABLE table=test-workload [id=96e48c62aced45c1be400a6489c23474]), partition=RANGE (key) PARTITION 2074687539 <= VALUES < 2111085566
I20260709 14:53:15.435046 16552 tablet_service.cc:1511] Processing CreateTablet for tablet 2c239486ab8b4ea88f9d47c3c4be263b (DEFAULT_TABLE table=test-workload [id=96e48c62aced45c1be400a6489c23474]), partition=RANGE (key) PARTITION 1747105296 <= VALUES < 1783503323
I20260709 14:53:15.435616 16634 tablet_service.cc:1511] Processing CreateTablet for tablet 77fddad8b0af4c98b29bab8799f3598a (DEFAULT_TABLE table=test-workload [id=96e48c62aced45c1be400a6489c23474]), partition=RANGE (key) PARTITION 2111085566 <= VALUES
I20260709 14:53:15.443435 16760 ts_tablet_manager.cc:1403] T 80bba767a34d43cd9d9f711e3515be5d P 72bd96d00fe94560baaa4e209ca596c0: Time spent bootstrapping tablet: real 0.355s	user 0.018s	sys 0.011s
I20260709 14:53:15.446157 16627 data_dirs.cc:400] Could only allocate 1 dirs of requested 3 for tablet e8f55ad4b361492c92708022844ef14e. 1 dirs total, 0 dirs full, 0 dirs failed
I20260709 14:53:15.447062 16705 tablet_service.cc:1511] Processing CreateTablet for tablet 64e2253c26344932983325ed4e409029 (DEFAULT_TABLE table=test-workload [id=96e48c62aced45c1be400a6489c23474]), partition=RANGE (key) PARTITION 2038289512 <= VALUES < 2074687539
I20260709 14:53:15.442571 16559 data_dirs.cc:400] Could only allocate 1 dirs of requested 3 for tablet 59e9e354675a48d6bd418189f0dae1a1. 1 dirs total, 0 dirs full, 0 dirs failed
I20260709 14:53:15.453552 16560 data_dirs.cc:400] Could only allocate 1 dirs of requested 3 for tablet aa283e1705994c7295709b98bdaa1675. 1 dirs total, 0 dirs full, 0 dirs failed
I20260709 14:53:15.458637 16762 tablet_bootstrap.cc:492] T 74dd3a91a7fb40148f955ba7abbf4f7a P a3e73118ca98436593b09bbd8d759ccc: No bootstrap required, opened a new log
I20260709 14:53:15.459115 16762 ts_tablet_manager.cc:1403] T 74dd3a91a7fb40148f955ba7abbf4f7a P a3e73118ca98436593b09bbd8d759ccc: Time spent bootstrapping tablet: real 0.198s	user 0.020s	sys 0.018s
I20260709 14:53:15.448268 16760 raft_consensus.cc:359] T 80bba767a34d43cd9d9f711e3515be5d P 72bd96d00fe94560baaa4e209ca596c0 [term 0 FOLLOWER]: Replica starting. Triggering 0 pending ops. Active config: opid_index: -1 OBSOLETE_local: false peers { permanent_uuid: "a3e73118ca98436593b09bbd8d759ccc" member_type: VOTER last_known_addr { host: "127.15.25.193" port: 42971 } } peers { permanent_uuid: "72bd96d00fe94560baaa4e209ca596c0" member_type: VOTER last_known_addr { host: "127.15.25.194" port: 43731 } } peers { permanent_uuid: "a764fcb97f9042859e6af0c1a56d7f15" member_type: VOTER last_known_addr { host: "127.15.25.195" port: 37031 } }
I20260709 14:53:15.459618 16705 data_dirs.cc:400] Could only allocate 1 dirs of requested 3 for tablet 64e2253c26344932983325ed4e409029. 1 dirs total, 0 dirs full, 0 dirs failed
I20260709 14:53:15.461910 16762 raft_consensus.cc:359] T 74dd3a91a7fb40148f955ba7abbf4f7a P a3e73118ca98436593b09bbd8d759ccc [term 0 FOLLOWER]: Replica starting. Triggering 0 pending ops. Active config: opid_index: -1 OBSOLETE_local: false peers { permanent_uuid: "a3e73118ca98436593b09bbd8d759ccc" member_type: VOTER last_known_addr { host: "127.15.25.193" port: 42971 } } peers { permanent_uuid: "72bd96d00fe94560baaa4e209ca596c0" member_type: VOTER last_known_addr { host: "127.15.25.194" port: 43731 } } peers { permanent_uuid: "a764fcb97f9042859e6af0c1a56d7f15" member_type: VOTER last_known_addr { host: "127.15.25.195" port: 37031 } }
I20260709 14:53:15.462594 16762 raft_consensus.cc:385] T 74dd3a91a7fb40148f955ba7abbf4f7a P a3e73118ca98436593b09bbd8d759ccc [term 0 FOLLOWER]: Consensus starting up: Expiring failure detector timer to make a prompt election more likely
I20260709 14:53:15.462877 16762 raft_consensus.cc:740] T 74dd3a91a7fb40148f955ba7abbf4f7a P a3e73118ca98436593b09bbd8d759ccc [term 0 FOLLOWER]: Becoming Follower/Learner. State: Replica: a3e73118ca98436593b09bbd8d759ccc, State: Initialized, Role: FOLLOWER
I20260709 14:53:15.458244 16708 tablet_service.cc:1511] Processing CreateTablet for tablet b28b47009b2d4af290b23c88693a73ac (DEFAULT_TABLE table=test-workload [id=96e48c62aced45c1be400a6489c23474]), partition=RANGE (key) PARTITION 2074687539 <= VALUES < 2111085566
I20260709 14:53:15.417956 16702 tablet_service.cc:1511] Processing CreateTablet for tablet e8f55ad4b361492c92708022844ef14e (DEFAULT_TABLE table=test-workload [id=96e48c62aced45c1be400a6489c23474]), partition=RANGE (key) PARTITION 1965493458 <= VALUES < 2001891485
I20260709 14:53:15.463483 16760 raft_consensus.cc:385] T 80bba767a34d43cd9d9f711e3515be5d P 72bd96d00fe94560baaa4e209ca596c0 [term 0 FOLLOWER]: Consensus starting up: Expiring failure detector timer to make a prompt election more likely
I20260709 14:53:15.463898 16708 data_dirs.cc:400] Could only allocate 1 dirs of requested 3 for tablet b28b47009b2d4af290b23c88693a73ac. 1 dirs total, 0 dirs full, 0 dirs failed
I20260709 14:53:15.463866 16760 raft_consensus.cc:740] T 80bba767a34d43cd9d9f711e3515be5d P 72bd96d00fe94560baaa4e209ca596c0 [term 0 FOLLOWER]: Becoming Follower/Learner. State: Replica: 72bd96d00fe94560baaa4e209ca596c0, State: Initialized, Role: FOLLOWER
I20260709 14:53:15.465051 16702 data_dirs.cc:400] Could only allocate 1 dirs of requested 3 for tablet e8f55ad4b361492c92708022844ef14e. 1 dirs total, 0 dirs full, 0 dirs failed
I20260709 14:53:15.464937 16760 consensus_queue.cc:260] T 80bba767a34d43cd9d9f711e3515be5d P 72bd96d00fe94560baaa4e209ca596c0 [NON_LEADER]: Queue going to NON_LEADER mode. State: All replicated index: 0, Majority replicated index: 0, Committed index: 0, Last appended: 0.0, Last appended by leader: 0, Current term: 0, Majority size: -1, State: 0, Mode: NON_LEADER, active raft config: opid_index: -1 OBSOLETE_local: false peers { permanent_uuid: "a3e73118ca98436593b09bbd8d759ccc" member_type: VOTER last_known_addr { host: "127.15.25.193" port: 42971 } } peers { permanent_uuid: "72bd96d00fe94560baaa4e209ca596c0" member_type: VOTER last_known_addr { host: "127.15.25.194" port: 43731 } } peers { permanent_uuid: "a764fcb97f9042859e6af0c1a56d7f15" member_type: VOTER last_known_addr { host: "127.15.25.195" port: 37031 } }
I20260709 14:53:15.467104 16760 ts_tablet_manager.cc:1434] T 80bba767a34d43cd9d9f711e3515be5d P 72bd96d00fe94560baaa4e209ca596c0: Time spent starting tablet: real 0.021s	user 0.005s	sys 0.000s
I20260709 14:53:15.463857 16552 data_dirs.cc:400] Could only allocate 1 dirs of requested 3 for tablet 2c239486ab8b4ea88f9d47c3c4be263b. 1 dirs total, 0 dirs full, 0 dirs failed
I20260709 14:53:15.468410 16557 tablet_service.cc:1511] Processing CreateTablet for tablet 2f4e82c027c84a568c66d40c596920c6 (DEFAULT_TABLE table=test-workload [id=96e48c62aced45c1be400a6489c23474]), partition=RANGE (key) PARTITION 1856299377 <= VALUES < 1892697404
I20260709 14:53:15.459264 16558 tablet_service.cc:1511] Processing CreateTablet for tablet e7b020df1c2c48bda703131a10803cae (DEFAULT_TABLE table=test-workload [id=96e48c62aced45c1be400a6489c23474]), partition=RANGE (key) PARTITION 1929095431 <= VALUES < 1965493458
I20260709 14:53:15.470050 16558 data_dirs.cc:400] Could only allocate 1 dirs of requested 3 for tablet e7b020df1c2c48bda703131a10803cae. 1 dirs total, 0 dirs full, 0 dirs failed
I20260709 14:53:15.474789 16762 consensus_queue.cc:260] T 74dd3a91a7fb40148f955ba7abbf4f7a P a3e73118ca98436593b09bbd8d759ccc [NON_LEADER]: Queue going to NON_LEADER mode. State: All replicated index: 0, Majority replicated index: 0, Committed index: 0, Last appended: 0.0, Last appended by leader: 0, Current term: 0, Majority size: -1, State: 0, Mode: NON_LEADER, active raft config: opid_index: -1 OBSOLETE_local: false peers { permanent_uuid: "a3e73118ca98436593b09bbd8d759ccc" member_type: VOTER last_known_addr { host: "127.15.25.193" port: 42971 } } peers { permanent_uuid: "72bd96d00fe94560baaa4e209ca596c0" member_type: VOTER last_known_addr { host: "127.15.25.194" port: 43731 } } peers { permanent_uuid: "a764fcb97f9042859e6af0c1a56d7f15" member_type: VOTER last_known_addr { host: "127.15.25.195" port: 37031 } }
I20260709 14:53:15.479887 16570 raft_consensus.cc:2468] T 060fbf39424d44c5b561aa35aee973aa P a3e73118ca98436593b09bbd8d759ccc [term 1 FOLLOWER]: Leader election vote request: Granting yes vote for candidate 72bd96d00fe94560baaa4e209ca596c0 in term 1.
I20260709 14:53:15.465466 16554 tablet_service.cc:1511] Processing CreateTablet for tablet b32b702344c1448581a05f23fbb9d202 (DEFAULT_TABLE table=test-workload [id=96e48c62aced45c1be400a6489c23474]), partition=RANGE (key) PARTITION 1819901350 <= VALUES < 1856299377
I20260709 14:53:15.481192 16612 leader_election.cc:304] T 060fbf39424d44c5b561aa35aee973aa P 72bd96d00fe94560baaa4e209ca596c0 [CANDIDATE]: Term 1 election: Election decided. Result: candidate won. Election summary: received 3 responses out of 3 voters: 2 yes votes; 1 no votes. yes voters: 72bd96d00fe94560baaa4e209ca596c0, a3e73118ca98436593b09bbd8d759ccc; no voters: a764fcb97f9042859e6af0c1a56d7f15
I20260709 14:53:15.482194 16554 data_dirs.cc:400] Could only allocate 1 dirs of requested 3 for tablet b32b702344c1448581a05f23fbb9d202. 1 dirs total, 0 dirs full, 0 dirs failed
I20260709 14:53:15.482297 16768 raft_consensus.cc:2804] T 060fbf39424d44c5b561aa35aee973aa P 72bd96d00fe94560baaa4e209ca596c0 [term 1 FOLLOWER]: Leader election won for term 1
I20260709 14:53:15.482766 16768 raft_consensus.cc:697] T 060fbf39424d44c5b561aa35aee973aa P 72bd96d00fe94560baaa4e209ca596c0 [term 1 LEADER]: Becoming Leader. State: Replica: 72bd96d00fe94560baaa4e209ca596c0, State: Running, Role: LEADER
I20260709 14:53:15.483546 16768 consensus_queue.cc:237] T 060fbf39424d44c5b561aa35aee973aa P 72bd96d00fe94560baaa4e209ca596c0 [LEADER]: Queue going to LEADER mode. State: All replicated index: 0, Majority replicated index: 0, Committed index: 0, Last appended: 0.0, Last appended by leader: 0, Current term: 1, Majority size: 2, State: 0, Mode: LEADER, active raft config: opid_index: -1 OBSOLETE_local: false peers { permanent_uuid: "a3e73118ca98436593b09bbd8d759ccc" member_type: VOTER last_known_addr { host: "127.15.25.193" port: 42971 } } peers { permanent_uuid: "72bd96d00fe94560baaa4e209ca596c0" member_type: VOTER last_known_addr { host: "127.15.25.194" port: 43731 } } peers { permanent_uuid: "a764fcb97f9042859e6af0c1a56d7f15" member_type: VOTER last_known_addr { host: "127.15.25.195" port: 37031 } }
I20260709 14:53:15.482877 16634 data_dirs.cc:400] Could only allocate 1 dirs of requested 3 for tablet 77fddad8b0af4c98b29bab8799f3598a. 1 dirs total, 0 dirs full, 0 dirs failed
I20260709 14:53:15.486251 16628 data_dirs.cc:400] Could only allocate 1 dirs of requested 3 for tablet 64e2253c26344932983325ed4e409029. 1 dirs total, 0 dirs full, 0 dirs failed
I20260709 14:53:15.486019 16767 raft_consensus.cc:515] T 060fbf39424d44c5b561aa35aee973aa P a764fcb97f9042859e6af0c1a56d7f15 [term 1 FOLLOWER]: Starting leader election with config: opid_index: -1 OBSOLETE_local: false peers { permanent_uuid: "a3e73118ca98436593b09bbd8d759ccc" member_type: VOTER last_known_addr { host: "127.15.25.193" port: 42971 } } peers { permanent_uuid: "72bd96d00fe94560baaa4e209ca596c0" member_type: VOTER last_known_addr { host: "127.15.25.194" port: 43731 } } peers { permanent_uuid: "a764fcb97f9042859e6af0c1a56d7f15" member_type: VOTER last_known_addr { host: "127.15.25.195" port: 37031 } }
I20260709 14:53:15.487025 16760 tablet_bootstrap.cc:492] T 74dd3a91a7fb40148f955ba7abbf4f7a P 72bd96d00fe94560baaa4e209ca596c0: Bootstrap starting.
I20260709 14:53:15.489571 16719 raft_consensus.cc:2393] T 060fbf39424d44c5b561aa35aee973aa P a764fcb97f9042859e6af0c1a56d7f15 [term 1 FOLLOWER]: Leader pre-election vote request: Denying vote to candidate 72bd96d00fe94560baaa4e209ca596c0 in current term 1: Already voted for candidate a764fcb97f9042859e6af0c1a56d7f15 in this term.
I20260709 14:53:15.490365 16761 tablet_bootstrap.cc:492] T aa9204b40b4d45929e8c62d6fe172ae0 P a764fcb97f9042859e6af0c1a56d7f15: No bootstrap required, opened a new log
I20260709 14:53:15.490792 16761 ts_tablet_manager.cc:1403] T aa9204b40b4d45929e8c62d6fe172ae0 P a764fcb97f9042859e6af0c1a56d7f15: Time spent bootstrapping tablet: real 0.333s	user 0.012s	sys 0.003s
I20260709 14:53:15.492551 16767 leader_election.cc:290] T 060fbf39424d44c5b561aa35aee973aa P a764fcb97f9042859e6af0c1a56d7f15 [CANDIDATE]: Term 1 election: Requested vote from peers a3e73118ca98436593b09bbd8d759ccc (127.15.25.193:42971), 72bd96d00fe94560baaa4e209ca596c0 (127.15.25.194:43731)
I20260709 14:53:15.497933 16766 raft_consensus.cc:493] T 74dd3a91a7fb40148f955ba7abbf4f7a P a3e73118ca98436593b09bbd8d759ccc [term 0 FOLLOWER]: Starting pre-election (no leader contacted us within the election timeout)
I20260709 14:53:15.498404 16766 raft_consensus.cc:515] T 74dd3a91a7fb40148f955ba7abbf4f7a P a3e73118ca98436593b09bbd8d759ccc [term 0 FOLLOWER]: Starting pre-election with config: opid_index: -1 OBSOLETE_local: false peers { permanent_uuid: "a3e73118ca98436593b09bbd8d759ccc" member_type: VOTER last_known_addr { host: "127.15.25.193" port: 42971 } } peers { permanent_uuid: "72bd96d00fe94560baaa4e209ca596c0" member_type: VOTER last_known_addr { host: "127.15.25.194" port: 43731 } } peers { permanent_uuid: "a764fcb97f9042859e6af0c1a56d7f15" member_type: VOTER last_known_addr { host: "127.15.25.195" port: 37031 } }
I20260709 14:53:15.500348 16766 leader_election.cc:290] T 74dd3a91a7fb40148f955ba7abbf4f7a P a3e73118ca98436593b09bbd8d759ccc [CANDIDATE]: Term 1 pre-election: Requested pre-vote from peers 72bd96d00fe94560baaa4e209ca596c0 (127.15.25.194:43731), a764fcb97f9042859e6af0c1a56d7f15 (127.15.25.195:37031)
I20260709 14:53:15.500957 16760 tablet_bootstrap.cc:654] T 74dd3a91a7fb40148f955ba7abbf4f7a P 72bd96d00fe94560baaa4e209ca596c0: Neither blocks nor log segments found. Creating new log.
I20260709 14:53:15.501444 16719 tablet_service.cc:1917] Received RequestConsensusVote() RPC: tablet_id: "74dd3a91a7fb40148f955ba7abbf4f7a" candidate_uuid: "a3e73118ca98436593b09bbd8d759ccc" candidate_term: 1 candidate_status { last_received { term: 0 index: 0 } } ignore_live_leader: false dest_uuid: "a764fcb97f9042859e6af0c1a56d7f15" is_pre_election: true
I20260709 14:53:15.502200 16646 tablet_service.cc:1917] Received RequestConsensusVote() RPC: tablet_id: "74dd3a91a7fb40148f955ba7abbf4f7a" candidate_uuid: "a3e73118ca98436593b09bbd8d759ccc" candidate_term: 1 candidate_status { last_received { term: 0 index: 0 } } ignore_live_leader: false dest_uuid: "72bd96d00fe94560baaa4e209ca596c0" is_pre_election: true
W20260709 14:53:15.502826 16535 leader_election.cc:343] T 74dd3a91a7fb40148f955ba7abbf4f7a P a3e73118ca98436593b09bbd8d759ccc [CANDIDATE]: Term 1 pre-election: Tablet error from VoteRequest() call to peer a764fcb97f9042859e6af0c1a56d7f15 (127.15.25.195:37031): Illegal state: must be running to vote when last-logged opid is not known
I20260709 14:53:15.503357 16702 tablet_service.cc:1511] Processing CreateTablet for tablet 77fddad8b0af4c98b29bab8799f3598a (DEFAULT_TABLE table=test-workload [id=96e48c62aced45c1be400a6489c23474]), partition=RANGE (key) PARTITION 2111085566 <= VALUES
I20260709 14:53:15.504493 16702 data_dirs.cc:400] Could only allocate 1 dirs of requested 3 for tablet 77fddad8b0af4c98b29bab8799f3598a. 1 dirs total, 0 dirs full, 0 dirs failed
W20260709 14:53:15.504700 16537 leader_election.cc:343] T 74dd3a91a7fb40148f955ba7abbf4f7a P a3e73118ca98436593b09bbd8d759ccc [CANDIDATE]: Term 1 pre-election: Tablet error from VoteRequest() call to peer 72bd96d00fe94560baaa4e209ca596c0 (127.15.25.194:43731): Illegal state: must be running to vote when last-logged opid is not known
I20260709 14:53:15.506532 16762 ts_tablet_manager.cc:1434] T 74dd3a91a7fb40148f955ba7abbf4f7a P a3e73118ca98436593b09bbd8d759ccc: Time spent starting tablet: real 0.047s	user 0.005s	sys 0.000s
I20260709 14:53:15.507217 16646 tablet_service.cc:1917] Received RequestConsensusVote() RPC: tablet_id: "060fbf39424d44c5b561aa35aee973aa" candidate_uuid: "a764fcb97f9042859e6af0c1a56d7f15" candidate_term: 1 candidate_status { last_received { term: 0 index: 0 } } ignore_live_leader: false dest_uuid: "72bd96d00fe94560baaa4e209ca596c0"
I20260709 14:53:15.505136 16537 leader_election.cc:304] T 74dd3a91a7fb40148f955ba7abbf4f7a P a3e73118ca98436593b09bbd8d759ccc [CANDIDATE]: Term 1 pre-election: Election decided. Result: candidate lost. Election summary: received 3 responses out of 3 voters: 1 yes votes; 2 no votes. yes voters: a3e73118ca98436593b09bbd8d759ccc; no voters: 72bd96d00fe94560baaa4e209ca596c0, a764fcb97f9042859e6af0c1a56d7f15
I20260709 14:53:15.509752 16631 data_dirs.cc:400] Could only allocate 1 dirs of requested 3 for tablet b28b47009b2d4af290b23c88693a73ac. 1 dirs total, 0 dirs full, 0 dirs failed
I20260709 14:53:15.511576 16766 raft_consensus.cc:2749] T 74dd3a91a7fb40148f955ba7abbf4f7a P a3e73118ca98436593b09bbd8d759ccc [term 0 FOLLOWER]: Leader pre-election lost for term 1. Reason: could not achieve majority
I20260709 14:53:15.513099 16555 tablet_service.cc:1511] Processing CreateTablet for tablet 4eb6527d462e40eab844488a365fad0e (DEFAULT_TABLE table=test-workload [id=96e48c62aced45c1be400a6489c23474]), partition=RANGE (key) PARTITION 1892697404 <= VALUES < 1929095431
I20260709 14:53:15.369119 16556 tablet_service.cc:1511] Processing CreateTablet for tablet d538cc0045154ed68991e96c5dfa5570 (DEFAULT_TABLE table=test-workload [id=96e48c62aced45c1be400a6489c23474]), partition=RANGE (key) PARTITION 1674309242 <= VALUES < 1710707269
I20260709 14:53:15.523964 16570 tablet_service.cc:1917] Received RequestConsensusVote() RPC: tablet_id: "060fbf39424d44c5b561aa35aee973aa" candidate_uuid: "a764fcb97f9042859e6af0c1a56d7f15" candidate_term: 1 candidate_status { last_received { term: 0 index: 0 } } ignore_live_leader: false dest_uuid: "a3e73118ca98436593b09bbd8d759ccc"
I20260709 14:53:15.524673 16570 raft_consensus.cc:2393] T 060fbf39424d44c5b561aa35aee973aa P a3e73118ca98436593b09bbd8d759ccc [term 1 FOLLOWER]: Leader election vote request: Denying vote to candidate a764fcb97f9042859e6af0c1a56d7f15 in current term 1: Already voted for candidate 72bd96d00fe94560baaa4e209ca596c0 in this term.
I20260709 14:53:15.525712 16686 leader_election.cc:304] T 060fbf39424d44c5b561aa35aee973aa P a764fcb97f9042859e6af0c1a56d7f15 [CANDIDATE]: Term 1 election: Election decided. Result: candidate lost. Election summary: received 3 responses out of 3 voters: 1 yes votes; 2 no votes. yes voters: a764fcb97f9042859e6af0c1a56d7f15; no voters: 72bd96d00fe94560baaa4e209ca596c0, a3e73118ca98436593b09bbd8d759ccc
I20260709 14:53:15.526731 16767 raft_consensus.cc:2749] T 060fbf39424d44c5b561aa35aee973aa P a764fcb97f9042859e6af0c1a56d7f15 [term 1 FOLLOWER]: Leader election lost for term 1. Reason: could not achieve majority
I20260709 14:53:15.527453 16553 tablet_service.cc:1511] Processing CreateTablet for tablet 2065cf61d441442e9e10790a3756d980 (DEFAULT_TABLE table=test-workload [id=96e48c62aced45c1be400a6489c23474]), partition=RANGE (key) PARTITION 1783503323 <= VALUES < 1819901350
I20260709 14:53:15.529589 16553 data_dirs.cc:400] Could only allocate 1 dirs of requested 3 for tablet 2065cf61d441442e9e10790a3756d980. 1 dirs total, 0 dirs full, 0 dirs failed
I20260709 14:53:15.529534 16761 raft_consensus.cc:359] T aa9204b40b4d45929e8c62d6fe172ae0 P a764fcb97f9042859e6af0c1a56d7f15 [term 0 FOLLOWER]: Replica starting. Triggering 0 pending ops. Active config: opid_index: -1 OBSOLETE_local: false peers { permanent_uuid: "a3e73118ca98436593b09bbd8d759ccc" member_type: VOTER last_known_addr { host: "127.15.25.193" port: 42971 } } peers { permanent_uuid: "72bd96d00fe94560baaa4e209ca596c0" member_type: VOTER last_known_addr { host: "127.15.25.194" port: 43731 } } peers { permanent_uuid: "a764fcb97f9042859e6af0c1a56d7f15" member_type: VOTER last_known_addr { host: "127.15.25.195" port: 37031 } }
I20260709 14:53:15.530311 16761 raft_consensus.cc:385] T aa9204b40b4d45929e8c62d6fe172ae0 P a764fcb97f9042859e6af0c1a56d7f15 [term 0 FOLLOWER]: Consensus starting up: Expiring failure detector timer to make a prompt election more likely
I20260709 14:53:15.530606 16761 raft_consensus.cc:740] T aa9204b40b4d45929e8c62d6fe172ae0 P a764fcb97f9042859e6af0c1a56d7f15 [term 0 FOLLOWER]: Becoming Follower/Learner. State: Replica: a764fcb97f9042859e6af0c1a56d7f15, State: Initialized, Role: FOLLOWER
I20260709 14:53:15.531646 16555 data_dirs.cc:400] Could only allocate 1 dirs of requested 3 for tablet 4eb6527d462e40eab844488a365fad0e. 1 dirs total, 0 dirs full, 0 dirs failed
I20260709 14:53:15.531273 16761 consensus_queue.cc:260] T aa9204b40b4d45929e8c62d6fe172ae0 P a764fcb97f9042859e6af0c1a56d7f15 [NON_LEADER]: Queue going to NON_LEADER mode. State: All replicated index: 0, Majority replicated index: 0, Committed index: 0, Last appended: 0.0, Last appended by leader: 0, Current term: 0, Majority size: -1, State: 0, Mode: NON_LEADER, active raft config: opid_index: -1 OBSOLETE_local: false peers { permanent_uuid: "a3e73118ca98436593b09bbd8d759ccc" member_type: VOTER last_known_addr { host: "127.15.25.193" port: 42971 } } peers { permanent_uuid: "72bd96d00fe94560baaa4e209ca596c0" member_type: VOTER last_known_addr { host: "127.15.25.194" port: 43731 } } peers { permanent_uuid: "a764fcb97f9042859e6af0c1a56d7f15" member_type: VOTER last_known_addr { host: "127.15.25.195" port: 37031 } }
I20260709 14:53:15.533516 16556 data_dirs.cc:400] Could only allocate 1 dirs of requested 3 for tablet d538cc0045154ed68991e96c5dfa5570. 1 dirs total, 0 dirs full, 0 dirs failed
I20260709 14:53:15.539012 16561 tablet_service.cc:1511] Processing CreateTablet for tablet e8f55ad4b361492c92708022844ef14e (DEFAULT_TABLE table=test-workload [id=96e48c62aced45c1be400a6489c23474]), partition=RANGE (key) PARTITION 1965493458 <= VALUES < 2001891485
I20260709 14:53:15.540150 16561 data_dirs.cc:400] Could only allocate 1 dirs of requested 3 for tablet e8f55ad4b361492c92708022844ef14e. 1 dirs total, 0 dirs full, 0 dirs failed
I20260709 14:53:15.543296 16557 data_dirs.cc:400] Could only allocate 1 dirs of requested 3 for tablet 2f4e82c027c84a568c66d40c596920c6. 1 dirs total, 0 dirs full, 0 dirs failed
I20260709 14:53:15.550676 16553 tablet_service.cc:1511] Processing CreateTablet for tablet 34b3818591d44230a841d62e2ecd02b4 (DEFAULT_TABLE table=test-workload [id=96e48c62aced45c1be400a6489c23474]), partition=RANGE (key) PARTITION 2001891485 <= VALUES < 2038289512
I20260709 14:53:15.560166 16553 data_dirs.cc:400] Could only allocate 1 dirs of requested 3 for tablet 34b3818591d44230a841d62e2ecd02b4. 1 dirs total, 0 dirs full, 0 dirs failed
I20260709 14:53:15.565626 16762 tablet_bootstrap.cc:492] T 5267d381d7a3498caba2987b13b7c669 P a3e73118ca98436593b09bbd8d759ccc: Bootstrap starting.
I20260709 14:53:15.569175 16559 tablet_service.cc:1511] Processing CreateTablet for tablet 77fddad8b0af4c98b29bab8799f3598a (DEFAULT_TABLE table=test-workload [id=96e48c62aced45c1be400a6489c23474]), partition=RANGE (key) PARTITION 2111085566 <= VALUES
I20260709 14:53:15.570405 16559 data_dirs.cc:400] Could only allocate 1 dirs of requested 3 for tablet 77fddad8b0af4c98b29bab8799f3598a. 1 dirs total, 0 dirs full, 0 dirs failed
I20260709 14:53:15.547293 16761 ts_tablet_manager.cc:1434] T aa9204b40b4d45929e8c62d6fe172ae0 P a764fcb97f9042859e6af0c1a56d7f15: Time spent starting tablet: real 0.056s	user 0.008s	sys 0.000s
I20260709 14:53:15.570025 16467 catalog_manager.cc:5697] T 060fbf39424d44c5b561aa35aee973aa P 72bd96d00fe94560baaa4e209ca596c0 reported cstate change: term changed from 0 to 1, leader changed from <none> to 72bd96d00fe94560baaa4e209ca596c0 (127.15.25.194). New cstate: current_term: 1 leader_uuid: "72bd96d00fe94560baaa4e209ca596c0" committed_config { opid_index: -1 OBSOLETE_local: false peers { permanent_uuid: "a3e73118ca98436593b09bbd8d759ccc" member_type: VOTER last_known_addr { host: "127.15.25.193" port: 42971 } health_report { overall_health: UNKNOWN } } peers { permanent_uuid: "72bd96d00fe94560baaa4e209ca596c0" member_type: VOTER last_known_addr { host: "127.15.25.194" port: 43731 } health_report { overall_health: HEALTHY } } peers { permanent_uuid: "a764fcb97f9042859e6af0c1a56d7f15" member_type: VOTER last_known_addr { host: "127.15.25.195" port: 37031 } health_report { overall_health: UNKNOWN } } }
I20260709 14:53:15.584151 16560 tablet_service.cc:1511] Processing CreateTablet for tablet 64e2253c26344932983325ed4e409029 (DEFAULT_TABLE table=test-workload [id=96e48c62aced45c1be400a6489c23474]), partition=RANGE (key) PARTITION 2038289512 <= VALUES < 2074687539
I20260709 14:53:15.588313 16762 tablet_bootstrap.cc:654] T 5267d381d7a3498caba2987b13b7c669 P a3e73118ca98436593b09bbd8d759ccc: Neither blocks nor log segments found. Creating new log.
I20260709 14:53:15.593338 16560 data_dirs.cc:400] Could only allocate 1 dirs of requested 3 for tablet 64e2253c26344932983325ed4e409029. 1 dirs total, 0 dirs full, 0 dirs failed
I20260709 14:53:15.593755 16761 tablet_bootstrap.cc:492] T 1d5acfb2db9741a593c47857d09d3fc1 P a764fcb97f9042859e6af0c1a56d7f15: Bootstrap starting.
I20260709 14:53:15.598671 16760 tablet_bootstrap.cc:492] T 74dd3a91a7fb40148f955ba7abbf4f7a P 72bd96d00fe94560baaa4e209ca596c0: No bootstrap required, opened a new log
I20260709 14:53:15.599143 16760 ts_tablet_manager.cc:1403] T 74dd3a91a7fb40148f955ba7abbf4f7a P 72bd96d00fe94560baaa4e209ca596c0: Time spent bootstrapping tablet: real 0.112s	user 0.008s	sys 0.023s
I20260709 14:53:15.613282 16760 raft_consensus.cc:359] T 74dd3a91a7fb40148f955ba7abbf4f7a P 72bd96d00fe94560baaa4e209ca596c0 [term 0 FOLLOWER]: Replica starting. Triggering 0 pending ops. Active config: opid_index: -1 OBSOLETE_local: false peers { permanent_uuid: "a3e73118ca98436593b09bbd8d759ccc" member_type: VOTER last_known_addr { host: "127.15.25.193" port: 42971 } } peers { permanent_uuid: "72bd96d00fe94560baaa4e209ca596c0" member_type: VOTER last_known_addr { host: "127.15.25.194" port: 43731 } } peers { permanent_uuid: "a764fcb97f9042859e6af0c1a56d7f15" member_type: VOTER last_known_addr { host: "127.15.25.195" port: 37031 } }
I20260709 14:53:15.613845 16760 raft_consensus.cc:385] T 74dd3a91a7fb40148f955ba7abbf4f7a P 72bd96d00fe94560baaa4e209ca596c0 [term 0 FOLLOWER]: Consensus starting up: Expiring failure detector timer to make a prompt election more likely
I20260709 14:53:15.614112 16760 raft_consensus.cc:740] T 74dd3a91a7fb40148f955ba7abbf4f7a P 72bd96d00fe94560baaa4e209ca596c0 [term 0 FOLLOWER]: Becoming Follower/Learner. State: Replica: 72bd96d00fe94560baaa4e209ca596c0, State: Initialized, Role: FOLLOWER
I20260709 14:53:15.614756 16561 tablet_service.cc:1511] Processing CreateTablet for tablet b28b47009b2d4af290b23c88693a73ac (DEFAULT_TABLE table=test-workload [id=96e48c62aced45c1be400a6489c23474]), partition=RANGE (key) PARTITION 2074687539 <= VALUES < 2111085566
I20260709 14:53:15.615345 16761 tablet_bootstrap.cc:654] T 1d5acfb2db9741a593c47857d09d3fc1 P a764fcb97f9042859e6af0c1a56d7f15: Neither blocks nor log segments found. Creating new log.
I20260709 14:53:15.614746 16760 consensus_queue.cc:260] T 74dd3a91a7fb40148f955ba7abbf4f7a P 72bd96d00fe94560baaa4e209ca596c0 [NON_LEADER]: Queue going to NON_LEADER mode. State: All replicated index: 0, Majority replicated index: 0, Committed index: 0, Last appended: 0.0, Last appended by leader: 0, Current term: 0, Majority size: -1, State: 0, Mode: NON_LEADER, active raft config: opid_index: -1 OBSOLETE_local: false peers { permanent_uuid: "a3e73118ca98436593b09bbd8d759ccc" member_type: VOTER last_known_addr { host: "127.15.25.193" port: 42971 } } peers { permanent_uuid: "72bd96d00fe94560baaa4e209ca596c0" member_type: VOTER last_known_addr { host: "127.15.25.194" port: 43731 } } peers { permanent_uuid: "a764fcb97f9042859e6af0c1a56d7f15" member_type: VOTER last_known_addr { host: "127.15.25.195" port: 37031 } }
I20260709 14:53:15.616250 16561 data_dirs.cc:400] Could only allocate 1 dirs of requested 3 for tablet b28b47009b2d4af290b23c88693a73ac. 1 dirs total, 0 dirs full, 0 dirs failed
I20260709 14:53:15.617857 16762 tablet_bootstrap.cc:492] T 5267d381d7a3498caba2987b13b7c669 P a3e73118ca98436593b09bbd8d759ccc: No bootstrap required, opened a new log
I20260709 14:53:15.618551 16762 ts_tablet_manager.cc:1403] T 5267d381d7a3498caba2987b13b7c669 P a3e73118ca98436593b09bbd8d759ccc: Time spent bootstrapping tablet: real 0.053s	user 0.007s	sys 0.005s
I20260709 14:53:15.619675 16760 ts_tablet_manager.cc:1434] T 74dd3a91a7fb40148f955ba7abbf4f7a P 72bd96d00fe94560baaa4e209ca596c0: Time spent starting tablet: real 0.020s	user 0.007s	sys 0.000s
I20260709 14:53:15.620599 16760 tablet_bootstrap.cc:492] T dd18c285472a4963b5d1c1d5707ff34b P 72bd96d00fe94560baaa4e209ca596c0: Bootstrap starting.
I20260709 14:53:15.621724 16762 raft_consensus.cc:359] T 5267d381d7a3498caba2987b13b7c669 P a3e73118ca98436593b09bbd8d759ccc [term 0 FOLLOWER]: Replica starting. Triggering 0 pending ops. Active config: opid_index: -1 OBSOLETE_local: false peers { permanent_uuid: "a3e73118ca98436593b09bbd8d759ccc" member_type: VOTER last_known_addr { host: "127.15.25.193" port: 42971 } } peers { permanent_uuid: "72bd96d00fe94560baaa4e209ca596c0" member_type: VOTER last_known_addr { host: "127.15.25.194" port: 43731 } } peers { permanent_uuid: "a764fcb97f9042859e6af0c1a56d7f15" member_type: VOTER last_known_addr { host: "127.15.25.195" port: 37031 } }
I20260709 14:53:15.622505 16762 raft_consensus.cc:385] T 5267d381d7a3498caba2987b13b7c669 P a3e73118ca98436593b09bbd8d759ccc [term 0 FOLLOWER]: Consensus starting up: Expiring failure detector timer to make a prompt election more likely
I20260709 14:53:15.622848 16762 raft_consensus.cc:740] T 5267d381d7a3498caba2987b13b7c669 P a3e73118ca98436593b09bbd8d759ccc [term 0 FOLLOWER]: Becoming Follower/Learner. State: Replica: a3e73118ca98436593b09bbd8d759ccc, State: Initialized, Role: FOLLOWER
I20260709 14:53:15.623729 16762 consensus_queue.cc:260] T 5267d381d7a3498caba2987b13b7c669 P a3e73118ca98436593b09bbd8d759ccc [NON_LEADER]: Queue going to NON_LEADER mode. State: All replicated index: 0, Majority replicated index: 0, Committed index: 0, Last appended: 0.0, Last appended by leader: 0, Current term: 0, Majority size: -1, State: 0, Mode: NON_LEADER, active raft config: opid_index: -1 OBSOLETE_local: false peers { permanent_uuid: "a3e73118ca98436593b09bbd8d759ccc" member_type: VOTER last_known_addr { host: "127.15.25.193" port: 42971 } } peers { permanent_uuid: "72bd96d00fe94560baaa4e209ca596c0" member_type: VOTER last_known_addr { host: "127.15.25.194" port: 43731 } } peers { permanent_uuid: "a764fcb97f9042859e6af0c1a56d7f15" member_type: VOTER last_known_addr { host: "127.15.25.195" port: 37031 } }
I20260709 14:53:15.626865 16762 ts_tablet_manager.cc:1434] T 5267d381d7a3498caba2987b13b7c669 P a3e73118ca98436593b09bbd8d759ccc: Time spent starting tablet: real 0.008s	user 0.005s	sys 0.000s
I20260709 14:53:15.627748 16762 tablet_bootstrap.cc:492] T 1d5acfb2db9741a593c47857d09d3fc1 P a3e73118ca98436593b09bbd8d759ccc: Bootstrap starting.
I20260709 14:53:15.633014 16760 tablet_bootstrap.cc:654] T dd18c285472a4963b5d1c1d5707ff34b P 72bd96d00fe94560baaa4e209ca596c0: Neither blocks nor log segments found. Creating new log.
I20260709 14:53:15.633441 16762 tablet_bootstrap.cc:654] T 1d5acfb2db9741a593c47857d09d3fc1 P a3e73118ca98436593b09bbd8d759ccc: Neither blocks nor log segments found. Creating new log.
I20260709 14:53:15.642040 16761 tablet_bootstrap.cc:492] T 1d5acfb2db9741a593c47857d09d3fc1 P a764fcb97f9042859e6af0c1a56d7f15: No bootstrap required, opened a new log
I20260709 14:53:15.642462 16761 ts_tablet_manager.cc:1403] T 1d5acfb2db9741a593c47857d09d3fc1 P a764fcb97f9042859e6af0c1a56d7f15: Time spent bootstrapping tablet: real 0.049s	user 0.017s	sys 0.002s
I20260709 14:53:15.643828 16760 tablet_bootstrap.cc:492] T dd18c285472a4963b5d1c1d5707ff34b P 72bd96d00fe94560baaa4e209ca596c0: No bootstrap required, opened a new log
I20260709 14:53:15.644335 16760 ts_tablet_manager.cc:1403] T dd18c285472a4963b5d1c1d5707ff34b P 72bd96d00fe94560baaa4e209ca596c0: Time spent bootstrapping tablet: real 0.024s	user 0.010s	sys 0.007s
I20260709 14:53:15.643783 16762 tablet_bootstrap.cc:492] T 1d5acfb2db9741a593c47857d09d3fc1 P a3e73118ca98436593b09bbd8d759ccc: No bootstrap required, opened a new log
I20260709 14:53:15.645210 16761 raft_consensus.cc:359] T 1d5acfb2db9741a593c47857d09d3fc1 P a764fcb97f9042859e6af0c1a56d7f15 [term 0 FOLLOWER]: Replica starting. Triggering 0 pending ops. Active config: opid_index: -1 OBSOLETE_local: false peers { permanent_uuid: "a3e73118ca98436593b09bbd8d759ccc" member_type: VOTER last_known_addr { host: "127.15.25.193" port: 42971 } } peers { permanent_uuid: "72bd96d00fe94560baaa4e209ca596c0" member_type: VOTER last_known_addr { host: "127.15.25.194" port: 43731 } } peers { permanent_uuid: "a764fcb97f9042859e6af0c1a56d7f15" member_type: VOTER last_known_addr { host: "127.15.25.195" port: 37031 } }
I20260709 14:53:15.645877 16762 ts_tablet_manager.cc:1403] T 1d5acfb2db9741a593c47857d09d3fc1 P a3e73118ca98436593b09bbd8d759ccc: Time spent bootstrapping tablet: real 0.018s	user 0.006s	sys 0.005s
I20260709 14:53:15.646029 16761 raft_consensus.cc:385] T 1d5acfb2db9741a593c47857d09d3fc1 P a764fcb97f9042859e6af0c1a56d7f15 [term 0 FOLLOWER]: Consensus starting up: Expiring failure detector timer to make a prompt election more likely
I20260709 14:53:15.646166 16768 raft_consensus.cc:493] T 80bba767a34d43cd9d9f711e3515be5d P 72bd96d00fe94560baaa4e209ca596c0 [term 0 FOLLOWER]: Starting pre-election (no leader contacted us within the election timeout)
I20260709 14:53:15.646420 16761 raft_consensus.cc:740] T 1d5acfb2db9741a593c47857d09d3fc1 P a764fcb97f9042859e6af0c1a56d7f15 [term 0 FOLLOWER]: Becoming Follower/Learner. State: Replica: a764fcb97f9042859e6af0c1a56d7f15, State: Initialized, Role: FOLLOWER
I20260709 14:53:15.646615 16768 raft_consensus.cc:515] T 80bba767a34d43cd9d9f711e3515be5d P 72bd96d00fe94560baaa4e209ca596c0 [term 0 FOLLOWER]: Starting pre-election with config: opid_index: -1 OBSOLETE_local: false peers { permanent_uuid: "a3e73118ca98436593b09bbd8d759ccc" member_type: VOTER last_known_addr { host: "127.15.25.193" port: 42971 } } peers { permanent_uuid: "72bd96d00fe94560baaa4e209ca596c0" member_type: VOTER last_known_addr { host: "127.15.25.194" port: 43731 } } peers { permanent_uuid: "a764fcb97f9042859e6af0c1a56d7f15" member_type: VOTER last_known_addr { host: "127.15.25.195" port: 37031 } }
I20260709 14:53:15.647262 16761 consensus_queue.cc:260] T 1d5acfb2db9741a593c47857d09d3fc1 P a764fcb97f9042859e6af0c1a56d7f15 [NON_LEADER]: Queue going to NON_LEADER mode. State: All replicated index: 0, Majority replicated index: 0, Committed index: 0, Last appended: 0.0, Last appended by leader: 0, Current term: 0, Majority size: -1, State: 0, Mode: NON_LEADER, active raft config: opid_index: -1 OBSOLETE_local: false peers { permanent_uuid: "a3e73118ca98436593b09bbd8d759ccc" member_type: VOTER last_known_addr { host: "127.15.25.193" port: 42971 } } peers { permanent_uuid: "72bd96d00fe94560baaa4e209ca596c0" member_type: VOTER last_known_addr { host: "127.15.25.194" port: 43731 } } peers { permanent_uuid: "a764fcb97f9042859e6af0c1a56d7f15" member_type: VOTER last_known_addr { host: "127.15.25.195" port: 37031 } }
I20260709 14:53:15.648535 16760 raft_consensus.cc:359] T dd18c285472a4963b5d1c1d5707ff34b P 72bd96d00fe94560baaa4e209ca596c0 [term 0 FOLLOWER]: Replica starting. Triggering 0 pending ops. Active config: opid_index: -1 OBSOLETE_local: false peers { permanent_uuid: "a3e73118ca98436593b09bbd8d759ccc" member_type: VOTER last_known_addr { host: "127.15.25.193" port: 42971 } } peers { permanent_uuid: "72bd96d00fe94560baaa4e209ca596c0" member_type: VOTER last_known_addr { host: "127.15.25.194" port: 43731 } } peers { permanent_uuid: "a764fcb97f9042859e6af0c1a56d7f15" member_type: VOTER last_known_addr { host: "127.15.25.195" port: 37031 } }
I20260709 14:53:15.648633 16768 leader_election.cc:290] T 80bba767a34d43cd9d9f711e3515be5d P 72bd96d00fe94560baaa4e209ca596c0 [CANDIDATE]: Term 1 pre-election: Requested pre-vote from peers a3e73118ca98436593b09bbd8d759ccc (127.15.25.193:42971), a764fcb97f9042859e6af0c1a56d7f15 (127.15.25.195:37031)
I20260709 14:53:15.649247 16760 raft_consensus.cc:385] T dd18c285472a4963b5d1c1d5707ff34b P 72bd96d00fe94560baaa4e209ca596c0 [term 0 FOLLOWER]: Consensus starting up: Expiring failure detector timer to make a prompt election more likely
I20260709 14:53:15.649609 16760 raft_consensus.cc:740] T dd18c285472a4963b5d1c1d5707ff34b P 72bd96d00fe94560baaa4e209ca596c0 [term 0 FOLLOWER]: Becoming Follower/Learner. State: Replica: 72bd96d00fe94560baaa4e209ca596c0, State: Initialized, Role: FOLLOWER
I20260709 14:53:15.650286 16760 consensus_queue.cc:260] T dd18c285472a4963b5d1c1d5707ff34b P 72bd96d00fe94560baaa4e209ca596c0 [NON_LEADER]: Queue going to NON_LEADER mode. State: All replicated index: 0, Majority replicated index: 0, Committed index: 0, Last appended: 0.0, Last appended by leader: 0, Current term: 0, Majority size: -1, State: 0, Mode: NON_LEADER, active raft config: opid_index: -1 OBSOLETE_local: false peers { permanent_uuid: "a3e73118ca98436593b09bbd8d759ccc" member_type: VOTER last_known_addr { host: "127.15.25.193" port: 42971 } } peers { permanent_uuid: "72bd96d00fe94560baaa4e209ca596c0" member_type: VOTER last_known_addr { host: "127.15.25.194" port: 43731 } } peers { permanent_uuid: "a764fcb97f9042859e6af0c1a56d7f15" member_type: VOTER last_known_addr { host: "127.15.25.195" port: 37031 } }
I20260709 14:53:15.650661 16570 tablet_service.cc:1917] Received RequestConsensusVote() RPC: tablet_id: "80bba767a34d43cd9d9f711e3515be5d" candidate_uuid: "72bd96d00fe94560baaa4e209ca596c0" candidate_term: 1 candidate_status { last_received { term: 0 index: 0 } } ignore_live_leader: false dest_uuid: "a3e73118ca98436593b09bbd8d759ccc" is_pre_election: true
I20260709 14:53:15.650619 16719 tablet_service.cc:1917] Received RequestConsensusVote() RPC: tablet_id: "80bba767a34d43cd9d9f711e3515be5d" candidate_uuid: "72bd96d00fe94560baaa4e209ca596c0" candidate_term: 1 candidate_status { last_received { term: 0 index: 0 } } ignore_live_leader: false dest_uuid: "a764fcb97f9042859e6af0c1a56d7f15" is_pre_election: true
I20260709 14:53:15.651021 16762 raft_consensus.cc:359] T 1d5acfb2db9741a593c47857d09d3fc1 P a3e73118ca98436593b09bbd8d759ccc [term 0 FOLLOWER]: Replica starting. Triggering 0 pending ops. Active config: opid_index: -1 OBSOLETE_local: false peers { permanent_uuid: "a3e73118ca98436593b09bbd8d759ccc" member_type: VOTER last_known_addr { host: "127.15.25.193" port: 42971 } } peers { permanent_uuid: "72bd96d00fe94560baaa4e209ca596c0" member_type: VOTER last_known_addr { host: "127.15.25.194" port: 43731 } } peers { permanent_uuid: "a764fcb97f9042859e6af0c1a56d7f15" member_type: VOTER last_known_addr { host: "127.15.25.195" port: 37031 } }
I20260709 14:53:15.651832 16762 raft_consensus.cc:385] T 1d5acfb2db9741a593c47857d09d3fc1 P a3e73118ca98436593b09bbd8d759ccc [term 0 FOLLOWER]: Consensus starting up: Expiring failure detector timer to make a prompt election more likely
I20260709 14:53:15.652175 16762 raft_consensus.cc:740] T 1d5acfb2db9741a593c47857d09d3fc1 P a3e73118ca98436593b09bbd8d759ccc [term 0 FOLLOWER]: Becoming Follower/Learner. State: Replica: a3e73118ca98436593b09bbd8d759ccc, State: Initialized, Role: FOLLOWER
W20260709 14:53:15.652225 16610 leader_election.cc:343] T 80bba767a34d43cd9d9f711e3515be5d P 72bd96d00fe94560baaa4e209ca596c0 [CANDIDATE]: Term 1 pre-election: Tablet error from VoteRequest() call to peer a764fcb97f9042859e6af0c1a56d7f15 (127.15.25.195:37031): Illegal state: must be running to vote when last-logged opid is not known
I20260709 14:53:15.652309 16760 ts_tablet_manager.cc:1434] T dd18c285472a4963b5d1c1d5707ff34b P 72bd96d00fe94560baaa4e209ca596c0: Time spent starting tablet: real 0.008s	user 0.001s	sys 0.002s
