I20260709 14:53:05.523990 19787 raft_consensus.cc:2393] T 8a611aeee77a48ecb353c566d4175260 P b5e073b7179844df963d459b13fe533d [term 1 FOLLOWER]: Leader pre-election vote request: Denying vote to candidate 2595de9d14784b3f876549add2a81c82 in current term 1: Already voted for candidate cd2ba9ce431241998f426f8cdee89382 in this term.
I20260709 14:53:05.525674 19902 leader_election.cc:304] T 8a611aeee77a48ecb353c566d4175260 P 2595de9d14784b3f876549add2a81c82 [CANDIDATE]: Term 1 pre-election: Election decided. Result: candidate lost. Election summary: received 3 responses out of 3 voters: 1 yes votes; 2 no votes. yes voters: 2595de9d14784b3f876549add2a81c82; no voters: b5e073b7179844df963d459b13fe533d, cd2ba9ce431241998f426f8cdee89382
I20260709 14:53:05.526340 20003 raft_consensus.cc:3060] T 8a611aeee77a48ecb353c566d4175260 P 2595de9d14784b3f876549add2a81c82 [term 0 FOLLOWER]: Advancing to term 1
I20260709 14:53:05.477998 19937 tablet_service.cc:1917] Received RequestConsensusVote() RPC: tablet_id: "57dff9272296467b9f14766a8f9926b8" candidate_uuid: "cd2ba9ce431241998f426f8cdee89382" candidate_term: 1 candidate_status { last_received { term: 0 index: 0 } } ignore_live_leader: false dest_uuid: "2595de9d14784b3f876549add2a81c82" is_pre_election: true
I20260709 14:53:05.529263 19937 raft_consensus.cc:2393] T 57dff9272296467b9f14766a8f9926b8 P 2595de9d14784b3f876549add2a81c82 [term 1 FOLLOWER]: Leader pre-election vote request: Denying vote to candidate cd2ba9ce431241998f426f8cdee89382 in current term 1: Already voted for candidate b5e073b7179844df963d459b13fe533d in this term.
I20260709 14:53:05.529938 20020 raft_consensus.cc:493] T c776a5e16e54452091800f4f9b56a2a2 P b5e073b7179844df963d459b13fe533d [term 0 FOLLOWER]: Starting pre-election (no leader contacted us within the election timeout)
I20260709 14:53:05.530404 20020 raft_consensus.cc:515] T c776a5e16e54452091800f4f9b56a2a2 P b5e073b7179844df963d459b13fe533d [term 0 FOLLOWER]: Starting pre-election with config: opid_index: -1 OBSOLETE_local: false peers { permanent_uuid: "b5e073b7179844df963d459b13fe533d" member_type: VOTER last_known_addr { host: "127.18.184.193" port: 42709 } } peers { permanent_uuid: "cd2ba9ce431241998f426f8cdee89382" member_type: VOTER last_known_addr { host: "127.18.184.194" port: 36321 } } peers { permanent_uuid: "2595de9d14784b3f876549add2a81c82" member_type: VOTER last_known_addr { host: "127.18.184.195" port: 39307 } }
I20260709 14:53:05.523936 19979 raft_consensus.cc:359] T 4b89623e431c47f7b2fa6dec4389461a P b5e073b7179844df963d459b13fe533d [term 0 FOLLOWER]: Replica starting. Triggering 0 pending ops. Active config: opid_index: -1 OBSOLETE_local: false peers { permanent_uuid: "b5e073b7179844df963d459b13fe533d" member_type: VOTER last_known_addr { host: "127.18.184.193" port: 42709 } } peers { permanent_uuid: "cd2ba9ce431241998f426f8cdee89382" member_type: VOTER last_known_addr { host: "127.18.184.194" port: 36321 } } peers { permanent_uuid: "2595de9d14784b3f876549add2a81c82" member_type: VOTER last_known_addr { host: "127.18.184.195" port: 39307 } }
I20260709 14:53:05.531481 20003 raft_consensus.cc:2749] T 8a611aeee77a48ecb353c566d4175260 P 2595de9d14784b3f876549add2a81c82 [term 1 FOLLOWER]: Leader pre-election lost for term 1. Reason: could not achieve majority
I20260709 14:53:05.531584 19979 raft_consensus.cc:385] T 4b89623e431c47f7b2fa6dec4389461a P b5e073b7179844df963d459b13fe533d [term 0 FOLLOWER]: Consensus starting up: Expiring failure detector timer to make a prompt election more likely
I20260709 14:53:05.531960 19979 raft_consensus.cc:740] T 4b89623e431c47f7b2fa6dec4389461a P b5e073b7179844df963d459b13fe533d [term 0 FOLLOWER]: Becoming Follower/Learner. State: Replica: b5e073b7179844df963d459b13fe533d, State: Initialized, Role: FOLLOWER
I20260709 14:53:05.532436 20020 leader_election.cc:290] T c776a5e16e54452091800f4f9b56a2a2 P b5e073b7179844df963d459b13fe533d [CANDIDATE]: Term 1 pre-election: Requested pre-vote from peers cd2ba9ce431241998f426f8cdee89382 (127.18.184.194:36321), 2595de9d14784b3f876549add2a81c82 (127.18.184.195:39307)
I20260709 14:53:05.532611 19979 consensus_queue.cc:260] T 4b89623e431c47f7b2fa6dec4389461a P b5e073b7179844df963d459b13fe533d [NON_LEADER]: Queue going to NON_LEADER mode. State: All replicated index: 0, Majority replicated index: 0, Committed index: 0, Last appended: 0.0, Last appended by leader: 0, Current term: 0, Majority size: -1, State: 0, Mode: NON_LEADER, active raft config: opid_index: -1 OBSOLETE_local: false peers { permanent_uuid: "b5e073b7179844df963d459b13fe533d" member_type: VOTER last_known_addr { host: "127.18.184.193" port: 42709 } } peers { permanent_uuid: "cd2ba9ce431241998f426f8cdee89382" member_type: VOTER last_known_addr { host: "127.18.184.194" port: 36321 } } peers { permanent_uuid: "2595de9d14784b3f876549add2a81c82" member_type: VOTER last_known_addr { host: "127.18.184.195" port: 39307 } }
I20260709 14:53:05.533000 19828 leader_election.cc:304] T 57dff9272296467b9f14766a8f9926b8 P cd2ba9ce431241998f426f8cdee89382 [CANDIDATE]: Term 1 pre-election: Election decided. Result: candidate lost. Election summary: received 3 responses out of 3 voters: 1 yes votes; 2 no votes. yes voters: cd2ba9ce431241998f426f8cdee89382; no voters: 2595de9d14784b3f876549add2a81c82, b5e073b7179844df963d459b13fe533d
I20260709 14:53:05.534291 19862 tablet_service.cc:1917] Received RequestConsensusVote() RPC: tablet_id: "c776a5e16e54452091800f4f9b56a2a2" candidate_uuid: "b5e073b7179844df963d459b13fe533d" candidate_term: 1 candidate_status { last_received { term: 0 index: 0 } } ignore_live_leader: false dest_uuid: "cd2ba9ce431241998f426f8cdee89382" is_pre_election: true
I20260709 14:53:05.534806 19979 ts_tablet_manager.cc:1434] T 4b89623e431c47f7b2fa6dec4389461a P b5e073b7179844df963d459b13fe533d: Time spent starting tablet: real 0.063s	user 0.008s	sys 0.000s
I20260709 14:53:05.534864 19862 raft_consensus.cc:2468] T c776a5e16e54452091800f4f9b56a2a2 P cd2ba9ce431241998f426f8cdee89382 [term 0 FOLLOWER]: Leader pre-election vote request: Granting yes vote for candidate b5e073b7179844df963d459b13fe533d in term 0.
I20260709 14:53:05.534690 19982 raft_consensus.cc:3060] T 57dff9272296467b9f14766a8f9926b8 P cd2ba9ce431241998f426f8cdee89382 [term 0 FOLLOWER]: Advancing to term 1
I20260709 14:53:05.536428 19937 tablet_service.cc:1917] Received RequestConsensusVote() RPC: tablet_id: "c776a5e16e54452091800f4f9b56a2a2" candidate_uuid: "b5e073b7179844df963d459b13fe533d" candidate_term: 1 candidate_status { last_received { term: 0 index: 0 } } ignore_live_leader: false dest_uuid: "2595de9d14784b3f876549add2a81c82" is_pre_election: true
I20260709 14:53:05.537007 19937 raft_consensus.cc:2468] T c776a5e16e54452091800f4f9b56a2a2 P 2595de9d14784b3f876549add2a81c82 [term 0 FOLLOWER]: Leader pre-election vote request: Granting yes vote for candidate b5e073b7179844df963d459b13fe533d in term 0.
I20260709 14:53:05.537212 19754 leader_election.cc:304] T c776a5e16e54452091800f4f9b56a2a2 P b5e073b7179844df963d459b13fe533d [CANDIDATE]: Term 1 pre-election: Election decided. Result: candidate won. Election summary: received 2 responses out of 3 voters: 2 yes votes; 0 no votes. yes voters: b5e073b7179844df963d459b13fe533d, cd2ba9ce431241998f426f8cdee89382; no voters: 
I20260709 14:53:05.538051 20020 raft_consensus.cc:2804] T c776a5e16e54452091800f4f9b56a2a2 P b5e073b7179844df963d459b13fe533d [term 0 FOLLOWER]: Leader pre-election won for term 1
I20260709 14:53:05.538393 20020 raft_consensus.cc:493] T c776a5e16e54452091800f4f9b56a2a2 P b5e073b7179844df963d459b13fe533d [term 0 FOLLOWER]: Starting leader election (no leader contacted us within the election timeout)
I20260709 14:53:05.538724 20020 raft_consensus.cc:3060] T c776a5e16e54452091800f4f9b56a2a2 P b5e073b7179844df963d459b13fe533d [term 0 FOLLOWER]: Advancing to term 1
I20260709 14:53:05.541932 19982 raft_consensus.cc:2749] T 57dff9272296467b9f14766a8f9926b8 P cd2ba9ce431241998f426f8cdee89382 [term 1 FOLLOWER]: Leader pre-election lost for term 1. Reason: could not achieve majority
I20260709 14:53:05.544318 20020 raft_consensus.cc:515] T c776a5e16e54452091800f4f9b56a2a2 P b5e073b7179844df963d459b13fe533d [term 1 FOLLOWER]: Starting leader election with config: opid_index: -1 OBSOLETE_local: false peers { permanent_uuid: "b5e073b7179844df963d459b13fe533d" member_type: VOTER last_known_addr { host: "127.18.184.193" port: 42709 } } peers { permanent_uuid: "cd2ba9ce431241998f426f8cdee89382" member_type: VOTER last_known_addr { host: "127.18.184.194" port: 36321 } } peers { permanent_uuid: "2595de9d14784b3f876549add2a81c82" member_type: VOTER last_known_addr { host: "127.18.184.195" port: 39307 } }
I20260709 14:53:05.546430 20020 leader_election.cc:290] T c776a5e16e54452091800f4f9b56a2a2 P b5e073b7179844df963d459b13fe533d [CANDIDATE]: Term 1 election: Requested vote from peers cd2ba9ce431241998f426f8cdee89382 (127.18.184.194:36321), 2595de9d14784b3f876549add2a81c82 (127.18.184.195:39307)
I20260709 14:53:05.547065 19862 tablet_service.cc:1917] Received RequestConsensusVote() RPC: tablet_id: "c776a5e16e54452091800f4f9b56a2a2" candidate_uuid: "b5e073b7179844df963d459b13fe533d" candidate_term: 1 candidate_status { last_received { term: 0 index: 0 } } ignore_live_leader: false dest_uuid: "cd2ba9ce431241998f426f8cdee89382"
I20260709 14:53:05.547618 19862 raft_consensus.cc:3060] T c776a5e16e54452091800f4f9b56a2a2 P cd2ba9ce431241998f426f8cdee89382 [term 0 FOLLOWER]: Advancing to term 1
I20260709 14:53:05.547741 19937 tablet_service.cc:1917] Received RequestConsensusVote() RPC: tablet_id: "c776a5e16e54452091800f4f9b56a2a2" candidate_uuid: "b5e073b7179844df963d459b13fe533d" candidate_term: 1 candidate_status { last_received { term: 0 index: 0 } } ignore_live_leader: false dest_uuid: "2595de9d14784b3f876549add2a81c82"
I20260709 14:53:05.548223 19937 raft_consensus.cc:3060] T c776a5e16e54452091800f4f9b56a2a2 P 2595de9d14784b3f876549add2a81c82 [term 0 FOLLOWER]: Advancing to term 1
I20260709 14:53:05.552346 19862 raft_consensus.cc:2468] T c776a5e16e54452091800f4f9b56a2a2 P cd2ba9ce431241998f426f8cdee89382 [term 1 FOLLOWER]: Leader election vote request: Granting yes vote for candidate b5e073b7179844df963d459b13fe533d in term 1.
I20260709 14:53:05.552543 19937 raft_consensus.cc:2468] T c776a5e16e54452091800f4f9b56a2a2 P 2595de9d14784b3f876549add2a81c82 [term 1 FOLLOWER]: Leader election vote request: Granting yes vote for candidate b5e073b7179844df963d459b13fe533d in term 1.
I20260709 14:53:05.553288 19754 leader_election.cc:304] T c776a5e16e54452091800f4f9b56a2a2 P b5e073b7179844df963d459b13fe533d [CANDIDATE]: Term 1 election: Election decided. Result: candidate won. Election summary: received 2 responses out of 3 voters: 2 yes votes; 0 no votes. yes voters: b5e073b7179844df963d459b13fe533d, cd2ba9ce431241998f426f8cdee89382; no voters: 
I20260709 14:53:05.553998 20020 raft_consensus.cc:2804] T c776a5e16e54452091800f4f9b56a2a2 P b5e073b7179844df963d459b13fe533d [term 1 FOLLOWER]: Leader election won for term 1
I20260709 14:53:05.554504 20020 raft_consensus.cc:697] T c776a5e16e54452091800f4f9b56a2a2 P b5e073b7179844df963d459b13fe533d [term 1 LEADER]: Becoming Leader. State: Replica: b5e073b7179844df963d459b13fe533d, State: Running, Role: LEADER
I20260709 14:53:05.555231 20020 consensus_queue.cc:237] T c776a5e16e54452091800f4f9b56a2a2 P b5e073b7179844df963d459b13fe533d [LEADER]: Queue going to LEADER mode. State: All replicated index: 0, Majority replicated index: 0, Committed index: 0, Last appended: 0.0, Last appended by leader: 0, Current term: 1, Majority size: 2, State: 0, Mode: LEADER, active raft config: opid_index: -1 OBSOLETE_local: false peers { permanent_uuid: "b5e073b7179844df963d459b13fe533d" member_type: VOTER last_known_addr { host: "127.18.184.193" port: 42709 } } peers { permanent_uuid: "cd2ba9ce431241998f426f8cdee89382" member_type: VOTER last_known_addr { host: "127.18.184.194" port: 36321 } } peers { permanent_uuid: "2595de9d14784b3f876549add2a81c82" member_type: VOTER last_known_addr { host: "127.18.184.195" port: 39307 } }
I20260709 14:53:05.561609 19685 catalog_manager.cc:5697] T c776a5e16e54452091800f4f9b56a2a2 P b5e073b7179844df963d459b13fe533d reported cstate change: term changed from 0 to 1, leader changed from <none> to b5e073b7179844df963d459b13fe533d (127.18.184.193). New cstate: current_term: 1 leader_uuid: "b5e073b7179844df963d459b13fe533d" committed_config { opid_index: -1 OBSOLETE_local: false peers { permanent_uuid: "b5e073b7179844df963d459b13fe533d" member_type: VOTER last_known_addr { host: "127.18.184.193" port: 42709 } health_report { overall_health: HEALTHY } } peers { permanent_uuid: "cd2ba9ce431241998f426f8cdee89382" member_type: VOTER last_known_addr { host: "127.18.184.194" port: 36321 } health_report { overall_health: UNKNOWN } } peers { permanent_uuid: "2595de9d14784b3f876549add2a81c82" member_type: VOTER last_known_addr { host: "127.18.184.195" port: 39307 } health_report { overall_health: UNKNOWN } } }
I20260709 14:53:05.602857 20010 consensus_queue.cc:1048] T 57c61fa7a6af49e08ec586eb7b5882e1 P 2595de9d14784b3f876549add2a81c82 [LEADER]: Connected to new peer: Peer: permanent_uuid: "b5e073b7179844df963d459b13fe533d" member_type: VOTER last_known_addr { host: "127.18.184.193" port: 42709 }, Status: LMP_MISMATCH, Last received: 0.0, Next index: 1, Last known committed idx: 0, Time since last communication: 0.000s
I20260709 14:53:05.603699 19982 raft_consensus.cc:493] T 87836492cbaa481a912719d1e4f57147 P cd2ba9ce431241998f426f8cdee89382 [term 0 FOLLOWER]: Starting pre-election (no leader contacted us within the election timeout)
I20260709 14:53:05.604247 19982 raft_consensus.cc:515] T 87836492cbaa481a912719d1e4f57147 P cd2ba9ce431241998f426f8cdee89382 [term 0 FOLLOWER]: Starting pre-election with config: opid_index: -1 OBSOLETE_local: false peers { permanent_uuid: "b5e073b7179844df963d459b13fe533d" member_type: VOTER last_known_addr { host: "127.18.184.193" port: 42709 } } peers { permanent_uuid: "cd2ba9ce431241998f426f8cdee89382" member_type: VOTER last_known_addr { host: "127.18.184.194" port: 36321 } } peers { permanent_uuid: "2595de9d14784b3f876549add2a81c82" member_type: VOTER last_known_addr { host: "127.18.184.195" port: 39307 } }
I20260709 14:53:05.605361 20010 consensus_queue.cc:1048] T 8f1b388f5365401c98d72f8783459fc6 P 2595de9d14784b3f876549add2a81c82 [LEADER]: Connected to new peer: Peer: permanent_uuid: "cd2ba9ce431241998f426f8cdee89382" member_type: VOTER last_known_addr { host: "127.18.184.194" port: 36321 }, Status: LMP_MISMATCH, Last received: 0.0, Next index: 1, Last known committed idx: 0, Time since last communication: 0.000s
I20260709 14:53:05.606220 19982 leader_election.cc:290] T 87836492cbaa481a912719d1e4f57147 P cd2ba9ce431241998f426f8cdee89382 [CANDIDATE]: Term 1 pre-election: Requested pre-vote from peers b5e073b7179844df963d459b13fe533d (127.18.184.193:42709), 2595de9d14784b3f876549add2a81c82 (127.18.184.195:39307)
I20260709 14:53:05.606829 19788 tablet_service.cc:1917] Received RequestConsensusVote() RPC: tablet_id: "87836492cbaa481a912719d1e4f57147" candidate_uuid: "cd2ba9ce431241998f426f8cdee89382" candidate_term: 1 candidate_status { last_received { term: 0 index: 0 } } ignore_live_leader: false dest_uuid: "b5e073b7179844df963d459b13fe533d" is_pre_election: true
I20260709 14:53:05.607453 19788 raft_consensus.cc:2468] T 87836492cbaa481a912719d1e4f57147 P b5e073b7179844df963d459b13fe533d [term 0 FOLLOWER]: Leader pre-election vote request: Granting yes vote for candidate cd2ba9ce431241998f426f8cdee89382 in term 0.
I20260709 14:53:05.608392 19937 tablet_service.cc:1917] Received RequestConsensusVote() RPC: tablet_id: "87836492cbaa481a912719d1e4f57147" candidate_uuid: "cd2ba9ce431241998f426f8cdee89382" candidate_term: 1 candidate_status { last_received { term: 0 index: 0 } } ignore_live_leader: false dest_uuid: "2595de9d14784b3f876549add2a81c82" is_pre_election: true
I20260709 14:53:05.609185 19937 raft_consensus.cc:2468] T 87836492cbaa481a912719d1e4f57147 P 2595de9d14784b3f876549add2a81c82 [term 0 FOLLOWER]: Leader pre-election vote request: Granting yes vote for candidate cd2ba9ce431241998f426f8cdee89382 in term 0.
I20260709 14:53:05.609946 19828 leader_election.cc:304] T 87836492cbaa481a912719d1e4f57147 P cd2ba9ce431241998f426f8cdee89382 [CANDIDATE]: Term 1 pre-election: Election decided. Result: candidate won. Election summary: received 2 responses out of 3 voters: 2 yes votes; 0 no votes. yes voters: b5e073b7179844df963d459b13fe533d, cd2ba9ce431241998f426f8cdee89382; no voters: 
I20260709 14:53:05.610889 20025 raft_consensus.cc:2804] T 87836492cbaa481a912719d1e4f57147 P cd2ba9ce431241998f426f8cdee89382 [term 0 FOLLOWER]: Leader pre-election won for term 1
I20260709 14:53:05.611294 20025 raft_consensus.cc:493] T 87836492cbaa481a912719d1e4f57147 P cd2ba9ce431241998f426f8cdee89382 [term 0 FOLLOWER]: Starting leader election (no leader contacted us within the election timeout)
I20260709 14:53:05.611711 20025 raft_consensus.cc:3060] T 87836492cbaa481a912719d1e4f57147 P cd2ba9ce431241998f426f8cdee89382 [term 0 FOLLOWER]: Advancing to term 1
I20260709 14:53:05.615967 20010 consensus_queue.cc:1048] T 57c61fa7a6af49e08ec586eb7b5882e1 P 2595de9d14784b3f876549add2a81c82 [LEADER]: Connected to new peer: Peer: permanent_uuid: "cd2ba9ce431241998f426f8cdee89382" member_type: VOTER last_known_addr { host: "127.18.184.194" port: 36321 }, Status: LMP_MISMATCH, Last received: 0.0, Next index: 1, Last known committed idx: 0, Time since last communication: 0.000s
I20260709 14:53:05.618789 20025 raft_consensus.cc:515] T 87836492cbaa481a912719d1e4f57147 P cd2ba9ce431241998f426f8cdee89382 [term 1 FOLLOWER]: Starting leader election with config: opid_index: -1 OBSOLETE_local: false peers { permanent_uuid: "b5e073b7179844df963d459b13fe533d" member_type: VOTER last_known_addr { host: "127.18.184.193" port: 42709 } } peers { permanent_uuid: "cd2ba9ce431241998f426f8cdee89382" member_type: VOTER last_known_addr { host: "127.18.184.194" port: 36321 } } peers { permanent_uuid: "2595de9d14784b3f876549add2a81c82" member_type: VOTER last_known_addr { host: "127.18.184.195" port: 39307 } }
I20260709 14:53:05.627523 20025 leader_election.cc:290] T 87836492cbaa481a912719d1e4f57147 P cd2ba9ce431241998f426f8cdee89382 [CANDIDATE]: Term 1 election: Requested vote from peers b5e073b7179844df963d459b13fe533d (127.18.184.193:42709), 2595de9d14784b3f876549add2a81c82 (127.18.184.195:39307)
I20260709 14:53:05.628834 19788 tablet_service.cc:1917] Received RequestConsensusVote() RPC: tablet_id: "87836492cbaa481a912719d1e4f57147" candidate_uuid: "cd2ba9ce431241998f426f8cdee89382" candidate_term: 1 candidate_status { last_received { term: 0 index: 0 } } ignore_live_leader: false dest_uuid: "b5e073b7179844df963d459b13fe533d"
I20260709 14:53:05.628914 19937 tablet_service.cc:1917] Received RequestConsensusVote() RPC: tablet_id: "87836492cbaa481a912719d1e4f57147" candidate_uuid: "cd2ba9ce431241998f426f8cdee89382" candidate_term: 1 candidate_status { last_received { term: 0 index: 0 } } ignore_live_leader: false dest_uuid: "2595de9d14784b3f876549add2a81c82"
I20260709 14:53:05.629717 19788 raft_consensus.cc:3060] T 87836492cbaa481a912719d1e4f57147 P b5e073b7179844df963d459b13fe533d [term 0 FOLLOWER]: Advancing to term 1
I20260709 14:53:05.629802 19937 raft_consensus.cc:3060] T 87836492cbaa481a912719d1e4f57147 P 2595de9d14784b3f876549add2a81c82 [term 0 FOLLOWER]: Advancing to term 1
I20260709 14:53:05.638980 19937 raft_consensus.cc:2468] T 87836492cbaa481a912719d1e4f57147 P 2595de9d14784b3f876549add2a81c82 [term 1 FOLLOWER]: Leader election vote request: Granting yes vote for candidate cd2ba9ce431241998f426f8cdee89382 in term 1.
I20260709 14:53:05.646744 19828 leader_election.cc:304] T 87836492cbaa481a912719d1e4f57147 P cd2ba9ce431241998f426f8cdee89382 [CANDIDATE]: Term 1 election: Election decided. Result: candidate won. Election summary: received 2 responses out of 3 voters: 2 yes votes; 0 no votes. yes voters: 2595de9d14784b3f876549add2a81c82, cd2ba9ce431241998f426f8cdee89382; no voters: 
I20260709 14:53:05.649569 20025 raft_consensus.cc:2804] T 87836492cbaa481a912719d1e4f57147 P cd2ba9ce431241998f426f8cdee89382 [term 1 FOLLOWER]: Leader election won for term 1
I20260709 14:53:05.650625 19788 raft_consensus.cc:2468] T 87836492cbaa481a912719d1e4f57147 P b5e073b7179844df963d459b13fe533d [term 1 FOLLOWER]: Leader election vote request: Granting yes vote for candidate cd2ba9ce431241998f426f8cdee89382 in term 1.
I20260709 14:53:05.657420 19987 consensus_queue.cc:1048] T 8e5acbcd46144dabbe22647a1bd21e4a P b5e073b7179844df963d459b13fe533d [LEADER]: Connected to new peer: Peer: permanent_uuid: "cd2ba9ce431241998f426f8cdee89382" member_type: VOTER last_known_addr { host: "127.18.184.194" port: 36321 }, Status: LMP_MISMATCH, Last received: 0.0, Next index: 1, Last known committed idx: 0, Time since last communication: 0.000s
I20260709 14:53:05.651139 20025 raft_consensus.cc:697] T 87836492cbaa481a912719d1e4f57147 P cd2ba9ce431241998f426f8cdee89382 [term 1 LEADER]: Becoming Leader. State: Replica: cd2ba9ce431241998f426f8cdee89382, State: Running, Role: LEADER
I20260709 14:53:05.659348 20025 consensus_queue.cc:237] T 87836492cbaa481a912719d1e4f57147 P cd2ba9ce431241998f426f8cdee89382 [LEADER]: Queue going to LEADER mode. State: All replicated index: 0, Majority replicated index: 0, Committed index: 0, Last appended: 0.0, Last appended by leader: 0, Current term: 1, Majority size: 2, State: 0, Mode: LEADER, active raft config: opid_index: -1 OBSOLETE_local: false peers { permanent_uuid: "b5e073b7179844df963d459b13fe533d" member_type: VOTER last_known_addr { host: "127.18.184.193" port: 42709 } } peers { permanent_uuid: "cd2ba9ce431241998f426f8cdee89382" member_type: VOTER last_known_addr { host: "127.18.184.194" port: 36321 } } peers { permanent_uuid: "2595de9d14784b3f876549add2a81c82" member_type: VOTER last_known_addr { host: "127.18.184.195" port: 39307 } }
I20260709 14:53:05.660766 20009 consensus_queue.cc:1048] T 8f1b388f5365401c98d72f8783459fc6 P 2595de9d14784b3f876549add2a81c82 [LEADER]: Connected to new peer: Peer: permanent_uuid: "b5e073b7179844df963d459b13fe533d" member_type: VOTER last_known_addr { host: "127.18.184.193" port: 42709 }, Status: LMP_MISMATCH, Last received: 0.0, Next index: 1, Last known committed idx: 0, Time since last communication: 0.000s
I20260709 14:53:05.670361 20014 consensus_queue.cc:1048] T 2af0764c8bc6481d8ec24063d7b65e3f P 2595de9d14784b3f876549add2a81c82 [LEADER]: Connected to new peer: Peer: permanent_uuid: "cd2ba9ce431241998f426f8cdee89382" member_type: VOTER last_known_addr { host: "127.18.184.194" port: 36321 }, Status: LMP_MISMATCH, Last received: 0.0, Next index: 1, Last known committed idx: 0, Time since last communication: 0.001s
I20260709 14:53:05.681550 19987 raft_consensus.cc:493] T 2af0764c8bc6481d8ec24063d7b65e3f P b5e073b7179844df963d459b13fe533d [term 0 FOLLOWER]: Starting pre-election (no leader contacted us within the election timeout)
I20260709 14:53:05.682137 19987 raft_consensus.cc:515] T 2af0764c8bc6481d8ec24063d7b65e3f P b5e073b7179844df963d459b13fe533d [term 0 FOLLOWER]: Starting pre-election with config: opid_index: -1 OBSOLETE_local: false peers { permanent_uuid: "b5e073b7179844df963d459b13fe533d" member_type: VOTER last_known_addr { host: "127.18.184.193" port: 42709 } } peers { permanent_uuid: "cd2ba9ce431241998f426f8cdee89382" member_type: VOTER last_known_addr { host: "127.18.184.194" port: 36321 } } peers { permanent_uuid: "2595de9d14784b3f876549add2a81c82" member_type: VOTER last_known_addr { host: "127.18.184.195" port: 39307 } }
I20260709 14:53:05.684252 19987 leader_election.cc:290] T 2af0764c8bc6481d8ec24063d7b65e3f P b5e073b7179844df963d459b13fe533d [CANDIDATE]: Term 1 pre-election: Requested pre-vote from peers cd2ba9ce431241998f426f8cdee89382 (127.18.184.194:36321), 2595de9d14784b3f876549add2a81c82 (127.18.184.195:39307)
I20260709 14:53:05.685935 19863 tablet_service.cc:1917] Received RequestConsensusVote() RPC: tablet_id: "2af0764c8bc6481d8ec24063d7b65e3f" candidate_uuid: "b5e073b7179844df963d459b13fe533d" candidate_term: 1 candidate_status { last_received { term: 0 index: 0 } } ignore_live_leader: false dest_uuid: "cd2ba9ce431241998f426f8cdee89382" is_pre_election: true
I20260709 14:53:05.692930 19987 consensus_queue.cc:1048] T 8e5acbcd46144dabbe22647a1bd21e4a P b5e073b7179844df963d459b13fe533d [LEADER]: Connected to new peer: Peer: permanent_uuid: "2595de9d14784b3f876549add2a81c82" member_type: VOTER last_known_addr { host: "127.18.184.195" port: 39307 }, Status: LMP_MISMATCH, Last received: 0.0, Next index: 1, Last known committed idx: 0, Time since last communication: 0.000s
I20260709 14:53:05.688287 19937 tablet_service.cc:1917] Received RequestConsensusVote() RPC: tablet_id: "2af0764c8bc6481d8ec24063d7b65e3f" candidate_uuid: "b5e073b7179844df963d459b13fe533d" candidate_term: 1 candidate_status { last_received { term: 0 index: 0 } } ignore_live_leader: false dest_uuid: "2595de9d14784b3f876549add2a81c82" is_pre_election: true
I20260709 14:53:05.693755 19686 catalog_manager.cc:5697] T 87836492cbaa481a912719d1e4f57147 P cd2ba9ce431241998f426f8cdee89382 reported cstate change: term changed from 0 to 1, leader changed from <none> to cd2ba9ce431241998f426f8cdee89382 (127.18.184.194). New cstate: current_term: 1 leader_uuid: "cd2ba9ce431241998f426f8cdee89382" committed_config { opid_index: -1 OBSOLETE_local: false peers { permanent_uuid: "b5e073b7179844df963d459b13fe533d" member_type: VOTER last_known_addr { host: "127.18.184.193" port: 42709 } health_report { overall_health: UNKNOWN } } peers { permanent_uuid: "cd2ba9ce431241998f426f8cdee89382" member_type: VOTER last_known_addr { host: "127.18.184.194" port: 36321 } health_report { overall_health: HEALTHY } } peers { permanent_uuid: "2595de9d14784b3f876549add2a81c82" member_type: VOTER last_known_addr { host: "127.18.184.195" port: 39307 } health_report { overall_health: UNKNOWN } } }
I20260709 14:53:05.695815 19753 leader_election.cc:304] T 2af0764c8bc6481d8ec24063d7b65e3f P b5e073b7179844df963d459b13fe533d [CANDIDATE]: Term 1 pre-election: Election decided. Result: candidate lost. Election summary: received 3 responses out of 3 voters: 1 yes votes; 2 no votes. yes voters: b5e073b7179844df963d459b13fe533d; no voters: 2595de9d14784b3f876549add2a81c82, cd2ba9ce431241998f426f8cdee89382
I20260709 14:53:05.699250 20009 consensus_queue.cc:1048] T 92152578077341098beb98ee86730db3 P 2595de9d14784b3f876549add2a81c82 [LEADER]: Connected to new peer: Peer: permanent_uuid: "b5e073b7179844df963d459b13fe533d" member_type: VOTER last_known_addr { host: "127.18.184.193" port: 42709 }, Status: LMP_MISMATCH, Last received: 0.0, Next index: 1, Last known committed idx: 0, Time since last communication: 0.000s
I20260709 14:53:05.700947 20052 raft_consensus.cc:2749] T 2af0764c8bc6481d8ec24063d7b65e3f P b5e073b7179844df963d459b13fe533d [term 0 FOLLOWER]: Leader pre-election lost for term 1. Reason: could not achieve majority
I20260709 14:53:05.721012 19787 raft_consensus.cc:3060] T 2af0764c8bc6481d8ec24063d7b65e3f P b5e073b7179844df963d459b13fe533d [term 0 FOLLOWER]: Advancing to term 1
I20260709 14:53:05.722155 19987 raft_consensus.cc:493] T 4b89623e431c47f7b2fa6dec4389461a P b5e073b7179844df963d459b13fe533d [term 0 FOLLOWER]: Starting pre-election (no leader contacted us within the election timeout)
I20260709 14:53:05.726142 19987 raft_consensus.cc:515] T 4b89623e431c47f7b2fa6dec4389461a P b5e073b7179844df963d459b13fe533d [term 0 FOLLOWER]: Starting pre-election with config: opid_index: -1 OBSOLETE_local: false peers { permanent_uuid: "b5e073b7179844df963d459b13fe533d" member_type: VOTER last_known_addr { host: "127.18.184.193" port: 42709 } } peers { permanent_uuid: "cd2ba9ce431241998f426f8cdee89382" member_type: VOTER last_known_addr { host: "127.18.184.194" port: 36321 } } peers { permanent_uuid: "2595de9d14784b3f876549add2a81c82" member_type: VOTER last_known_addr { host: "127.18.184.195" port: 39307 } }
I20260709 14:53:05.722939 19982 consensus_queue.cc:1048] T 8a611aeee77a48ecb353c566d4175260 P cd2ba9ce431241998f426f8cdee89382 [LEADER]: Connected to new peer: Peer: permanent_uuid: "b5e073b7179844df963d459b13fe533d" member_type: VOTER last_known_addr { host: "127.18.184.193" port: 42709 }, Status: LMP_MISMATCH, Last received: 0.0, Next index: 1, Last known committed idx: 0, Time since last communication: 0.000s
I20260709 14:53:05.731979 19987 leader_election.cc:290] T 4b89623e431c47f7b2fa6dec4389461a P b5e073b7179844df963d459b13fe533d [CANDIDATE]: Term 1 pre-election: Requested pre-vote from peers cd2ba9ce431241998f426f8cdee89382 (127.18.184.194:36321), 2595de9d14784b3f876549add2a81c82 (127.18.184.195:39307)
I20260709 14:53:05.735085 19862 tablet_service.cc:1917] Received RequestConsensusVote() RPC: tablet_id: "4b89623e431c47f7b2fa6dec4389461a" candidate_uuid: "b5e073b7179844df963d459b13fe533d" candidate_term: 1 candidate_status { last_received { term: 0 index: 0 } } ignore_live_leader: false dest_uuid: "cd2ba9ce431241998f426f8cdee89382" is_pre_election: true
I20260709 14:53:05.738039 19937 tablet_service.cc:1917] Received RequestConsensusVote() RPC: tablet_id: "4b89623e431c47f7b2fa6dec4389461a" candidate_uuid: "b5e073b7179844df963d459b13fe533d" candidate_term: 1 candidate_status { last_received { term: 0 index: 0 } } ignore_live_leader: false dest_uuid: "2595de9d14784b3f876549add2a81c82" is_pre_election: true
I20260709 14:53:05.739084 19937 raft_consensus.cc:2393] T 4b89623e431c47f7b2fa6dec4389461a P 2595de9d14784b3f876549add2a81c82 [term 1 FOLLOWER]: Leader pre-election vote request: Denying vote to candidate b5e073b7179844df963d459b13fe533d in current term 1: Already voted for candidate cd2ba9ce431241998f426f8cdee89382 in this term.
I20260709 14:53:05.745726 19753 leader_election.cc:304] T 4b89623e431c47f7b2fa6dec4389461a P b5e073b7179844df963d459b13fe533d [CANDIDATE]: Term 1 pre-election: Election decided. Result: candidate lost. Election summary: received 3 responses out of 3 voters: 1 yes votes; 2 no votes. yes voters: b5e073b7179844df963d459b13fe533d; no voters: 2595de9d14784b3f876549add2a81c82, cd2ba9ce431241998f426f8cdee89382
I20260709 14:53:05.747524 20056 raft_consensus.cc:3060] T 4b89623e431c47f7b2fa6dec4389461a P b5e073b7179844df963d459b13fe533d [term 0 FOLLOWER]: Advancing to term 1
I20260709 14:53:05.754509 20010 consensus_queue.cc:1048] T 2af0764c8bc6481d8ec24063d7b65e3f P 2595de9d14784b3f876549add2a81c82 [LEADER]: Connected to new peer: Peer: permanent_uuid: "b5e073b7179844df963d459b13fe533d" member_type: VOTER last_known_addr { host: "127.18.184.193" port: 42709 }, Status: LMP_MISMATCH, Last received: 0.0, Next index: 1, Last known committed idx: 0, Time since last communication: 0.000s
I20260709 14:53:05.761127 20010 consensus_queue.cc:1048] T 92152578077341098beb98ee86730db3 P 2595de9d14784b3f876549add2a81c82 [LEADER]: Connected to new peer: Peer: permanent_uuid: "cd2ba9ce431241998f426f8cdee89382" member_type: VOTER last_known_addr { host: "127.18.184.194" port: 36321 }, Status: LMP_MISMATCH, Last received: 0.0, Next index: 1, Last known committed idx: 0, Time since last communication: 0.000s
I20260709 14:53:05.761400 20056 raft_consensus.cc:2749] T 4b89623e431c47f7b2fa6dec4389461a P b5e073b7179844df963d459b13fe533d [term 1 FOLLOWER]: Leader pre-election lost for term 1. Reason: could not achieve majority
I20260709 14:53:05.766151 19982 consensus_queue.cc:1048] T 8a611aeee77a48ecb353c566d4175260 P cd2ba9ce431241998f426f8cdee89382 [LEADER]: Connected to new peer: Peer: permanent_uuid: "2595de9d14784b3f876549add2a81c82" member_type: VOTER last_known_addr { host: "127.18.184.195" port: 39307 }, Status: LMP_MISMATCH, Last received: 0.0, Next index: 1, Last known committed idx: 0, Time since last communication: 0.000s
I20260709 14:53:05.928511 19982 consensus_queue.cc:1048] T 4b89623e431c47f7b2fa6dec4389461a P cd2ba9ce431241998f426f8cdee89382 [LEADER]: Connected to new peer: Peer: permanent_uuid: "2595de9d14784b3f876549add2a81c82" member_type: VOTER last_known_addr { host: "127.18.184.195" port: 39307 }, Status: LMP_MISMATCH, Last received: 0.0, Next index: 1, Last known committed idx: 0, Time since last communication: 0.000s
I20260709 14:53:05.931123 20056 consensus_queue.cc:1048] T 57dff9272296467b9f14766a8f9926b8 P b5e073b7179844df963d459b13fe533d [LEADER]: Connected to new peer: Peer: permanent_uuid: "cd2ba9ce431241998f426f8cdee89382" member_type: VOTER last_known_addr { host: "127.18.184.194" port: 36321 }, Status: LMP_MISMATCH, Last received: 0.0, Next index: 1, Last known committed idx: 0, Time since last communication: 0.000s
I20260709 14:53:05.934412 20025 consensus_queue.cc:1048] T 4b89623e431c47f7b2fa6dec4389461a P cd2ba9ce431241998f426f8cdee89382 [LEADER]: Connected to new peer: Peer: permanent_uuid: "b5e073b7179844df963d459b13fe533d" member_type: VOTER last_known_addr { host: "127.18.184.193" port: 42709 }, Status: LMP_MISMATCH, Last received: 0.0, Next index: 1, Last known committed idx: 0, Time since last communication: 0.000s
I20260709 14:53:05.947891 19987 consensus_queue.cc:1048] T 57dff9272296467b9f14766a8f9926b8 P b5e073b7179844df963d459b13fe533d [LEADER]: Connected to new peer: Peer: permanent_uuid: "2595de9d14784b3f876549add2a81c82" member_type: VOTER last_known_addr { host: "127.18.184.195" port: 39307 }, Status: LMP_MISMATCH, Last received: 0.0, Next index: 1, Last known committed idx: 0, Time since last communication: 0.001s
I20260709 14:53:05.983460 19936 tablet_service.cc:2072] Received LeaderStepDown RPC: tablet_id: "57c61fa7a6af49e08ec586eb7b5882e1"
dest_uuid: "2595de9d14784b3f876549add2a81c82"
mode: GRACEFUL
new_leader_uuid: "b5e073b7179844df963d459b13fe533d"
 from {username='slave'} at 127.0.0.1:48024
I20260709 14:53:05.983992 19936 raft_consensus.cc:606] T 57c61fa7a6af49e08ec586eb7b5882e1 P 2595de9d14784b3f876549add2a81c82 [term 1 LEADER]: Received request to transfer leadership to TS b5e073b7179844df963d459b13fe533d
I20260709 14:53:05.988965 19936 tablet_service.cc:2072] Received LeaderStepDown RPC: tablet_id: "8f1b388f5365401c98d72f8783459fc6"
dest_uuid: "2595de9d14784b3f876549add2a81c82"
mode: GRACEFUL
new_leader_uuid: "b5e073b7179844df963d459b13fe533d"
 from {username='slave'} at 127.0.0.1:48024
I20260709 14:53:05.989583 19936 raft_consensus.cc:606] T 8f1b388f5365401c98d72f8783459fc6 P 2595de9d14784b3f876549add2a81c82 [term 1 LEADER]: Received request to transfer leadership to TS b5e073b7179844df963d459b13fe533d
I20260709 14:53:05.992888 19987 consensus_queue.cc:1048] T c776a5e16e54452091800f4f9b56a2a2 P b5e073b7179844df963d459b13fe533d [LEADER]: Connected to new peer: Peer: permanent_uuid: "cd2ba9ce431241998f426f8cdee89382" member_type: VOTER last_known_addr { host: "127.18.184.194" port: 36321 }, Status: LMP_MISMATCH, Last received: 0.0, Next index: 1, Last known committed idx: 0, Time since last communication: 0.000s
I20260709 14:53:05.995242 19936 tablet_service.cc:2072] Received LeaderStepDown RPC: tablet_id: "92152578077341098beb98ee86730db3"
dest_uuid: "2595de9d14784b3f876549add2a81c82"
mode: GRACEFUL
new_leader_uuid: "b5e073b7179844df963d459b13fe533d"
 from {username='slave'} at 127.0.0.1:48024
I20260709 14:53:05.995719 19936 raft_consensus.cc:606] T 92152578077341098beb98ee86730db3 P 2595de9d14784b3f876549add2a81c82 [term 1 LEADER]: Received request to transfer leadership to TS b5e073b7179844df963d459b13fe533d
I20260709 14:53:06.003655 20055 consensus_queue.cc:1048] T c776a5e16e54452091800f4f9b56a2a2 P b5e073b7179844df963d459b13fe533d [LEADER]: Connected to new peer: Peer: permanent_uuid: "2595de9d14784b3f876549add2a81c82" member_type: VOTER last_known_addr { host: "127.18.184.195" port: 39307 }, Status: LMP_MISMATCH, Last received: 0.0, Next index: 1, Last known committed idx: 0, Time since last communication: 0.000s
I20260709 14:53:06.016922 19862 tablet_service.cc:2072] Received LeaderStepDown RPC: tablet_id: "87836492cbaa481a912719d1e4f57147"
dest_uuid: "cd2ba9ce431241998f426f8cdee89382"
mode: GRACEFUL
new_leader_uuid: "b5e073b7179844df963d459b13fe533d"
 from {username='slave'} at 127.0.0.1:35996
I20260709 14:53:06.017481 19862 raft_consensus.cc:606] T 87836492cbaa481a912719d1e4f57147 P cd2ba9ce431241998f426f8cdee89382 [term 1 LEADER]: Received request to transfer leadership to TS b5e073b7179844df963d459b13fe533d
I20260709 14:53:06.028389 19936 tablet_service.cc:2072] Received LeaderStepDown RPC: tablet_id: "2af0764c8bc6481d8ec24063d7b65e3f"
dest_uuid: "2595de9d14784b3f876549add2a81c82"
mode: GRACEFUL
new_leader_uuid: "cd2ba9ce431241998f426f8cdee89382"
 from {username='slave'} at 127.0.0.1:48024
I20260709 14:53:06.028900 19936 raft_consensus.cc:606] T 2af0764c8bc6481d8ec24063d7b65e3f P 2595de9d14784b3f876549add2a81c82 [term 1 LEADER]: Received request to transfer leadership to TS cd2ba9ce431241998f426f8cdee89382
I20260709 14:53:06.042366 19786 tablet_service.cc:2072] Received LeaderStepDown RPC: tablet_id: "c776a5e16e54452091800f4f9b56a2a2"
dest_uuid: "b5e073b7179844df963d459b13fe533d"
mode: GRACEFUL
new_leader_uuid: "cd2ba9ce431241998f426f8cdee89382"
 from {username='slave'} at 127.0.0.1:35160
I20260709 14:53:06.042840 19786 raft_consensus.cc:606] T c776a5e16e54452091800f4f9b56a2a2 P b5e073b7179844df963d459b13fe533d [term 1 LEADER]: Received request to transfer leadership to TS cd2ba9ce431241998f426f8cdee89382
I20260709 14:53:06.047748 19786 tablet_service.cc:2072] Received LeaderStepDown RPC: tablet_id: "57dff9272296467b9f14766a8f9926b8"
dest_uuid: "b5e073b7179844df963d459b13fe533d"
mode: GRACEFUL
new_leader_uuid: "cd2ba9ce431241998f426f8cdee89382"
 from {username='slave'} at 127.0.0.1:35160
I20260709 14:53:06.048228 19786 raft_consensus.cc:606] T 57dff9272296467b9f14766a8f9926b8 P b5e073b7179844df963d459b13fe533d [term 1 LEADER]: Received request to transfer leadership to TS cd2ba9ce431241998f426f8cdee89382
I20260709 14:53:06.053350 19862 tablet_service.cc:2072] Received LeaderStepDown RPC: tablet_id: "8a611aeee77a48ecb353c566d4175260"
dest_uuid: "cd2ba9ce431241998f426f8cdee89382"
mode: GRACEFUL
new_leader_uuid: "2595de9d14784b3f876549add2a81c82"
 from {username='slave'} at 127.0.0.1:35996
I20260709 14:53:06.053881 19862 raft_consensus.cc:606] T 8a611aeee77a48ecb353c566d4175260 P cd2ba9ce431241998f426f8cdee89382 [term 1 LEADER]: Received request to transfer leadership to TS 2595de9d14784b3f876549add2a81c82
I20260709 14:53:06.108184 20027 consensus_queue.cc:1048] T 87836492cbaa481a912719d1e4f57147 P cd2ba9ce431241998f426f8cdee89382 [LEADER]: Connected to new peer: Peer: permanent_uuid: "b5e073b7179844df963d459b13fe533d" member_type: VOTER last_known_addr { host: "127.18.184.193" port: 42709 }, Status: LMP_MISMATCH, Last received: 0.0, Next index: 1, Last known committed idx: 0, Time since last communication: 0.000s
I20260709 14:53:06.114049 19982 raft_consensus.cc:993] T 87836492cbaa481a912719d1e4f57147 P cd2ba9ce431241998f426f8cdee89382: : Instructing follower b5e073b7179844df963d459b13fe533d to start an election
I20260709 14:53:06.114605 20025 raft_consensus.cc:1081] T 87836492cbaa481a912719d1e4f57147 P cd2ba9ce431241998f426f8cdee89382 [term 1 LEADER]: Signalling peer b5e073b7179844df963d459b13fe533d to start an election
I20260709 14:53:06.116182 19787 tablet_service.cc:2044] Received Run Leader Election RPC: tablet_id: "87836492cbaa481a912719d1e4f57147"
dest_uuid: "b5e073b7179844df963d459b13fe533d"
 from {username='slave'} at 127.0.0.1:35158
I20260709 14:53:06.116739 19787 raft_consensus.cc:493] T 87836492cbaa481a912719d1e4f57147 P b5e073b7179844df963d459b13fe533d [term 1 FOLLOWER]: Starting forced leader election (received explicit request)
I20260709 14:53:06.117129 19787 raft_consensus.cc:3060] T 87836492cbaa481a912719d1e4f57147 P b5e073b7179844df963d459b13fe533d [term 1 FOLLOWER]: Advancing to term 2
I20260709 14:53:06.121001 20025 consensus_queue.cc:1048] T 87836492cbaa481a912719d1e4f57147 P cd2ba9ce431241998f426f8cdee89382 [LEADER]: Connected to new peer: Peer: permanent_uuid: "2595de9d14784b3f876549add2a81c82" member_type: VOTER last_known_addr { host: "127.18.184.195" port: 39307 }, Status: LMP_MISMATCH, Last received: 0.0, Next index: 1, Last known committed idx: 0, Time since last communication: 0.000s
I20260709 14:53:06.124497 19787 raft_consensus.cc:515] T 87836492cbaa481a912719d1e4f57147 P b5e073b7179844df963d459b13fe533d [term 2 FOLLOWER]: Starting forced leader election with config: opid_index: -1 OBSOLETE_local: false peers { permanent_uuid: "b5e073b7179844df963d459b13fe533d" member_type: VOTER last_known_addr { host: "127.18.184.193" port: 42709 } } peers { permanent_uuid: "cd2ba9ce431241998f426f8cdee89382" member_type: VOTER last_known_addr { host: "127.18.184.194" port: 36321 } } peers { permanent_uuid: "2595de9d14784b3f876549add2a81c82" member_type: VOTER last_known_addr { host: "127.18.184.195" port: 39307 } }
I20260709 14:53:06.129590 19787 leader_election.cc:290] T 87836492cbaa481a912719d1e4f57147 P b5e073b7179844df963d459b13fe533d [CANDIDATE]: Term 2 election: Requested vote from peers cd2ba9ce431241998f426f8cdee89382 (127.18.184.194:36321), 2595de9d14784b3f876549add2a81c82 (127.18.184.195:39307)
I20260709 14:53:06.129451 19862 tablet_service.cc:1917] Received RequestConsensusVote() RPC: tablet_id: "87836492cbaa481a912719d1e4f57147" candidate_uuid: "b5e073b7179844df963d459b13fe533d" candidate_term: 2 candidate_status { last_received { term: 1 index: 1 } } ignore_live_leader: true dest_uuid: "cd2ba9ce431241998f426f8cdee89382"
I20260709 14:53:06.130096 19862 raft_consensus.cc:3055] T 87836492cbaa481a912719d1e4f57147 P cd2ba9ce431241998f426f8cdee89382 [term 1 LEADER]: Stepping down as leader of term 1
I20260709 14:53:06.130425 19862 raft_consensus.cc:740] T 87836492cbaa481a912719d1e4f57147 P cd2ba9ce431241998f426f8cdee89382 [term 1 LEADER]: Becoming Follower/Learner. State: Replica: cd2ba9ce431241998f426f8cdee89382, State: Running, Role: LEADER
I20260709 14:53:06.131062 19936 tablet_service.cc:1917] Received RequestConsensusVote() RPC: tablet_id: "87836492cbaa481a912719d1e4f57147" candidate_uuid: "b5e073b7179844df963d459b13fe533d" candidate_term: 2 candidate_status { last_received { term: 1 index: 1 } } ignore_live_leader: true dest_uuid: "2595de9d14784b3f876549add2a81c82"
I20260709 14:53:06.131191 19862 consensus_queue.cc:260] T 87836492cbaa481a912719d1e4f57147 P cd2ba9ce431241998f426f8cdee89382 [NON_LEADER]: Queue going to NON_LEADER mode. State: All replicated index: 0, Majority replicated index: 1, Committed index: 1, Last appended: 1.1, Last appended by leader: 1, Current term: 1, Majority size: -1, State: 0, Mode: NON_LEADER, active raft config: opid_index: -1 OBSOLETE_local: false peers { permanent_uuid: "b5e073b7179844df963d459b13fe533d" member_type: VOTER last_known_addr { host: "127.18.184.193" port: 42709 } } peers { permanent_uuid: "cd2ba9ce431241998f426f8cdee89382" member_type: VOTER last_known_addr { host: "127.18.184.194" port: 36321 } } peers { permanent_uuid: "2595de9d14784b3f876549add2a81c82" member_type: VOTER last_known_addr { host: "127.18.184.195" port: 39307 } }
I20260709 14:53:06.131639 19936 raft_consensus.cc:3060] T 87836492cbaa481a912719d1e4f57147 P 2595de9d14784b3f876549add2a81c82 [term 1 FOLLOWER]: Advancing to term 2
I20260709 14:53:06.132400 19862 raft_consensus.cc:3060] T 87836492cbaa481a912719d1e4f57147 P cd2ba9ce431241998f426f8cdee89382 [term 1 FOLLOWER]: Advancing to term 2
I20260709 14:53:06.138537 19936 raft_consensus.cc:2468] T 87836492cbaa481a912719d1e4f57147 P 2595de9d14784b3f876549add2a81c82 [term 2 FOLLOWER]: Leader election vote request: Granting yes vote for candidate b5e073b7179844df963d459b13fe533d in term 2.
I20260709 14:53:06.138896 19862 raft_consensus.cc:2468] T 87836492cbaa481a912719d1e4f57147 P cd2ba9ce431241998f426f8cdee89382 [term 2 FOLLOWER]: Leader election vote request: Granting yes vote for candidate b5e073b7179844df963d459b13fe533d in term 2.
I20260709 14:53:06.139688 19753 leader_election.cc:304] T 87836492cbaa481a912719d1e4f57147 P b5e073b7179844df963d459b13fe533d [CANDIDATE]: Term 2 election: Election decided. Result: candidate won. Election summary: received 2 responses out of 3 voters: 2 yes votes; 0 no votes. yes voters: 2595de9d14784b3f876549add2a81c82, b5e073b7179844df963d459b13fe533d; no voters: 
I20260709 14:53:06.140486 19987 raft_consensus.cc:2804] T 87836492cbaa481a912719d1e4f57147 P b5e073b7179844df963d459b13fe533d [term 2 FOLLOWER]: Leader election won for term 2
I20260709 14:53:06.140996 19987 raft_consensus.cc:697] T 87836492cbaa481a912719d1e4f57147 P b5e073b7179844df963d459b13fe533d [term 2 LEADER]: Becoming Leader. State: Replica: b5e073b7179844df963d459b13fe533d, State: Running, Role: LEADER
I20260709 14:53:06.141846 19987 consensus_queue.cc:237] T 87836492cbaa481a912719d1e4f57147 P b5e073b7179844df963d459b13fe533d [LEADER]: Queue going to LEADER mode. State: All replicated index: 0, Majority replicated index: 1, Committed index: 1, Last appended: 1.1, Last appended by leader: 1, Current term: 2, Majority size: 2, State: 0, Mode: LEADER, active raft config: opid_index: -1 OBSOLETE_local: false peers { permanent_uuid: "b5e073b7179844df963d459b13fe533d" member_type: VOTER last_known_addr { host: "127.18.184.193" port: 42709 } } peers { permanent_uuid: "cd2ba9ce431241998f426f8cdee89382" member_type: VOTER last_known_addr { host: "127.18.184.194" port: 36321 } } peers { permanent_uuid: "2595de9d14784b3f876549add2a81c82" member_type: VOTER last_known_addr { host: "127.18.184.195" port: 39307 } }
I20260709 14:53:06.147616 19686 catalog_manager.cc:5697] T 87836492cbaa481a912719d1e4f57147 P b5e073b7179844df963d459b13fe533d reported cstate change: term changed from 1 to 2, leader changed from cd2ba9ce431241998f426f8cdee89382 (127.18.184.194) to b5e073b7179844df963d459b13fe533d (127.18.184.193). New cstate: current_term: 2 leader_uuid: "b5e073b7179844df963d459b13fe533d" committed_config { opid_index: -1 OBSOLETE_local: false peers { permanent_uuid: "b5e073b7179844df963d459b13fe533d" member_type: VOTER last_known_addr { host: "127.18.184.193" port: 42709 } health_report { overall_health: HEALTHY } } peers { permanent_uuid: "cd2ba9ce431241998f426f8cdee89382" member_type: VOTER last_known_addr { host: "127.18.184.194" port: 36321 } health_report { overall_health: UNKNOWN } } peers { permanent_uuid: "2595de9d14784b3f876549add2a81c82" member_type: VOTER last_known_addr { host: "127.18.184.195" port: 39307 } health_report { overall_health: UNKNOWN } } }
I20260709 14:53:06.189296 20014 raft_consensus.cc:993] T 57c61fa7a6af49e08ec586eb7b5882e1 P 2595de9d14784b3f876549add2a81c82: : Instructing follower b5e073b7179844df963d459b13fe533d to start an election
I20260709 14:53:06.189771 20003 raft_consensus.cc:1081] T 57c61fa7a6af49e08ec586eb7b5882e1 P 2595de9d14784b3f876549add2a81c82 [term 1 LEADER]: Signalling peer b5e073b7179844df963d459b13fe533d to start an election
I20260709 14:53:06.191110 19787 tablet_service.cc:2044] Received Run Leader Election RPC: tablet_id: "57c61fa7a6af49e08ec586eb7b5882e1"
dest_uuid: "b5e073b7179844df963d459b13fe533d"
 from {username='slave'} at 127.0.0.1:35154
I20260709 14:53:06.191674 19787 raft_consensus.cc:493] T 57c61fa7a6af49e08ec586eb7b5882e1 P b5e073b7179844df963d459b13fe533d [term 1 FOLLOWER]: Starting forced leader election (received explicit request)
I20260709 14:53:06.191967 19787 raft_consensus.cc:3060] T 57c61fa7a6af49e08ec586eb7b5882e1 P b5e073b7179844df963d459b13fe533d [term 1 FOLLOWER]: Advancing to term 2
I20260709 14:53:06.196318 19787 raft_consensus.cc:515] T 57c61fa7a6af49e08ec586eb7b5882e1 P b5e073b7179844df963d459b13fe533d [term 2 FOLLOWER]: Starting forced leader election with config: opid_index: -1 OBSOLETE_local: false peers { permanent_uuid: "cd2ba9ce431241998f426f8cdee89382" member_type: VOTER last_known_addr { host: "127.18.184.194" port: 36321 } } peers { permanent_uuid: "2595de9d14784b3f876549add2a81c82" member_type: VOTER last_known_addr { host: "127.18.184.195" port: 39307 } } peers { permanent_uuid: "b5e073b7179844df963d459b13fe533d" member_type: VOTER last_known_addr { host: "127.18.184.193" port: 42709 } }
I20260709 14:53:06.197860 19787 leader_election.cc:290] T 57c61fa7a6af49e08ec586eb7b5882e1 P b5e073b7179844df963d459b13fe533d [CANDIDATE]: Term 2 election: Requested vote from peers cd2ba9ce431241998f426f8cdee89382 (127.18.184.194:36321), 2595de9d14784b3f876549add2a81c82 (127.18.184.195:39307)
I20260709 14:53:06.198865 19862 tablet_service.cc:1917] Received RequestConsensusVote() RPC: tablet_id: "57c61fa7a6af49e08ec586eb7b5882e1" candidate_uuid: "b5e073b7179844df963d459b13fe533d" candidate_term: 2 candidate_status { last_received { term: 1 index: 1 } } ignore_live_leader: true dest_uuid: "cd2ba9ce431241998f426f8cdee89382"
I20260709 14:53:06.198987 19936 tablet_service.cc:1917] Received RequestConsensusVote() RPC: tablet_id: "57c61fa7a6af49e08ec586eb7b5882e1" candidate_uuid: "b5e073b7179844df963d459b13fe533d" candidate_term: 2 candidate_status { last_received { term: 1 index: 1 } } ignore_live_leader: true dest_uuid: "2595de9d14784b3f876549add2a81c82"
I20260709 14:53:06.199430 19862 raft_consensus.cc:3060] T 57c61fa7a6af49e08ec586eb7b5882e1 P cd2ba9ce431241998f426f8cdee89382 [term 1 FOLLOWER]: Advancing to term 2
I20260709 14:53:06.199514 19936 raft_consensus.cc:3055] T 57c61fa7a6af49e08ec586eb7b5882e1 P 2595de9d14784b3f876549add2a81c82 [term 1 LEADER]: Stepping down as leader of term 1
I20260709 14:53:06.199885 19936 raft_consensus.cc:740] T 57c61fa7a6af49e08ec586eb7b5882e1 P 2595de9d14784b3f876549add2a81c82 [term 1 LEADER]: Becoming Follower/Learner. State: Replica: 2595de9d14784b3f876549add2a81c82, State: Running, Role: LEADER
