I20260709 14:53:08.392375 19143 consensus_queue.cc:1048] T e83fbd824ca2441b9b7cb6013bf0abc0 P de37523d00fa412da7a9ab6c5efb4686 [LEADER]: Connected to new peer: Peer: permanent_uuid: "dd2f1b26220743e794f1c398f5b38863" member_type: VOTER last_known_addr { host: "127.17.195.66" port: 45579 }, Status: LMP_MISMATCH, Last received: 0.0, Next index: 4, Last known committed idx: 3, Time since last communication: 0.000s
I20260709 14:53:08.410423 18982 raft_consensus.cc:1275] T 18c4afa6a65c433597d0298ae4c9cfd9 P c7ccd66305254ec68c0670b74a498d41 [term 3 FOLLOWER]: Refusing update from remote peer de37523d00fa412da7a9ab6c5efb4686: Log matching property violated. Preceding OpId in replica: term: 2 index: 2. Preceding OpId from leader: term: 3 index: 3. (index mismatch)
I20260709 14:53:08.411989 19143 consensus_queue.cc:1048] T 18c4afa6a65c433597d0298ae4c9cfd9 P de37523d00fa412da7a9ab6c5efb4686 [LEADER]: Connected to new peer: Peer: permanent_uuid: "c7ccd66305254ec68c0670b74a498d41" member_type: VOTER last_known_addr { host: "127.17.195.67" port: 36923 }, Status: LMP_MISMATCH, Last received: 0.0, Next index: 3, Last known committed idx: 2, Time since last communication: 0.000s
I20260709 14:53:08.421440 18909 raft_consensus.cc:1275] T 18c4afa6a65c433597d0298ae4c9cfd9 P dd2f1b26220743e794f1c398f5b38863 [term 3 FOLLOWER]: Refusing update from remote peer de37523d00fa412da7a9ab6c5efb4686: Log matching property violated. Preceding OpId in replica: term: 2 index: 2. Preceding OpId from leader: term: 3 index: 3. (index mismatch)
I20260709 14:53:08.422758 19149 consensus_queue.cc:1048] T 18c4afa6a65c433597d0298ae4c9cfd9 P de37523d00fa412da7a9ab6c5efb4686 [LEADER]: Connected to new peer: Peer: permanent_uuid: "dd2f1b26220743e794f1c398f5b38863" member_type: VOTER last_known_addr { host: "127.17.195.66" port: 45579 }, Status: LMP_MISMATCH, Last received: 0.0, Next index: 3, Last known committed idx: 2, Time since last communication: 0.000s
I20260709 14:53:08.582250 18909 raft_consensus.cc:1275] T ae193bf41f684a60885e85519a268120 P dd2f1b26220743e794f1c398f5b38863 [term 3 FOLLOWER]: Refusing update from remote peer de37523d00fa412da7a9ab6c5efb4686: Log matching property violated. Preceding OpId in replica: term: 2 index: 2. Preceding OpId from leader: term: 3 index: 3. (index mismatch)
I20260709 14:53:08.583280 19149 consensus_queue.cc:1048] T ae193bf41f684a60885e85519a268120 P de37523d00fa412da7a9ab6c5efb4686 [LEADER]: Connected to new peer: Peer: permanent_uuid: "dd2f1b26220743e794f1c398f5b38863" member_type: VOTER last_known_addr { host: "127.17.195.66" port: 45579 }, Status: LMP_MISMATCH, Last received: 0.0, Next index: 3, Last known committed idx: 2, Time since last communication: 0.000s
I20260709 14:53:08.593343 18982 raft_consensus.cc:1275] T ae193bf41f684a60885e85519a268120 P c7ccd66305254ec68c0670b74a498d41 [term 3 FOLLOWER]: Refusing update from remote peer de37523d00fa412da7a9ab6c5efb4686: Log matching property violated. Preceding OpId in replica: term: 2 index: 2. Preceding OpId from leader: term: 3 index: 3. (index mismatch)
I20260709 14:53:08.594866 19143 consensus_queue.cc:1048] T ae193bf41f684a60885e85519a268120 P de37523d00fa412da7a9ab6c5efb4686 [LEADER]: Connected to new peer: Peer: permanent_uuid: "c7ccd66305254ec68c0670b74a498d41" member_type: VOTER last_known_addr { host: "127.17.195.67" port: 36923 }, Status: LMP_MISMATCH, Last received: 0.0, Next index: 3, Last known committed idx: 2, Time since last communication: 0.000s
I20260709 14:53:08.701455 18909 raft_consensus.cc:1275] T ae8f9a0b16c248c4a67bf442a4532225 P dd2f1b26220743e794f1c398f5b38863 [term 3 FOLLOWER]: Refusing update from remote peer de37523d00fa412da7a9ab6c5efb4686: Log matching property violated. Preceding OpId in replica: term: 2 index: 2. Preceding OpId from leader: term: 3 index: 3. (index mismatch)
I20260709 14:53:08.702868 19143 consensus_queue.cc:1048] T ae8f9a0b16c248c4a67bf442a4532225 P de37523d00fa412da7a9ab6c5efb4686 [LEADER]: Connected to new peer: Peer: permanent_uuid: "dd2f1b26220743e794f1c398f5b38863" member_type: VOTER last_known_addr { host: "127.17.195.66" port: 45579 }, Status: LMP_MISMATCH, Last received: 0.0, Next index: 3, Last known committed idx: 2, Time since last communication: 0.001s
I20260709 14:53:08.712347 18982 raft_consensus.cc:1275] T ae8f9a0b16c248c4a67bf442a4532225 P c7ccd66305254ec68c0670b74a498d41 [term 3 FOLLOWER]: Refusing update from remote peer de37523d00fa412da7a9ab6c5efb4686: Log matching property violated. Preceding OpId in replica: term: 2 index: 2. Preceding OpId from leader: term: 3 index: 3. (index mismatch)
I20260709 14:53:08.714603 19074 consensus_queue.cc:1048] T ae8f9a0b16c248c4a67bf442a4532225 P de37523d00fa412da7a9ab6c5efb4686 [LEADER]: Connected to new peer: Peer: permanent_uuid: "c7ccd66305254ec68c0670b74a498d41" member_type: VOTER last_known_addr { host: "127.17.195.67" port: 36923 }, Status: LMP_MISMATCH, Last received: 0.0, Next index: 3, Last known committed idx: 2, Time since last communication: 0.001s
I20260709 14:53:08.810006 18909 raft_consensus.cc:1275] T 5be9da6f690a492a9cd1604bf44e2470 P dd2f1b26220743e794f1c398f5b38863 [term 3 FOLLOWER]: Refusing update from remote peer de37523d00fa412da7a9ab6c5efb4686: Log matching property violated. Preceding OpId in replica: term: 2 index: 2. Preceding OpId from leader: term: 3 index: 3. (index mismatch)
I20260709 14:53:08.811215 19074 consensus_queue.cc:1048] T 5be9da6f690a492a9cd1604bf44e2470 P de37523d00fa412da7a9ab6c5efb4686 [LEADER]: Connected to new peer: Peer: permanent_uuid: "dd2f1b26220743e794f1c398f5b38863" member_type: VOTER last_known_addr { host: "127.17.195.66" port: 45579 }, Status: LMP_MISMATCH, Last received: 0.0, Next index: 3, Last known committed idx: 2, Time since last communication: 0.000s
I20260709 14:53:08.821146 18982 raft_consensus.cc:1275] T 5be9da6f690a492a9cd1604bf44e2470 P c7ccd66305254ec68c0670b74a498d41 [term 3 FOLLOWER]: Refusing update from remote peer de37523d00fa412da7a9ab6c5efb4686: Log matching property violated. Preceding OpId in replica: term: 2 index: 2. Preceding OpId from leader: term: 3 index: 3. (index mismatch)
I20260709 14:53:08.822748 19149 consensus_queue.cc:1048] T 5be9da6f690a492a9cd1604bf44e2470 P de37523d00fa412da7a9ab6c5efb4686 [LEADER]: Connected to new peer: Peer: permanent_uuid: "c7ccd66305254ec68c0670b74a498d41" member_type: VOTER last_known_addr { host: "127.17.195.67" port: 36923 }, Status: LMP_MISMATCH, Last received: 0.0, Next index: 3, Last known committed idx: 2, Time since last communication: 0.000s
I20260709 14:53:10.828708 18189 auto_leader_rebalancer.cc:141] leader rebalance for table test-workload
I20260709 14:53:10.838267 18834 tablet_service.cc:2072] Received LeaderStepDown RPC: tablet_id: "18c4afa6a65c433597d0298ae4c9cfd9"
dest_uuid: "de37523d00fa412da7a9ab6c5efb4686"
mode: GRACEFUL
new_leader_uuid: "dd2f1b26220743e794f1c398f5b38863"
 from {username='slave'} at 127.0.0.1:52724
I20260709 14:53:10.838943 18834 raft_consensus.cc:606] T 18c4afa6a65c433597d0298ae4c9cfd9 P de37523d00fa412da7a9ab6c5efb4686 [term 3 LEADER]: Received request to transfer leadership to TS dd2f1b26220743e794f1c398f5b38863
I20260709 14:53:10.841600 18834 tablet_service.cc:2072] Received LeaderStepDown RPC: tablet_id: "57463ff11499473999736557599c2a63"
dest_uuid: "de37523d00fa412da7a9ab6c5efb4686"
mode: GRACEFUL
new_leader_uuid: "dd2f1b26220743e794f1c398f5b38863"
 from {username='slave'} at 127.0.0.1:52724
I20260709 14:53:10.842048 18834 raft_consensus.cc:606] T 57463ff11499473999736557599c2a63 P de37523d00fa412da7a9ab6c5efb4686 [term 1 LEADER]: Received request to transfer leadership to TS dd2f1b26220743e794f1c398f5b38863
I20260709 14:53:10.844477 18834 tablet_service.cc:2072] Received LeaderStepDown RPC: tablet_id: "5be9da6f690a492a9cd1604bf44e2470"
dest_uuid: "de37523d00fa412da7a9ab6c5efb4686"
mode: GRACEFUL
new_leader_uuid: "c7ccd66305254ec68c0670b74a498d41"
 from {username='slave'} at 127.0.0.1:52724
I20260709 14:53:10.845070 18834 raft_consensus.cc:606] T 5be9da6f690a492a9cd1604bf44e2470 P de37523d00fa412da7a9ab6c5efb4686 [term 3 LEADER]: Received request to transfer leadership to TS c7ccd66305254ec68c0670b74a498d41
I20260709 14:53:10.847328 18834 tablet_service.cc:2072] Received LeaderStepDown RPC: tablet_id: "e83fbd824ca2441b9b7cb6013bf0abc0"
dest_uuid: "de37523d00fa412da7a9ab6c5efb4686"
mode: GRACEFUL
new_leader_uuid: "c7ccd66305254ec68c0670b74a498d41"
 from {username='slave'} at 127.0.0.1:52724
I20260709 14:53:10.847828 18834 raft_consensus.cc:606] T e83fbd824ca2441b9b7cb6013bf0abc0 P de37523d00fa412da7a9ab6c5efb4686 [term 4 LEADER]: Received request to transfer leadership to TS c7ccd66305254ec68c0670b74a498d41
I20260709 14:53:10.848881 18189 auto_leader_rebalancer.cc:452] table: test-workload, leader rebalance finish, leader transfer count: 4
I20260709 14:53:10.849352 18189 auto_leader_rebalancer.cc:527] All tables' leader rebalancing finished this round
I20260709 14:53:11.001474 19160 raft_consensus.cc:993] T 18c4afa6a65c433597d0298ae4c9cfd9 P de37523d00fa412da7a9ab6c5efb4686: : Instructing follower dd2f1b26220743e794f1c398f5b38863 to start an election
I20260709 14:53:11.002003 19160 raft_consensus.cc:1081] T 18c4afa6a65c433597d0298ae4c9cfd9 P de37523d00fa412da7a9ab6c5efb4686 [term 3 LEADER]: Signalling peer dd2f1b26220743e794f1c398f5b38863 to start an election
I20260709 14:53:11.003602 18909 tablet_service.cc:2044] Received Run Leader Election RPC: tablet_id: "18c4afa6a65c433597d0298ae4c9cfd9"
dest_uuid: "dd2f1b26220743e794f1c398f5b38863"
 from {username='slave'} at 127.0.0.1:49476
I20260709 14:53:11.004093 18909 raft_consensus.cc:493] T 18c4afa6a65c433597d0298ae4c9cfd9 P dd2f1b26220743e794f1c398f5b38863 [term 3 FOLLOWER]: Starting forced leader election (received explicit request)
I20260709 14:53:11.004433 18909 raft_consensus.cc:3060] T 18c4afa6a65c433597d0298ae4c9cfd9 P dd2f1b26220743e794f1c398f5b38863 [term 3 FOLLOWER]: Advancing to term 4
I20260709 14:53:11.009820 18909 raft_consensus.cc:515] T 18c4afa6a65c433597d0298ae4c9cfd9 P dd2f1b26220743e794f1c398f5b38863 [term 4 FOLLOWER]: Starting forced leader election with config: opid_index: -1 OBSOLETE_local: false peers { permanent_uuid: "de37523d00fa412da7a9ab6c5efb4686" member_type: VOTER last_known_addr { host: "127.17.195.65" port: 39231 } } peers { permanent_uuid: "dd2f1b26220743e794f1c398f5b38863" member_type: VOTER last_known_addr { host: "127.17.195.66" port: 45579 } } peers { permanent_uuid: "c7ccd66305254ec68c0670b74a498d41" member_type: VOTER last_known_addr { host: "127.17.195.67" port: 36923 } }
I20260709 14:53:11.011509 18909 leader_election.cc:290] T 18c4afa6a65c433597d0298ae4c9cfd9 P dd2f1b26220743e794f1c398f5b38863 [CANDIDATE]: Term 4 election: Requested vote from peers de37523d00fa412da7a9ab6c5efb4686 (127.17.195.65:39231), c7ccd66305254ec68c0670b74a498d41 (127.17.195.67:36923)
I20260709 14:53:11.012658 18982 tablet_service.cc:1917] Received RequestConsensusVote() RPC: tablet_id: "18c4afa6a65c433597d0298ae4c9cfd9" candidate_uuid: "dd2f1b26220743e794f1c398f5b38863" candidate_term: 4 candidate_status { last_received { term: 3 index: 3 } } ignore_live_leader: true dest_uuid: "c7ccd66305254ec68c0670b74a498d41"
I20260709 14:53:11.012493 18834 tablet_service.cc:1917] Received RequestConsensusVote() RPC: tablet_id: "18c4afa6a65c433597d0298ae4c9cfd9" candidate_uuid: "dd2f1b26220743e794f1c398f5b38863" candidate_term: 4 candidate_status { last_received { term: 3 index: 3 } } ignore_live_leader: true dest_uuid: "de37523d00fa412da7a9ab6c5efb4686"
I20260709 14:53:11.013301 18982 raft_consensus.cc:3060] T 18c4afa6a65c433597d0298ae4c9cfd9 P c7ccd66305254ec68c0670b74a498d41 [term 3 FOLLOWER]: Advancing to term 4
I20260709 14:53:11.013334 18834 raft_consensus.cc:3055] T 18c4afa6a65c433597d0298ae4c9cfd9 P de37523d00fa412da7a9ab6c5efb4686 [term 3 LEADER]: Stepping down as leader of term 3
I20260709 14:53:11.013826 18834 raft_consensus.cc:740] T 18c4afa6a65c433597d0298ae4c9cfd9 P de37523d00fa412da7a9ab6c5efb4686 [term 3 LEADER]: Becoming Follower/Learner. State: Replica: de37523d00fa412da7a9ab6c5efb4686, State: Running, Role: LEADER
I20260709 14:53:11.014695 18834 consensus_queue.cc:260] T 18c4afa6a65c433597d0298ae4c9cfd9 P de37523d00fa412da7a9ab6c5efb4686 [NON_LEADER]: Queue going to NON_LEADER mode. State: All replicated index: 0, Majority replicated index: 3, Committed index: 3, Last appended: 3.3, Last appended by leader: 3, Current term: 3, Majority size: -1, State: 0, Mode: NON_LEADER, active raft config: opid_index: -1 OBSOLETE_local: false peers { permanent_uuid: "de37523d00fa412da7a9ab6c5efb4686" member_type: VOTER last_known_addr { host: "127.17.195.65" port: 39231 } } peers { permanent_uuid: "dd2f1b26220743e794f1c398f5b38863" member_type: VOTER last_known_addr { host: "127.17.195.66" port: 45579 } } peers { permanent_uuid: "c7ccd66305254ec68c0670b74a498d41" member_type: VOTER last_known_addr { host: "127.17.195.67" port: 36923 } }
I20260709 14:53:11.015960 18834 raft_consensus.cc:3060] T 18c4afa6a65c433597d0298ae4c9cfd9 P de37523d00fa412da7a9ab6c5efb4686 [term 3 FOLLOWER]: Advancing to term 4
I20260709 14:53:11.020843 19143 raft_consensus.cc:993] T e83fbd824ca2441b9b7cb6013bf0abc0 P de37523d00fa412da7a9ab6c5efb4686: : Instructing follower c7ccd66305254ec68c0670b74a498d41 to start an election
I20260709 14:53:11.021138 18982 raft_consensus.cc:2468] T 18c4afa6a65c433597d0298ae4c9cfd9 P c7ccd66305254ec68c0670b74a498d41 [term 4 FOLLOWER]: Leader election vote request: Granting yes vote for candidate dd2f1b26220743e794f1c398f5b38863 in term 4.
I20260709 14:53:11.021332 19160 raft_consensus.cc:1081] T e83fbd824ca2441b9b7cb6013bf0abc0 P de37523d00fa412da7a9ab6c5efb4686 [term 4 LEADER]: Signalling peer c7ccd66305254ec68c0670b74a498d41 to start an election
I20260709 14:53:11.022420 18874 leader_election.cc:304] T 18c4afa6a65c433597d0298ae4c9cfd9 P dd2f1b26220743e794f1c398f5b38863 [CANDIDATE]: Term 4 election: Election decided. Result: candidate won. Election summary: received 2 responses out of 3 voters: 2 yes votes; 0 no votes. yes voters: c7ccd66305254ec68c0670b74a498d41, dd2f1b26220743e794f1c398f5b38863; no voters: 
I20260709 14:53:11.023111 18834 raft_consensus.cc:2468] T 18c4afa6a65c433597d0298ae4c9cfd9 P de37523d00fa412da7a9ab6c5efb4686 [term 4 FOLLOWER]: Leader election vote request: Granting yes vote for candidate dd2f1b26220743e794f1c398f5b38863 in term 4.
I20260709 14:53:11.023430 19158 raft_consensus.cc:2804] T 18c4afa6a65c433597d0298ae4c9cfd9 P dd2f1b26220743e794f1c398f5b38863 [term 4 FOLLOWER]: Leader election won for term 4
I20260709 14:53:11.024173 18982 tablet_service.cc:2044] Received Run Leader Election RPC: tablet_id: "e83fbd824ca2441b9b7cb6013bf0abc0"
dest_uuid: "c7ccd66305254ec68c0670b74a498d41"
 from {username='slave'} at 127.0.0.1:40994
I20260709 14:53:11.024992 18982 raft_consensus.cc:493] T e83fbd824ca2441b9b7cb6013bf0abc0 P c7ccd66305254ec68c0670b74a498d41 [term 4 FOLLOWER]: Starting forced leader election (received explicit request)
I20260709 14:53:11.024870 19158 raft_consensus.cc:697] T 18c4afa6a65c433597d0298ae4c9cfd9 P dd2f1b26220743e794f1c398f5b38863 [term 4 LEADER]: Becoming Leader. State: Replica: dd2f1b26220743e794f1c398f5b38863, State: Running, Role: LEADER
I20260709 14:53:11.025969 19158 consensus_queue.cc:237] T 18c4afa6a65c433597d0298ae4c9cfd9 P dd2f1b26220743e794f1c398f5b38863 [LEADER]: Queue going to LEADER mode. State: All replicated index: 0, Majority replicated index: 3, Committed index: 3, Last appended: 3.3, Last appended by leader: 3, Current term: 4, Majority size: 2, State: 0, Mode: LEADER, active raft config: opid_index: -1 OBSOLETE_local: false peers { permanent_uuid: "de37523d00fa412da7a9ab6c5efb4686" member_type: VOTER last_known_addr { host: "127.17.195.65" port: 39231 } } peers { permanent_uuid: "dd2f1b26220743e794f1c398f5b38863" member_type: VOTER last_known_addr { host: "127.17.195.66" port: 45579 } } peers { permanent_uuid: "c7ccd66305254ec68c0670b74a498d41" member_type: VOTER last_known_addr { host: "127.17.195.67" port: 36923 } }
I20260709 14:53:11.027261 18982 raft_consensus.cc:3060] T e83fbd824ca2441b9b7cb6013bf0abc0 P c7ccd66305254ec68c0670b74a498d41 [term 4 FOLLOWER]: Advancing to term 5
I20260709 14:53:11.032706 18982 raft_consensus.cc:515] T e83fbd824ca2441b9b7cb6013bf0abc0 P c7ccd66305254ec68c0670b74a498d41 [term 5 FOLLOWER]: Starting forced leader election with config: opid_index: -1 OBSOLETE_local: false peers { permanent_uuid: "de37523d00fa412da7a9ab6c5efb4686" member_type: VOTER last_known_addr { host: "127.17.195.65" port: 39231 } } peers { permanent_uuid: "dd2f1b26220743e794f1c398f5b38863" member_type: VOTER last_known_addr { host: "127.17.195.66" port: 45579 } } peers { permanent_uuid: "c7ccd66305254ec68c0670b74a498d41" member_type: VOTER last_known_addr { host: "127.17.195.67" port: 36923 } }
I20260709 14:53:11.033386 18732 catalog_manager.cc:5697] T 18c4afa6a65c433597d0298ae4c9cfd9 P dd2f1b26220743e794f1c398f5b38863 reported cstate change: term changed from 3 to 4, leader changed from de37523d00fa412da7a9ab6c5efb4686 (127.17.195.65) to dd2f1b26220743e794f1c398f5b38863 (127.17.195.66). New cstate: current_term: 4 leader_uuid: "dd2f1b26220743e794f1c398f5b38863" committed_config { opid_index: -1 OBSOLETE_local: false peers { permanent_uuid: "de37523d00fa412da7a9ab6c5efb4686" member_type: VOTER last_known_addr { host: "127.17.195.65" port: 39231 } health_report { overall_health: UNKNOWN } } peers { permanent_uuid: "dd2f1b26220743e794f1c398f5b38863" member_type: VOTER last_known_addr { host: "127.17.195.66" port: 45579 } health_report { overall_health: HEALTHY } } peers { permanent_uuid: "c7ccd66305254ec68c0670b74a498d41" member_type: VOTER last_known_addr { host: "127.17.195.67" port: 36923 } health_report { overall_health: UNKNOWN } } }
I20260709 14:53:11.035079 18834 tablet_service.cc:1917] Received RequestConsensusVote() RPC: tablet_id: "e83fbd824ca2441b9b7cb6013bf0abc0" candidate_uuid: "c7ccd66305254ec68c0670b74a498d41" candidate_term: 5 candidate_status { last_received { term: 4 index: 4 } } ignore_live_leader: true dest_uuid: "de37523d00fa412da7a9ab6c5efb4686"
I20260709 14:53:11.035409 18909 tablet_service.cc:1917] Received RequestConsensusVote() RPC: tablet_id: "e83fbd824ca2441b9b7cb6013bf0abc0" candidate_uuid: "c7ccd66305254ec68c0670b74a498d41" candidate_term: 5 candidate_status { last_received { term: 4 index: 4 } } ignore_live_leader: true dest_uuid: "dd2f1b26220743e794f1c398f5b38863"
I20260709 14:53:11.035516 18982 leader_election.cc:290] T e83fbd824ca2441b9b7cb6013bf0abc0 P c7ccd66305254ec68c0670b74a498d41 [CANDIDATE]: Term 5 election: Requested vote from peers de37523d00fa412da7a9ab6c5efb4686 (127.17.195.65:39231), dd2f1b26220743e794f1c398f5b38863 (127.17.195.66:45579)
I20260709 14:53:11.035588 18834 raft_consensus.cc:3055] T e83fbd824ca2441b9b7cb6013bf0abc0 P de37523d00fa412da7a9ab6c5efb4686 [term 4 LEADER]: Stepping down as leader of term 4
I20260709 14:53:11.036099 18909 raft_consensus.cc:3060] T e83fbd824ca2441b9b7cb6013bf0abc0 P dd2f1b26220743e794f1c398f5b38863 [term 4 FOLLOWER]: Advancing to term 5
I20260709 14:53:11.036142 18834 raft_consensus.cc:740] T e83fbd824ca2441b9b7cb6013bf0abc0 P de37523d00fa412da7a9ab6c5efb4686 [term 4 LEADER]: Becoming Follower/Learner. State: Replica: de37523d00fa412da7a9ab6c5efb4686, State: Running, Role: LEADER
I20260709 14:53:11.037230 18834 consensus_queue.cc:260] T e83fbd824ca2441b9b7cb6013bf0abc0 P de37523d00fa412da7a9ab6c5efb4686 [NON_LEADER]: Queue going to NON_LEADER mode. State: All replicated index: 0, Majority replicated index: 4, Committed index: 4, Last appended: 4.4, Last appended by leader: 4, Current term: 4, Majority size: -1, State: 0, Mode: NON_LEADER, active raft config: opid_index: -1 OBSOLETE_local: false peers { permanent_uuid: "de37523d00fa412da7a9ab6c5efb4686" member_type: VOTER last_known_addr { host: "127.17.195.65" port: 39231 } } peers { permanent_uuid: "dd2f1b26220743e794f1c398f5b38863" member_type: VOTER last_known_addr { host: "127.17.195.66" port: 45579 } } peers { permanent_uuid: "c7ccd66305254ec68c0670b74a498d41" member_type: VOTER last_known_addr { host: "127.17.195.67" port: 36923 } }
I20260709 14:53:11.038441 18834 raft_consensus.cc:3060] T e83fbd824ca2441b9b7cb6013bf0abc0 P de37523d00fa412da7a9ab6c5efb4686 [term 4 FOLLOWER]: Advancing to term 5
I20260709 14:53:11.041424 18909 raft_consensus.cc:2468] T e83fbd824ca2441b9b7cb6013bf0abc0 P dd2f1b26220743e794f1c398f5b38863 [term 5 FOLLOWER]: Leader election vote request: Granting yes vote for candidate c7ccd66305254ec68c0670b74a498d41 in term 5.
I20260709 14:53:11.043144 18946 leader_election.cc:304] T e83fbd824ca2441b9b7cb6013bf0abc0 P c7ccd66305254ec68c0670b74a498d41 [CANDIDATE]: Term 5 election: Election decided. Result: candidate won. Election summary: received 2 responses out of 3 voters: 2 yes votes; 0 no votes. yes voters: c7ccd66305254ec68c0670b74a498d41, dd2f1b26220743e794f1c398f5b38863; no voters: 
I20260709 14:53:11.044247 19159 raft_consensus.cc:2804] T e83fbd824ca2441b9b7cb6013bf0abc0 P c7ccd66305254ec68c0670b74a498d41 [term 5 FOLLOWER]: Leader election won for term 5
I20260709 14:53:11.045006 18834 raft_consensus.cc:2468] T e83fbd824ca2441b9b7cb6013bf0abc0 P de37523d00fa412da7a9ab6c5efb4686 [term 5 FOLLOWER]: Leader election vote request: Granting yes vote for candidate c7ccd66305254ec68c0670b74a498d41 in term 5.
I20260709 14:53:11.045624 19159 raft_consensus.cc:697] T e83fbd824ca2441b9b7cb6013bf0abc0 P c7ccd66305254ec68c0670b74a498d41 [term 5 LEADER]: Becoming Leader. State: Replica: c7ccd66305254ec68c0670b74a498d41, State: Running, Role: LEADER
I20260709 14:53:11.046818 19159 consensus_queue.cc:237] T e83fbd824ca2441b9b7cb6013bf0abc0 P c7ccd66305254ec68c0670b74a498d41 [LEADER]: Queue going to LEADER mode. State: All replicated index: 0, Majority replicated index: 4, Committed index: 4, Last appended: 4.4, Last appended by leader: 4, Current term: 5, Majority size: 2, State: 0, Mode: LEADER, active raft config: opid_index: -1 OBSOLETE_local: false peers { permanent_uuid: "de37523d00fa412da7a9ab6c5efb4686" member_type: VOTER last_known_addr { host: "127.17.195.65" port: 39231 } } peers { permanent_uuid: "dd2f1b26220743e794f1c398f5b38863" member_type: VOTER last_known_addr { host: "127.17.195.66" port: 45579 } } peers { permanent_uuid: "c7ccd66305254ec68c0670b74a498d41" member_type: VOTER last_known_addr { host: "127.17.195.67" port: 36923 } }
I20260709 14:53:11.055394 18732 catalog_manager.cc:5697] T e83fbd824ca2441b9b7cb6013bf0abc0 P c7ccd66305254ec68c0670b74a498d41 reported cstate change: term changed from 4 to 5, leader changed from de37523d00fa412da7a9ab6c5efb4686 (127.17.195.65) to c7ccd66305254ec68c0670b74a498d41 (127.17.195.67). New cstate: current_term: 5 leader_uuid: "c7ccd66305254ec68c0670b74a498d41" committed_config { opid_index: -1 OBSOLETE_local: false peers { permanent_uuid: "de37523d00fa412da7a9ab6c5efb4686" member_type: VOTER last_known_addr { host: "127.17.195.65" port: 39231 } health_report { overall_health: UNKNOWN } } peers { permanent_uuid: "dd2f1b26220743e794f1c398f5b38863" member_type: VOTER last_known_addr { host: "127.17.195.66" port: 45579 } health_report { overall_health: UNKNOWN } } peers { permanent_uuid: "c7ccd66305254ec68c0670b74a498d41" member_type: VOTER last_known_addr { host: "127.17.195.67" port: 36923 } health_report { overall_health: HEALTHY } } }
I20260709 14:53:11.120863 19143 raft_consensus.cc:993] T 57463ff11499473999736557599c2a63 P de37523d00fa412da7a9ab6c5efb4686: : Instructing follower dd2f1b26220743e794f1c398f5b38863 to start an election
I20260709 14:53:11.121325 19160 raft_consensus.cc:1081] T 57463ff11499473999736557599c2a63 P de37523d00fa412da7a9ab6c5efb4686 [term 1 LEADER]: Signalling peer dd2f1b26220743e794f1c398f5b38863 to start an election
I20260709 14:53:11.122664 18909 tablet_service.cc:2044] Received Run Leader Election RPC: tablet_id: "57463ff11499473999736557599c2a63"
dest_uuid: "dd2f1b26220743e794f1c398f5b38863"
 from {username='slave'} at 127.0.0.1:49476
I20260709 14:53:11.123095 18909 raft_consensus.cc:493] T 57463ff11499473999736557599c2a63 P dd2f1b26220743e794f1c398f5b38863 [term 1 FOLLOWER]: Starting forced leader election (received explicit request)
I20260709 14:53:11.123389 18909 raft_consensus.cc:3060] T 57463ff11499473999736557599c2a63 P dd2f1b26220743e794f1c398f5b38863 [term 1 FOLLOWER]: Advancing to term 2
I20260709 14:53:11.127681 18909 raft_consensus.cc:515] T 57463ff11499473999736557599c2a63 P dd2f1b26220743e794f1c398f5b38863 [term 2 FOLLOWER]: Starting forced leader election with config: opid_index: -1 OBSOLETE_local: false peers { permanent_uuid: "de37523d00fa412da7a9ab6c5efb4686" member_type: VOTER last_known_addr { host: "127.17.195.65" port: 39231 } } peers { permanent_uuid: "dd2f1b26220743e794f1c398f5b38863" member_type: VOTER last_known_addr { host: "127.17.195.66" port: 45579 } } peers { permanent_uuid: "c7ccd66305254ec68c0670b74a498d41" member_type: VOTER last_known_addr { host: "127.17.195.67" port: 36923 } }
I20260709 14:53:11.129118 18909 leader_election.cc:290] T 57463ff11499473999736557599c2a63 P dd2f1b26220743e794f1c398f5b38863 [CANDIDATE]: Term 2 election: Requested vote from peers de37523d00fa412da7a9ab6c5efb4686 (127.17.195.65:39231), c7ccd66305254ec68c0670b74a498d41 (127.17.195.67:36923)
I20260709 14:53:11.130136 18834 tablet_service.cc:1917] Received RequestConsensusVote() RPC: tablet_id: "57463ff11499473999736557599c2a63" candidate_uuid: "dd2f1b26220743e794f1c398f5b38863" candidate_term: 2 candidate_status { last_received { term: 1 index: 1 } } ignore_live_leader: true dest_uuid: "de37523d00fa412da7a9ab6c5efb4686"
I20260709 14:53:11.130192 18982 tablet_service.cc:1917] Received RequestConsensusVote() RPC: tablet_id: "57463ff11499473999736557599c2a63" candidate_uuid: "dd2f1b26220743e794f1c398f5b38863" candidate_term: 2 candidate_status { last_received { term: 1 index: 1 } } ignore_live_leader: true dest_uuid: "c7ccd66305254ec68c0670b74a498d41"
I20260709 14:53:11.130703 18834 raft_consensus.cc:3055] T 57463ff11499473999736557599c2a63 P de37523d00fa412da7a9ab6c5efb4686 [term 1 LEADER]: Stepping down as leader of term 1
I20260709 14:53:11.130800 18982 raft_consensus.cc:3060] T 57463ff11499473999736557599c2a63 P c7ccd66305254ec68c0670b74a498d41 [term 1 FOLLOWER]: Advancing to term 2
I20260709 14:53:11.130980 18834 raft_consensus.cc:740] T 57463ff11499473999736557599c2a63 P de37523d00fa412da7a9ab6c5efb4686 [term 1 LEADER]: Becoming Follower/Learner. State: Replica: de37523d00fa412da7a9ab6c5efb4686, State: Running, Role: LEADER
I20260709 14:53:11.131832 18834 consensus_queue.cc:260] T 57463ff11499473999736557599c2a63 P de37523d00fa412da7a9ab6c5efb4686 [NON_LEADER]: Queue going to NON_LEADER mode. State: All replicated index: 0, Majority replicated index: 1, Committed index: 1, Last appended: 1.1, Last appended by leader: 1, Current term: 1, Majority size: -1, State: 0, Mode: NON_LEADER, active raft config: opid_index: -1 OBSOLETE_local: false peers { permanent_uuid: "de37523d00fa412da7a9ab6c5efb4686" member_type: VOTER last_known_addr { host: "127.17.195.65" port: 39231 } } peers { permanent_uuid: "dd2f1b26220743e794f1c398f5b38863" member_type: VOTER last_known_addr { host: "127.17.195.66" port: 45579 } } peers { permanent_uuid: "c7ccd66305254ec68c0670b74a498d41" member_type: VOTER last_known_addr { host: "127.17.195.67" port: 36923 } }
I20260709 14:53:11.132673 18834 raft_consensus.cc:3060] T 57463ff11499473999736557599c2a63 P de37523d00fa412da7a9ab6c5efb4686 [term 1 FOLLOWER]: Advancing to term 2
I20260709 14:53:11.135751 18982 raft_consensus.cc:2468] T 57463ff11499473999736557599c2a63 P c7ccd66305254ec68c0670b74a498d41 [term 2 FOLLOWER]: Leader election vote request: Granting yes vote for candidate dd2f1b26220743e794f1c398f5b38863 in term 2.
I20260709 14:53:11.136859 18874 leader_election.cc:304] T 57463ff11499473999736557599c2a63 P dd2f1b26220743e794f1c398f5b38863 [CANDIDATE]: Term 2 election: Election decided. Result: candidate won. Election summary: received 2 responses out of 3 voters: 2 yes votes; 0 no votes. yes voters: c7ccd66305254ec68c0670b74a498d41, dd2f1b26220743e794f1c398f5b38863; no voters: 
I20260709 14:53:11.137058 18834 raft_consensus.cc:2468] T 57463ff11499473999736557599c2a63 P de37523d00fa412da7a9ab6c5efb4686 [term 2 FOLLOWER]: Leader election vote request: Granting yes vote for candidate dd2f1b26220743e794f1c398f5b38863 in term 2.
I20260709 14:53:11.137758 19158 raft_consensus.cc:2804] T 57463ff11499473999736557599c2a63 P dd2f1b26220743e794f1c398f5b38863 [term 2 FOLLOWER]: Leader election won for term 2
I20260709 14:53:11.138268 19158 raft_consensus.cc:697] T 57463ff11499473999736557599c2a63 P dd2f1b26220743e794f1c398f5b38863 [term 2 LEADER]: Becoming Leader. State: Replica: dd2f1b26220743e794f1c398f5b38863, State: Running, Role: LEADER
I20260709 14:53:11.139081 19158 consensus_queue.cc:237] T 57463ff11499473999736557599c2a63 P dd2f1b26220743e794f1c398f5b38863 [LEADER]: Queue going to LEADER mode. State: All replicated index: 0, Majority replicated index: 1, Committed index: 1, Last appended: 1.1, Last appended by leader: 1, Current term: 2, Majority size: 2, State: 0, Mode: LEADER, active raft config: opid_index: -1 OBSOLETE_local: false peers { permanent_uuid: "de37523d00fa412da7a9ab6c5efb4686" member_type: VOTER last_known_addr { host: "127.17.195.65" port: 39231 } } peers { permanent_uuid: "dd2f1b26220743e794f1c398f5b38863" member_type: VOTER last_known_addr { host: "127.17.195.66" port: 45579 } } peers { permanent_uuid: "c7ccd66305254ec68c0670b74a498d41" member_type: VOTER last_known_addr { host: "127.17.195.67" port: 36923 } }
I20260709 14:53:11.146061 18732 catalog_manager.cc:5697] T 57463ff11499473999736557599c2a63 P dd2f1b26220743e794f1c398f5b38863 reported cstate change: term changed from 1 to 2, leader changed from de37523d00fa412da7a9ab6c5efb4686 (127.17.195.65) to dd2f1b26220743e794f1c398f5b38863 (127.17.195.66). New cstate: current_term: 2 leader_uuid: "dd2f1b26220743e794f1c398f5b38863" committed_config { opid_index: -1 OBSOLETE_local: false peers { permanent_uuid: "de37523d00fa412da7a9ab6c5efb4686" member_type: VOTER last_known_addr { host: "127.17.195.65" port: 39231 } health_report { overall_health: UNKNOWN } } peers { permanent_uuid: "dd2f1b26220743e794f1c398f5b38863" member_type: VOTER last_known_addr { host: "127.17.195.66" port: 45579 } health_report { overall_health: HEALTHY } } peers { permanent_uuid: "c7ccd66305254ec68c0670b74a498d41" member_type: VOTER last_known_addr { host: "127.17.195.67" port: 36923 } health_report { overall_health: UNKNOWN } } }
I20260709 14:53:11.232829 19143 raft_consensus.cc:993] T 5be9da6f690a492a9cd1604bf44e2470 P de37523d00fa412da7a9ab6c5efb4686: : Instructing follower c7ccd66305254ec68c0670b74a498d41 to start an election
I20260709 14:53:11.233296 19160 raft_consensus.cc:1081] T 5be9da6f690a492a9cd1604bf44e2470 P de37523d00fa412da7a9ab6c5efb4686 [term 3 LEADER]: Signalling peer c7ccd66305254ec68c0670b74a498d41 to start an election
I20260709 14:53:11.234788 18982 tablet_service.cc:2044] Received Run Leader Election RPC: tablet_id: "5be9da6f690a492a9cd1604bf44e2470"
dest_uuid: "c7ccd66305254ec68c0670b74a498d41"
 from {username='slave'} at 127.0.0.1:40994
I20260709 14:53:11.235366 18982 raft_consensus.cc:493] T 5be9da6f690a492a9cd1604bf44e2470 P c7ccd66305254ec68c0670b74a498d41 [term 3 FOLLOWER]: Starting forced leader election (received explicit request)
I20260709 14:53:11.235625 18982 raft_consensus.cc:3060] T 5be9da6f690a492a9cd1604bf44e2470 P c7ccd66305254ec68c0670b74a498d41 [term 3 FOLLOWER]: Advancing to term 4
I20260709 14:53:11.239616 18982 raft_consensus.cc:515] T 5be9da6f690a492a9cd1604bf44e2470 P c7ccd66305254ec68c0670b74a498d41 [term 4 FOLLOWER]: Starting forced leader election with config: opid_index: -1 OBSOLETE_local: false peers { permanent_uuid: "de37523d00fa412da7a9ab6c5efb4686" member_type: VOTER last_known_addr { host: "127.17.195.65" port: 39231 } } peers { permanent_uuid: "dd2f1b26220743e794f1c398f5b38863" member_type: VOTER last_known_addr { host: "127.17.195.66" port: 45579 } } peers { permanent_uuid: "c7ccd66305254ec68c0670b74a498d41" member_type: VOTER last_known_addr { host: "127.17.195.67" port: 36923 } }
I20260709 14:53:11.241074 18982 leader_election.cc:290] T 5be9da6f690a492a9cd1604bf44e2470 P c7ccd66305254ec68c0670b74a498d41 [CANDIDATE]: Term 4 election: Requested vote from peers de37523d00fa412da7a9ab6c5efb4686 (127.17.195.65:39231), dd2f1b26220743e794f1c398f5b38863 (127.17.195.66:45579)
I20260709 14:53:11.241861 18834 tablet_service.cc:1917] Received RequestConsensusVote() RPC: tablet_id: "5be9da6f690a492a9cd1604bf44e2470" candidate_uuid: "c7ccd66305254ec68c0670b74a498d41" candidate_term: 4 candidate_status { last_received { term: 3 index: 3 } } ignore_live_leader: true dest_uuid: "de37523d00fa412da7a9ab6c5efb4686"
I20260709 14:53:11.242111 18909 tablet_service.cc:1917] Received RequestConsensusVote() RPC: tablet_id: "5be9da6f690a492a9cd1604bf44e2470" candidate_uuid: "c7ccd66305254ec68c0670b74a498d41" candidate_term: 4 candidate_status { last_received { term: 3 index: 3 } } ignore_live_leader: true dest_uuid: "dd2f1b26220743e794f1c398f5b38863"
I20260709 14:53:11.242406 18834 raft_consensus.cc:3055] T 5be9da6f690a492a9cd1604bf44e2470 P de37523d00fa412da7a9ab6c5efb4686 [term 3 LEADER]: Stepping down as leader of term 3
I20260709 14:53:11.242663 18909 raft_consensus.cc:3060] T 5be9da6f690a492a9cd1604bf44e2470 P dd2f1b26220743e794f1c398f5b38863 [term 3 FOLLOWER]: Advancing to term 4
I20260709 14:53:11.242741 18834 raft_consensus.cc:740] T 5be9da6f690a492a9cd1604bf44e2470 P de37523d00fa412da7a9ab6c5efb4686 [term 3 LEADER]: Becoming Follower/Learner. State: Replica: de37523d00fa412da7a9ab6c5efb4686, State: Running, Role: LEADER
I20260709 14:53:11.243928 18834 consensus_queue.cc:260] T 5be9da6f690a492a9cd1604bf44e2470 P de37523d00fa412da7a9ab6c5efb4686 [NON_LEADER]: Queue going to NON_LEADER mode. State: All replicated index: 0, Majority replicated index: 3, Committed index: 3, Last appended: 3.3, Last appended by leader: 3, Current term: 3, Majority size: -1, State: 0, Mode: NON_LEADER, active raft config: opid_index: -1 OBSOLETE_local: false peers { permanent_uuid: "de37523d00fa412da7a9ab6c5efb4686" member_type: VOTER last_known_addr { host: "127.17.195.65" port: 39231 } } peers { permanent_uuid: "dd2f1b26220743e794f1c398f5b38863" member_type: VOTER last_known_addr { host: "127.17.195.66" port: 45579 } } peers { permanent_uuid: "c7ccd66305254ec68c0670b74a498d41" member_type: VOTER last_known_addr { host: "127.17.195.67" port: 36923 } }
I20260709 14:53:11.244634 18834 raft_consensus.cc:3060] T 5be9da6f690a492a9cd1604bf44e2470 P de37523d00fa412da7a9ab6c5efb4686 [term 3 FOLLOWER]: Advancing to term 4
I20260709 14:53:11.247344 18909 raft_consensus.cc:2468] T 5be9da6f690a492a9cd1604bf44e2470 P dd2f1b26220743e794f1c398f5b38863 [term 4 FOLLOWER]: Leader election vote request: Granting yes vote for candidate c7ccd66305254ec68c0670b74a498d41 in term 4.
I20260709 14:53:11.248121 18908 raft_consensus.cc:1240] T 5be9da6f690a492a9cd1604bf44e2470 P dd2f1b26220743e794f1c398f5b38863 [term 4 FOLLOWER]: Rejecting Update request from peer de37523d00fa412da7a9ab6c5efb4686 for earlier term 3. Current term is 4. Ops: []
I20260709 14:53:11.248400 18946 leader_election.cc:304] T 5be9da6f690a492a9cd1604bf44e2470 P c7ccd66305254ec68c0670b74a498d41 [CANDIDATE]: Term 4 election: Election decided. Result: candidate won. Election summary: received 2 responses out of 3 voters: 2 yes votes; 0 no votes. yes voters: c7ccd66305254ec68c0670b74a498d41, dd2f1b26220743e794f1c398f5b38863; no voters: 
I20260709 14:53:11.248638 18834 raft_consensus.cc:2468] T 5be9da6f690a492a9cd1604bf44e2470 P de37523d00fa412da7a9ab6c5efb4686 [term 4 FOLLOWER]: Leader election vote request: Granting yes vote for candidate c7ccd66305254ec68c0670b74a498d41 in term 4.
I20260709 14:53:11.249375 19159 raft_consensus.cc:2804] T 5be9da6f690a492a9cd1604bf44e2470 P c7ccd66305254ec68c0670b74a498d41 [term 4 FOLLOWER]: Leader election won for term 4
I20260709 14:53:11.249969 19159 raft_consensus.cc:697] T 5be9da6f690a492a9cd1604bf44e2470 P c7ccd66305254ec68c0670b74a498d41 [term 4 LEADER]: Becoming Leader. State: Replica: c7ccd66305254ec68c0670b74a498d41, State: Running, Role: LEADER
I20260709 14:53:11.250941 19159 consensus_queue.cc:237] T 5be9da6f690a492a9cd1604bf44e2470 P c7ccd66305254ec68c0670b74a498d41 [LEADER]: Queue going to LEADER mode. State: All replicated index: 0, Majority replicated index: 3, Committed index: 3, Last appended: 3.3, Last appended by leader: 3, Current term: 4, Majority size: 2, State: 0, Mode: LEADER, active raft config: opid_index: -1 OBSOLETE_local: false peers { permanent_uuid: "de37523d00fa412da7a9ab6c5efb4686" member_type: VOTER last_known_addr { host: "127.17.195.65" port: 39231 } } peers { permanent_uuid: "dd2f1b26220743e794f1c398f5b38863" member_type: VOTER last_known_addr { host: "127.17.195.66" port: 45579 } } peers { permanent_uuid: "c7ccd66305254ec68c0670b74a498d41" member_type: VOTER last_known_addr { host: "127.17.195.67" port: 36923 } }
I20260709 14:53:11.258702 18732 catalog_manager.cc:5697] T 5be9da6f690a492a9cd1604bf44e2470 P c7ccd66305254ec68c0670b74a498d41 reported cstate change: term changed from 3 to 4, leader changed from de37523d00fa412da7a9ab6c5efb4686 (127.17.195.65) to c7ccd66305254ec68c0670b74a498d41 (127.17.195.67). New cstate: current_term: 4 leader_uuid: "c7ccd66305254ec68c0670b74a498d41" committed_config { opid_index: -1 OBSOLETE_local: false peers { permanent_uuid: "de37523d00fa412da7a9ab6c5efb4686" member_type: VOTER last_known_addr { host: "127.17.195.65" port: 39231 } health_report { overall_health: UNKNOWN } } peers { permanent_uuid: "dd2f1b26220743e794f1c398f5b38863" member_type: VOTER last_known_addr { host: "127.17.195.66" port: 45579 } health_report { overall_health: UNKNOWN } } peers { permanent_uuid: "c7ccd66305254ec68c0670b74a498d41" member_type: VOTER last_known_addr { host: "127.17.195.67" port: 36923 } health_report { overall_health: HEALTHY } } }
I20260709 14:53:11.469316 18834 raft_consensus.cc:1275] T e83fbd824ca2441b9b7cb6013bf0abc0 P de37523d00fa412da7a9ab6c5efb4686 [term 5 FOLLOWER]: Refusing update from remote peer c7ccd66305254ec68c0670b74a498d41: Log matching property violated. Preceding OpId in replica: term: 4 index: 4. Preceding OpId from leader: term: 5 index: 5. (index mismatch)
I20260709 14:53:11.470501 19159 consensus_queue.cc:1048] T e83fbd824ca2441b9b7cb6013bf0abc0 P c7ccd66305254ec68c0670b74a498d41 [LEADER]: Connected to new peer: Peer: permanent_uuid: "de37523d00fa412da7a9ab6c5efb4686" member_type: VOTER last_known_addr { host: "127.17.195.65" port: 39231 }, Status: LMP_MISMATCH, Last received: 0.0, Next index: 5, Last known committed idx: 4, Time since last communication: 0.000s
I20260709 14:53:11.473982 18908 raft_consensus.cc:1275] T e83fbd824ca2441b9b7cb6013bf0abc0 P dd2f1b26220743e794f1c398f5b38863 [term 5 FOLLOWER]: Refusing update from remote peer c7ccd66305254ec68c0670b74a498d41: Log matching property violated. Preceding OpId in replica: term: 4 index: 4. Preceding OpId from leader: term: 5 index: 5. (index mismatch)
I20260709 14:53:11.475274 19159 consensus_queue.cc:1048] T e83fbd824ca2441b9b7cb6013bf0abc0 P c7ccd66305254ec68c0670b74a498d41 [LEADER]: Connected to new peer: Peer: permanent_uuid: "dd2f1b26220743e794f1c398f5b38863" member_type: VOTER last_known_addr { host: "127.17.195.66" port: 45579 }, Status: LMP_MISMATCH, Last received: 0.0, Next index: 5, Last known committed idx: 4, Time since last communication: 0.000s
I20260709 14:53:11.532321 18834 raft_consensus.cc:1275] T 18c4afa6a65c433597d0298ae4c9cfd9 P de37523d00fa412da7a9ab6c5efb4686 [term 4 FOLLOWER]: Refusing update from remote peer dd2f1b26220743e794f1c398f5b38863: Log matching property violated. Preceding OpId in replica: term: 3 index: 3. Preceding OpId from leader: term: 4 index: 4. (index mismatch)
I20260709 14:53:11.533624 19158 consensus_queue.cc:1048] T 18c4afa6a65c433597d0298ae4c9cfd9 P dd2f1b26220743e794f1c398f5b38863 [LEADER]: Connected to new peer: Peer: permanent_uuid: "de37523d00fa412da7a9ab6c5efb4686" member_type: VOTER last_known_addr { host: "127.17.195.65" port: 39231 }, Status: LMP_MISMATCH, Last received: 0.0, Next index: 4, Last known committed idx: 3, Time since last communication: 0.000s
I20260709 14:53:11.542936 18982 raft_consensus.cc:1275] T 18c4afa6a65c433597d0298ae4c9cfd9 P c7ccd66305254ec68c0670b74a498d41 [term 4 FOLLOWER]: Refusing update from remote peer dd2f1b26220743e794f1c398f5b38863: Log matching property violated. Preceding OpId in replica: term: 3 index: 3. Preceding OpId from leader: term: 4 index: 4. (index mismatch)
I20260709 14:53:11.545204 19178 consensus_queue.cc:1048] T 18c4afa6a65c433597d0298ae4c9cfd9 P dd2f1b26220743e794f1c398f5b38863 [LEADER]: Connected to new peer: Peer: permanent_uuid: "c7ccd66305254ec68c0670b74a498d41" member_type: VOTER last_known_addr { host: "127.17.195.67" port: 36923 }, Status: LMP_MISMATCH, Last received: 0.0, Next index: 4, Last known committed idx: 3, Time since last communication: 0.001s
I20260709 14:53:11.716919 18834 raft_consensus.cc:1275] T 57463ff11499473999736557599c2a63 P de37523d00fa412da7a9ab6c5efb4686 [term 2 FOLLOWER]: Refusing update from remote peer dd2f1b26220743e794f1c398f5b38863: Log matching property violated. Preceding OpId in replica: term: 1 index: 1. Preceding OpId from leader: term: 2 index: 2. (index mismatch)
I20260709 14:53:11.718214 19178 consensus_queue.cc:1048] T 57463ff11499473999736557599c2a63 P dd2f1b26220743e794f1c398f5b38863 [LEADER]: Connected to new peer: Peer: permanent_uuid: "de37523d00fa412da7a9ab6c5efb4686" member_type: VOTER last_known_addr { host: "127.17.195.65" port: 39231 }, Status: LMP_MISMATCH, Last received: 0.0, Next index: 2, Last known committed idx: 1, Time since last communication: 0.000s
I20260709 14:53:11.727056 18982 raft_consensus.cc:1275] T 57463ff11499473999736557599c2a63 P c7ccd66305254ec68c0670b74a498d41 [term 2 FOLLOWER]: Refusing update from remote peer dd2f1b26220743e794f1c398f5b38863: Log matching property violated. Preceding OpId in replica: term: 1 index: 1. Preceding OpId from leader: term: 2 index: 2. (index mismatch)
I20260709 14:53:11.728894 19158 consensus_queue.cc:1048] T 57463ff11499473999736557599c2a63 P dd2f1b26220743e794f1c398f5b38863 [LEADER]: Connected to new peer: Peer: permanent_uuid: "c7ccd66305254ec68c0670b74a498d41" member_type: VOTER last_known_addr { host: "127.17.195.67" port: 36923 }, Status: LMP_MISMATCH, Last received: 0.0, Next index: 2, Last known committed idx: 1, Time since last communication: 0.000s
I20260709 14:53:11.730865 18834 raft_consensus.cc:1275] T 5be9da6f690a492a9cd1604bf44e2470 P de37523d00fa412da7a9ab6c5efb4686 [term 4 FOLLOWER]: Refusing update from remote peer c7ccd66305254ec68c0670b74a498d41: Log matching property violated. Preceding OpId in replica: term: 3 index: 3. Preceding OpId from leader: term: 4 index: 4. (index mismatch)
I20260709 14:53:11.733632 19175 consensus_queue.cc:1048] T 5be9da6f690a492a9cd1604bf44e2470 P c7ccd66305254ec68c0670b74a498d41 [LEADER]: Connected to new peer: Peer: permanent_uuid: "de37523d00fa412da7a9ab6c5efb4686" member_type: VOTER last_known_addr { host: "127.17.195.65" port: 39231 }, Status: LMP_MISMATCH, Last received: 0.0, Next index: 4, Last known committed idx: 3, Time since last communication: 0.001s
I20260709 14:53:11.742934 18908 raft_consensus.cc:1275] T 5be9da6f690a492a9cd1604bf44e2470 P dd2f1b26220743e794f1c398f5b38863 [term 4 FOLLOWER]: Refusing update from remote peer c7ccd66305254ec68c0670b74a498d41: Log matching property violated. Preceding OpId in replica: term: 3 index: 3. Preceding OpId from leader: term: 4 index: 4. (index mismatch)
I20260709 14:53:11.744546 19159 consensus_queue.cc:1048] T 5be9da6f690a492a9cd1604bf44e2470 P c7ccd66305254ec68c0670b74a498d41 [LEADER]: Connected to new peer: Peer: permanent_uuid: "dd2f1b26220743e794f1c398f5b38863" member_type: VOTER last_known_addr { host: "127.17.195.66" port: 45579 }, Status: LMP_MISMATCH, Last received: 0.0, Next index: 4, Last known committed idx: 3, Time since last communication: 0.000s
I20260709 14:53:11.850298 18189 auto_leader_rebalancer.cc:141] leader rebalance for table test-workload
I20260709 14:53:11.857681 18189 tablet_server.cc:179] TabletServer@127.17.195.65:0 shutting down...
I20260709 14:53:11.883853 18189 ts_tablet_manager.cc:1507] Shutting down tablet manager...
I20260709 14:53:11.884910 18189 tablet_replica.cc:333] T 2beaeae5590842aa823b13c90f88dd0f P de37523d00fa412da7a9ab6c5efb4686: stopping tablet replica
I20260709 14:53:11.885743 18189 raft_consensus.cc:2243] T 2beaeae5590842aa823b13c90f88dd0f P de37523d00fa412da7a9ab6c5efb4686 [term 2 FOLLOWER]: Raft consensus shutting down.
I20260709 14:53:11.886215 18189 raft_consensus.cc:2272] T 2beaeae5590842aa823b13c90f88dd0f P de37523d00fa412da7a9ab6c5efb4686 [term 2 FOLLOWER]: Raft consensus is shut down!
I20260709 14:53:11.888602 18189 tablet_replica.cc:333] T 18c4afa6a65c433597d0298ae4c9cfd9 P de37523d00fa412da7a9ab6c5efb4686: stopping tablet replica
I20260709 14:53:11.889146 18189 raft_consensus.cc:2243] T 18c4afa6a65c433597d0298ae4c9cfd9 P de37523d00fa412da7a9ab6c5efb4686 [term 4 FOLLOWER]: Raft consensus shutting down.
I20260709 14:53:11.889521 18189 raft_consensus.cc:2272] T 18c4afa6a65c433597d0298ae4c9cfd9 P de37523d00fa412da7a9ab6c5efb4686 [term 4 FOLLOWER]: Raft consensus is shut down!
I20260709 14:53:11.891906 18189 tablet_replica.cc:333] T ae8f9a0b16c248c4a67bf442a4532225 P de37523d00fa412da7a9ab6c5efb4686: stopping tablet replica
I20260709 14:53:11.892431 18189 raft_consensus.cc:2243] T ae8f9a0b16c248c4a67bf442a4532225 P de37523d00fa412da7a9ab6c5efb4686 [term 3 LEADER]: Raft consensus shutting down.
I20260709 14:53:11.893117 18189 raft_consensus.cc:2272] T ae8f9a0b16c248c4a67bf442a4532225 P de37523d00fa412da7a9ab6c5efb4686 [term 3 FOLLOWER]: Raft consensus is shut down!
I20260709 14:53:11.894867 18189 tablet_replica.cc:333] T ae193bf41f684a60885e85519a268120 P de37523d00fa412da7a9ab6c5efb4686: stopping tablet replica
I20260709 14:53:11.895331 18189 raft_consensus.cc:2243] T ae193bf41f684a60885e85519a268120 P de37523d00fa412da7a9ab6c5efb4686 [term 3 LEADER]: Raft consensus shutting down.
I20260709 14:53:11.896059 18189 raft_consensus.cc:2272] T ae193bf41f684a60885e85519a268120 P de37523d00fa412da7a9ab6c5efb4686 [term 3 FOLLOWER]: Raft consensus is shut down!
I20260709 14:53:11.897706 18189 tablet_replica.cc:333] T 57463ff11499473999736557599c2a63 P de37523d00fa412da7a9ab6c5efb4686: stopping tablet replica
I20260709 14:53:11.898154 18189 raft_consensus.cc:2243] T 57463ff11499473999736557599c2a63 P de37523d00fa412da7a9ab6c5efb4686 [term 2 FOLLOWER]: Raft consensus shutting down.
I20260709 14:53:11.898623 18189 raft_consensus.cc:2272] T 57463ff11499473999736557599c2a63 P de37523d00fa412da7a9ab6c5efb4686 [term 2 FOLLOWER]: Raft consensus is shut down!
I20260709 14:53:11.901104 18189 tablet_replica.cc:333] T 2e9ac2b6c8d2431a9df9451588c8e852 P de37523d00fa412da7a9ab6c5efb4686: stopping tablet replica
I20260709 14:53:11.901626 18189 raft_consensus.cc:2243] T 2e9ac2b6c8d2431a9df9451588c8e852 P de37523d00fa412da7a9ab6c5efb4686 [term 2 FOLLOWER]: Raft consensus shutting down.
I20260709 14:53:11.902053 18189 raft_consensus.cc:2272] T 2e9ac2b6c8d2431a9df9451588c8e852 P de37523d00fa412da7a9ab6c5efb4686 [term 2 FOLLOWER]: Raft consensus is shut down!
I20260709 14:53:11.903959 18189 tablet_replica.cc:333] T 97a72249e0164001865e0d20e755b103 P de37523d00fa412da7a9ab6c5efb4686: stopping tablet replica
I20260709 14:53:11.904435 18189 raft_consensus.cc:2243] T 97a72249e0164001865e0d20e755b103 P de37523d00fa412da7a9ab6c5efb4686 [term 2 LEADER]: Raft consensus shutting down.
I20260709 14:53:11.905185 18189 raft_consensus.cc:2272] T 97a72249e0164001865e0d20e755b103 P de37523d00fa412da7a9ab6c5efb4686 [term 2 FOLLOWER]: Raft consensus is shut down!
I20260709 14:53:11.906795 18189 tablet_replica.cc:333] T 5be9da6f690a492a9cd1604bf44e2470 P de37523d00fa412da7a9ab6c5efb4686: stopping tablet replica
I20260709 14:53:11.907281 18189 raft_consensus.cc:2243] T 5be9da6f690a492a9cd1604bf44e2470 P de37523d00fa412da7a9ab6c5efb4686 [term 4 FOLLOWER]: Raft consensus shutting down.
I20260709 14:53:11.907720 18189 raft_consensus.cc:2272] T 5be9da6f690a492a9cd1604bf44e2470 P de37523d00fa412da7a9ab6c5efb4686 [term 4 FOLLOWER]: Raft consensus is shut down!
I20260709 14:53:11.909782 18189 tablet_replica.cc:333] T e83fbd824ca2441b9b7cb6013bf0abc0 P de37523d00fa412da7a9ab6c5efb4686: stopping tablet replica
I20260709 14:53:11.910259 18189 raft_consensus.cc:2243] T e83fbd824ca2441b9b7cb6013bf0abc0 P de37523d00fa412da7a9ab6c5efb4686 [term 5 FOLLOWER]: Raft consensus shutting down.
I20260709 14:53:11.910635 18189 raft_consensus.cc:2272] T e83fbd824ca2441b9b7cb6013bf0abc0 P de37523d00fa412da7a9ab6c5efb4686 [term 5 FOLLOWER]: Raft consensus is shut down!
I20260709 14:53:11.913043 18189 tablet_replica.cc:333] T 76815f5f5e044d05957c03923b6c3d7e P de37523d00fa412da7a9ab6c5efb4686: stopping tablet replica
I20260709 14:53:11.913514 18189 raft_consensus.cc:2243] T 76815f5f5e044d05957c03923b6c3d7e P de37523d00fa412da7a9ab6c5efb4686 [term 2 LEADER]: Raft consensus shutting down.
I20260709 14:53:11.914243 18189 raft_consensus.cc:2272] T 76815f5f5e044d05957c03923b6c3d7e P de37523d00fa412da7a9ab6c5efb4686 [term 2 FOLLOWER]: Raft consensus is shut down!
I20260709 14:53:11.942806 18189 tablet_server.cc:196] TabletServer@127.17.195.65:0 shutdown complete.
I20260709 14:53:11.964326 18189 tablet_server.cc:179] TabletServer@127.17.195.66:0 shutting down...
