I20260709 14:53:56.151059  1736 raft_consensus.cc:740] T 72d7538dc26f4ac78f909b626d0b67c6 P a07b2375a4794632ba0feeefdc635ec8 [term 0 FOLLOWER]: Becoming Follower/Learner. State: Replica: a07b2375a4794632ba0feeefdc635ec8, State: Initialized, Role: FOLLOWER
I20260709 14:53:56.151714  1736 consensus_queue.cc:260] T 72d7538dc26f4ac78f909b626d0b67c6 P a07b2375a4794632ba0feeefdc635ec8 [NON_LEADER]: Queue going to NON_LEADER mode. State: All replicated index: 0, Majority replicated index: 0, Committed index: 0, Last appended: 0.0, Last appended by leader: 0, Current term: 0, Majority size: -1, State: 0, Mode: NON_LEADER, active raft config: opid_index: -1 OBSOLETE_local: false peers { permanent_uuid: "00103e59e6194bd4b5407cbb56ebb8fa" member_type: VOTER last_known_addr { host: "127.0.107.193" port: 42001 } } peers { permanent_uuid: "ec217f7745184d159e19f1dded14658c" member_type: VOTER last_known_addr { host: "127.0.107.194" port: 41353 } } peers { permanent_uuid: "a07b2375a4794632ba0feeefdc635ec8" member_type: VOTER last_known_addr { host: "127.0.107.195" port: 46793 } }
I20260709 14:53:56.151974  1660 leader_election.cc:304] T 260ce9449d0e4ff8bdef40bc7115e1c8 P a07b2375a4794632ba0feeefdc635ec8 [CANDIDATE]: Term 1 pre-election: Election decided. Result: candidate won. Election summary: received 2 responses out of 3 voters: 2 yes votes; 0 no votes. yes voters: 00103e59e6194bd4b5407cbb56ebb8fa, a07b2375a4794632ba0feeefdc635ec8; no voters: 
I20260709 14:53:56.153934  1736 ts_tablet_manager.cc:1434] T 72d7538dc26f4ac78f909b626d0b67c6 P a07b2375a4794632ba0feeefdc635ec8: Time spent starting tablet: real 0.008s	user 0.001s	sys 0.006s
W20260709 14:53:56.154800  1660 leader_election.cc:343] T 70347a3d60134124a98839faa92ce1a5 P a07b2375a4794632ba0feeefdc635ec8 [CANDIDATE]: Term 1 election: Tablet error from VoteRequest() call to peer ec217f7745184d159e19f1dded14658c (127.0.107.194:41353): Illegal state: must be running to vote when last-logged opid is not known
I20260709 14:53:56.154951  1736 tablet_bootstrap.cc:492] T e6df3d5ccfcb4861bc037b455e4543e5 P a07b2375a4794632ba0feeefdc635ec8: Bootstrap starting.
W20260709 14:53:56.155447  1660 leader_election.cc:343] T 260ce9449d0e4ff8bdef40bc7115e1c8 P a07b2375a4794632ba0feeefdc635ec8 [CANDIDATE]: Term 1 pre-election: Tablet error from VoteRequest() call to peer ec217f7745184d159e19f1dded14658c (127.0.107.194:41353): Illegal state: must be running to vote when last-logged opid is not known
I20260709 14:53:56.157986  1773 raft_consensus.cc:2804] T 260ce9449d0e4ff8bdef40bc7115e1c8 P a07b2375a4794632ba0feeefdc635ec8 [term 0 FOLLOWER]: Leader pre-election won for term 1
I20260709 14:53:56.158360  1773 raft_consensus.cc:493] T 260ce9449d0e4ff8bdef40bc7115e1c8 P a07b2375a4794632ba0feeefdc635ec8 [term 0 FOLLOWER]: Starting leader election (no leader contacted us within the election timeout)
I20260709 14:53:56.158701  1773 raft_consensus.cc:3060] T 260ce9449d0e4ff8bdef40bc7115e1c8 P a07b2375a4794632ba0feeefdc635ec8 [term 0 FOLLOWER]: Advancing to term 1
I20260709 14:53:56.160441  1739 raft_consensus.cc:493] T 72d7538dc26f4ac78f909b626d0b67c6 P a07b2375a4794632ba0feeefdc635ec8 [term 0 FOLLOWER]: Starting pre-election (no leader contacted us within the election timeout)
I20260709 14:53:56.161093  1739 raft_consensus.cc:515] T 72d7538dc26f4ac78f909b626d0b67c6 P a07b2375a4794632ba0feeefdc635ec8 [term 0 FOLLOWER]: Starting pre-election with config: opid_index: -1 OBSOLETE_local: false peers { permanent_uuid: "00103e59e6194bd4b5407cbb56ebb8fa" member_type: VOTER last_known_addr { host: "127.0.107.193" port: 42001 } } peers { permanent_uuid: "ec217f7745184d159e19f1dded14658c" member_type: VOTER last_known_addr { host: "127.0.107.194" port: 41353 } } peers { permanent_uuid: "a07b2375a4794632ba0feeefdc635ec8" member_type: VOTER last_known_addr { host: "127.0.107.195" port: 46793 } }
I20260709 14:53:56.163098  1739 leader_election.cc:290] T 72d7538dc26f4ac78f909b626d0b67c6 P a07b2375a4794632ba0feeefdc635ec8 [CANDIDATE]: Term 1 pre-election: Requested pre-vote from peers 00103e59e6194bd4b5407cbb56ebb8fa (127.0.107.193:42001), ec217f7745184d159e19f1dded14658c (127.0.107.194:41353)
I20260709 14:53:56.167164  1736 tablet_bootstrap.cc:654] T e6df3d5ccfcb4861bc037b455e4543e5 P a07b2375a4794632ba0feeefdc635ec8: Neither blocks nor log segments found. Creating new log.
I20260709 14:53:56.168416  1774 raft_consensus.cc:493] T 8bce76bc55484fe98ec63cc047963bc1 P 00103e59e6194bd4b5407cbb56ebb8fa [term 0 FOLLOWER]: Starting pre-election (no leader contacted us within the election timeout)
I20260709 14:53:56.169265  1774 raft_consensus.cc:515] T 8bce76bc55484fe98ec63cc047963bc1 P 00103e59e6194bd4b5407cbb56ebb8fa [term 0 FOLLOWER]: Starting pre-election with config: opid_index: -1 OBSOLETE_local: false peers { permanent_uuid: "00103e59e6194bd4b5407cbb56ebb8fa" member_type: VOTER last_known_addr { host: "127.0.107.193" port: 42001 } } peers { permanent_uuid: "ec217f7745184d159e19f1dded14658c" member_type: VOTER last_known_addr { host: "127.0.107.194" port: 41353 } } peers { permanent_uuid: "a07b2375a4794632ba0feeefdc635ec8" member_type: VOTER last_known_addr { host: "127.0.107.195" port: 46793 } }
I20260709 14:53:56.169535  1775 consensus_queue.cc:1048] T 4385074416154bd39b726bfe7f37bd8f P ec217f7745184d159e19f1dded14658c [LEADER]: Connected to new peer: Peer: permanent_uuid: "a07b2375a4794632ba0feeefdc635ec8" member_type: VOTER last_known_addr { host: "127.0.107.195" port: 46793 }, Status: LMP_MISMATCH, Last received: 0.0, Next index: 1, Last known committed idx: 0, Time since last communication: 0.001s
I20260709 14:53:56.170012  1545 tablet_service.cc:1917] Received RequestConsensusVote() RPC: tablet_id: "72d7538dc26f4ac78f909b626d0b67c6" candidate_uuid: "a07b2375a4794632ba0feeefdc635ec8" candidate_term: 1 candidate_status { last_received { term: 0 index: 0 } } ignore_live_leader: false dest_uuid: "00103e59e6194bd4b5407cbb56ebb8fa" is_pre_election: true
I20260709 14:53:56.171509  1774 leader_election.cc:290] T 8bce76bc55484fe98ec63cc047963bc1 P 00103e59e6194bd4b5407cbb56ebb8fa [CANDIDATE]: Term 1 pre-election: Requested pre-vote from peers ec217f7745184d159e19f1dded14658c (127.0.107.194:41353), a07b2375a4794632ba0feeefdc635ec8 (127.0.107.195:46793)
I20260709 14:53:56.173018  1621 tablet_service.cc:1917] Received RequestConsensusVote() RPC: tablet_id: "72d7538dc26f4ac78f909b626d0b67c6" candidate_uuid: "a07b2375a4794632ba0feeefdc635ec8" candidate_term: 1 candidate_status { last_received { term: 0 index: 0 } } ignore_live_leader: false dest_uuid: "ec217f7745184d159e19f1dded14658c" is_pre_election: true
I20260709 14:53:56.177609  1620 tablet_service.cc:1917] Received RequestConsensusVote() RPC: tablet_id: "8bce76bc55484fe98ec63cc047963bc1" candidate_uuid: "00103e59e6194bd4b5407cbb56ebb8fa" candidate_term: 1 candidate_status { last_received { term: 0 index: 0 } } ignore_live_leader: false dest_uuid: "ec217f7745184d159e19f1dded14658c" is_pre_election: true
W20260709 14:53:56.179023  1511 leader_election.cc:343] T 8bce76bc55484fe98ec63cc047963bc1 P 00103e59e6194bd4b5407cbb56ebb8fa [CANDIDATE]: Term 1 pre-election: Tablet error from VoteRequest() call to peer ec217f7745184d159e19f1dded14658c (127.0.107.194:41353): Illegal state: must be running to vote when last-logged opid is not known
W20260709 14:53:56.179649  1660 leader_election.cc:343] T 72d7538dc26f4ac78f909b626d0b67c6 P a07b2375a4794632ba0feeefdc635ec8 [CANDIDATE]: Term 1 pre-election: Tablet error from VoteRequest() call to peer ec217f7745184d159e19f1dded14658c (127.0.107.194:41353): Illegal state: must be running to vote when last-logged opid is not known
W20260709 14:53:56.180744  1660 leader_election.cc:343] T 72d7538dc26f4ac78f909b626d0b67c6 P a07b2375a4794632ba0feeefdc635ec8 [CANDIDATE]: Term 1 pre-election: Tablet error from VoteRequest() call to peer 00103e59e6194bd4b5407cbb56ebb8fa (127.0.107.193:42001): Illegal state: must be running to vote when last-logged opid is not known
I20260709 14:53:56.181095  1660 leader_election.cc:304] T 72d7538dc26f4ac78f909b626d0b67c6 P a07b2375a4794632ba0feeefdc635ec8 [CANDIDATE]: Term 1 pre-election: Election decided. Result: candidate lost. Election summary: received 3 responses out of 3 voters: 1 yes votes; 2 no votes. yes voters: a07b2375a4794632ba0feeefdc635ec8; no voters: 00103e59e6194bd4b5407cbb56ebb8fa, ec217f7745184d159e19f1dded14658c
I20260709 14:53:56.181805  1772 raft_consensus.cc:2749] T 72d7538dc26f4ac78f909b626d0b67c6 P a07b2375a4794632ba0feeefdc635ec8 [term 0 FOLLOWER]: Leader pre-election lost for term 1. Reason: could not achieve majority
I20260709 14:53:56.161065  1546 raft_consensus.cc:2468] T 70347a3d60134124a98839faa92ce1a5 P 00103e59e6194bd4b5407cbb56ebb8fa [term 1 FOLLOWER]: Leader election vote request: Granting yes vote for candidate a07b2375a4794632ba0feeefdc635ec8 in term 1.
I20260709 14:53:56.186830  1692 tablet_service.cc:1917] Received RequestConsensusVote() RPC: tablet_id: "8bce76bc55484fe98ec63cc047963bc1" candidate_uuid: "00103e59e6194bd4b5407cbb56ebb8fa" candidate_term: 1 candidate_status { last_received { term: 0 index: 0 } } ignore_live_leader: false dest_uuid: "a07b2375a4794632ba0feeefdc635ec8" is_pre_election: true
W20260709 14:53:56.189529  1509 leader_election.cc:343] T 8bce76bc55484fe98ec63cc047963bc1 P 00103e59e6194bd4b5407cbb56ebb8fa [CANDIDATE]: Term 1 pre-election: Tablet error from VoteRequest() call to peer a07b2375a4794632ba0feeefdc635ec8 (127.0.107.195:46793): Illegal state: must be running to vote when last-logged opid is not known
I20260709 14:53:56.190100  1509 leader_election.cc:304] T 8bce76bc55484fe98ec63cc047963bc1 P 00103e59e6194bd4b5407cbb56ebb8fa [CANDIDATE]: Term 1 pre-election: Election decided. Result: candidate lost. Election summary: received 3 responses out of 3 voters: 1 yes votes; 2 no votes. yes voters: 00103e59e6194bd4b5407cbb56ebb8fa; no voters: a07b2375a4794632ba0feeefdc635ec8, ec217f7745184d159e19f1dded14658c
I20260709 14:53:56.191496  1774 raft_consensus.cc:2749] T 8bce76bc55484fe98ec63cc047963bc1 P 00103e59e6194bd4b5407cbb56ebb8fa [term 0 FOLLOWER]: Leader pre-election lost for term 1. Reason: could not achieve majority
I20260709 14:53:56.184748  1660 leader_election.cc:304] T 70347a3d60134124a98839faa92ce1a5 P a07b2375a4794632ba0feeefdc635ec8 [CANDIDATE]: Term 1 election: Election decided. Result: candidate won. Election summary: received 3 responses out of 3 voters: 2 yes votes; 1 no votes. yes voters: 00103e59e6194bd4b5407cbb56ebb8fa, a07b2375a4794632ba0feeefdc635ec8; no voters: ec217f7745184d159e19f1dded14658c
I20260709 14:53:56.193109  1739 raft_consensus.cc:2804] T 70347a3d60134124a98839faa92ce1a5 P a07b2375a4794632ba0feeefdc635ec8 [term 1 FOLLOWER]: Leader election won for term 1
I20260709 14:53:56.193563  1739 raft_consensus.cc:697] T 70347a3d60134124a98839faa92ce1a5 P a07b2375a4794632ba0feeefdc635ec8 [term 1 LEADER]: Becoming Leader. State: Replica: a07b2375a4794632ba0feeefdc635ec8, State: Running, Role: LEADER
I20260709 14:53:56.194383  1739 consensus_queue.cc:237] T 70347a3d60134124a98839faa92ce1a5 P a07b2375a4794632ba0feeefdc635ec8 [LEADER]: Queue going to LEADER mode. State: All replicated index: 0, Majority replicated index: 0, Committed index: 0, Last appended: 0.0, Last appended by leader: 0, Current term: 1, Majority size: 2, State: 0, Mode: LEADER, active raft config: opid_index: -1 OBSOLETE_local: false peers { permanent_uuid: "00103e59e6194bd4b5407cbb56ebb8fa" member_type: VOTER last_known_addr { host: "127.0.107.193" port: 42001 } } peers { permanent_uuid: "ec217f7745184d159e19f1dded14658c" member_type: VOTER last_known_addr { host: "127.0.107.194" port: 41353 } } peers { permanent_uuid: "a07b2375a4794632ba0feeefdc635ec8" member_type: VOTER last_known_addr { host: "127.0.107.195" port: 46793 } }
I20260709 14:53:56.195361  1738 tablet_bootstrap.cc:492] T 87a017fec4af4a898bfd7e119b45e7d0 P ec217f7745184d159e19f1dded14658c: No bootstrap required, opened a new log
I20260709 14:53:56.195791  1738 ts_tablet_manager.cc:1403] T 87a017fec4af4a898bfd7e119b45e7d0 P ec217f7745184d159e19f1dded14658c: Time spent bootstrapping tablet: real 0.133s	user 0.012s	sys 0.006s
I20260709 14:53:56.179839  1773 raft_consensus.cc:515] T 260ce9449d0e4ff8bdef40bc7115e1c8 P a07b2375a4794632ba0feeefdc635ec8 [term 1 FOLLOWER]: Starting leader election with config: opid_index: -1 OBSOLETE_local: false peers { permanent_uuid: "00103e59e6194bd4b5407cbb56ebb8fa" member_type: VOTER last_known_addr { host: "127.0.107.193" port: 42001 } } peers { permanent_uuid: "ec217f7745184d159e19f1dded14658c" member_type: VOTER last_known_addr { host: "127.0.107.194" port: 41353 } } peers { permanent_uuid: "a07b2375a4794632ba0feeefdc635ec8" member_type: VOTER last_known_addr { host: "127.0.107.195" port: 46793 } }
I20260709 14:53:56.199795  1735 tablet_bootstrap.cc:492] T 87a017fec4af4a898bfd7e119b45e7d0 P 00103e59e6194bd4b5407cbb56ebb8fa: No bootstrap required, opened a new log
I20260709 14:53:56.200361  1735 ts_tablet_manager.cc:1403] T 87a017fec4af4a898bfd7e119b45e7d0 P 00103e59e6194bd4b5407cbb56ebb8fa: Time spent bootstrapping tablet: real 0.103s	user 0.016s	sys 0.029s
I20260709 14:53:56.200253  1738 raft_consensus.cc:359] T 87a017fec4af4a898bfd7e119b45e7d0 P ec217f7745184d159e19f1dded14658c [term 0 FOLLOWER]: Replica starting. Triggering 0 pending ops. Active config: opid_index: -1 OBSOLETE_local: false peers { permanent_uuid: "00103e59e6194bd4b5407cbb56ebb8fa" member_type: VOTER last_known_addr { host: "127.0.107.193" port: 42001 } } peers { permanent_uuid: "ec217f7745184d159e19f1dded14658c" member_type: VOTER last_known_addr { host: "127.0.107.194" port: 41353 } } peers { permanent_uuid: "a07b2375a4794632ba0feeefdc635ec8" member_type: VOTER last_known_addr { host: "127.0.107.195" port: 46793 } }
I20260709 14:53:56.201220  1738 raft_consensus.cc:385] T 87a017fec4af4a898bfd7e119b45e7d0 P ec217f7745184d159e19f1dded14658c [term 0 FOLLOWER]: Consensus starting up: Expiring failure detector timer to make a prompt election more likely
I20260709 14:53:56.201575  1738 raft_consensus.cc:740] T 87a017fec4af4a898bfd7e119b45e7d0 P ec217f7745184d159e19f1dded14658c [term 0 FOLLOWER]: Becoming Follower/Learner. State: Replica: ec217f7745184d159e19f1dded14658c, State: Initialized, Role: FOLLOWER
I20260709 14:53:56.202569  1738 consensus_queue.cc:260] T 87a017fec4af4a898bfd7e119b45e7d0 P ec217f7745184d159e19f1dded14658c [NON_LEADER]: Queue going to NON_LEADER mode. State: All replicated index: 0, Majority replicated index: 0, Committed index: 0, Last appended: 0.0, Last appended by leader: 0, Current term: 0, Majority size: -1, State: 0, Mode: NON_LEADER, active raft config: opid_index: -1 OBSOLETE_local: false peers { permanent_uuid: "00103e59e6194bd4b5407cbb56ebb8fa" member_type: VOTER last_known_addr { host: "127.0.107.193" port: 42001 } } peers { permanent_uuid: "ec217f7745184d159e19f1dded14658c" member_type: VOTER last_known_addr { host: "127.0.107.194" port: 41353 } } peers { permanent_uuid: "a07b2375a4794632ba0feeefdc635ec8" member_type: VOTER last_known_addr { host: "127.0.107.195" port: 46793 } }
I20260709 14:53:56.206086  1735 raft_consensus.cc:359] T 87a017fec4af4a898bfd7e119b45e7d0 P 00103e59e6194bd4b5407cbb56ebb8fa [term 0 FOLLOWER]: Replica starting. Triggering 0 pending ops. Active config: opid_index: -1 OBSOLETE_local: false peers { permanent_uuid: "00103e59e6194bd4b5407cbb56ebb8fa" member_type: VOTER last_known_addr { host: "127.0.107.193" port: 42001 } } peers { permanent_uuid: "ec217f7745184d159e19f1dded14658c" member_type: VOTER last_known_addr { host: "127.0.107.194" port: 41353 } } peers { permanent_uuid: "a07b2375a4794632ba0feeefdc635ec8" member_type: VOTER last_known_addr { host: "127.0.107.195" port: 46793 } }
I20260709 14:53:56.206640  1735 raft_consensus.cc:385] T 87a017fec4af4a898bfd7e119b45e7d0 P 00103e59e6194bd4b5407cbb56ebb8fa [term 0 FOLLOWER]: Consensus starting up: Expiring failure detector timer to make a prompt election more likely
I20260709 14:53:56.206883  1735 raft_consensus.cc:740] T 87a017fec4af4a898bfd7e119b45e7d0 P 00103e59e6194bd4b5407cbb56ebb8fa [term 0 FOLLOWER]: Becoming Follower/Learner. State: Replica: 00103e59e6194bd4b5407cbb56ebb8fa, State: Initialized, Role: FOLLOWER
I20260709 14:53:56.207459  1735 consensus_queue.cc:260] T 87a017fec4af4a898bfd7e119b45e7d0 P 00103e59e6194bd4b5407cbb56ebb8fa [NON_LEADER]: Queue going to NON_LEADER mode. State: All replicated index: 0, Majority replicated index: 0, Committed index: 0, Last appended: 0.0, Last appended by leader: 0, Current term: 0, Majority size: -1, State: 0, Mode: NON_LEADER, active raft config: opid_index: -1 OBSOLETE_local: false peers { permanent_uuid: "00103e59e6194bd4b5407cbb56ebb8fa" member_type: VOTER last_known_addr { host: "127.0.107.193" port: 42001 } } peers { permanent_uuid: "ec217f7745184d159e19f1dded14658c" member_type: VOTER last_known_addr { host: "127.0.107.194" port: 41353 } } peers { permanent_uuid: "a07b2375a4794632ba0feeefdc635ec8" member_type: VOTER last_known_addr { host: "127.0.107.195" port: 46793 } }
I20260709 14:53:56.209475  1738 ts_tablet_manager.cc:1434] T 87a017fec4af4a898bfd7e119b45e7d0 P ec217f7745184d159e19f1dded14658c: Time spent starting tablet: real 0.013s	user 0.006s	sys 0.002s
I20260709 14:53:56.210392  1738 tablet_bootstrap.cc:492] T d915e6beffa14ce492d4bd735867609d P ec217f7745184d159e19f1dded14658c: Bootstrap starting.
I20260709 14:53:56.212303  1735 ts_tablet_manager.cc:1434] T 87a017fec4af4a898bfd7e119b45e7d0 P 00103e59e6194bd4b5407cbb56ebb8fa: Time spent starting tablet: real 0.011s	user 0.005s	sys 0.000s
I20260709 14:53:56.213500  1735 tablet_bootstrap.cc:492] T 44f64fb94d034a1da3e2d8564f2ca139 P 00103e59e6194bd4b5407cbb56ebb8fa: Bootstrap starting.
I20260709 14:53:56.213681  1546 tablet_service.cc:1917] Received RequestConsensusVote() RPC: tablet_id: "260ce9449d0e4ff8bdef40bc7115e1c8" candidate_uuid: "a07b2375a4794632ba0feeefdc635ec8" candidate_term: 1 candidate_status { last_received { term: 0 index: 0 } } ignore_live_leader: false dest_uuid: "00103e59e6194bd4b5407cbb56ebb8fa"
I20260709 14:53:56.214286  1546 raft_consensus.cc:3060] T 260ce9449d0e4ff8bdef40bc7115e1c8 P 00103e59e6194bd4b5407cbb56ebb8fa [term 0 FOLLOWER]: Advancing to term 1
I20260709 14:53:56.220443  1773 leader_election.cc:290] T 260ce9449d0e4ff8bdef40bc7115e1c8 P a07b2375a4794632ba0feeefdc635ec8 [CANDIDATE]: Term 1 election: Requested vote from peers 00103e59e6194bd4b5407cbb56ebb8fa (127.0.107.193:42001), ec217f7745184d159e19f1dded14658c (127.0.107.194:41353)
I20260709 14:53:56.221522  1620 tablet_service.cc:1917] Received RequestConsensusVote() RPC: tablet_id: "260ce9449d0e4ff8bdef40bc7115e1c8" candidate_uuid: "a07b2375a4794632ba0feeefdc635ec8" candidate_term: 1 candidate_status { last_received { term: 0 index: 0 } } ignore_live_leader: false dest_uuid: "ec217f7745184d159e19f1dded14658c"
W20260709 14:53:56.223652  1660 leader_election.cc:343] T 260ce9449d0e4ff8bdef40bc7115e1c8 P a07b2375a4794632ba0feeefdc635ec8 [CANDIDATE]: Term 1 election: Tablet error from VoteRequest() call to peer ec217f7745184d159e19f1dded14658c (127.0.107.194:41353): Illegal state: must be running to vote when last-logged opid is not known
I20260709 14:53:56.225000  1546 raft_consensus.cc:2468] T 260ce9449d0e4ff8bdef40bc7115e1c8 P 00103e59e6194bd4b5407cbb56ebb8fa [term 1 FOLLOWER]: Leader election vote request: Granting yes vote for candidate a07b2375a4794632ba0feeefdc635ec8 in term 1.
I20260709 14:53:56.225739  1775 consensus_queue.cc:1048] T 4385074416154bd39b726bfe7f37bd8f P ec217f7745184d159e19f1dded14658c [LEADER]: Connected to new peer: Peer: permanent_uuid: "00103e59e6194bd4b5407cbb56ebb8fa" member_type: VOTER last_known_addr { host: "127.0.107.193" port: 42001 }, Status: LMP_MISMATCH, Last received: 0.0, Next index: 1, Last known committed idx: 0, Time since last communication: 0.000s
I20260709 14:53:56.228644  1736 tablet_bootstrap.cc:492] T e6df3d5ccfcb4861bc037b455e4543e5 P a07b2375a4794632ba0feeefdc635ec8: No bootstrap required, opened a new log
I20260709 14:53:56.229127  1736 ts_tablet_manager.cc:1403] T e6df3d5ccfcb4861bc037b455e4543e5 P a07b2375a4794632ba0feeefdc635ec8: Time spent bootstrapping tablet: real 0.074s	user 0.015s	sys 0.004s
I20260709 14:53:56.232484  1660 leader_election.cc:304] T 260ce9449d0e4ff8bdef40bc7115e1c8 P a07b2375a4794632ba0feeefdc635ec8 [CANDIDATE]: Term 1 election: Election decided. Result: candidate won. Election summary: received 3 responses out of 3 voters: 2 yes votes; 1 no votes. yes voters: 00103e59e6194bd4b5407cbb56ebb8fa, a07b2375a4794632ba0feeefdc635ec8; no voters: ec217f7745184d159e19f1dded14658c
I20260709 14:53:56.235988  1773 raft_consensus.cc:2804] T 260ce9449d0e4ff8bdef40bc7115e1c8 P a07b2375a4794632ba0feeefdc635ec8 [term 1 FOLLOWER]: Leader election won for term 1
I20260709 14:53:56.237576  1773 raft_consensus.cc:697] T 260ce9449d0e4ff8bdef40bc7115e1c8 P a07b2375a4794632ba0feeefdc635ec8 [term 1 LEADER]: Becoming Leader. State: Replica: a07b2375a4794632ba0feeefdc635ec8, State: Running, Role: LEADER
I20260709 14:53:56.238513  1773 consensus_queue.cc:237] T 260ce9449d0e4ff8bdef40bc7115e1c8 P a07b2375a4794632ba0feeefdc635ec8 [LEADER]: Queue going to LEADER mode. State: All replicated index: 0, Majority replicated index: 0, Committed index: 0, Last appended: 0.0, Last appended by leader: 0, Current term: 1, Majority size: 2, State: 0, Mode: LEADER, active raft config: opid_index: -1 OBSOLETE_local: false peers { permanent_uuid: "00103e59e6194bd4b5407cbb56ebb8fa" member_type: VOTER last_known_addr { host: "127.0.107.193" port: 42001 } } peers { permanent_uuid: "ec217f7745184d159e19f1dded14658c" member_type: VOTER last_known_addr { host: "127.0.107.194" port: 41353 } } peers { permanent_uuid: "a07b2375a4794632ba0feeefdc635ec8" member_type: VOTER last_known_addr { host: "127.0.107.195" port: 46793 } }
I20260709 14:53:56.239537  1736 raft_consensus.cc:359] T e6df3d5ccfcb4861bc037b455e4543e5 P a07b2375a4794632ba0feeefdc635ec8 [term 0 FOLLOWER]: Replica starting. Triggering 0 pending ops. Active config: opid_index: -1 OBSOLETE_local: false peers { permanent_uuid: "00103e59e6194bd4b5407cbb56ebb8fa" member_type: VOTER last_known_addr { host: "127.0.107.193" port: 42001 } } peers { permanent_uuid: "ec217f7745184d159e19f1dded14658c" member_type: VOTER last_known_addr { host: "127.0.107.194" port: 41353 } } peers { permanent_uuid: "a07b2375a4794632ba0feeefdc635ec8" member_type: VOTER last_known_addr { host: "127.0.107.195" port: 46793 } }
I20260709 14:53:56.240195  1736 raft_consensus.cc:385] T e6df3d5ccfcb4861bc037b455e4543e5 P a07b2375a4794632ba0feeefdc635ec8 [term 0 FOLLOWER]: Consensus starting up: Expiring failure detector timer to make a prompt election more likely
I20260709 14:53:56.240442  1736 raft_consensus.cc:740] T e6df3d5ccfcb4861bc037b455e4543e5 P a07b2375a4794632ba0feeefdc635ec8 [term 0 FOLLOWER]: Becoming Follower/Learner. State: Replica: a07b2375a4794632ba0feeefdc635ec8, State: Initialized, Role: FOLLOWER
I20260709 14:53:56.243150  1736 consensus_queue.cc:260] T e6df3d5ccfcb4861bc037b455e4543e5 P a07b2375a4794632ba0feeefdc635ec8 [NON_LEADER]: Queue going to NON_LEADER mode. State: All replicated index: 0, Majority replicated index: 0, Committed index: 0, Last appended: 0.0, Last appended by leader: 0, Current term: 0, Majority size: -1, State: 0, Mode: NON_LEADER, active raft config: opid_index: -1 OBSOLETE_local: false peers { permanent_uuid: "00103e59e6194bd4b5407cbb56ebb8fa" member_type: VOTER last_known_addr { host: "127.0.107.193" port: 42001 } } peers { permanent_uuid: "ec217f7745184d159e19f1dded14658c" member_type: VOTER last_known_addr { host: "127.0.107.194" port: 41353 } } peers { permanent_uuid: "a07b2375a4794632ba0feeefdc635ec8" member_type: VOTER last_known_addr { host: "127.0.107.195" port: 46793 } }
I20260709 14:53:56.245337  1736 ts_tablet_manager.cc:1434] T e6df3d5ccfcb4861bc037b455e4543e5 P a07b2375a4794632ba0feeefdc635ec8: Time spent starting tablet: real 0.016s	user 0.007s	sys 0.000s
I20260709 14:53:56.245532  1735 tablet_bootstrap.cc:654] T 44f64fb94d034a1da3e2d8564f2ca139 P 00103e59e6194bd4b5407cbb56ebb8fa: Neither blocks nor log segments found. Creating new log.
I20260709 14:53:56.246351  1736 tablet_bootstrap.cc:492] T 8bce76bc55484fe98ec63cc047963bc1 P a07b2375a4794632ba0feeefdc635ec8: Bootstrap starting.
I20260709 14:53:56.254822  1736 tablet_bootstrap.cc:654] T 8bce76bc55484fe98ec63cc047963bc1 P a07b2375a4794632ba0feeefdc635ec8: Neither blocks nor log segments found. Creating new log.
I20260709 14:53:56.264381  1756 consensus_queue.cc:1048] T d2fd6b08316045e08cbd65c04f2d4e11 P ec217f7745184d159e19f1dded14658c [LEADER]: Connected to new peer: Peer: permanent_uuid: "00103e59e6194bd4b5407cbb56ebb8fa" member_type: VOTER last_known_addr { host: "127.0.107.193" port: 42001 }, Status: LMP_MISMATCH, Last received: 0.0, Next index: 1, Last known committed idx: 0, Time since last communication: 0.001s
I20260709 14:53:56.266497  1738 tablet_bootstrap.cc:654] T d915e6beffa14ce492d4bd735867609d P ec217f7745184d159e19f1dded14658c: Neither blocks nor log segments found. Creating new log.
I20260709 14:53:56.271266  1442 catalog_manager.cc:5697] T 70347a3d60134124a98839faa92ce1a5 P a07b2375a4794632ba0feeefdc635ec8 reported cstate change: term changed from 0 to 1, leader changed from <none> to a07b2375a4794632ba0feeefdc635ec8 (127.0.107.195). New cstate: current_term: 1 leader_uuid: "a07b2375a4794632ba0feeefdc635ec8" committed_config { opid_index: -1 OBSOLETE_local: false peers { permanent_uuid: "00103e59e6194bd4b5407cbb56ebb8fa" member_type: VOTER last_known_addr { host: "127.0.107.193" port: 42001 } health_report { overall_health: UNKNOWN } } peers { permanent_uuid: "ec217f7745184d159e19f1dded14658c" member_type: VOTER last_known_addr { host: "127.0.107.194" port: 41353 } health_report { overall_health: UNKNOWN } } peers { permanent_uuid: "a07b2375a4794632ba0feeefdc635ec8" member_type: VOTER last_known_addr { host: "127.0.107.195" port: 46793 } health_report { overall_health: HEALTHY } } }
I20260709 14:53:56.288335  1738 tablet_bootstrap.cc:492] T d915e6beffa14ce492d4bd735867609d P ec217f7745184d159e19f1dded14658c: No bootstrap required, opened a new log
I20260709 14:53:56.288962  1738 ts_tablet_manager.cc:1403] T d915e6beffa14ce492d4bd735867609d P ec217f7745184d159e19f1dded14658c: Time spent bootstrapping tablet: real 0.079s	user 0.014s	sys 0.001s
I20260709 14:53:56.291879  1738 raft_consensus.cc:359] T d915e6beffa14ce492d4bd735867609d P ec217f7745184d159e19f1dded14658c [term 0 FOLLOWER]: Replica starting. Triggering 0 pending ops. Active config: opid_index: -1 OBSOLETE_local: false peers { permanent_uuid: "00103e59e6194bd4b5407cbb56ebb8fa" member_type: VOTER last_known_addr { host: "127.0.107.193" port: 42001 } } peers { permanent_uuid: "ec217f7745184d159e19f1dded14658c" member_type: VOTER last_known_addr { host: "127.0.107.194" port: 41353 } } peers { permanent_uuid: "a07b2375a4794632ba0feeefdc635ec8" member_type: VOTER last_known_addr { host: "127.0.107.195" port: 46793 } }
I20260709 14:53:56.292582  1738 raft_consensus.cc:385] T d915e6beffa14ce492d4bd735867609d P ec217f7745184d159e19f1dded14658c [term 0 FOLLOWER]: Consensus starting up: Expiring failure detector timer to make a prompt election more likely
I20260709 14:53:56.292863  1738 raft_consensus.cc:740] T d915e6beffa14ce492d4bd735867609d P ec217f7745184d159e19f1dded14658c [term 0 FOLLOWER]: Becoming Follower/Learner. State: Replica: ec217f7745184d159e19f1dded14658c, State: Initialized, Role: FOLLOWER
I20260709 14:53:56.298237  1738 consensus_queue.cc:260] T d915e6beffa14ce492d4bd735867609d P ec217f7745184d159e19f1dded14658c [NON_LEADER]: Queue going to NON_LEADER mode. State: All replicated index: 0, Majority replicated index: 0, Committed index: 0, Last appended: 0.0, Last appended by leader: 0, Current term: 0, Majority size: -1, State: 0, Mode: NON_LEADER, active raft config: opid_index: -1 OBSOLETE_local: false peers { permanent_uuid: "00103e59e6194bd4b5407cbb56ebb8fa" member_type: VOTER last_known_addr { host: "127.0.107.193" port: 42001 } } peers { permanent_uuid: "ec217f7745184d159e19f1dded14658c" member_type: VOTER last_known_addr { host: "127.0.107.194" port: 41353 } } peers { permanent_uuid: "a07b2375a4794632ba0feeefdc635ec8" member_type: VOTER last_known_addr { host: "127.0.107.195" port: 46793 } }
I20260709 14:53:56.298933  1756 raft_consensus.cc:493] T d915e6beffa14ce492d4bd735867609d P ec217f7745184d159e19f1dded14658c [term 0 FOLLOWER]: Starting pre-election (no leader contacted us within the election timeout)
I20260709 14:53:56.299372  1756 raft_consensus.cc:515] T d915e6beffa14ce492d4bd735867609d P ec217f7745184d159e19f1dded14658c [term 0 FOLLOWER]: Starting pre-election with config: opid_index: -1 OBSOLETE_local: false peers { permanent_uuid: "00103e59e6194bd4b5407cbb56ebb8fa" member_type: VOTER last_known_addr { host: "127.0.107.193" port: 42001 } } peers { permanent_uuid: "ec217f7745184d159e19f1dded14658c" member_type: VOTER last_known_addr { host: "127.0.107.194" port: 41353 } } peers { permanent_uuid: "a07b2375a4794632ba0feeefdc635ec8" member_type: VOTER last_known_addr { host: "127.0.107.195" port: 46793 } }
I20260709 14:53:56.300380  1738 ts_tablet_manager.cc:1434] T d915e6beffa14ce492d4bd735867609d P ec217f7745184d159e19f1dded14658c: Time spent starting tablet: real 0.011s	user 0.006s	sys 0.000s
I20260709 14:53:56.301280  1738 tablet_bootstrap.cc:492] T 70347a3d60134124a98839faa92ce1a5 P ec217f7745184d159e19f1dded14658c: Bootstrap starting.
I20260709 14:53:56.303570  1756 leader_election.cc:290] T d915e6beffa14ce492d4bd735867609d P ec217f7745184d159e19f1dded14658c [CANDIDATE]: Term 1 pre-election: Requested pre-vote from peers 00103e59e6194bd4b5407cbb56ebb8fa (127.0.107.193:42001), a07b2375a4794632ba0feeefdc635ec8 (127.0.107.195:46793)
I20260709 14:53:56.304229  1546 tablet_service.cc:1917] Received RequestConsensusVote() RPC: tablet_id: "d915e6beffa14ce492d4bd735867609d" candidate_uuid: "ec217f7745184d159e19f1dded14658c" candidate_term: 1 candidate_status { last_received { term: 0 index: 0 } } ignore_live_leader: false dest_uuid: "00103e59e6194bd4b5407cbb56ebb8fa" is_pre_election: true
I20260709 14:53:56.304904  1546 raft_consensus.cc:2468] T d915e6beffa14ce492d4bd735867609d P 00103e59e6194bd4b5407cbb56ebb8fa [term 0 FOLLOWER]: Leader pre-election vote request: Granting yes vote for candidate ec217f7745184d159e19f1dded14658c in term 0.
I20260709 14:53:56.306034  1735 tablet_bootstrap.cc:492] T 44f64fb94d034a1da3e2d8564f2ca139 P 00103e59e6194bd4b5407cbb56ebb8fa: No bootstrap required, opened a new log
I20260709 14:53:56.305967  1586 leader_election.cc:304] T d915e6beffa14ce492d4bd735867609d P ec217f7745184d159e19f1dded14658c [CANDIDATE]: Term 1 pre-election: Election decided. Result: candidate won. Election summary: received 2 responses out of 3 voters: 2 yes votes; 0 no votes. yes voters: 00103e59e6194bd4b5407cbb56ebb8fa, ec217f7745184d159e19f1dded14658c; no voters: 
I20260709 14:53:56.306526  1735 ts_tablet_manager.cc:1403] T 44f64fb94d034a1da3e2d8564f2ca139 P 00103e59e6194bd4b5407cbb56ebb8fa: Time spent bootstrapping tablet: real 0.093s	user 0.010s	sys 0.009s
I20260709 14:53:56.308598  1694 tablet_service.cc:1917] Received RequestConsensusVote() RPC: tablet_id: "d915e6beffa14ce492d4bd735867609d" candidate_uuid: "ec217f7745184d159e19f1dded14658c" candidate_term: 1 candidate_status { last_received { term: 0 index: 0 } } ignore_live_leader: false dest_uuid: "a07b2375a4794632ba0feeefdc635ec8" is_pre_election: true
I20260709 14:53:56.309814  1756 raft_consensus.cc:2804] T d915e6beffa14ce492d4bd735867609d P ec217f7745184d159e19f1dded14658c [term 0 FOLLOWER]: Leader pre-election won for term 1
W20260709 14:53:56.310290  1584 leader_election.cc:343] T d915e6beffa14ce492d4bd735867609d P ec217f7745184d159e19f1dded14658c [CANDIDATE]: Term 1 pre-election: Tablet error from VoteRequest() call to peer a07b2375a4794632ba0feeefdc635ec8 (127.0.107.195:46793): Illegal state: must be running to vote when last-logged opid is not known
I20260709 14:53:56.310523  1756 raft_consensus.cc:493] T d915e6beffa14ce492d4bd735867609d P ec217f7745184d159e19f1dded14658c [term 0 FOLLOWER]: Starting leader election (no leader contacted us within the election timeout)
I20260709 14:53:56.311235  1736 tablet_bootstrap.cc:492] T 8bce76bc55484fe98ec63cc047963bc1 P a07b2375a4794632ba0feeefdc635ec8: No bootstrap required, opened a new log
I20260709 14:53:56.310034  1735 raft_consensus.cc:359] T 44f64fb94d034a1da3e2d8564f2ca139 P 00103e59e6194bd4b5407cbb56ebb8fa [term 0 FOLLOWER]: Replica starting. Triggering 0 pending ops. Active config: opid_index: -1 OBSOLETE_local: false peers { permanent_uuid: "00103e59e6194bd4b5407cbb56ebb8fa" member_type: VOTER last_known_addr { host: "127.0.107.193" port: 42001 } } peers { permanent_uuid: "ec217f7745184d159e19f1dded14658c" member_type: VOTER last_known_addr { host: "127.0.107.194" port: 41353 } } peers { permanent_uuid: "a07b2375a4794632ba0feeefdc635ec8" member_type: VOTER last_known_addr { host: "127.0.107.195" port: 46793 } }
I20260709 14:53:56.311671  1756 raft_consensus.cc:3060] T d915e6beffa14ce492d4bd735867609d P ec217f7745184d159e19f1dded14658c [term 0 FOLLOWER]: Advancing to term 1
I20260709 14:53:56.311810  1735 raft_consensus.cc:385] T 44f64fb94d034a1da3e2d8564f2ca139 P 00103e59e6194bd4b5407cbb56ebb8fa [term 0 FOLLOWER]: Consensus starting up: Expiring failure detector timer to make a prompt election more likely
I20260709 14:53:56.312244  1735 raft_consensus.cc:740] T 44f64fb94d034a1da3e2d8564f2ca139 P 00103e59e6194bd4b5407cbb56ebb8fa [term 0 FOLLOWER]: Becoming Follower/Learner. State: Replica: 00103e59e6194bd4b5407cbb56ebb8fa, State: Initialized, Role: FOLLOWER
I20260709 14:53:56.311913  1736 ts_tablet_manager.cc:1403] T 8bce76bc55484fe98ec63cc047963bc1 P a07b2375a4794632ba0feeefdc635ec8: Time spent bootstrapping tablet: real 0.066s	user 0.019s	sys 0.029s
I20260709 14:53:56.314896  1735 consensus_queue.cc:260] T 44f64fb94d034a1da3e2d8564f2ca139 P 00103e59e6194bd4b5407cbb56ebb8fa [NON_LEADER]: Queue going to NON_LEADER mode. State: All replicated index: 0, Majority replicated index: 0, Committed index: 0, Last appended: 0.0, Last appended by leader: 0, Current term: 0, Majority size: -1, State: 0, Mode: NON_LEADER, active raft config: opid_index: -1 OBSOLETE_local: false peers { permanent_uuid: "00103e59e6194bd4b5407cbb56ebb8fa" member_type: VOTER last_known_addr { host: "127.0.107.193" port: 42001 } } peers { permanent_uuid: "ec217f7745184d159e19f1dded14658c" member_type: VOTER last_known_addr { host: "127.0.107.194" port: 41353 } } peers { permanent_uuid: "a07b2375a4794632ba0feeefdc635ec8" member_type: VOTER last_known_addr { host: "127.0.107.195" port: 46793 } }
I20260709 14:53:56.317842  1736 raft_consensus.cc:359] T 8bce76bc55484fe98ec63cc047963bc1 P a07b2375a4794632ba0feeefdc635ec8 [term 0 FOLLOWER]: Replica starting. Triggering 0 pending ops. Active config: opid_index: -1 OBSOLETE_local: false peers { permanent_uuid: "00103e59e6194bd4b5407cbb56ebb8fa" member_type: VOTER last_known_addr { host: "127.0.107.193" port: 42001 } } peers { permanent_uuid: "ec217f7745184d159e19f1dded14658c" member_type: VOTER last_known_addr { host: "127.0.107.194" port: 41353 } } peers { permanent_uuid: "a07b2375a4794632ba0feeefdc635ec8" member_type: VOTER last_known_addr { host: "127.0.107.195" port: 46793 } }
I20260709 14:53:56.318516  1736 raft_consensus.cc:385] T 8bce76bc55484fe98ec63cc047963bc1 P a07b2375a4794632ba0feeefdc635ec8 [term 0 FOLLOWER]: Consensus starting up: Expiring failure detector timer to make a prompt election more likely
I20260709 14:53:56.318783  1736 raft_consensus.cc:740] T 8bce76bc55484fe98ec63cc047963bc1 P a07b2375a4794632ba0feeefdc635ec8 [term 0 FOLLOWER]: Becoming Follower/Learner. State: Replica: a07b2375a4794632ba0feeefdc635ec8, State: Initialized, Role: FOLLOWER
I20260709 14:53:56.319900  1756 raft_consensus.cc:515] T d915e6beffa14ce492d4bd735867609d P ec217f7745184d159e19f1dded14658c [term 1 FOLLOWER]: Starting leader election with config: opid_index: -1 OBSOLETE_local: false peers { permanent_uuid: "00103e59e6194bd4b5407cbb56ebb8fa" member_type: VOTER last_known_addr { host: "127.0.107.193" port: 42001 } } peers { permanent_uuid: "ec217f7745184d159e19f1dded14658c" member_type: VOTER last_known_addr { host: "127.0.107.194" port: 41353 } } peers { permanent_uuid: "a07b2375a4794632ba0feeefdc635ec8" member_type: VOTER last_known_addr { host: "127.0.107.195" port: 46793 } }
I20260709 14:53:56.321527  1735 ts_tablet_manager.cc:1434] T 44f64fb94d034a1da3e2d8564f2ca139 P 00103e59e6194bd4b5407cbb56ebb8fa: Time spent starting tablet: real 0.015s	user 0.007s	sys 0.000s
I20260709 14:53:56.319412  1736 consensus_queue.cc:260] T 8bce76bc55484fe98ec63cc047963bc1 P a07b2375a4794632ba0feeefdc635ec8 [NON_LEADER]: Queue going to NON_LEADER mode. State: All replicated index: 0, Majority replicated index: 0, Committed index: 0, Last appended: 0.0, Last appended by leader: 0, Current term: 0, Majority size: -1, State: 0, Mode: NON_LEADER, active raft config: opid_index: -1 OBSOLETE_local: false peers { permanent_uuid: "00103e59e6194bd4b5407cbb56ebb8fa" member_type: VOTER last_known_addr { host: "127.0.107.193" port: 42001 } } peers { permanent_uuid: "ec217f7745184d159e19f1dded14658c" member_type: VOTER last_known_addr { host: "127.0.107.194" port: 41353 } } peers { permanent_uuid: "a07b2375a4794632ba0feeefdc635ec8" member_type: VOTER last_known_addr { host: "127.0.107.195" port: 46793 } }
I20260709 14:53:56.322563  1738 tablet_bootstrap.cc:654] T 70347a3d60134124a98839faa92ce1a5 P ec217f7745184d159e19f1dded14658c: Neither blocks nor log segments found. Creating new log.
I20260709 14:53:56.323896  1736 ts_tablet_manager.cc:1434] T 8bce76bc55484fe98ec63cc047963bc1 P a07b2375a4794632ba0feeefdc635ec8: Time spent starting tablet: real 0.010s	user 0.004s	sys 0.001s
I20260709 14:53:56.324810  1736 tablet_bootstrap.cc:492] T d2bbc0b82d58429e9656829f2c99a6f0 P a07b2375a4794632ba0feeefdc635ec8: Bootstrap starting.
I20260709 14:53:56.329121  1735 tablet_bootstrap.cc:492] T 6694c033b66949acbceb48b2b0ce864e P 00103e59e6194bd4b5407cbb56ebb8fa: Bootstrap starting.
I20260709 14:53:56.330726  1694 tablet_service.cc:1917] Received RequestConsensusVote() RPC: tablet_id: "d915e6beffa14ce492d4bd735867609d" candidate_uuid: "ec217f7745184d159e19f1dded14658c" candidate_term: 1 candidate_status { last_received { term: 0 index: 0 } } ignore_live_leader: false dest_uuid: "a07b2375a4794632ba0feeefdc635ec8"
I20260709 14:53:56.331214  1546 tablet_service.cc:1917] Received RequestConsensusVote() RPC: tablet_id: "d915e6beffa14ce492d4bd735867609d" candidate_uuid: "ec217f7745184d159e19f1dded14658c" candidate_term: 1 candidate_status { last_received { term: 0 index: 0 } } ignore_live_leader: false dest_uuid: "00103e59e6194bd4b5407cbb56ebb8fa"
I20260709 14:53:56.331741  1546 raft_consensus.cc:3060] T d915e6beffa14ce492d4bd735867609d P 00103e59e6194bd4b5407cbb56ebb8fa [term 0 FOLLOWER]: Advancing to term 1
W20260709 14:53:56.332194  1584 leader_election.cc:343] T d915e6beffa14ce492d4bd735867609d P ec217f7745184d159e19f1dded14658c [CANDIDATE]: Term 1 election: Tablet error from VoteRequest() call to peer a07b2375a4794632ba0feeefdc635ec8 (127.0.107.195:46793): Illegal state: must be running to vote when last-logged opid is not known
I20260709 14:53:56.327607  1441 catalog_manager.cc:5697] T 260ce9449d0e4ff8bdef40bc7115e1c8 P a07b2375a4794632ba0feeefdc635ec8 reported cstate change: term changed from 0 to 1, leader changed from <none> to a07b2375a4794632ba0feeefdc635ec8 (127.0.107.195). New cstate: current_term: 1 leader_uuid: "a07b2375a4794632ba0feeefdc635ec8" committed_config { opid_index: -1 OBSOLETE_local: false peers { permanent_uuid: "00103e59e6194bd4b5407cbb56ebb8fa" member_type: VOTER last_known_addr { host: "127.0.107.193" port: 42001 } health_report { overall_health: UNKNOWN } } peers { permanent_uuid: "ec217f7745184d159e19f1dded14658c" member_type: VOTER last_known_addr { host: "127.0.107.194" port: 41353 } health_report { overall_health: UNKNOWN } } peers { permanent_uuid: "a07b2375a4794632ba0feeefdc635ec8" member_type: VOTER last_known_addr { host: "127.0.107.195" port: 46793 } health_report { overall_health: HEALTHY } } }
I20260709 14:53:56.335028  1738 tablet_bootstrap.cc:492] T 70347a3d60134124a98839faa92ce1a5 P ec217f7745184d159e19f1dded14658c: No bootstrap required, opened a new log
I20260709 14:53:56.335554  1738 ts_tablet_manager.cc:1403] T 70347a3d60134124a98839faa92ce1a5 P ec217f7745184d159e19f1dded14658c: Time spent bootstrapping tablet: real 0.034s	user 0.011s	sys 0.000s
I20260709 14:53:56.338461  1738 raft_consensus.cc:359] T 70347a3d60134124a98839faa92ce1a5 P ec217f7745184d159e19f1dded14658c [term 0 FOLLOWER]: Replica starting. Triggering 0 pending ops. Active config: opid_index: -1 OBSOLETE_local: false peers { permanent_uuid: "00103e59e6194bd4b5407cbb56ebb8fa" member_type: VOTER last_known_addr { host: "127.0.107.193" port: 42001 } } peers { permanent_uuid: "ec217f7745184d159e19f1dded14658c" member_type: VOTER last_known_addr { host: "127.0.107.194" port: 41353 } } peers { permanent_uuid: "a07b2375a4794632ba0feeefdc635ec8" member_type: VOTER last_known_addr { host: "127.0.107.195" port: 46793 } }
I20260709 14:53:56.339566  1738 raft_consensus.cc:385] T 70347a3d60134124a98839faa92ce1a5 P ec217f7745184d159e19f1dded14658c [term 0 FOLLOWER]: Consensus starting up: Expiring failure detector timer to make a prompt election more likely
I20260709 14:53:56.339867  1738 raft_consensus.cc:740] T 70347a3d60134124a98839faa92ce1a5 P ec217f7745184d159e19f1dded14658c [term 0 FOLLOWER]: Becoming Follower/Learner. State: Replica: ec217f7745184d159e19f1dded14658c, State: Initialized, Role: FOLLOWER
I20260709 14:53:56.339164  1756 leader_election.cc:290] T d915e6beffa14ce492d4bd735867609d P ec217f7745184d159e19f1dded14658c [CANDIDATE]: Term 1 election: Requested vote from peers 00103e59e6194bd4b5407cbb56ebb8fa (127.0.107.193:42001), a07b2375a4794632ba0feeefdc635ec8 (127.0.107.195:46793)
I20260709 14:53:56.341323  1738 consensus_queue.cc:260] T 70347a3d60134124a98839faa92ce1a5 P ec217f7745184d159e19f1dded14658c [NON_LEADER]: Queue going to NON_LEADER mode. State: All replicated index: 0, Majority replicated index: 0, Committed index: 0, Last appended: 0.0, Last appended by leader: 0, Current term: 0, Majority size: -1, State: 0, Mode: NON_LEADER, active raft config: opid_index: -1 OBSOLETE_local: false peers { permanent_uuid: "00103e59e6194bd4b5407cbb56ebb8fa" member_type: VOTER last_known_addr { host: "127.0.107.193" port: 42001 } } peers { permanent_uuid: "ec217f7745184d159e19f1dded14658c" member_type: VOTER last_known_addr { host: "127.0.107.194" port: 41353 } } peers { permanent_uuid: "a07b2375a4794632ba0feeefdc635ec8" member_type: VOTER last_known_addr { host: "127.0.107.195" port: 46793 } }
I20260709 14:53:56.344056  1735 tablet_bootstrap.cc:654] T 6694c033b66949acbceb48b2b0ce864e P 00103e59e6194bd4b5407cbb56ebb8fa: Neither blocks nor log segments found. Creating new log.
I20260709 14:53:56.345369  1742 consensus_queue.cc:1048] T 2d9f673e2dc04b7c89404d7964a651a2 P 00103e59e6194bd4b5407cbb56ebb8fa [LEADER]: Connected to new peer: Peer: permanent_uuid: "ec217f7745184d159e19f1dded14658c" member_type: VOTER last_known_addr { host: "127.0.107.194" port: 41353 }, Status: LMP_MISMATCH, Last received: 0.0, Next index: 1, Last known committed idx: 0, Time since last communication: 0.000s
I20260709 14:53:56.349375  1736 tablet_bootstrap.cc:654] T d2bbc0b82d58429e9656829f2c99a6f0 P a07b2375a4794632ba0feeefdc635ec8: Neither blocks nor log segments found. Creating new log.
I20260709 14:53:56.349963  1775 raft_consensus.cc:493] T 70347a3d60134124a98839faa92ce1a5 P ec217f7745184d159e19f1dded14658c [term 0 FOLLOWER]: Starting pre-election (no leader contacted us within the election timeout)
I20260709 14:53:56.350440  1775 raft_consensus.cc:515] T 70347a3d60134124a98839faa92ce1a5 P ec217f7745184d159e19f1dded14658c [term 0 FOLLOWER]: Starting pre-election with config: opid_index: -1 OBSOLETE_local: false peers { permanent_uuid: "00103e59e6194bd4b5407cbb56ebb8fa" member_type: VOTER last_known_addr { host: "127.0.107.193" port: 42001 } } peers { permanent_uuid: "ec217f7745184d159e19f1dded14658c" member_type: VOTER last_known_addr { host: "127.0.107.194" port: 41353 } } peers { permanent_uuid: "a07b2375a4794632ba0feeefdc635ec8" member_type: VOTER last_known_addr { host: "127.0.107.195" port: 46793 } }
I20260709 14:53:56.352445  1775 leader_election.cc:290] T 70347a3d60134124a98839faa92ce1a5 P ec217f7745184d159e19f1dded14658c [CANDIDATE]: Term 1 pre-election: Requested pre-vote from peers 00103e59e6194bd4b5407cbb56ebb8fa (127.0.107.193:42001), a07b2375a4794632ba0feeefdc635ec8 (127.0.107.195:46793)
I20260709 14:53:56.352674  1738 ts_tablet_manager.cc:1434] T 70347a3d60134124a98839faa92ce1a5 P ec217f7745184d159e19f1dded14658c: Time spent starting tablet: real 0.017s	user 0.006s	sys 0.000s
I20260709 14:53:56.353639  1738 tablet_bootstrap.cc:492] T 72d7538dc26f4ac78f909b626d0b67c6 P ec217f7745184d159e19f1dded14658c: Bootstrap starting.
I20260709 14:53:56.354257  1546 raft_consensus.cc:2468] T d915e6beffa14ce492d4bd735867609d P 00103e59e6194bd4b5407cbb56ebb8fa [term 1 FOLLOWER]: Leader election vote request: Granting yes vote for candidate ec217f7745184d159e19f1dded14658c in term 1.
I20260709 14:53:56.354439  1694 tablet_service.cc:1917] Received RequestConsensusVote() RPC: tablet_id: "70347a3d60134124a98839faa92ce1a5" candidate_uuid: "ec217f7745184d159e19f1dded14658c" candidate_term: 1 candidate_status { last_received { term: 0 index: 0 } } ignore_live_leader: false dest_uuid: "a07b2375a4794632ba0feeefdc635ec8" is_pre_election: true
I20260709 14:53:56.356835  1735 tablet_bootstrap.cc:492] T 6694c033b66949acbceb48b2b0ce864e P 00103e59e6194bd4b5407cbb56ebb8fa: No bootstrap required, opened a new log
I20260709 14:53:56.357026  1586 leader_election.cc:304] T d915e6beffa14ce492d4bd735867609d P ec217f7745184d159e19f1dded14658c [CANDIDATE]: Term 1 election: Election decided. Result: candidate won. Election summary: received 3 responses out of 3 voters: 2 yes votes; 1 no votes. yes voters: 00103e59e6194bd4b5407cbb56ebb8fa, ec217f7745184d159e19f1dded14658c; no voters: a07b2375a4794632ba0feeefdc635ec8
I20260709 14:53:56.360796  1620 raft_consensus.cc:3060] T 6433d09ef47f4e27b3682a49a144429a P ec217f7745184d159e19f1dded14658c [term 0 FOLLOWER]: Advancing to term 1
I20260709 14:53:56.361370  1756 raft_consensus.cc:2804] T d915e6beffa14ce492d4bd735867609d P ec217f7745184d159e19f1dded14658c [term 1 FOLLOWER]: Leader election won for term 1
I20260709 14:53:56.363788  1756 raft_consensus.cc:697] T d915e6beffa14ce492d4bd735867609d P ec217f7745184d159e19f1dded14658c [term 1 LEADER]: Becoming Leader. State: Replica: ec217f7745184d159e19f1dded14658c, State: Running, Role: LEADER
I20260709 14:53:56.364238  1546 tablet_service.cc:1917] Received RequestConsensusVote() RPC: tablet_id: "70347a3d60134124a98839faa92ce1a5" candidate_uuid: "ec217f7745184d159e19f1dded14658c" candidate_term: 1 candidate_status { last_received { term: 0 index: 0 } } ignore_live_leader: false dest_uuid: "00103e59e6194bd4b5407cbb56ebb8fa" is_pre_election: true
I20260709 14:53:56.365015  1546 raft_consensus.cc:2393] T 70347a3d60134124a98839faa92ce1a5 P 00103e59e6194bd4b5407cbb56ebb8fa [term 1 FOLLOWER]: Leader pre-election vote request: Denying vote to candidate ec217f7745184d159e19f1dded14658c in current term 1: Already voted for candidate a07b2375a4794632ba0feeefdc635ec8 in this term.
I20260709 14:53:56.364645  1756 consensus_queue.cc:237] T d915e6beffa14ce492d4bd735867609d P ec217f7745184d159e19f1dded14658c [LEADER]: Queue going to LEADER mode. State: All replicated index: 0, Majority replicated index: 0, Committed index: 0, Last appended: 0.0, Last appended by leader: 0, Current term: 1, Majority size: 2, State: 0, Mode: LEADER, active raft config: opid_index: -1 OBSOLETE_local: false peers { permanent_uuid: "00103e59e6194bd4b5407cbb56ebb8fa" member_type: VOTER last_known_addr { host: "127.0.107.193" port: 42001 } } peers { permanent_uuid: "ec217f7745184d159e19f1dded14658c" member_type: VOTER last_known_addr { host: "127.0.107.194" port: 41353 } } peers { permanent_uuid: "a07b2375a4794632ba0feeefdc635ec8" member_type: VOTER last_known_addr { host: "127.0.107.195" port: 46793 } }
I20260709 14:53:56.366708  1586 leader_election.cc:304] T 70347a3d60134124a98839faa92ce1a5 P ec217f7745184d159e19f1dded14658c [CANDIDATE]: Term 1 pre-election: Election decided. Result: candidate lost. Election summary: received 3 responses out of 3 voters: 1 yes votes; 2 no votes. yes voters: ec217f7745184d159e19f1dded14658c; no voters: 00103e59e6194bd4b5407cbb56ebb8fa, a07b2375a4794632ba0feeefdc635ec8
I20260709 14:53:56.367156  1797 raft_consensus.cc:493] T d2bbc0b82d58429e9656829f2c99a6f0 P ec217f7745184d159e19f1dded14658c [term 0 FOLLOWER]: Starting pre-election (no leader contacted us within the election timeout)
I20260709 14:53:56.367760  1796 raft_consensus.cc:3060] T 70347a3d60134124a98839faa92ce1a5 P ec217f7745184d159e19f1dded14658c [term 0 FOLLOWER]: Advancing to term 1
I20260709 14:53:56.367667  1797 raft_consensus.cc:515] T d2bbc0b82d58429e9656829f2c99a6f0 P ec217f7745184d159e19f1dded14658c [term 0 FOLLOWER]: Starting pre-election with config: opid_index: -1 OBSOLETE_local: false peers { permanent_uuid: "00103e59e6194bd4b5407cbb56ebb8fa" member_type: VOTER last_known_addr { host: "127.0.107.193" port: 42001 } } peers { permanent_uuid: "ec217f7745184d159e19f1dded14658c" member_type: VOTER last_known_addr { host: "127.0.107.194" port: 41353 } } peers { permanent_uuid: "a07b2375a4794632ba0feeefdc635ec8" member_type: VOTER last_known_addr { host: "127.0.107.195" port: 46793 } }
