I20260709 14:52:52.420418  6143 rpc_server.cc:307] RPC server started. Bound to: 127.5.255.195:43521
I20260709 14:52:52.420491  6947 acceptor_pool.cc:272] collecting diagnostics on the listening RPC socket 127.5.255.195:43521 every 8 connection(s)
I20260709 14:52:52.432835  6948 heartbeater.cc:344] Connected to a master server at 127.5.255.254:41187
I20260709 14:52:52.433156  6948 heartbeater.cc:461] Registering TS with master...
I20260709 14:52:52.433758  6948 heartbeater.cc:507] Master 127.5.255.254:41187 requested a full tablet report, sending...
I20260709 14:52:52.435497  6672 ts_manager.cc:194] Registered new tserver with Master: be158872cc6f437690dd042f518cc7b2 (127.5.255.195:43521)
I20260709 14:52:52.436455  6143 internal_mini_cluster.cc:371] 3 TS(s) registered with all masters after 0.013061996s
I20260709 14:52:52.436745  6672 master_service.cc:502] Signed X509 certificate for tserver {username='slave'} at 127.0.0.1:40988
I20260709 14:52:52.458993  6672 catalog_manager.cc:2283] Servicing CreateTable request from {username='slave'} at 127.0.0.1:40992:
name: "test-workload"
schema {
  columns {
    name: "key"
    type: INT32
    is_key: true
    is_nullable: false
    encoding: AUTO_ENCODING
    compression: DEFAULT_COMPRESSION
    cfile_block_size: 0
    immutable: false
  }
  columns {
    name: "int_val"
    type: INT32
    is_key: false
    is_nullable: false
    encoding: AUTO_ENCODING
    compression: DEFAULT_COMPRESSION
    cfile_block_size: 0
    immutable: false
  }
  columns {
    name: "string_val"
    type: STRING
    is_key: false
    is_nullable: true
    encoding: AUTO_ENCODING
    compression: DEFAULT_COMPRESSION
    cfile_block_size: 0
    immutable: false
  }
}
num_replicas: 3
split_rows_range_bounds {
  rows: "\004\001\000\314\314\314\014\004\001\000\230\231\231\031\004\001\000dff&\004\001\0000333\004\001\000\374\377\377?\004\001\000\310\314\314L\004\001\000\224\231\231Y\004\001\000`fff\004\001\000,33s""\004\001\000\314\314\314\014\004\001\000\230\231\231\031\004\001\000dff&\004\001\0000333\004\001\000\374\377\377?\004\001\000\310\314\314L\004\001\000\224\231\231Y\004\001\000`fff\004\001\000,33s"
  indirect_data: """"
}
partition_schema {
  range_schema {
    columns {
      name: "key"
    }
  }
}
W20260709 14:52:52.461699  6672 catalog_manager.cc:7077] The number of live tablet servers is not enough to re-replicate a tablet replica of the newly created table test-workload in case of a server failure: 4 tablet servers would be needed, 3 are available. Consider bringing up more tablet servers.
I20260709 14:52:52.521379  6764 tablet_service.cc:1511] Processing CreateTablet for tablet 9dbb492c5c7241e4b2b627c84e3bc7b4 (DEFAULT_TABLE table=test-workload [id=518487350d154b0da0f08553c918e2dd]), partition=RANGE (key) PARTITION VALUES < 214748364
I20260709 14:52:52.522872  6764 data_dirs.cc:400] Could only allocate 1 dirs of requested 3 for tablet 9dbb492c5c7241e4b2b627c84e3bc7b4. 1 dirs total, 0 dirs full, 0 dirs failed
I20260709 14:52:52.528033  6763 tablet_service.cc:1511] Processing CreateTablet for tablet 6a7e84980c8048258ae302a79a482ce9 (DEFAULT_TABLE table=test-workload [id=518487350d154b0da0f08553c918e2dd]), partition=RANGE (key) PARTITION 214748364 <= VALUES < 429496728
I20260709 14:52:52.529366  6763 data_dirs.cc:400] Could only allocate 1 dirs of requested 3 for tablet 6a7e84980c8048258ae302a79a482ce9. 1 dirs total, 0 dirs full, 0 dirs failed
I20260709 14:52:52.533883  6762 tablet_service.cc:1511] Processing CreateTablet for tablet 4055d848009e4f65a87c6edae99b6b65 (DEFAULT_TABLE table=test-workload [id=518487350d154b0da0f08553c918e2dd]), partition=RANGE (key) PARTITION 429496728 <= VALUES < 644245092
I20260709 14:52:52.535146  6762 data_dirs.cc:400] Could only allocate 1 dirs of requested 3 for tablet 4055d848009e4f65a87c6edae99b6b65. 1 dirs total, 0 dirs full, 0 dirs failed
I20260709 14:52:52.536814  6760 tablet_service.cc:1511] Processing CreateTablet for tablet 0443db6dd3bc47c6bce964f2198babb2 (DEFAULT_TABLE table=test-workload [id=518487350d154b0da0f08553c918e2dd]), partition=RANGE (key) PARTITION 858993456 <= VALUES < 1073741820
I20260709 14:52:52.538062  6760 data_dirs.cc:400] Could only allocate 1 dirs of requested 3 for tablet 0443db6dd3bc47c6bce964f2198babb2. 1 dirs total, 0 dirs full, 0 dirs failed
I20260709 14:52:52.540782  6761 tablet_service.cc:1511] Processing CreateTablet for tablet 2c8d36445c784e7e8b13ae5447d24622 (DEFAULT_TABLE table=test-workload [id=518487350d154b0da0f08553c918e2dd]), partition=RANGE (key) PARTITION 644245092 <= VALUES < 858993456
I20260709 14:52:52.541182  6759 tablet_service.cc:1511] Processing CreateTablet for tablet 2b8ce692df7e43e9b2b19e5c326ade03 (DEFAULT_TABLE table=test-workload [id=518487350d154b0da0f08553c918e2dd]), partition=RANGE (key) PARTITION 1073741820 <= VALUES < 1288490184
I20260709 14:52:52.542029  6761 data_dirs.cc:400] Could only allocate 1 dirs of requested 3 for tablet 2c8d36445c784e7e8b13ae5447d24622. 1 dirs total, 0 dirs full, 0 dirs failed
I20260709 14:52:52.542771  6759 data_dirs.cc:400] Could only allocate 1 dirs of requested 3 for tablet 2b8ce692df7e43e9b2b19e5c326ade03. 1 dirs total, 0 dirs full, 0 dirs failed
I20260709 14:52:52.549258  6758 tablet_service.cc:1511] Processing CreateTablet for tablet 13875cb5f513412d9ba7c637a0f4b1a3 (DEFAULT_TABLE table=test-workload [id=518487350d154b0da0f08553c918e2dd]), partition=RANGE (key) PARTITION 1288490184 <= VALUES < 1503238548
I20260709 14:52:52.552024  6757 tablet_service.cc:1511] Processing CreateTablet for tablet 064ec722a0674c2994f90983e6987fd4 (DEFAULT_TABLE table=test-workload [id=518487350d154b0da0f08553c918e2dd]), partition=RANGE (key) PARTITION 1503238548 <= VALUES < 1717986912
I20260709 14:52:52.551103  6758 data_dirs.cc:400] Could only allocate 1 dirs of requested 3 for tablet 13875cb5f513412d9ba7c637a0f4b1a3. 1 dirs total, 0 dirs full, 0 dirs failed
I20260709 14:52:52.553575  6757 data_dirs.cc:400] Could only allocate 1 dirs of requested 3 for tablet 064ec722a0674c2994f90983e6987fd4. 1 dirs total, 0 dirs full, 0 dirs failed
I20260709 14:52:52.558656  6756 tablet_service.cc:1511] Processing CreateTablet for tablet 965770ad6a164adbbd97a1166a35c84d (DEFAULT_TABLE table=test-workload [id=518487350d154b0da0f08553c918e2dd]), partition=RANGE (key) PARTITION 1717986912 <= VALUES < 1932735276
I20260709 14:52:52.560123  6756 data_dirs.cc:400] Could only allocate 1 dirs of requested 3 for tablet 965770ad6a164adbbd97a1166a35c84d. 1 dirs total, 0 dirs full, 0 dirs failed
I20260709 14:52:52.578701  6963 tablet_bootstrap.cc:492] T 9dbb492c5c7241e4b2b627c84e3bc7b4 P bea7f407218a48b986ef5315fb66e48f: Bootstrap starting.
I20260709 14:52:52.581569  6763 tablet_service.cc:1511] Processing CreateTablet for tablet 3b64350b7c8c447eb9cc23909e7eab20 (DEFAULT_TABLE table=test-workload [id=518487350d154b0da0f08553c918e2dd]), partition=RANGE (key) PARTITION 1932735276 <= VALUES
I20260709 14:52:52.583101  6763 data_dirs.cc:400] Could only allocate 1 dirs of requested 3 for tablet 3b64350b7c8c447eb9cc23909e7eab20. 1 dirs total, 0 dirs full, 0 dirs failed
I20260709 14:52:52.589569  6963 tablet_bootstrap.cc:654] T 9dbb492c5c7241e4b2b627c84e3bc7b4 P bea7f407218a48b986ef5315fb66e48f: Neither blocks nor log segments found. Creating new log.
I20260709 14:52:52.591145  6910 tablet_service.cc:1511] Processing CreateTablet for tablet 2c8d36445c784e7e8b13ae5447d24622 (DEFAULT_TABLE table=test-workload [id=518487350d154b0da0f08553c918e2dd]), partition=RANGE (key) PARTITION 644245092 <= VALUES < 858993456
I20260709 14:52:52.591677  6913 tablet_service.cc:1511] Processing CreateTablet for tablet 9dbb492c5c7241e4b2b627c84e3bc7b4 (DEFAULT_TABLE table=test-workload [id=518487350d154b0da0f08553c918e2dd]), partition=RANGE (key) PARTITION VALUES < 214748364
I20260709 14:52:52.592480  6910 data_dirs.cc:400] Could only allocate 1 dirs of requested 3 for tablet 2c8d36445c784e7e8b13ae5447d24622. 1 dirs total, 0 dirs full, 0 dirs failed
I20260709 14:52:52.592800  6839 tablet_service.cc:1511] Processing CreateTablet for tablet 9dbb492c5c7241e4b2b627c84e3bc7b4 (DEFAULT_TABLE table=test-workload [id=518487350d154b0da0f08553c918e2dd]), partition=RANGE (key) PARTITION VALUES < 214748364
I20260709 14:52:52.593991  6839 data_dirs.cc:400] Could only allocate 1 dirs of requested 3 for tablet 9dbb492c5c7241e4b2b627c84e3bc7b4. 1 dirs total, 0 dirs full, 0 dirs failed
I20260709 14:52:52.593796  6912 tablet_service.cc:1511] Processing CreateTablet for tablet 6a7e84980c8048258ae302a79a482ce9 (DEFAULT_TABLE table=test-workload [id=518487350d154b0da0f08553c918e2dd]), partition=RANGE (key) PARTITION 214748364 <= VALUES < 429496728
I20260709 14:52:52.595016  6912 data_dirs.cc:400] Could only allocate 1 dirs of requested 3 for tablet 6a7e84980c8048258ae302a79a482ce9. 1 dirs total, 0 dirs full, 0 dirs failed
I20260709 14:52:52.596714  6838 tablet_service.cc:1511] Processing CreateTablet for tablet 6a7e84980c8048258ae302a79a482ce9 (DEFAULT_TABLE table=test-workload [id=518487350d154b0da0f08553c918e2dd]), partition=RANGE (key) PARTITION 214748364 <= VALUES < 429496728
I20260709 14:52:52.596944  6909 tablet_service.cc:1511] Processing CreateTablet for tablet 0443db6dd3bc47c6bce964f2198babb2 (DEFAULT_TABLE table=test-workload [id=518487350d154b0da0f08553c918e2dd]), partition=RANGE (key) PARTITION 858993456 <= VALUES < 1073741820
I20260709 14:52:52.597908  6838 data_dirs.cc:400] Could only allocate 1 dirs of requested 3 for tablet 6a7e84980c8048258ae302a79a482ce9. 1 dirs total, 0 dirs full, 0 dirs failed
I20260709 14:52:52.598243  6909 data_dirs.cc:400] Could only allocate 1 dirs of requested 3 for tablet 0443db6dd3bc47c6bce964f2198babb2. 1 dirs total, 0 dirs full, 0 dirs failed
I20260709 14:52:52.599345  6913 data_dirs.cc:400] Could only allocate 1 dirs of requested 3 for tablet 9dbb492c5c7241e4b2b627c84e3bc7b4. 1 dirs total, 0 dirs full, 0 dirs failed
I20260709 14:52:52.600150  6908 tablet_service.cc:1511] Processing CreateTablet for tablet 2b8ce692df7e43e9b2b19e5c326ade03 (DEFAULT_TABLE table=test-workload [id=518487350d154b0da0f08553c918e2dd]), partition=RANGE (key) PARTITION 1073741820 <= VALUES < 1288490184
I20260709 14:52:52.601446  6908 data_dirs.cc:400] Could only allocate 1 dirs of requested 3 for tablet 2b8ce692df7e43e9b2b19e5c326ade03. 1 dirs total, 0 dirs full, 0 dirs failed
I20260709 14:52:52.601099  6837 tablet_service.cc:1511] Processing CreateTablet for tablet 4055d848009e4f65a87c6edae99b6b65 (DEFAULT_TABLE table=test-workload [id=518487350d154b0da0f08553c918e2dd]), partition=RANGE (key) PARTITION 429496728 <= VALUES < 644245092
I20260709 14:52:52.602430  6837 data_dirs.cc:400] Could only allocate 1 dirs of requested 3 for tablet 4055d848009e4f65a87c6edae99b6b65. 1 dirs total, 0 dirs full, 0 dirs failed
I20260709 14:52:52.603417  6834 tablet_service.cc:1511] Processing CreateTablet for tablet 2b8ce692df7e43e9b2b19e5c326ade03 (DEFAULT_TABLE table=test-workload [id=518487350d154b0da0f08553c918e2dd]), partition=RANGE (key) PARTITION 1073741820 <= VALUES < 1288490184
I20260709 14:52:52.604262  6836 tablet_service.cc:1511] Processing CreateTablet for tablet 2c8d36445c784e7e8b13ae5447d24622 (DEFAULT_TABLE table=test-workload [id=518487350d154b0da0f08553c918e2dd]), partition=RANGE (key) PARTITION 644245092 <= VALUES < 858993456
I20260709 14:52:52.604839  6834 data_dirs.cc:400] Could only allocate 1 dirs of requested 3 for tablet 2b8ce692df7e43e9b2b19e5c326ade03. 1 dirs total, 0 dirs full, 0 dirs failed
I20260709 14:52:52.605569  6836 data_dirs.cc:400] Could only allocate 1 dirs of requested 3 for tablet 2c8d36445c784e7e8b13ae5447d24622. 1 dirs total, 0 dirs full, 0 dirs failed
I20260709 14:52:52.607366  6835 tablet_service.cc:1511] Processing CreateTablet for tablet 0443db6dd3bc47c6bce964f2198babb2 (DEFAULT_TABLE table=test-workload [id=518487350d154b0da0f08553c918e2dd]), partition=RANGE (key) PARTITION 858993456 <= VALUES < 1073741820
I20260709 14:52:52.608680  6835 data_dirs.cc:400] Could only allocate 1 dirs of requested 3 for tablet 0443db6dd3bc47c6bce964f2198babb2. 1 dirs total, 0 dirs full, 0 dirs failed
I20260709 14:52:52.596714  6911 tablet_service.cc:1511] Processing CreateTablet for tablet 4055d848009e4f65a87c6edae99b6b65 (DEFAULT_TABLE table=test-workload [id=518487350d154b0da0f08553c918e2dd]), partition=RANGE (key) PARTITION 429496728 <= VALUES < 644245092
I20260709 14:52:52.610730  6911 data_dirs.cc:400] Could only allocate 1 dirs of requested 3 for tablet 4055d848009e4f65a87c6edae99b6b65. 1 dirs total, 0 dirs full, 0 dirs failed
I20260709 14:52:52.630635  6907 tablet_service.cc:1511] Processing CreateTablet for tablet 13875cb5f513412d9ba7c637a0f4b1a3 (DEFAULT_TABLE table=test-workload [id=518487350d154b0da0f08553c918e2dd]), partition=RANGE (key) PARTITION 1288490184 <= VALUES < 1503238548
I20260709 14:52:52.632041  6907 data_dirs.cc:400] Could only allocate 1 dirs of requested 3 for tablet 13875cb5f513412d9ba7c637a0f4b1a3. 1 dirs total, 0 dirs full, 0 dirs failed
I20260709 14:52:52.633926  6830 tablet_service.cc:1511] Processing CreateTablet for tablet 3b64350b7c8c447eb9cc23909e7eab20 (DEFAULT_TABLE table=test-workload [id=518487350d154b0da0f08553c918e2dd]), partition=RANGE (key) PARTITION 1932735276 <= VALUES
I20260709 14:52:52.635267  6830 data_dirs.cc:400] Could only allocate 1 dirs of requested 3 for tablet 3b64350b7c8c447eb9cc23909e7eab20. 1 dirs total, 0 dirs full, 0 dirs failed
I20260709 14:52:52.636905  6906 tablet_service.cc:1511] Processing CreateTablet for tablet 064ec722a0674c2994f90983e6987fd4 (DEFAULT_TABLE table=test-workload [id=518487350d154b0da0f08553c918e2dd]), partition=RANGE (key) PARTITION 1503238548 <= VALUES < 1717986912
I20260709 14:52:52.638221  6906 data_dirs.cc:400] Could only allocate 1 dirs of requested 3 for tablet 064ec722a0674c2994f90983e6987fd4. 1 dirs total, 0 dirs full, 0 dirs failed
I20260709 14:52:52.640934  6905 tablet_service.cc:1511] Processing CreateTablet for tablet 965770ad6a164adbbd97a1166a35c84d (DEFAULT_TABLE table=test-workload [id=518487350d154b0da0f08553c918e2dd]), partition=RANGE (key) PARTITION 1717986912 <= VALUES < 1932735276
I20260709 14:52:52.642231  6905 data_dirs.cc:400] Could only allocate 1 dirs of requested 3 for tablet 965770ad6a164adbbd97a1166a35c84d. 1 dirs total, 0 dirs full, 0 dirs failed
I20260709 14:52:52.644867  6904 tablet_service.cc:1511] Processing CreateTablet for tablet 3b64350b7c8c447eb9cc23909e7eab20 (DEFAULT_TABLE table=test-workload [id=518487350d154b0da0f08553c918e2dd]), partition=RANGE (key) PARTITION 1932735276 <= VALUES
I20260709 14:52:52.646127  6904 data_dirs.cc:400] Could only allocate 1 dirs of requested 3 for tablet 3b64350b7c8c447eb9cc23909e7eab20. 1 dirs total, 0 dirs full, 0 dirs failed
I20260709 14:52:52.648829  6832 tablet_service.cc:1511] Processing CreateTablet for tablet 064ec722a0674c2994f90983e6987fd4 (DEFAULT_TABLE table=test-workload [id=518487350d154b0da0f08553c918e2dd]), partition=RANGE (key) PARTITION 1503238548 <= VALUES < 1717986912
I20260709 14:52:52.650025  6832 data_dirs.cc:400] Could only allocate 1 dirs of requested 3 for tablet 064ec722a0674c2994f90983e6987fd4. 1 dirs total, 0 dirs full, 0 dirs failed
I20260709 14:52:52.651878  6831 tablet_service.cc:1511] Processing CreateTablet for tablet 965770ad6a164adbbd97a1166a35c84d (DEFAULT_TABLE table=test-workload [id=518487350d154b0da0f08553c918e2dd]), partition=RANGE (key) PARTITION 1717986912 <= VALUES < 1932735276
I20260709 14:52:52.653100  6831 data_dirs.cc:400] Could only allocate 1 dirs of requested 3 for tablet 965770ad6a164adbbd97a1166a35c84d. 1 dirs total, 0 dirs full, 0 dirs failed
I20260709 14:52:52.654235  6833 tablet_service.cc:1511] Processing CreateTablet for tablet 13875cb5f513412d9ba7c637a0f4b1a3 (DEFAULT_TABLE table=test-workload [id=518487350d154b0da0f08553c918e2dd]), partition=RANGE (key) PARTITION 1288490184 <= VALUES < 1503238548
I20260709 14:52:52.655481  6833 data_dirs.cc:400] Could only allocate 1 dirs of requested 3 for tablet 13875cb5f513412d9ba7c637a0f4b1a3. 1 dirs total, 0 dirs full, 0 dirs failed
I20260709 14:52:52.720649  6963 tablet_bootstrap.cc:492] T 9dbb492c5c7241e4b2b627c84e3bc7b4 P bea7f407218a48b986ef5315fb66e48f: No bootstrap required, opened a new log
I20260709 14:52:52.721109  6963 ts_tablet_manager.cc:1403] T 9dbb492c5c7241e4b2b627c84e3bc7b4 P bea7f407218a48b986ef5315fb66e48f: Time spent bootstrapping tablet: real 0.143s	user 0.039s	sys 0.031s
I20260709 14:52:52.723886  6963 raft_consensus.cc:359] T 9dbb492c5c7241e4b2b627c84e3bc7b4 P bea7f407218a48b986ef5315fb66e48f [term 0 FOLLOWER]: Replica starting. Triggering 0 pending ops. Active config: opid_index: -1 OBSOLETE_local: false peers { permanent_uuid: "bea7f407218a48b986ef5315fb66e48f" member_type: VOTER last_known_addr { host: "127.5.255.193" port: 42885 } } peers { permanent_uuid: "be158872cc6f437690dd042f518cc7b2" member_type: VOTER last_known_addr { host: "127.5.255.195" port: 43521 } } peers { permanent_uuid: "f8c2ea059bbf4b95b87f5315cb56c763" member_type: VOTER last_known_addr { host: "127.5.255.194" port: 42443 } }
I20260709 14:52:52.724570  6963 raft_consensus.cc:385] T 9dbb492c5c7241e4b2b627c84e3bc7b4 P bea7f407218a48b986ef5315fb66e48f [term 0 FOLLOWER]: Consensus starting up: Expiring failure detector timer to make a prompt election more likely
I20260709 14:52:52.724859  6963 raft_consensus.cc:740] T 9dbb492c5c7241e4b2b627c84e3bc7b4 P bea7f407218a48b986ef5315fb66e48f [term 0 FOLLOWER]: Becoming Follower/Learner. State: Replica: bea7f407218a48b986ef5315fb66e48f, State: Initialized, Role: FOLLOWER
I20260709 14:52:52.725549  6963 consensus_queue.cc:260] T 9dbb492c5c7241e4b2b627c84e3bc7b4 P bea7f407218a48b986ef5315fb66e48f [NON_LEADER]: Queue going to NON_LEADER mode. State: All replicated index: 0, Majority replicated index: 0, Committed index: 0, Last appended: 0.0, Last appended by leader: 0, Current term: 0, Majority size: -1, State: 0, Mode: NON_LEADER, active raft config: opid_index: -1 OBSOLETE_local: false peers { permanent_uuid: "bea7f407218a48b986ef5315fb66e48f" member_type: VOTER last_known_addr { host: "127.5.255.193" port: 42885 } } peers { permanent_uuid: "be158872cc6f437690dd042f518cc7b2" member_type: VOTER last_known_addr { host: "127.5.255.195" port: 43521 } } peers { permanent_uuid: "f8c2ea059bbf4b95b87f5315cb56c763" member_type: VOTER last_known_addr { host: "127.5.255.194" port: 42443 } }
I20260709 14:52:52.732519  6966 tablet_bootstrap.cc:492] T 6a7e84980c8048258ae302a79a482ce9 P be158872cc6f437690dd042f518cc7b2: Bootstrap starting.
I20260709 14:52:52.739105  6965 tablet_bootstrap.cc:492] T 4055d848009e4f65a87c6edae99b6b65 P f8c2ea059bbf4b95b87f5315cb56c763: Bootstrap starting.
I20260709 14:52:52.747411  6966 tablet_bootstrap.cc:654] T 6a7e84980c8048258ae302a79a482ce9 P be158872cc6f437690dd042f518cc7b2: Neither blocks nor log segments found. Creating new log.
I20260709 14:52:52.747586  6965 tablet_bootstrap.cc:654] T 4055d848009e4f65a87c6edae99b6b65 P f8c2ea059bbf4b95b87f5315cb56c763: Neither blocks nor log segments found. Creating new log.
I20260709 14:52:52.747822  6963 ts_tablet_manager.cc:1434] T 9dbb492c5c7241e4b2b627c84e3bc7b4 P bea7f407218a48b986ef5315fb66e48f: Time spent starting tablet: real 0.026s	user 0.011s	sys 0.000s
I20260709 14:52:52.747890  6799 heartbeater.cc:499] Master 127.5.255.254:41187 was elected leader, sending a full tablet report...
I20260709 14:52:52.748880  6963 tablet_bootstrap.cc:492] T 6a7e84980c8048258ae302a79a482ce9 P bea7f407218a48b986ef5315fb66e48f: Bootstrap starting.
I20260709 14:52:52.754963  6963 tablet_bootstrap.cc:654] T 6a7e84980c8048258ae302a79a482ce9 P bea7f407218a48b986ef5315fb66e48f: Neither blocks nor log segments found. Creating new log.
I20260709 14:52:52.775434  6965 tablet_bootstrap.cc:492] T 4055d848009e4f65a87c6edae99b6b65 P f8c2ea059bbf4b95b87f5315cb56c763: No bootstrap required, opened a new log
I20260709 14:52:52.775926  6965 ts_tablet_manager.cc:1403] T 4055d848009e4f65a87c6edae99b6b65 P f8c2ea059bbf4b95b87f5315cb56c763: Time spent bootstrapping tablet: real 0.037s	user 0.019s	sys 0.014s
I20260709 14:52:52.776304  6966 tablet_bootstrap.cc:492] T 6a7e84980c8048258ae302a79a482ce9 P be158872cc6f437690dd042f518cc7b2: No bootstrap required, opened a new log
I20260709 14:52:52.776772  6966 ts_tablet_manager.cc:1403] T 6a7e84980c8048258ae302a79a482ce9 P be158872cc6f437690dd042f518cc7b2: Time spent bootstrapping tablet: real 0.045s	user 0.019s	sys 0.015s
I20260709 14:52:52.777190  6963 tablet_bootstrap.cc:492] T 6a7e84980c8048258ae302a79a482ce9 P bea7f407218a48b986ef5315fb66e48f: No bootstrap required, opened a new log
I20260709 14:52:52.777631  6963 ts_tablet_manager.cc:1403] T 6a7e84980c8048258ae302a79a482ce9 P bea7f407218a48b986ef5315fb66e48f: Time spent bootstrapping tablet: real 0.029s	user 0.011s	sys 0.014s
I20260709 14:52:52.778065  6965 raft_consensus.cc:359] T 4055d848009e4f65a87c6edae99b6b65 P f8c2ea059bbf4b95b87f5315cb56c763 [term 0 FOLLOWER]: Replica starting. Triggering 0 pending ops. Active config: opid_index: -1 OBSOLETE_local: false peers { permanent_uuid: "bea7f407218a48b986ef5315fb66e48f" member_type: VOTER last_known_addr { host: "127.5.255.193" port: 42885 } } peers { permanent_uuid: "f8c2ea059bbf4b95b87f5315cb56c763" member_type: VOTER last_known_addr { host: "127.5.255.194" port: 42443 } } peers { permanent_uuid: "be158872cc6f437690dd042f518cc7b2" member_type: VOTER last_known_addr { host: "127.5.255.195" port: 43521 } }
I20260709 14:52:52.778575  6965 raft_consensus.cc:385] T 4055d848009e4f65a87c6edae99b6b65 P f8c2ea059bbf4b95b87f5315cb56c763 [term 0 FOLLOWER]: Consensus starting up: Expiring failure detector timer to make a prompt election more likely
I20260709 14:52:52.778792  6965 raft_consensus.cc:740] T 4055d848009e4f65a87c6edae99b6b65 P f8c2ea059bbf4b95b87f5315cb56c763 [term 0 FOLLOWER]: Becoming Follower/Learner. State: Replica: f8c2ea059bbf4b95b87f5315cb56c763, State: Initialized, Role: FOLLOWER
I20260709 14:52:52.779363  6965 consensus_queue.cc:260] T 4055d848009e4f65a87c6edae99b6b65 P f8c2ea059bbf4b95b87f5315cb56c763 [NON_LEADER]: Queue going to NON_LEADER mode. State: All replicated index: 0, Majority replicated index: 0, Committed index: 0, Last appended: 0.0, Last appended by leader: 0, Current term: 0, Majority size: -1, State: 0, Mode: NON_LEADER, active raft config: opid_index: -1 OBSOLETE_local: false peers { permanent_uuid: "bea7f407218a48b986ef5315fb66e48f" member_type: VOTER last_known_addr { host: "127.5.255.193" port: 42885 } } peers { permanent_uuid: "f8c2ea059bbf4b95b87f5315cb56c763" member_type: VOTER last_known_addr { host: "127.5.255.194" port: 42443 } } peers { permanent_uuid: "be158872cc6f437690dd042f518cc7b2" member_type: VOTER last_known_addr { host: "127.5.255.195" port: 43521 } }
I20260709 14:52:52.779446  6966 raft_consensus.cc:359] T 6a7e84980c8048258ae302a79a482ce9 P be158872cc6f437690dd042f518cc7b2 [term 0 FOLLOWER]: Replica starting. Triggering 0 pending ops. Active config: opid_index: -1 OBSOLETE_local: false peers { permanent_uuid: "bea7f407218a48b986ef5315fb66e48f" member_type: VOTER last_known_addr { host: "127.5.255.193" port: 42885 } } peers { permanent_uuid: "f8c2ea059bbf4b95b87f5315cb56c763" member_type: VOTER last_known_addr { host: "127.5.255.194" port: 42443 } } peers { permanent_uuid: "be158872cc6f437690dd042f518cc7b2" member_type: VOTER last_known_addr { host: "127.5.255.195" port: 43521 } }
I20260709 14:52:52.780335  6966 raft_consensus.cc:385] T 6a7e84980c8048258ae302a79a482ce9 P be158872cc6f437690dd042f518cc7b2 [term 0 FOLLOWER]: Consensus starting up: Expiring failure detector timer to make a prompt election more likely
I20260709 14:52:52.780246  6963 raft_consensus.cc:359] T 6a7e84980c8048258ae302a79a482ce9 P bea7f407218a48b986ef5315fb66e48f [term 0 FOLLOWER]: Replica starting. Triggering 0 pending ops. Active config: opid_index: -1 OBSOLETE_local: false peers { permanent_uuid: "bea7f407218a48b986ef5315fb66e48f" member_type: VOTER last_known_addr { host: "127.5.255.193" port: 42885 } } peers { permanent_uuid: "f8c2ea059bbf4b95b87f5315cb56c763" member_type: VOTER last_known_addr { host: "127.5.255.194" port: 42443 } } peers { permanent_uuid: "be158872cc6f437690dd042f518cc7b2" member_type: VOTER last_known_addr { host: "127.5.255.195" port: 43521 } }
I20260709 14:52:52.780690  6966 raft_consensus.cc:740] T 6a7e84980c8048258ae302a79a482ce9 P be158872cc6f437690dd042f518cc7b2 [term 0 FOLLOWER]: Becoming Follower/Learner. State: Replica: be158872cc6f437690dd042f518cc7b2, State: Initialized, Role: FOLLOWER
I20260709 14:52:52.780957  6963 raft_consensus.cc:385] T 6a7e84980c8048258ae302a79a482ce9 P bea7f407218a48b986ef5315fb66e48f [term 0 FOLLOWER]: Consensus starting up: Expiring failure detector timer to make a prompt election more likely
I20260709 14:52:52.781250  6963 raft_consensus.cc:740] T 6a7e84980c8048258ae302a79a482ce9 P bea7f407218a48b986ef5315fb66e48f [term 0 FOLLOWER]: Becoming Follower/Learner. State: Replica: bea7f407218a48b986ef5315fb66e48f, State: Initialized, Role: FOLLOWER
I20260709 14:52:52.781392  6966 consensus_queue.cc:260] T 6a7e84980c8048258ae302a79a482ce9 P be158872cc6f437690dd042f518cc7b2 [NON_LEADER]: Queue going to NON_LEADER mode. State: All replicated index: 0, Majority replicated index: 0, Committed index: 0, Last appended: 0.0, Last appended by leader: 0, Current term: 0, Majority size: -1, State: 0, Mode: NON_LEADER, active raft config: opid_index: -1 OBSOLETE_local: false peers { permanent_uuid: "bea7f407218a48b986ef5315fb66e48f" member_type: VOTER last_known_addr { host: "127.5.255.193" port: 42885 } } peers { permanent_uuid: "f8c2ea059bbf4b95b87f5315cb56c763" member_type: VOTER last_known_addr { host: "127.5.255.194" port: 42443 } } peers { permanent_uuid: "be158872cc6f437690dd042f518cc7b2" member_type: VOTER last_known_addr { host: "127.5.255.195" port: 43521 } }
I20260709 14:52:52.781957  6963 consensus_queue.cc:260] T 6a7e84980c8048258ae302a79a482ce9 P bea7f407218a48b986ef5315fb66e48f [NON_LEADER]: Queue going to NON_LEADER mode. State: All replicated index: 0, Majority replicated index: 0, Committed index: 0, Last appended: 0.0, Last appended by leader: 0, Current term: 0, Majority size: -1, State: 0, Mode: NON_LEADER, active raft config: opid_index: -1 OBSOLETE_local: false peers { permanent_uuid: "bea7f407218a48b986ef5315fb66e48f" member_type: VOTER last_known_addr { host: "127.5.255.193" port: 42885 } } peers { permanent_uuid: "f8c2ea059bbf4b95b87f5315cb56c763" member_type: VOTER last_known_addr { host: "127.5.255.194" port: 42443 } } peers { permanent_uuid: "be158872cc6f437690dd042f518cc7b2" member_type: VOTER last_known_addr { host: "127.5.255.195" port: 43521 } }
I20260709 14:52:52.784355  6963 ts_tablet_manager.cc:1434] T 6a7e84980c8048258ae302a79a482ce9 P bea7f407218a48b986ef5315fb66e48f: Time spent starting tablet: real 0.006s	user 0.006s	sys 0.002s
I20260709 14:52:52.785250  6963 tablet_bootstrap.cc:492] T 0443db6dd3bc47c6bce964f2198babb2 P bea7f407218a48b986ef5315fb66e48f: Bootstrap starting.
I20260709 14:52:52.788689  6965 ts_tablet_manager.cc:1434] T 4055d848009e4f65a87c6edae99b6b65 P f8c2ea059bbf4b95b87f5315cb56c763: Time spent starting tablet: real 0.013s	user 0.004s	sys 0.006s
I20260709 14:52:52.789354  6874 heartbeater.cc:499] Master 127.5.255.254:41187 was elected leader, sending a full tablet report...
I20260709 14:52:52.789575  6965 tablet_bootstrap.cc:492] T 2c8d36445c784e7e8b13ae5447d24622 P f8c2ea059bbf4b95b87f5315cb56c763: Bootstrap starting.
I20260709 14:52:52.791563  6963 tablet_bootstrap.cc:654] T 0443db6dd3bc47c6bce964f2198babb2 P bea7f407218a48b986ef5315fb66e48f: Neither blocks nor log segments found. Creating new log.
I20260709 14:52:52.796222  6965 tablet_bootstrap.cc:654] T 2c8d36445c784e7e8b13ae5447d24622 P f8c2ea059bbf4b95b87f5315cb56c763: Neither blocks nor log segments found. Creating new log.
I20260709 14:52:52.802946  6963 tablet_bootstrap.cc:492] T 0443db6dd3bc47c6bce964f2198babb2 P bea7f407218a48b986ef5315fb66e48f: No bootstrap required, opened a new log
I20260709 14:52:52.803459  6963 ts_tablet_manager.cc:1403] T 0443db6dd3bc47c6bce964f2198babb2 P bea7f407218a48b986ef5315fb66e48f: Time spent bootstrapping tablet: real 0.018s	user 0.011s	sys 0.005s
I20260709 14:52:52.806294  6963 raft_consensus.cc:359] T 0443db6dd3bc47c6bce964f2198babb2 P bea7f407218a48b986ef5315fb66e48f [term 0 FOLLOWER]: Replica starting. Triggering 0 pending ops. Active config: opid_index: -1 OBSOLETE_local: false peers { permanent_uuid: "bea7f407218a48b986ef5315fb66e48f" member_type: VOTER last_known_addr { host: "127.5.255.193" port: 42885 } } peers { permanent_uuid: "f8c2ea059bbf4b95b87f5315cb56c763" member_type: VOTER last_known_addr { host: "127.5.255.194" port: 42443 } } peers { permanent_uuid: "be158872cc6f437690dd042f518cc7b2" member_type: VOTER last_known_addr { host: "127.5.255.195" port: 43521 } }
I20260709 14:52:52.807018  6963 raft_consensus.cc:385] T 0443db6dd3bc47c6bce964f2198babb2 P bea7f407218a48b986ef5315fb66e48f [term 0 FOLLOWER]: Consensus starting up: Expiring failure detector timer to make a prompt election more likely
I20260709 14:52:52.807332  6965 tablet_bootstrap.cc:492] T 2c8d36445c784e7e8b13ae5447d24622 P f8c2ea059bbf4b95b87f5315cb56c763: No bootstrap required, opened a new log
I20260709 14:52:52.807307  6963 raft_consensus.cc:740] T 0443db6dd3bc47c6bce964f2198babb2 P bea7f407218a48b986ef5315fb66e48f [term 0 FOLLOWER]: Becoming Follower/Learner. State: Replica: bea7f407218a48b986ef5315fb66e48f, State: Initialized, Role: FOLLOWER
I20260709 14:52:52.807883  6965 ts_tablet_manager.cc:1403] T 2c8d36445c784e7e8b13ae5447d24622 P f8c2ea059bbf4b95b87f5315cb56c763: Time spent bootstrapping tablet: real 0.018s	user 0.017s	sys 0.000s
I20260709 14:52:52.808169  6963 consensus_queue.cc:260] T 0443db6dd3bc47c6bce964f2198babb2 P bea7f407218a48b986ef5315fb66e48f [NON_LEADER]: Queue going to NON_LEADER mode. State: All replicated index: 0, Majority replicated index: 0, Committed index: 0, Last appended: 0.0, Last appended by leader: 0, Current term: 0, Majority size: -1, State: 0, Mode: NON_LEADER, active raft config: opid_index: -1 OBSOLETE_local: false peers { permanent_uuid: "bea7f407218a48b986ef5315fb66e48f" member_type: VOTER last_known_addr { host: "127.5.255.193" port: 42885 } } peers { permanent_uuid: "f8c2ea059bbf4b95b87f5315cb56c763" member_type: VOTER last_known_addr { host: "127.5.255.194" port: 42443 } } peers { permanent_uuid: "be158872cc6f437690dd042f518cc7b2" member_type: VOTER last_known_addr { host: "127.5.255.195" port: 43521 } }
I20260709 14:52:52.810627  6963 ts_tablet_manager.cc:1434] T 0443db6dd3bc47c6bce964f2198babb2 P bea7f407218a48b986ef5315fb66e48f: Time spent starting tablet: real 0.007s	user 0.005s	sys 0.000s
I20260709 14:52:52.810698  6965 raft_consensus.cc:359] T 2c8d36445c784e7e8b13ae5447d24622 P f8c2ea059bbf4b95b87f5315cb56c763 [term 0 FOLLOWER]: Replica starting. Triggering 0 pending ops. Active config: opid_index: -1 OBSOLETE_local: false peers { permanent_uuid: "bea7f407218a48b986ef5315fb66e48f" member_type: VOTER last_known_addr { host: "127.5.255.193" port: 42885 } } peers { permanent_uuid: "f8c2ea059bbf4b95b87f5315cb56c763" member_type: VOTER last_known_addr { host: "127.5.255.194" port: 42443 } } peers { permanent_uuid: "be158872cc6f437690dd042f518cc7b2" member_type: VOTER last_known_addr { host: "127.5.255.195" port: 43521 } }
I20260709 14:52:52.811456  6965 raft_consensus.cc:385] T 2c8d36445c784e7e8b13ae5447d24622 P f8c2ea059bbf4b95b87f5315cb56c763 [term 0 FOLLOWER]: Consensus starting up: Expiring failure detector timer to make a prompt election more likely
I20260709 14:52:52.811626  6963 tablet_bootstrap.cc:492] T 13875cb5f513412d9ba7c637a0f4b1a3 P bea7f407218a48b986ef5315fb66e48f: Bootstrap starting.
I20260709 14:52:52.811774  6965 raft_consensus.cc:740] T 2c8d36445c784e7e8b13ae5447d24622 P f8c2ea059bbf4b95b87f5315cb56c763 [term 0 FOLLOWER]: Becoming Follower/Learner. State: Replica: f8c2ea059bbf4b95b87f5315cb56c763, State: Initialized, Role: FOLLOWER
I20260709 14:52:52.812638  6965 consensus_queue.cc:260] T 2c8d36445c784e7e8b13ae5447d24622 P f8c2ea059bbf4b95b87f5315cb56c763 [NON_LEADER]: Queue going to NON_LEADER mode. State: All replicated index: 0, Majority replicated index: 0, Committed index: 0, Last appended: 0.0, Last appended by leader: 0, Current term: 0, Majority size: -1, State: 0, Mode: NON_LEADER, active raft config: opid_index: -1 OBSOLETE_local: false peers { permanent_uuid: "bea7f407218a48b986ef5315fb66e48f" member_type: VOTER last_known_addr { host: "127.5.255.193" port: 42885 } } peers { permanent_uuid: "f8c2ea059bbf4b95b87f5315cb56c763" member_type: VOTER last_known_addr { host: "127.5.255.194" port: 42443 } } peers { permanent_uuid: "be158872cc6f437690dd042f518cc7b2" member_type: VOTER last_known_addr { host: "127.5.255.195" port: 43521 } }
I20260709 14:52:52.814925  6965 ts_tablet_manager.cc:1434] T 2c8d36445c784e7e8b13ae5447d24622 P f8c2ea059bbf4b95b87f5315cb56c763: Time spent starting tablet: real 0.007s	user 0.006s	sys 0.000s
I20260709 14:52:52.815838  6965 tablet_bootstrap.cc:492] T 9dbb492c5c7241e4b2b627c84e3bc7b4 P f8c2ea059bbf4b95b87f5315cb56c763: Bootstrap starting.
I20260709 14:52:52.818233  6963 tablet_bootstrap.cc:654] T 13875cb5f513412d9ba7c637a0f4b1a3 P bea7f407218a48b986ef5315fb66e48f: Neither blocks nor log segments found. Creating new log.
I20260709 14:52:52.821914  6965 tablet_bootstrap.cc:654] T 9dbb492c5c7241e4b2b627c84e3bc7b4 P f8c2ea059bbf4b95b87f5315cb56c763: Neither blocks nor log segments found. Creating new log.
I20260709 14:52:52.830073  6965 tablet_bootstrap.cc:492] T 9dbb492c5c7241e4b2b627c84e3bc7b4 P f8c2ea059bbf4b95b87f5315cb56c763: No bootstrap required, opened a new log
I20260709 14:52:52.830487  6965 ts_tablet_manager.cc:1403] T 9dbb492c5c7241e4b2b627c84e3bc7b4 P f8c2ea059bbf4b95b87f5315cb56c763: Time spent bootstrapping tablet: real 0.015s	user 0.006s	sys 0.006s
I20260709 14:52:52.831517  6963 tablet_bootstrap.cc:492] T 13875cb5f513412d9ba7c637a0f4b1a3 P bea7f407218a48b986ef5315fb66e48f: No bootstrap required, opened a new log
I20260709 14:52:52.832013  6963 ts_tablet_manager.cc:1403] T 13875cb5f513412d9ba7c637a0f4b1a3 P bea7f407218a48b986ef5315fb66e48f: Time spent bootstrapping tablet: real 0.021s	user 0.014s	sys 0.004s
I20260709 14:52:52.833168  6965 raft_consensus.cc:359] T 9dbb492c5c7241e4b2b627c84e3bc7b4 P f8c2ea059bbf4b95b87f5315cb56c763 [term 0 FOLLOWER]: Replica starting. Triggering 0 pending ops. Active config: opid_index: -1 OBSOLETE_local: false peers { permanent_uuid: "bea7f407218a48b986ef5315fb66e48f" member_type: VOTER last_known_addr { host: "127.5.255.193" port: 42885 } } peers { permanent_uuid: "be158872cc6f437690dd042f518cc7b2" member_type: VOTER last_known_addr { host: "127.5.255.195" port: 43521 } } peers { permanent_uuid: "f8c2ea059bbf4b95b87f5315cb56c763" member_type: VOTER last_known_addr { host: "127.5.255.194" port: 42443 } }
I20260709 14:52:52.833878  6965 raft_consensus.cc:385] T 9dbb492c5c7241e4b2b627c84e3bc7b4 P f8c2ea059bbf4b95b87f5315cb56c763 [term 0 FOLLOWER]: Consensus starting up: Expiring failure detector timer to make a prompt election more likely
I20260709 14:52:52.834174  6965 raft_consensus.cc:740] T 9dbb492c5c7241e4b2b627c84e3bc7b4 P f8c2ea059bbf4b95b87f5315cb56c763 [term 0 FOLLOWER]: Becoming Follower/Learner. State: Replica: f8c2ea059bbf4b95b87f5315cb56c763, State: Initialized, Role: FOLLOWER
I20260709 14:52:52.834730  6963 raft_consensus.cc:359] T 13875cb5f513412d9ba7c637a0f4b1a3 P bea7f407218a48b986ef5315fb66e48f [term 0 FOLLOWER]: Replica starting. Triggering 0 pending ops. Active config: opid_index: -1 OBSOLETE_local: false peers { permanent_uuid: "bea7f407218a48b986ef5315fb66e48f" member_type: VOTER last_known_addr { host: "127.5.255.193" port: 42885 } } peers { permanent_uuid: "f8c2ea059bbf4b95b87f5315cb56c763" member_type: VOTER last_known_addr { host: "127.5.255.194" port: 42443 } } peers { permanent_uuid: "be158872cc6f437690dd042f518cc7b2" member_type: VOTER last_known_addr { host: "127.5.255.195" port: 43521 } }
I20260709 14:52:52.834976  6965 consensus_queue.cc:260] T 9dbb492c5c7241e4b2b627c84e3bc7b4 P f8c2ea059bbf4b95b87f5315cb56c763 [NON_LEADER]: Queue going to NON_LEADER mode. State: All replicated index: 0, Majority replicated index: 0, Committed index: 0, Last appended: 0.0, Last appended by leader: 0, Current term: 0, Majority size: -1, State: 0, Mode: NON_LEADER, active raft config: opid_index: -1 OBSOLETE_local: false peers { permanent_uuid: "bea7f407218a48b986ef5315fb66e48f" member_type: VOTER last_known_addr { host: "127.5.255.193" port: 42885 } } peers { permanent_uuid: "be158872cc6f437690dd042f518cc7b2" member_type: VOTER last_known_addr { host: "127.5.255.195" port: 43521 } } peers { permanent_uuid: "f8c2ea059bbf4b95b87f5315cb56c763" member_type: VOTER last_known_addr { host: "127.5.255.194" port: 42443 } }
I20260709 14:52:52.835469  6963 raft_consensus.cc:385] T 13875cb5f513412d9ba7c637a0f4b1a3 P bea7f407218a48b986ef5315fb66e48f [term 0 FOLLOWER]: Consensus starting up: Expiring failure detector timer to make a prompt election more likely
I20260709 14:52:52.835875  6963 raft_consensus.cc:740] T 13875cb5f513412d9ba7c637a0f4b1a3 P bea7f407218a48b986ef5315fb66e48f [term 0 FOLLOWER]: Becoming Follower/Learner. State: Replica: bea7f407218a48b986ef5315fb66e48f, State: Initialized, Role: FOLLOWER
I20260709 14:52:52.836731  6963 consensus_queue.cc:260] T 13875cb5f513412d9ba7c637a0f4b1a3 P bea7f407218a48b986ef5315fb66e48f [NON_LEADER]: Queue going to NON_LEADER mode. State: All replicated index: 0, Majority replicated index: 0, Committed index: 0, Last appended: 0.0, Last appended by leader: 0, Current term: 0, Majority size: -1, State: 0, Mode: NON_LEADER, active raft config: opid_index: -1 OBSOLETE_local: false peers { permanent_uuid: "bea7f407218a48b986ef5315fb66e48f" member_type: VOTER last_known_addr { host: "127.5.255.193" port: 42885 } } peers { permanent_uuid: "f8c2ea059bbf4b95b87f5315cb56c763" member_type: VOTER last_known_addr { host: "127.5.255.194" port: 42443 } } peers { permanent_uuid: "be158872cc6f437690dd042f518cc7b2" member_type: VOTER last_known_addr { host: "127.5.255.195" port: 43521 } }
I20260709 14:52:52.837396  6965 ts_tablet_manager.cc:1434] T 9dbb492c5c7241e4b2b627c84e3bc7b4 P f8c2ea059bbf4b95b87f5315cb56c763: Time spent starting tablet: real 0.007s	user 0.008s	sys 0.000s
I20260709 14:52:52.838316  6965 tablet_bootstrap.cc:492] T 6a7e84980c8048258ae302a79a482ce9 P f8c2ea059bbf4b95b87f5315cb56c763: Bootstrap starting.
I20260709 14:52:52.839268  6963 ts_tablet_manager.cc:1434] T 13875cb5f513412d9ba7c637a0f4b1a3 P bea7f407218a48b986ef5315fb66e48f: Time spent starting tablet: real 0.007s	user 0.006s	sys 0.000s
I20260709 14:52:52.840199  6963 tablet_bootstrap.cc:492] T 2c8d36445c784e7e8b13ae5447d24622 P bea7f407218a48b986ef5315fb66e48f: Bootstrap starting.
I20260709 14:52:52.846885  6963 tablet_bootstrap.cc:654] T 2c8d36445c784e7e8b13ae5447d24622 P bea7f407218a48b986ef5315fb66e48f: Neither blocks nor log segments found. Creating new log.
I20260709 14:52:52.851213  6965 tablet_bootstrap.cc:654] T 6a7e84980c8048258ae302a79a482ce9 P f8c2ea059bbf4b95b87f5315cb56c763: Neither blocks nor log segments found. Creating new log.
I20260709 14:52:52.851620  6948 heartbeater.cc:499] Master 127.5.255.254:41187 was elected leader, sending a full tablet report...
I20260709 14:52:52.855154  6974 raft_consensus.cc:493] T 6a7e84980c8048258ae302a79a482ce9 P be158872cc6f437690dd042f518cc7b2 [term 0 FOLLOWER]: Starting pre-election (no leader contacted us within the election timeout)
I20260709 14:52:52.855712  6974 raft_consensus.cc:515] T 6a7e84980c8048258ae302a79a482ce9 P be158872cc6f437690dd042f518cc7b2 [term 0 FOLLOWER]: Starting pre-election with config: opid_index: -1 OBSOLETE_local: false peers { permanent_uuid: "bea7f407218a48b986ef5315fb66e48f" member_type: VOTER last_known_addr { host: "127.5.255.193" port: 42885 } } peers { permanent_uuid: "f8c2ea059bbf4b95b87f5315cb56c763" member_type: VOTER last_known_addr { host: "127.5.255.194" port: 42443 } } peers { permanent_uuid: "be158872cc6f437690dd042f518cc7b2" member_type: VOTER last_known_addr { host: "127.5.255.195" port: 43521 } }
I20260709 14:52:52.858647  6965 tablet_bootstrap.cc:492] T 6a7e84980c8048258ae302a79a482ce9 P f8c2ea059bbf4b95b87f5315cb56c763: No bootstrap required, opened a new log
I20260709 14:52:52.859086  6965 ts_tablet_manager.cc:1403] T 6a7e84980c8048258ae302a79a482ce9 P f8c2ea059bbf4b95b87f5315cb56c763: Time spent bootstrapping tablet: real 0.021s	user 0.007s	sys 0.004s
I20260709 14:52:52.860139  6963 tablet_bootstrap.cc:492] T 2c8d36445c784e7e8b13ae5447d24622 P bea7f407218a48b986ef5315fb66e48f: No bootstrap required, opened a new log
I20260709 14:52:52.860709  6963 ts_tablet_manager.cc:1403] T 2c8d36445c784e7e8b13ae5447d24622 P bea7f407218a48b986ef5315fb66e48f: Time spent bootstrapping tablet: real 0.021s	user 0.009s	sys 0.005s
I20260709 14:52:52.862739  6965 raft_consensus.cc:359] T 6a7e84980c8048258ae302a79a482ce9 P f8c2ea059bbf4b95b87f5315cb56c763 [term 0 FOLLOWER]: Replica starting. Triggering 0 pending ops. Active config: opid_index: -1 OBSOLETE_local: false peers { permanent_uuid: "bea7f407218a48b986ef5315fb66e48f" member_type: VOTER last_known_addr { host: "127.5.255.193" port: 42885 } } peers { permanent_uuid: "f8c2ea059bbf4b95b87f5315cb56c763" member_type: VOTER last_known_addr { host: "127.5.255.194" port: 42443 } } peers { permanent_uuid: "be158872cc6f437690dd042f518cc7b2" member_type: VOTER last_known_addr { host: "127.5.255.195" port: 43521 } }
I20260709 14:52:52.863416  6965 raft_consensus.cc:385] T 6a7e84980c8048258ae302a79a482ce9 P f8c2ea059bbf4b95b87f5315cb56c763 [term 0 FOLLOWER]: Consensus starting up: Expiring failure detector timer to make a prompt election more likely
I20260709 14:52:52.863713  6965 raft_consensus.cc:740] T 6a7e84980c8048258ae302a79a482ce9 P f8c2ea059bbf4b95b87f5315cb56c763 [term 0 FOLLOWER]: Becoming Follower/Learner. State: Replica: f8c2ea059bbf4b95b87f5315cb56c763, State: Initialized, Role: FOLLOWER
I20260709 14:52:52.863955  6963 raft_consensus.cc:359] T 2c8d36445c784e7e8b13ae5447d24622 P bea7f407218a48b986ef5315fb66e48f [term 0 FOLLOWER]: Replica starting. Triggering 0 pending ops. Active config: opid_index: -1 OBSOLETE_local: false peers { permanent_uuid: "bea7f407218a48b986ef5315fb66e48f" member_type: VOTER last_known_addr { host: "127.5.255.193" port: 42885 } } peers { permanent_uuid: "f8c2ea059bbf4b95b87f5315cb56c763" member_type: VOTER last_known_addr { host: "127.5.255.194" port: 42443 } } peers { permanent_uuid: "be158872cc6f437690dd042f518cc7b2" member_type: VOTER last_known_addr { host: "127.5.255.195" port: 43521 } }
I20260709 14:52:52.864485  6965 consensus_queue.cc:260] T 6a7e84980c8048258ae302a79a482ce9 P f8c2ea059bbf4b95b87f5315cb56c763 [NON_LEADER]: Queue going to NON_LEADER mode. State: All replicated index: 0, Majority replicated index: 0, Committed index: 0, Last appended: 0.0, Last appended by leader: 0, Current term: 0, Majority size: -1, State: 0, Mode: NON_LEADER, active raft config: opid_index: -1 OBSOLETE_local: false peers { permanent_uuid: "bea7f407218a48b986ef5315fb66e48f" member_type: VOTER last_known_addr { host: "127.5.255.193" port: 42885 } } peers { permanent_uuid: "f8c2ea059bbf4b95b87f5315cb56c763" member_type: VOTER last_known_addr { host: "127.5.255.194" port: 42443 } } peers { permanent_uuid: "be158872cc6f437690dd042f518cc7b2" member_type: VOTER last_known_addr { host: "127.5.255.195" port: 43521 } }
I20260709 14:52:52.864908  6963 raft_consensus.cc:385] T 2c8d36445c784e7e8b13ae5447d24622 P bea7f407218a48b986ef5315fb66e48f [term 0 FOLLOWER]: Consensus starting up: Expiring failure detector timer to make a prompt election more likely
I20260709 14:52:52.865363  6963 raft_consensus.cc:740] T 2c8d36445c784e7e8b13ae5447d24622 P bea7f407218a48b986ef5315fb66e48f [term 0 FOLLOWER]: Becoming Follower/Learner. State: Replica: bea7f407218a48b986ef5315fb66e48f, State: Initialized, Role: FOLLOWER
I20260709 14:52:52.866776  6965 ts_tablet_manager.cc:1434] T 6a7e84980c8048258ae302a79a482ce9 P f8c2ea059bbf4b95b87f5315cb56c763: Time spent starting tablet: real 0.007s	user 0.007s	sys 0.000s
I20260709 14:52:52.866443  6963 consensus_queue.cc:260] T 2c8d36445c784e7e8b13ae5447d24622 P bea7f407218a48b986ef5315fb66e48f [NON_LEADER]: Queue going to NON_LEADER mode. State: All replicated index: 0, Majority replicated index: 0, Committed index: 0, Last appended: 0.0, Last appended by leader: 0, Current term: 0, Majority size: -1, State: 0, Mode: NON_LEADER, active raft config: opid_index: -1 OBSOLETE_local: false peers { permanent_uuid: "bea7f407218a48b986ef5315fb66e48f" member_type: VOTER last_known_addr { host: "127.5.255.193" port: 42885 } } peers { permanent_uuid: "f8c2ea059bbf4b95b87f5315cb56c763" member_type: VOTER last_known_addr { host: "127.5.255.194" port: 42443 } } peers { permanent_uuid: "be158872cc6f437690dd042f518cc7b2" member_type: VOTER last_known_addr { host: "127.5.255.195" port: 43521 } }
I20260709 14:52:52.871250  6963 ts_tablet_manager.cc:1434] T 2c8d36445c784e7e8b13ae5447d24622 P bea7f407218a48b986ef5315fb66e48f: Time spent starting tablet: real 0.010s	user 0.006s	sys 0.000s
I20260709 14:52:52.867676  6965 tablet_bootstrap.cc:492] T 965770ad6a164adbbd97a1166a35c84d P f8c2ea059bbf4b95b87f5315cb56c763: Bootstrap starting.
I20260709 14:52:52.872238  6963 tablet_bootstrap.cc:492] T 2b8ce692df7e43e9b2b19e5c326ade03 P bea7f407218a48b986ef5315fb66e48f: Bootstrap starting.
I20260709 14:52:52.877893  6965 tablet_bootstrap.cc:654] T 965770ad6a164adbbd97a1166a35c84d P f8c2ea059bbf4b95b87f5315cb56c763: Neither blocks nor log segments found. Creating new log.
I20260709 14:52:52.878809  6963 tablet_bootstrap.cc:654] T 2b8ce692df7e43e9b2b19e5c326ade03 P bea7f407218a48b986ef5315fb66e48f: Neither blocks nor log segments found. Creating new log.
I20260709 14:52:52.883927  6967 raft_consensus.cc:493] T 2c8d36445c784e7e8b13ae5447d24622 P bea7f407218a48b986ef5315fb66e48f [term 0 FOLLOWER]: Starting pre-election (no leader contacted us within the election timeout)
I20260709 14:52:52.884438  6967 raft_consensus.cc:515] T 2c8d36445c784e7e8b13ae5447d24622 P bea7f407218a48b986ef5315fb66e48f [term 0 FOLLOWER]: Starting pre-election with config: opid_index: -1 OBSOLETE_local: false peers { permanent_uuid: "bea7f407218a48b986ef5315fb66e48f" member_type: VOTER last_known_addr { host: "127.5.255.193" port: 42885 } } peers { permanent_uuid: "f8c2ea059bbf4b95b87f5315cb56c763" member_type: VOTER last_known_addr { host: "127.5.255.194" port: 42443 } } peers { permanent_uuid: "be158872cc6f437690dd042f518cc7b2" member_type: VOTER last_known_addr { host: "127.5.255.195" port: 43521 } }
I20260709 14:52:52.887075  6967 leader_election.cc:290] T 2c8d36445c784e7e8b13ae5447d24622 P bea7f407218a48b986ef5315fb66e48f [CANDIDATE]: Term 1 pre-election: Requested pre-vote from peers f8c2ea059bbf4b95b87f5315cb56c763 (127.5.255.194:42443), be158872cc6f437690dd042f518cc7b2 (127.5.255.195:43521)
I20260709 14:52:52.887861  6974 leader_election.cc:290] T 6a7e84980c8048258ae302a79a482ce9 P be158872cc6f437690dd042f518cc7b2 [CANDIDATE]: Term 1 pre-election: Requested pre-vote from peers bea7f407218a48b986ef5315fb66e48f (127.5.255.193:42885), f8c2ea059bbf4b95b87f5315cb56c763 (127.5.255.194:42443)
I20260709 14:52:52.897096  6965 tablet_bootstrap.cc:492] T 965770ad6a164adbbd97a1166a35c84d P f8c2ea059bbf4b95b87f5315cb56c763: No bootstrap required, opened a new log
I20260709 14:52:52.897543  6965 ts_tablet_manager.cc:1403] T 965770ad6a164adbbd97a1166a35c84d P f8c2ea059bbf4b95b87f5315cb56c763: Time spent bootstrapping tablet: real 0.030s	user 0.013s	sys 0.003s
I20260709 14:52:52.898854  6774 tablet_service.cc:1917] Received RequestConsensusVote() RPC: tablet_id: "6a7e84980c8048258ae302a79a482ce9" candidate_uuid: "be158872cc6f437690dd042f518cc7b2" candidate_term: 1 candidate_status { last_received { term: 0 index: 0 } } ignore_live_leader: false dest_uuid: "bea7f407218a48b986ef5315fb66e48f" is_pre_election: true
I20260709 14:52:52.899515  6774 raft_consensus.cc:2468] T 6a7e84980c8048258ae302a79a482ce9 P bea7f407218a48b986ef5315fb66e48f [term 0 FOLLOWER]: Leader pre-election vote request: Granting yes vote for candidate be158872cc6f437690dd042f518cc7b2 in term 0.
I20260709 14:52:52.900235  6965 raft_consensus.cc:359] T 965770ad6a164adbbd97a1166a35c84d P f8c2ea059bbf4b95b87f5315cb56c763 [term 0 FOLLOWER]: Replica starting. Triggering 0 pending ops. Active config: opid_index: -1 OBSOLETE_local: false peers { permanent_uuid: "bea7f407218a48b986ef5315fb66e48f" member_type: VOTER last_known_addr { host: "127.5.255.193" port: 42885 } } peers { permanent_uuid: "f8c2ea059bbf4b95b87f5315cb56c763" member_type: VOTER last_known_addr { host: "127.5.255.194" port: 42443 } } peers { permanent_uuid: "be158872cc6f437690dd042f518cc7b2" member_type: VOTER last_known_addr { host: "127.5.255.195" port: 43521 } }
I20260709 14:52:52.900913  6965 raft_consensus.cc:385] T 965770ad6a164adbbd97a1166a35c84d P f8c2ea059bbf4b95b87f5315cb56c763 [term 0 FOLLOWER]: Consensus starting up: Expiring failure detector timer to make a prompt election more likely
I20260709 14:52:52.901206  6965 raft_consensus.cc:740] T 965770ad6a164adbbd97a1166a35c84d P f8c2ea059bbf4b95b87f5315cb56c763 [term 0 FOLLOWER]: Becoming Follower/Learner. State: Replica: f8c2ea059bbf4b95b87f5315cb56c763, State: Initialized, Role: FOLLOWER
