I20260709 14:52:52.901911  6965 consensus_queue.cc:260] T 965770ad6a164adbbd97a1166a35c84d P f8c2ea059bbf4b95b87f5315cb56c763 [NON_LEADER]: Queue going to NON_LEADER mode. State: All replicated index: 0, Majority replicated index: 0, Committed index: 0, Last appended: 0.0, Last appended by leader: 0, Current term: 0, Majority size: -1, State: 0, Mode: NON_LEADER, active raft config: opid_index: -1 OBSOLETE_local: false peers { permanent_uuid: "bea7f407218a48b986ef5315fb66e48f" member_type: VOTER last_known_addr { host: "127.5.255.193" port: 42885 } } peers { permanent_uuid: "f8c2ea059bbf4b95b87f5315cb56c763" member_type: VOTER last_known_addr { host: "127.5.255.194" port: 42443 } } peers { permanent_uuid: "be158872cc6f437690dd042f518cc7b2" member_type: VOTER last_known_addr { host: "127.5.255.195" port: 43521 } }
I20260709 14:52:52.903388  6966 ts_tablet_manager.cc:1434] T 6a7e84980c8048258ae302a79a482ce9 P be158872cc6f437690dd042f518cc7b2: Time spent starting tablet: real 0.126s	user 0.032s	sys 0.058s
I20260709 14:52:52.906168  6966 tablet_bootstrap.cc:492] T 4055d848009e4f65a87c6edae99b6b65 P be158872cc6f437690dd042f518cc7b2: Bootstrap starting.
I20260709 14:52:52.906713  6965 ts_tablet_manager.cc:1434] T 965770ad6a164adbbd97a1166a35c84d P f8c2ea059bbf4b95b87f5315cb56c763: Time spent starting tablet: real 0.009s	user 0.007s	sys 0.000s
I20260709 14:52:52.907562  6965 tablet_bootstrap.cc:492] T 2b8ce692df7e43e9b2b19e5c326ade03 P f8c2ea059bbf4b95b87f5315cb56c763: Bootstrap starting.
I20260709 14:52:52.909516  6889 leader_election.cc:304] T 6a7e84980c8048258ae302a79a482ce9 P be158872cc6f437690dd042f518cc7b2 [CANDIDATE]: Term 1 pre-election: Election decided. Result: candidate won. Election summary: received 2 responses out of 3 voters: 2 yes votes; 0 no votes. yes voters: be158872cc6f437690dd042f518cc7b2, bea7f407218a48b986ef5315fb66e48f; no voters: 
I20260709 14:52:52.910392  6972 raft_consensus.cc:2804] T 6a7e84980c8048258ae302a79a482ce9 P be158872cc6f437690dd042f518cc7b2 [term 0 FOLLOWER]: Leader pre-election won for term 1
I20260709 14:52:52.910769  6972 raft_consensus.cc:493] T 6a7e84980c8048258ae302a79a482ce9 P be158872cc6f437690dd042f518cc7b2 [term 0 FOLLOWER]: Starting leader election (no leader contacted us within the election timeout)
I20260709 14:52:52.911062  6972 raft_consensus.cc:3060] T 6a7e84980c8048258ae302a79a482ce9 P be158872cc6f437690dd042f518cc7b2 [term 0 FOLLOWER]: Advancing to term 1
I20260709 14:52:52.914137  6849 tablet_service.cc:1917] Received RequestConsensusVote() RPC: tablet_id: "6a7e84980c8048258ae302a79a482ce9" candidate_uuid: "be158872cc6f437690dd042f518cc7b2" candidate_term: 1 candidate_status { last_received { term: 0 index: 0 } } ignore_live_leader: false dest_uuid: "f8c2ea059bbf4b95b87f5315cb56c763" is_pre_election: true
I20260709 14:52:52.914805  6849 raft_consensus.cc:2468] T 6a7e84980c8048258ae302a79a482ce9 P f8c2ea059bbf4b95b87f5315cb56c763 [term 0 FOLLOWER]: Leader pre-election vote request: Granting yes vote for candidate be158872cc6f437690dd042f518cc7b2 in term 0.
I20260709 14:52:52.910264  6923 tablet_service.cc:1917] Received RequestConsensusVote() RPC: tablet_id: "2c8d36445c784e7e8b13ae5447d24622" candidate_uuid: "bea7f407218a48b986ef5315fb66e48f" candidate_term: 1 candidate_status { last_received { term: 0 index: 0 } } ignore_live_leader: false dest_uuid: "be158872cc6f437690dd042f518cc7b2" is_pre_election: true
W20260709 14:52:52.916694  6737 leader_election.cc:343] T 2c8d36445c784e7e8b13ae5447d24622 P bea7f407218a48b986ef5315fb66e48f [CANDIDATE]: Term 1 pre-election: Tablet error from VoteRequest() call to peer be158872cc6f437690dd042f518cc7b2 (127.5.255.195:43521): Illegal state: must be running to vote when last-logged opid is not known
I20260709 14:52:52.918145  6965 tablet_bootstrap.cc:654] T 2b8ce692df7e43e9b2b19e5c326ade03 P f8c2ea059bbf4b95b87f5315cb56c763: Neither blocks nor log segments found. Creating new log.
I20260709 14:52:52.918594  6963 tablet_bootstrap.cc:492] T 2b8ce692df7e43e9b2b19e5c326ade03 P bea7f407218a48b986ef5315fb66e48f: No bootstrap required, opened a new log
I20260709 14:52:52.919106  6963 ts_tablet_manager.cc:1403] T 2b8ce692df7e43e9b2b19e5c326ade03 P bea7f407218a48b986ef5315fb66e48f: Time spent bootstrapping tablet: real 0.047s	user 0.012s	sys 0.001s
I20260709 14:52:52.920408  6966 tablet_bootstrap.cc:654] T 4055d848009e4f65a87c6edae99b6b65 P be158872cc6f437690dd042f518cc7b2: Neither blocks nor log segments found. Creating new log.
I20260709 14:52:52.920480  6849 tablet_service.cc:1917] Received RequestConsensusVote() RPC: tablet_id: "2c8d36445c784e7e8b13ae5447d24622" candidate_uuid: "bea7f407218a48b986ef5315fb66e48f" candidate_term: 1 candidate_status { last_received { term: 0 index: 0 } } ignore_live_leader: false dest_uuid: "f8c2ea059bbf4b95b87f5315cb56c763" is_pre_election: true
I20260709 14:52:52.921459  6849 raft_consensus.cc:2468] T 2c8d36445c784e7e8b13ae5447d24622 P f8c2ea059bbf4b95b87f5315cb56c763 [term 0 FOLLOWER]: Leader pre-election vote request: Granting yes vote for candidate bea7f407218a48b986ef5315fb66e48f in term 0.
I20260709 14:52:52.922675  6738 leader_election.cc:304] T 2c8d36445c784e7e8b13ae5447d24622 P bea7f407218a48b986ef5315fb66e48f [CANDIDATE]: Term 1 pre-election: Election decided. Result: candidate won. Election summary: received 3 responses out of 3 voters: 2 yes votes; 1 no votes. yes voters: bea7f407218a48b986ef5315fb66e48f, f8c2ea059bbf4b95b87f5315cb56c763; no voters: be158872cc6f437690dd042f518cc7b2
I20260709 14:52:52.923636  6967 raft_consensus.cc:2804] T 2c8d36445c784e7e8b13ae5447d24622 P bea7f407218a48b986ef5315fb66e48f [term 0 FOLLOWER]: Leader pre-election won for term 1
I20260709 14:52:52.924029  6967 raft_consensus.cc:493] T 2c8d36445c784e7e8b13ae5447d24622 P bea7f407218a48b986ef5315fb66e48f [term 0 FOLLOWER]: Starting leader election (no leader contacted us within the election timeout)
I20260709 14:52:52.924355  6967 raft_consensus.cc:3060] T 2c8d36445c784e7e8b13ae5447d24622 P bea7f407218a48b986ef5315fb66e48f [term 0 FOLLOWER]: Advancing to term 1
I20260709 14:52:52.925864  6963 raft_consensus.cc:359] T 2b8ce692df7e43e9b2b19e5c326ade03 P bea7f407218a48b986ef5315fb66e48f [term 0 FOLLOWER]: Replica starting. Triggering 0 pending ops. Active config: opid_index: -1 OBSOLETE_local: false peers { permanent_uuid: "bea7f407218a48b986ef5315fb66e48f" member_type: VOTER last_known_addr { host: "127.5.255.193" port: 42885 } } peers { permanent_uuid: "f8c2ea059bbf4b95b87f5315cb56c763" member_type: VOTER last_known_addr { host: "127.5.255.194" port: 42443 } } peers { permanent_uuid: "be158872cc6f437690dd042f518cc7b2" member_type: VOTER last_known_addr { host: "127.5.255.195" port: 43521 } }
I20260709 14:52:52.927278  6963 raft_consensus.cc:385] T 2b8ce692df7e43e9b2b19e5c326ade03 P bea7f407218a48b986ef5315fb66e48f [term 0 FOLLOWER]: Consensus starting up: Expiring failure detector timer to make a prompt election more likely
I20260709 14:52:52.922623  6972 raft_consensus.cc:515] T 6a7e84980c8048258ae302a79a482ce9 P be158872cc6f437690dd042f518cc7b2 [term 1 FOLLOWER]: Starting leader election with config: opid_index: -1 OBSOLETE_local: false peers { permanent_uuid: "bea7f407218a48b986ef5315fb66e48f" member_type: VOTER last_known_addr { host: "127.5.255.193" port: 42885 } } peers { permanent_uuid: "f8c2ea059bbf4b95b87f5315cb56c763" member_type: VOTER last_known_addr { host: "127.5.255.194" port: 42443 } } peers { permanent_uuid: "be158872cc6f437690dd042f518cc7b2" member_type: VOTER last_known_addr { host: "127.5.255.195" port: 43521 } }
I20260709 14:52:52.927604  6963 raft_consensus.cc:740] T 2b8ce692df7e43e9b2b19e5c326ade03 P bea7f407218a48b986ef5315fb66e48f [term 0 FOLLOWER]: Becoming Follower/Learner. State: Replica: bea7f407218a48b986ef5315fb66e48f, State: Initialized, Role: FOLLOWER
I20260709 14:52:52.929311  6972 leader_election.cc:290] T 6a7e84980c8048258ae302a79a482ce9 P be158872cc6f437690dd042f518cc7b2 [CANDIDATE]: Term 1 election: Requested vote from peers bea7f407218a48b986ef5315fb66e48f (127.5.255.193:42885), f8c2ea059bbf4b95b87f5315cb56c763 (127.5.255.194:42443)
I20260709 14:52:52.930387  6774 tablet_service.cc:1917] Received RequestConsensusVote() RPC: tablet_id: "6a7e84980c8048258ae302a79a482ce9" candidate_uuid: "be158872cc6f437690dd042f518cc7b2" candidate_term: 1 candidate_status { last_received { term: 0 index: 0 } } ignore_live_leader: false dest_uuid: "bea7f407218a48b986ef5315fb66e48f"
I20260709 14:52:52.930946  6774 raft_consensus.cc:3060] T 6a7e84980c8048258ae302a79a482ce9 P bea7f407218a48b986ef5315fb66e48f [term 0 FOLLOWER]: Advancing to term 1
I20260709 14:52:52.932509  6849 tablet_service.cc:1917] Received RequestConsensusVote() RPC: tablet_id: "6a7e84980c8048258ae302a79a482ce9" candidate_uuid: "be158872cc6f437690dd042f518cc7b2" candidate_term: 1 candidate_status { last_received { term: 0 index: 0 } } ignore_live_leader: false dest_uuid: "f8c2ea059bbf4b95b87f5315cb56c763"
I20260709 14:52:52.933058  6849 raft_consensus.cc:3060] T 6a7e84980c8048258ae302a79a482ce9 P f8c2ea059bbf4b95b87f5315cb56c763 [term 0 FOLLOWER]: Advancing to term 1
I20260709 14:52:52.941648  6967 raft_consensus.cc:515] T 2c8d36445c784e7e8b13ae5447d24622 P bea7f407218a48b986ef5315fb66e48f [term 1 FOLLOWER]: Starting leader election with config: opid_index: -1 OBSOLETE_local: false peers { permanent_uuid: "bea7f407218a48b986ef5315fb66e48f" member_type: VOTER last_known_addr { host: "127.5.255.193" port: 42885 } } peers { permanent_uuid: "f8c2ea059bbf4b95b87f5315cb56c763" member_type: VOTER last_known_addr { host: "127.5.255.194" port: 42443 } } peers { permanent_uuid: "be158872cc6f437690dd042f518cc7b2" member_type: VOTER last_known_addr { host: "127.5.255.195" port: 43521 } }
I20260709 14:52:52.943758  6967 leader_election.cc:290] T 2c8d36445c784e7e8b13ae5447d24622 P bea7f407218a48b986ef5315fb66e48f [CANDIDATE]: Term 1 election: Requested vote from peers f8c2ea059bbf4b95b87f5315cb56c763 (127.5.255.194:42443), be158872cc6f437690dd042f518cc7b2 (127.5.255.195:43521)
I20260709 14:52:52.944259  6967 raft_consensus.cc:493] T 0443db6dd3bc47c6bce964f2198babb2 P bea7f407218a48b986ef5315fb66e48f [term 0 FOLLOWER]: Starting pre-election (no leader contacted us within the election timeout)
I20260709 14:52:52.944648  6967 raft_consensus.cc:515] T 0443db6dd3bc47c6bce964f2198babb2 P bea7f407218a48b986ef5315fb66e48f [term 0 FOLLOWER]: Starting pre-election with config: opid_index: -1 OBSOLETE_local: false peers { permanent_uuid: "bea7f407218a48b986ef5315fb66e48f" member_type: VOTER last_known_addr { host: "127.5.255.193" port: 42885 } } peers { permanent_uuid: "f8c2ea059bbf4b95b87f5315cb56c763" member_type: VOTER last_known_addr { host: "127.5.255.194" port: 42443 } } peers { permanent_uuid: "be158872cc6f437690dd042f518cc7b2" member_type: VOTER last_known_addr { host: "127.5.255.195" port: 43521 } }
I20260709 14:52:52.944926  6923 tablet_service.cc:1917] Received RequestConsensusVote() RPC: tablet_id: "2c8d36445c784e7e8b13ae5447d24622" candidate_uuid: "bea7f407218a48b986ef5315fb66e48f" candidate_term: 1 candidate_status { last_received { term: 0 index: 0 } } ignore_live_leader: false dest_uuid: "be158872cc6f437690dd042f518cc7b2"
W20260709 14:52:52.946302  6737 leader_election.cc:343] T 2c8d36445c784e7e8b13ae5447d24622 P bea7f407218a48b986ef5315fb66e48f [CANDIDATE]: Term 1 election: Tablet error from VoteRequest() call to peer be158872cc6f437690dd042f518cc7b2 (127.5.255.195:43521): Illegal state: must be running to vote when last-logged opid is not known
I20260709 14:52:52.946486  6967 leader_election.cc:290] T 0443db6dd3bc47c6bce964f2198babb2 P bea7f407218a48b986ef5315fb66e48f [CANDIDATE]: Term 1 pre-election: Requested pre-vote from peers f8c2ea059bbf4b95b87f5315cb56c763 (127.5.255.194:42443), be158872cc6f437690dd042f518cc7b2 (127.5.255.195:43521)
I20260709 14:52:52.947854  6923 tablet_service.cc:1917] Received RequestConsensusVote() RPC: tablet_id: "0443db6dd3bc47c6bce964f2198babb2" candidate_uuid: "bea7f407218a48b986ef5315fb66e48f" candidate_term: 1 candidate_status { last_received { term: 0 index: 0 } } ignore_live_leader: false dest_uuid: "be158872cc6f437690dd042f518cc7b2" is_pre_election: true
W20260709 14:52:52.949229  6737 leader_election.cc:343] T 0443db6dd3bc47c6bce964f2198babb2 P bea7f407218a48b986ef5315fb66e48f [CANDIDATE]: Term 1 pre-election: Tablet error from VoteRequest() call to peer be158872cc6f437690dd042f518cc7b2 (127.5.255.195:43521): Illegal state: must be running to vote when last-logged opid is not known
I20260709 14:52:52.951928  6774 raft_consensus.cc:2468] T 6a7e84980c8048258ae302a79a482ce9 P bea7f407218a48b986ef5315fb66e48f [term 1 FOLLOWER]: Leader election vote request: Granting yes vote for candidate be158872cc6f437690dd042f518cc7b2 in term 1.
I20260709 14:52:52.953562  6889 leader_election.cc:304] T 6a7e84980c8048258ae302a79a482ce9 P be158872cc6f437690dd042f518cc7b2 [CANDIDATE]: Term 1 election: Election decided. Result: candidate won. Election summary: received 2 responses out of 3 voters: 2 yes votes; 0 no votes. yes voters: be158872cc6f437690dd042f518cc7b2, bea7f407218a48b986ef5315fb66e48f; no voters: 
I20260709 14:52:52.954427  6972 raft_consensus.cc:2804] T 6a7e84980c8048258ae302a79a482ce9 P be158872cc6f437690dd042f518cc7b2 [term 1 FOLLOWER]: Leader election won for term 1
I20260709 14:52:52.954873  6972 raft_consensus.cc:697] T 6a7e84980c8048258ae302a79a482ce9 P be158872cc6f437690dd042f518cc7b2 [term 1 LEADER]: Becoming Leader. State: Replica: be158872cc6f437690dd042f518cc7b2, State: Running, Role: LEADER
I20260709 14:52:52.955899  6972 consensus_queue.cc:237] T 6a7e84980c8048258ae302a79a482ce9 P be158872cc6f437690dd042f518cc7b2 [LEADER]: Queue going to LEADER mode. State: All replicated index: 0, Majority replicated index: 0, Committed index: 0, Last appended: 0.0, Last appended by leader: 0, Current term: 1, Majority size: 2, State: 0, Mode: LEADER, active raft config: opid_index: -1 OBSOLETE_local: false peers { permanent_uuid: "bea7f407218a48b986ef5315fb66e48f" member_type: VOTER last_known_addr { host: "127.5.255.193" port: 42885 } } peers { permanent_uuid: "f8c2ea059bbf4b95b87f5315cb56c763" member_type: VOTER last_known_addr { host: "127.5.255.194" port: 42443 } } peers { permanent_uuid: "be158872cc6f437690dd042f518cc7b2" member_type: VOTER last_known_addr { host: "127.5.255.195" port: 43521 } }
I20260709 14:52:52.958518  6965 tablet_bootstrap.cc:492] T 2b8ce692df7e43e9b2b19e5c326ade03 P f8c2ea059bbf4b95b87f5315cb56c763: No bootstrap required, opened a new log
I20260709 14:52:52.959004  6965 ts_tablet_manager.cc:1403] T 2b8ce692df7e43e9b2b19e5c326ade03 P f8c2ea059bbf4b95b87f5315cb56c763: Time spent bootstrapping tablet: real 0.052s	user 0.018s	sys 0.022s
I20260709 14:52:52.952415  6849 raft_consensus.cc:2468] T 6a7e84980c8048258ae302a79a482ce9 P f8c2ea059bbf4b95b87f5315cb56c763 [term 1 FOLLOWER]: Leader election vote request: Granting yes vote for candidate be158872cc6f437690dd042f518cc7b2 in term 1.
I20260709 14:52:52.928560  6963 consensus_queue.cc:260] T 2b8ce692df7e43e9b2b19e5c326ade03 P bea7f407218a48b986ef5315fb66e48f [NON_LEADER]: Queue going to NON_LEADER mode. State: All replicated index: 0, Majority replicated index: 0, Committed index: 0, Last appended: 0.0, Last appended by leader: 0, Current term: 0, Majority size: -1, State: 0, Mode: NON_LEADER, active raft config: opid_index: -1 OBSOLETE_local: false peers { permanent_uuid: "bea7f407218a48b986ef5315fb66e48f" member_type: VOTER last_known_addr { host: "127.5.255.193" port: 42885 } } peers { permanent_uuid: "f8c2ea059bbf4b95b87f5315cb56c763" member_type: VOTER last_known_addr { host: "127.5.255.194" port: 42443 } } peers { permanent_uuid: "be158872cc6f437690dd042f518cc7b2" member_type: VOTER last_known_addr { host: "127.5.255.195" port: 43521 } }
I20260709 14:52:52.962073  6965 raft_consensus.cc:359] T 2b8ce692df7e43e9b2b19e5c326ade03 P f8c2ea059bbf4b95b87f5315cb56c763 [term 0 FOLLOWER]: Replica starting. Triggering 0 pending ops. Active config: opid_index: -1 OBSOLETE_local: false peers { permanent_uuid: "bea7f407218a48b986ef5315fb66e48f" member_type: VOTER last_known_addr { host: "127.5.255.193" port: 42885 } } peers { permanent_uuid: "f8c2ea059bbf4b95b87f5315cb56c763" member_type: VOTER last_known_addr { host: "127.5.255.194" port: 42443 } } peers { permanent_uuid: "be158872cc6f437690dd042f518cc7b2" member_type: VOTER last_known_addr { host: "127.5.255.195" port: 43521 } }
I20260709 14:52:52.962755  6965 raft_consensus.cc:385] T 2b8ce692df7e43e9b2b19e5c326ade03 P f8c2ea059bbf4b95b87f5315cb56c763 [term 0 FOLLOWER]: Consensus starting up: Expiring failure detector timer to make a prompt election more likely
I20260709 14:52:52.963033  6965 raft_consensus.cc:740] T 2b8ce692df7e43e9b2b19e5c326ade03 P f8c2ea059bbf4b95b87f5315cb56c763 [term 0 FOLLOWER]: Becoming Follower/Learner. State: Replica: f8c2ea059bbf4b95b87f5315cb56c763, State: Initialized, Role: FOLLOWER
I20260709 14:52:52.963858  6965 consensus_queue.cc:260] T 2b8ce692df7e43e9b2b19e5c326ade03 P f8c2ea059bbf4b95b87f5315cb56c763 [NON_LEADER]: Queue going to NON_LEADER mode. State: All replicated index: 0, Majority replicated index: 0, Committed index: 0, Last appended: 0.0, Last appended by leader: 0, Current term: 0, Majority size: -1, State: 0, Mode: NON_LEADER, active raft config: opid_index: -1 OBSOLETE_local: false peers { permanent_uuid: "bea7f407218a48b986ef5315fb66e48f" member_type: VOTER last_known_addr { host: "127.5.255.193" port: 42885 } } peers { permanent_uuid: "f8c2ea059bbf4b95b87f5315cb56c763" member_type: VOTER last_known_addr { host: "127.5.255.194" port: 42443 } } peers { permanent_uuid: "be158872cc6f437690dd042f518cc7b2" member_type: VOTER last_known_addr { host: "127.5.255.195" port: 43521 } }
I20260709 14:52:52.965531  6963 ts_tablet_manager.cc:1434] T 2b8ce692df7e43e9b2b19e5c326ade03 P bea7f407218a48b986ef5315fb66e48f: Time spent starting tablet: real 0.042s	user 0.002s	sys 0.003s
I20260709 14:52:52.966794  6963 tablet_bootstrap.cc:492] T 965770ad6a164adbbd97a1166a35c84d P bea7f407218a48b986ef5315fb66e48f: Bootstrap starting.
I20260709 14:52:52.965924  6965 ts_tablet_manager.cc:1434] T 2b8ce692df7e43e9b2b19e5c326ade03 P f8c2ea059bbf4b95b87f5315cb56c763: Time spent starting tablet: real 0.007s	user 0.003s	sys 0.003s
I20260709 14:52:52.968428  6965 tablet_bootstrap.cc:492] T 0443db6dd3bc47c6bce964f2198babb2 P f8c2ea059bbf4b95b87f5315cb56c763: Bootstrap starting.
I20260709 14:52:52.973485  6965 tablet_bootstrap.cc:654] T 0443db6dd3bc47c6bce964f2198babb2 P f8c2ea059bbf4b95b87f5315cb56c763: Neither blocks nor log segments found. Creating new log.
I20260709 14:52:52.974200  6963 tablet_bootstrap.cc:654] T 965770ad6a164adbbd97a1166a35c84d P bea7f407218a48b986ef5315fb66e48f: Neither blocks nor log segments found. Creating new log.
I20260709 14:52:52.978163  6965 tablet_bootstrap.cc:492] T 0443db6dd3bc47c6bce964f2198babb2 P f8c2ea059bbf4b95b87f5315cb56c763: No bootstrap required, opened a new log
I20260709 14:52:52.978641  6965 ts_tablet_manager.cc:1403] T 0443db6dd3bc47c6bce964f2198babb2 P f8c2ea059bbf4b95b87f5315cb56c763: Time spent bootstrapping tablet: real 0.010s	user 0.001s	sys 0.008s
I20260709 14:52:52.978245  6672 catalog_manager.cc:5697] T 6a7e84980c8048258ae302a79a482ce9 P be158872cc6f437690dd042f518cc7b2 reported cstate change: term changed from 0 to 1, leader changed from <none> to be158872cc6f437690dd042f518cc7b2 (127.5.255.195). New cstate: current_term: 1 leader_uuid: "be158872cc6f437690dd042f518cc7b2" committed_config { opid_index: -1 OBSOLETE_local: false peers { permanent_uuid: "bea7f407218a48b986ef5315fb66e48f" member_type: VOTER last_known_addr { host: "127.5.255.193" port: 42885 } health_report { overall_health: UNKNOWN } } peers { permanent_uuid: "f8c2ea059bbf4b95b87f5315cb56c763" member_type: VOTER last_known_addr { host: "127.5.255.194" port: 42443 } health_report { overall_health: UNKNOWN } } peers { permanent_uuid: "be158872cc6f437690dd042f518cc7b2" member_type: VOTER last_known_addr { host: "127.5.255.195" port: 43521 } health_report { overall_health: HEALTHY } } }
I20260709 14:52:52.982695  6849 tablet_service.cc:1917] Received RequestConsensusVote() RPC: tablet_id: "2c8d36445c784e7e8b13ae5447d24622" candidate_uuid: "bea7f407218a48b986ef5315fb66e48f" candidate_term: 1 candidate_status { last_received { term: 0 index: 0 } } ignore_live_leader: false dest_uuid: "f8c2ea059bbf4b95b87f5315cb56c763"
I20260709 14:52:52.983238  6849 raft_consensus.cc:3060] T 2c8d36445c784e7e8b13ae5447d24622 P f8c2ea059bbf4b95b87f5315cb56c763 [term 0 FOLLOWER]: Advancing to term 1
I20260709 14:52:52.983464  6848 tablet_service.cc:1917] Received RequestConsensusVote() RPC: tablet_id: "0443db6dd3bc47c6bce964f2198babb2" candidate_uuid: "bea7f407218a48b986ef5315fb66e48f" candidate_term: 1 candidate_status { last_received { term: 0 index: 0 } } ignore_live_leader: false dest_uuid: "f8c2ea059bbf4b95b87f5315cb56c763" is_pre_election: true
I20260709 14:52:52.984773  6965 raft_consensus.cc:359] T 0443db6dd3bc47c6bce964f2198babb2 P f8c2ea059bbf4b95b87f5315cb56c763 [term 0 FOLLOWER]: Replica starting. Triggering 0 pending ops. Active config: opid_index: -1 OBSOLETE_local: false peers { permanent_uuid: "bea7f407218a48b986ef5315fb66e48f" member_type: VOTER last_known_addr { host: "127.5.255.193" port: 42885 } } peers { permanent_uuid: "f8c2ea059bbf4b95b87f5315cb56c763" member_type: VOTER last_known_addr { host: "127.5.255.194" port: 42443 } } peers { permanent_uuid: "be158872cc6f437690dd042f518cc7b2" member_type: VOTER last_known_addr { host: "127.5.255.195" port: 43521 } }
I20260709 14:52:52.985374  6965 raft_consensus.cc:385] T 0443db6dd3bc47c6bce964f2198babb2 P f8c2ea059bbf4b95b87f5315cb56c763 [term 0 FOLLOWER]: Consensus starting up: Expiring failure detector timer to make a prompt election more likely
I20260709 14:52:52.985567  6965 raft_consensus.cc:740] T 0443db6dd3bc47c6bce964f2198babb2 P f8c2ea059bbf4b95b87f5315cb56c763 [term 0 FOLLOWER]: Becoming Follower/Learner. State: Replica: f8c2ea059bbf4b95b87f5315cb56c763, State: Initialized, Role: FOLLOWER
I20260709 14:52:52.985988  6965 consensus_queue.cc:260] T 0443db6dd3bc47c6bce964f2198babb2 P f8c2ea059bbf4b95b87f5315cb56c763 [NON_LEADER]: Queue going to NON_LEADER mode. State: All replicated index: 0, Majority replicated index: 0, Committed index: 0, Last appended: 0.0, Last appended by leader: 0, Current term: 0, Majority size: -1, State: 0, Mode: NON_LEADER, active raft config: opid_index: -1 OBSOLETE_local: false peers { permanent_uuid: "bea7f407218a48b986ef5315fb66e48f" member_type: VOTER last_known_addr { host: "127.5.255.193" port: 42885 } } peers { permanent_uuid: "f8c2ea059bbf4b95b87f5315cb56c763" member_type: VOTER last_known_addr { host: "127.5.255.194" port: 42443 } } peers { permanent_uuid: "be158872cc6f437690dd042f518cc7b2" member_type: VOTER last_known_addr { host: "127.5.255.195" port: 43521 } }
I20260709 14:52:52.987800  6965 ts_tablet_manager.cc:1434] T 0443db6dd3bc47c6bce964f2198babb2 P f8c2ea059bbf4b95b87f5315cb56c763: Time spent starting tablet: real 0.008s	user 0.006s	sys 0.000s
I20260709 14:52:52.988811  6965 tablet_bootstrap.cc:492] T 064ec722a0674c2994f90983e6987fd4 P f8c2ea059bbf4b95b87f5315cb56c763: Bootstrap starting.
W20260709 14:52:52.984781  6738 leader_election.cc:343] T 0443db6dd3bc47c6bce964f2198babb2 P bea7f407218a48b986ef5315fb66e48f [CANDIDATE]: Term 1 pre-election: Tablet error from VoteRequest() call to peer f8c2ea059bbf4b95b87f5315cb56c763 (127.5.255.194:42443): Illegal state: must be running to vote when last-logged opid is not known
I20260709 14:52:52.989755  6738 leader_election.cc:304] T 0443db6dd3bc47c6bce964f2198babb2 P bea7f407218a48b986ef5315fb66e48f [CANDIDATE]: Term 1 pre-election: Election decided. Result: candidate lost. Election summary: received 3 responses out of 3 voters: 1 yes votes; 2 no votes. yes voters: bea7f407218a48b986ef5315fb66e48f; no voters: be158872cc6f437690dd042f518cc7b2, f8c2ea059bbf4b95b87f5315cb56c763
I20260709 14:52:52.990684  6987 raft_consensus.cc:2749] T 0443db6dd3bc47c6bce964f2198babb2 P bea7f407218a48b986ef5315fb66e48f [term 0 FOLLOWER]: Leader pre-election lost for term 1. Reason: could not achieve majority
I20260709 14:52:52.991259  6966 tablet_bootstrap.cc:492] T 4055d848009e4f65a87c6edae99b6b65 P be158872cc6f437690dd042f518cc7b2: No bootstrap required, opened a new log
I20260709 14:52:52.991712  6966 ts_tablet_manager.cc:1403] T 4055d848009e4f65a87c6edae99b6b65 P be158872cc6f437690dd042f518cc7b2: Time spent bootstrapping tablet: real 0.086s	user 0.017s	sys 0.006s
I20260709 14:52:52.989778  6849 raft_consensus.cc:2468] T 2c8d36445c784e7e8b13ae5447d24622 P f8c2ea059bbf4b95b87f5315cb56c763 [term 1 FOLLOWER]: Leader election vote request: Granting yes vote for candidate bea7f407218a48b986ef5315fb66e48f in term 1.
I20260709 14:52:52.994464  6738 leader_election.cc:304] T 2c8d36445c784e7e8b13ae5447d24622 P bea7f407218a48b986ef5315fb66e48f [CANDIDATE]: Term 1 election: Election decided. Result: candidate won. Election summary: received 3 responses out of 3 voters: 2 yes votes; 1 no votes. yes voters: bea7f407218a48b986ef5315fb66e48f, f8c2ea059bbf4b95b87f5315cb56c763; no voters: be158872cc6f437690dd042f518cc7b2
I20260709 14:52:52.995415  6971 raft_consensus.cc:493] T 0443db6dd3bc47c6bce964f2198babb2 P f8c2ea059bbf4b95b87f5315cb56c763 [term 0 FOLLOWER]: Starting pre-election (no leader contacted us within the election timeout)
I20260709 14:52:52.995427  6987 raft_consensus.cc:2804] T 2c8d36445c784e7e8b13ae5447d24622 P bea7f407218a48b986ef5315fb66e48f [term 1 FOLLOWER]: Leader election won for term 1
I20260709 14:52:52.996441  6987 raft_consensus.cc:697] T 2c8d36445c784e7e8b13ae5447d24622 P bea7f407218a48b986ef5315fb66e48f [term 1 LEADER]: Becoming Leader. State: Replica: bea7f407218a48b986ef5315fb66e48f, State: Running, Role: LEADER
I20260709 14:52:52.997251  6987 consensus_queue.cc:237] T 2c8d36445c784e7e8b13ae5447d24622 P bea7f407218a48b986ef5315fb66e48f [LEADER]: Queue going to LEADER mode. State: All replicated index: 0, Majority replicated index: 0, Committed index: 0, Last appended: 0.0, Last appended by leader: 0, Current term: 1, Majority size: 2, State: 0, Mode: LEADER, active raft config: opid_index: -1 OBSOLETE_local: false peers { permanent_uuid: "bea7f407218a48b986ef5315fb66e48f" member_type: VOTER last_known_addr { host: "127.5.255.193" port: 42885 } } peers { permanent_uuid: "f8c2ea059bbf4b95b87f5315cb56c763" member_type: VOTER last_known_addr { host: "127.5.255.194" port: 42443 } } peers { permanent_uuid: "be158872cc6f437690dd042f518cc7b2" member_type: VOTER last_known_addr { host: "127.5.255.195" port: 43521 } }
I20260709 14:52:52.998564  6963 tablet_bootstrap.cc:492] T 965770ad6a164adbbd97a1166a35c84d P bea7f407218a48b986ef5315fb66e48f: No bootstrap required, opened a new log
I20260709 14:52:52.999043  6963 ts_tablet_manager.cc:1403] T 965770ad6a164adbbd97a1166a35c84d P bea7f407218a48b986ef5315fb66e48f: Time spent bootstrapping tablet: real 0.032s	user 0.003s	sys 0.012s
I20260709 14:52:52.995589  6966 raft_consensus.cc:359] T 4055d848009e4f65a87c6edae99b6b65 P be158872cc6f437690dd042f518cc7b2 [term 0 FOLLOWER]: Replica starting. Triggering 0 pending ops. Active config: opid_index: -1 OBSOLETE_local: false peers { permanent_uuid: "bea7f407218a48b986ef5315fb66e48f" member_type: VOTER last_known_addr { host: "127.5.255.193" port: 42885 } } peers { permanent_uuid: "f8c2ea059bbf4b95b87f5315cb56c763" member_type: VOTER last_known_addr { host: "127.5.255.194" port: 42443 } } peers { permanent_uuid: "be158872cc6f437690dd042f518cc7b2" member_type: VOTER last_known_addr { host: "127.5.255.195" port: 43521 } }
I20260709 14:52:52.999233  6971 raft_consensus.cc:515] T 0443db6dd3bc47c6bce964f2198babb2 P f8c2ea059bbf4b95b87f5315cb56c763 [term 0 FOLLOWER]: Starting pre-election with config: opid_index: -1 OBSOLETE_local: false peers { permanent_uuid: "bea7f407218a48b986ef5315fb66e48f" member_type: VOTER last_known_addr { host: "127.5.255.193" port: 42885 } } peers { permanent_uuid: "f8c2ea059bbf4b95b87f5315cb56c763" member_type: VOTER last_known_addr { host: "127.5.255.194" port: 42443 } } peers { permanent_uuid: "be158872cc6f437690dd042f518cc7b2" member_type: VOTER last_known_addr { host: "127.5.255.195" port: 43521 } }
I20260709 14:52:52.999883  6966 raft_consensus.cc:385] T 4055d848009e4f65a87c6edae99b6b65 P be158872cc6f437690dd042f518cc7b2 [term 0 FOLLOWER]: Consensus starting up: Expiring failure detector timer to make a prompt election more likely
I20260709 14:52:53.000231  6966 raft_consensus.cc:740] T 4055d848009e4f65a87c6edae99b6b65 P be158872cc6f437690dd042f518cc7b2 [term 0 FOLLOWER]: Becoming Follower/Learner. State: Replica: be158872cc6f437690dd042f518cc7b2, State: Initialized, Role: FOLLOWER
I20260709 14:52:53.000329  6965 tablet_bootstrap.cc:654] T 064ec722a0674c2994f90983e6987fd4 P f8c2ea059bbf4b95b87f5315cb56c763: Neither blocks nor log segments found. Creating new log.
I20260709 14:52:53.001827  6971 leader_election.cc:290] T 0443db6dd3bc47c6bce964f2198babb2 P f8c2ea059bbf4b95b87f5315cb56c763 [CANDIDATE]: Term 1 pre-election: Requested pre-vote from peers bea7f407218a48b986ef5315fb66e48f (127.5.255.193:42885), be158872cc6f437690dd042f518cc7b2 (127.5.255.195:43521)
I20260709 14:52:53.003414  6963 raft_consensus.cc:359] T 965770ad6a164adbbd97a1166a35c84d P bea7f407218a48b986ef5315fb66e48f [term 0 FOLLOWER]: Replica starting. Triggering 0 pending ops. Active config: opid_index: -1 OBSOLETE_local: false peers { permanent_uuid: "bea7f407218a48b986ef5315fb66e48f" member_type: VOTER last_known_addr { host: "127.5.255.193" port: 42885 } } peers { permanent_uuid: "f8c2ea059bbf4b95b87f5315cb56c763" member_type: VOTER last_known_addr { host: "127.5.255.194" port: 42443 } } peers { permanent_uuid: "be158872cc6f437690dd042f518cc7b2" member_type: VOTER last_known_addr { host: "127.5.255.195" port: 43521 } }
I20260709 14:52:53.004169  6963 raft_consensus.cc:385] T 965770ad6a164adbbd97a1166a35c84d P bea7f407218a48b986ef5315fb66e48f [term 0 FOLLOWER]: Consensus starting up: Expiring failure detector timer to make a prompt election more likely
I20260709 14:52:53.004460  6963 raft_consensus.cc:740] T 965770ad6a164adbbd97a1166a35c84d P bea7f407218a48b986ef5315fb66e48f [term 0 FOLLOWER]: Becoming Follower/Learner. State: Replica: bea7f407218a48b986ef5315fb66e48f, State: Initialized, Role: FOLLOWER
I20260709 14:52:53.005180  6963 consensus_queue.cc:260] T 965770ad6a164adbbd97a1166a35c84d P bea7f407218a48b986ef5315fb66e48f [NON_LEADER]: Queue going to NON_LEADER mode. State: All replicated index: 0, Majority replicated index: 0, Committed index: 0, Last appended: 0.0, Last appended by leader: 0, Current term: 0, Majority size: -1, State: 0, Mode: NON_LEADER, active raft config: opid_index: -1 OBSOLETE_local: false peers { permanent_uuid: "bea7f407218a48b986ef5315fb66e48f" member_type: VOTER last_known_addr { host: "127.5.255.193" port: 42885 } } peers { permanent_uuid: "f8c2ea059bbf4b95b87f5315cb56c763" member_type: VOTER last_known_addr { host: "127.5.255.194" port: 42443 } } peers { permanent_uuid: "be158872cc6f437690dd042f518cc7b2" member_type: VOTER last_known_addr { host: "127.5.255.195" port: 43521 } }
I20260709 14:52:53.006247  6966 consensus_queue.cc:260] T 4055d848009e4f65a87c6edae99b6b65 P be158872cc6f437690dd042f518cc7b2 [NON_LEADER]: Queue going to NON_LEADER mode. State: All replicated index: 0, Majority replicated index: 0, Committed index: 0, Last appended: 0.0, Last appended by leader: 0, Current term: 0, Majority size: -1, State: 0, Mode: NON_LEADER, active raft config: opid_index: -1 OBSOLETE_local: false peers { permanent_uuid: "bea7f407218a48b986ef5315fb66e48f" member_type: VOTER last_known_addr { host: "127.5.255.193" port: 42885 } } peers { permanent_uuid: "f8c2ea059bbf4b95b87f5315cb56c763" member_type: VOTER last_known_addr { host: "127.5.255.194" port: 42443 } } peers { permanent_uuid: "be158872cc6f437690dd042f518cc7b2" member_type: VOTER last_known_addr { host: "127.5.255.195" port: 43521 } }
I20260709 14:52:53.010217  6966 ts_tablet_manager.cc:1434] T 4055d848009e4f65a87c6edae99b6b65 P be158872cc6f437690dd042f518cc7b2: Time spent starting tablet: real 0.018s	user 0.006s	sys 0.000s
I20260709 14:52:53.013266  6963 ts_tablet_manager.cc:1434] T 965770ad6a164adbbd97a1166a35c84d P bea7f407218a48b986ef5315fb66e48f: Time spent starting tablet: real 0.012s	user 0.005s	sys 0.000s
I20260709 14:52:53.014281  6963 tablet_bootstrap.cc:492] T 064ec722a0674c2994f90983e6987fd4 P bea7f407218a48b986ef5315fb66e48f: Bootstrap starting.
I20260709 14:52:53.014734  6966 tablet_bootstrap.cc:492] T 9dbb492c5c7241e4b2b627c84e3bc7b4 P be158872cc6f437690dd042f518cc7b2: Bootstrap starting.
I20260709 14:52:53.024009  6671 catalog_manager.cc:5697] T 2c8d36445c784e7e8b13ae5447d24622 P bea7f407218a48b986ef5315fb66e48f reported cstate change: term changed from 0 to 1, leader changed from <none> to bea7f407218a48b986ef5315fb66e48f (127.5.255.193). New cstate: current_term: 1 leader_uuid: "bea7f407218a48b986ef5315fb66e48f" committed_config { opid_index: -1 OBSOLETE_local: false peers { permanent_uuid: "bea7f407218a48b986ef5315fb66e48f" member_type: VOTER last_known_addr { host: "127.5.255.193" port: 42885 } health_report { overall_health: HEALTHY } } peers { permanent_uuid: "f8c2ea059bbf4b95b87f5315cb56c763" member_type: VOTER last_known_addr { host: "127.5.255.194" port: 42443 } health_report { overall_health: UNKNOWN } } peers { permanent_uuid: "be158872cc6f437690dd042f518cc7b2" member_type: VOTER last_known_addr { host: "127.5.255.195" port: 43521 } health_report { overall_health: UNKNOWN } } }
I20260709 14:52:53.026312  6966 tablet_bootstrap.cc:654] T 9dbb492c5c7241e4b2b627c84e3bc7b4 P be158872cc6f437690dd042f518cc7b2: Neither blocks nor log segments found. Creating new log.
I20260709 14:52:53.029244  6963 tablet_bootstrap.cc:654] T 064ec722a0674c2994f90983e6987fd4 P bea7f407218a48b986ef5315fb66e48f: Neither blocks nor log segments found. Creating new log.
I20260709 14:52:53.029832  6923 tablet_service.cc:1917] Received RequestConsensusVote() RPC: tablet_id: "0443db6dd3bc47c6bce964f2198babb2" candidate_uuid: "f8c2ea059bbf4b95b87f5315cb56c763" candidate_term: 1 candidate_status { last_received { term: 0 index: 0 } } ignore_live_leader: false dest_uuid: "be158872cc6f437690dd042f518cc7b2" is_pre_election: true
W20260709 14:52:53.031612  6812 leader_election.cc:343] T 0443db6dd3bc47c6bce964f2198babb2 P f8c2ea059bbf4b95b87f5315cb56c763 [CANDIDATE]: Term 1 pre-election: Tablet error from VoteRequest() call to peer be158872cc6f437690dd042f518cc7b2 (127.5.255.195:43521): Illegal state: must be running to vote when last-logged opid is not known
I20260709 14:52:53.034934  6965 tablet_bootstrap.cc:492] T 064ec722a0674c2994f90983e6987fd4 P f8c2ea059bbf4b95b87f5315cb56c763: No bootstrap required, opened a new log
I20260709 14:52:53.035233  6965 ts_tablet_manager.cc:1403] T 064ec722a0674c2994f90983e6987fd4 P f8c2ea059bbf4b95b87f5315cb56c763: Time spent bootstrapping tablet: real 0.047s	user 0.018s	sys 0.004s
I20260709 14:52:53.035331  6966 tablet_bootstrap.cc:492] T 9dbb492c5c7241e4b2b627c84e3bc7b4 P be158872cc6f437690dd042f518cc7b2: No bootstrap required, opened a new log
I20260709 14:52:53.035763  6966 ts_tablet_manager.cc:1403] T 9dbb492c5c7241e4b2b627c84e3bc7b4 P be158872cc6f437690dd042f518cc7b2: Time spent bootstrapping tablet: real 0.021s	user 0.011s	sys 0.000s
I20260709 14:52:53.037487  6965 raft_consensus.cc:359] T 064ec722a0674c2994f90983e6987fd4 P f8c2ea059bbf4b95b87f5315cb56c763 [term 0 FOLLOWER]: Replica starting. Triggering 0 pending ops. Active config: opid_index: -1 OBSOLETE_local: false peers { permanent_uuid: "bea7f407218a48b986ef5315fb66e48f" member_type: VOTER last_known_addr { host: "127.5.255.193" port: 42885 } } peers { permanent_uuid: "f8c2ea059bbf4b95b87f5315cb56c763" member_type: VOTER last_known_addr { host: "127.5.255.194" port: 42443 } } peers { permanent_uuid: "be158872cc6f437690dd042f518cc7b2" member_type: VOTER last_known_addr { host: "127.5.255.195" port: 43521 } }
I20260709 14:52:53.037966  6965 raft_consensus.cc:385] T 064ec722a0674c2994f90983e6987fd4 P f8c2ea059bbf4b95b87f5315cb56c763 [term 0 FOLLOWER]: Consensus starting up: Expiring failure detector timer to make a prompt election more likely
I20260709 14:52:53.038143  6965 raft_consensus.cc:740] T 064ec722a0674c2994f90983e6987fd4 P f8c2ea059bbf4b95b87f5315cb56c763 [term 0 FOLLOWER]: Becoming Follower/Learner. State: Replica: f8c2ea059bbf4b95b87f5315cb56c763, State: Initialized, Role: FOLLOWER
I20260709 14:52:53.038327  6966 raft_consensus.cc:359] T 9dbb492c5c7241e4b2b627c84e3bc7b4 P be158872cc6f437690dd042f518cc7b2 [term 0 FOLLOWER]: Replica starting. Triggering 0 pending ops. Active config: opid_index: -1 OBSOLETE_local: false peers { permanent_uuid: "bea7f407218a48b986ef5315fb66e48f" member_type: VOTER last_known_addr { host: "127.5.255.193" port: 42885 } } peers { permanent_uuid: "be158872cc6f437690dd042f518cc7b2" member_type: VOTER last_known_addr { host: "127.5.255.195" port: 43521 } } peers { permanent_uuid: "f8c2ea059bbf4b95b87f5315cb56c763" member_type: VOTER last_known_addr { host: "127.5.255.194" port: 42443 } }
I20260709 14:52:53.038619  6965 consensus_queue.cc:260] T 064ec722a0674c2994f90983e6987fd4 P f8c2ea059bbf4b95b87f5315cb56c763 [NON_LEADER]: Queue going to NON_LEADER mode. State: All replicated index: 0, Majority replicated index: 0, Committed index: 0, Last appended: 0.0, Last appended by leader: 0, Current term: 0, Majority size: -1, State: 0, Mode: NON_LEADER, active raft config: opid_index: -1 OBSOLETE_local: false peers { permanent_uuid: "bea7f407218a48b986ef5315fb66e48f" member_type: VOTER last_known_addr { host: "127.5.255.193" port: 42885 } } peers { permanent_uuid: "f8c2ea059bbf4b95b87f5315cb56c763" member_type: VOTER last_known_addr { host: "127.5.255.194" port: 42443 } } peers { permanent_uuid: "be158872cc6f437690dd042f518cc7b2" member_type: VOTER last_known_addr { host: "127.5.255.195" port: 43521 } }
I20260709 14:52:53.039011  6966 raft_consensus.cc:385] T 9dbb492c5c7241e4b2b627c84e3bc7b4 P be158872cc6f437690dd042f518cc7b2 [term 0 FOLLOWER]: Consensus starting up: Expiring failure detector timer to make a prompt election more likely
I20260709 14:52:53.039352  6966 raft_consensus.cc:740] T 9dbb492c5c7241e4b2b627c84e3bc7b4 P be158872cc6f437690dd042f518cc7b2 [term 0 FOLLOWER]: Becoming Follower/Learner. State: Replica: be158872cc6f437690dd042f518cc7b2, State: Initialized, Role: FOLLOWER
I20260709 14:52:53.040071  6966 consensus_queue.cc:260] T 9dbb492c5c7241e4b2b627c84e3bc7b4 P be158872cc6f437690dd042f518cc7b2 [NON_LEADER]: Queue going to NON_LEADER mode. State: All replicated index: 0, Majority replicated index: 0, Committed index: 0, Last appended: 0.0, Last appended by leader: 0, Current term: 0, Majority size: -1, State: 0, Mode: NON_LEADER, active raft config: opid_index: -1 OBSOLETE_local: false peers { permanent_uuid: "bea7f407218a48b986ef5315fb66e48f" member_type: VOTER last_known_addr { host: "127.5.255.193" port: 42885 } } peers { permanent_uuid: "be158872cc6f437690dd042f518cc7b2" member_type: VOTER last_known_addr { host: "127.5.255.195" port: 43521 } } peers { permanent_uuid: "f8c2ea059bbf4b95b87f5315cb56c763" member_type: VOTER last_known_addr { host: "127.5.255.194" port: 42443 } }
I20260709 14:52:53.040805  6972 raft_consensus.cc:493] T 9dbb492c5c7241e4b2b627c84e3bc7b4 P be158872cc6f437690dd042f518cc7b2 [term 0 FOLLOWER]: Starting pre-election (no leader contacted us within the election timeout)
I20260709 14:52:53.041460  6963 tablet_bootstrap.cc:492] T 064ec722a0674c2994f90983e6987fd4 P bea7f407218a48b986ef5315fb66e48f: No bootstrap required, opened a new log
I20260709 14:52:53.041204  6972 raft_consensus.cc:515] T 9dbb492c5c7241e4b2b627c84e3bc7b4 P be158872cc6f437690dd042f518cc7b2 [term 0 FOLLOWER]: Starting pre-election with config: opid_index: -1 OBSOLETE_local: false peers { permanent_uuid: "bea7f407218a48b986ef5315fb66e48f" member_type: VOTER last_known_addr { host: "127.5.255.193" port: 42885 } } peers { permanent_uuid: "be158872cc6f437690dd042f518cc7b2" member_type: VOTER last_known_addr { host: "127.5.255.195" port: 43521 } } peers { permanent_uuid: "f8c2ea059bbf4b95b87f5315cb56c763" member_type: VOTER last_known_addr { host: "127.5.255.194" port: 42443 } }
I20260709 14:52:53.041841  6963 ts_tablet_manager.cc:1403] T 064ec722a0674c2994f90983e6987fd4 P bea7f407218a48b986ef5315fb66e48f: Time spent bootstrapping tablet: real 0.028s	user 0.007s	sys 0.003s
I20260709 14:52:53.043186  6972 leader_election.cc:290] T 9dbb492c5c7241e4b2b627c84e3bc7b4 P be158872cc6f437690dd042f518cc7b2 [CANDIDATE]: Term 1 pre-election: Requested pre-vote from peers bea7f407218a48b986ef5315fb66e48f (127.5.255.193:42885), f8c2ea059bbf4b95b87f5315cb56c763 (127.5.255.194:42443)
I20260709 14:52:53.044123  6963 raft_consensus.cc:359] T 064ec722a0674c2994f90983e6987fd4 P bea7f407218a48b986ef5315fb66e48f [term 0 FOLLOWER]: Replica starting. Triggering 0 pending ops. Active config: opid_index: -1 OBSOLETE_local: false peers { permanent_uuid: "bea7f407218a48b986ef5315fb66e48f" member_type: VOTER last_known_addr { host: "127.5.255.193" port: 42885 } } peers { permanent_uuid: "f8c2ea059bbf4b95b87f5315cb56c763" member_type: VOTER last_known_addr { host: "127.5.255.194" port: 42443 } } peers { permanent_uuid: "be158872cc6f437690dd042f518cc7b2" member_type: VOTER last_known_addr { host: "127.5.255.195" port: 43521 } }
I20260709 14:52:53.044731  6963 raft_consensus.cc:385] T 064ec722a0674c2994f90983e6987fd4 P bea7f407218a48b986ef5315fb66e48f [term 0 FOLLOWER]: Consensus starting up: Expiring failure detector timer to make a prompt election more likely
I20260709 14:52:53.044979  6963 raft_consensus.cc:740] T 064ec722a0674c2994f90983e6987fd4 P bea7f407218a48b986ef5315fb66e48f [term 0 FOLLOWER]: Becoming Follower/Learner. State: Replica: bea7f407218a48b986ef5315fb66e48f, State: Initialized, Role: FOLLOWER
I20260709 14:52:53.045688  6774 tablet_service.cc:1917] Received RequestConsensusVote() RPC: tablet_id: "9dbb492c5c7241e4b2b627c84e3bc7b4" candidate_uuid: "be158872cc6f437690dd042f518cc7b2" candidate_term: 1 candidate_status { last_received { term: 0 index: 0 } } ignore_live_leader: false dest_uuid: "bea7f407218a48b986ef5315fb66e48f" is_pre_election: true
I20260709 14:52:53.045574  6963 consensus_queue.cc:260] T 064ec722a0674c2994f90983e6987fd4 P bea7f407218a48b986ef5315fb66e48f [NON_LEADER]: Queue going to NON_LEADER mode. State: All replicated index: 0, Majority replicated index: 0, Committed index: 0, Last appended: 0.0, Last appended by leader: 0, Current term: 0, Majority size: -1, State: 0, Mode: NON_LEADER, active raft config: opid_index: -1 OBSOLETE_local: false peers { permanent_uuid: "bea7f407218a48b986ef5315fb66e48f" member_type: VOTER last_known_addr { host: "127.5.255.193" port: 42885 } } peers { permanent_uuid: "f8c2ea059bbf4b95b87f5315cb56c763" member_type: VOTER last_known_addr { host: "127.5.255.194" port: 42443 } } peers { permanent_uuid: "be158872cc6f437690dd042f518cc7b2" member_type: VOTER last_known_addr { host: "127.5.255.195" port: 43521 } }
I20260709 14:52:53.046270  6774 raft_consensus.cc:2468] T 9dbb492c5c7241e4b2b627c84e3bc7b4 P bea7f407218a48b986ef5315fb66e48f [term 0 FOLLOWER]: Leader pre-election vote request: Granting yes vote for candidate be158872cc6f437690dd042f518cc7b2 in term 0.
I20260709 14:52:53.044997  6849 tablet_service.cc:1917] Received RequestConsensusVote() RPC: tablet_id: "9dbb492c5c7241e4b2b627c84e3bc7b4" candidate_uuid: "be158872cc6f437690dd042f518cc7b2" candidate_term: 1 candidate_status { last_received { term: 0 index: 0 } } ignore_live_leader: false dest_uuid: "f8c2ea059bbf4b95b87f5315cb56c763" is_pre_election: true
I20260709 14:52:53.047530  6965 ts_tablet_manager.cc:1434] T 064ec722a0674c2994f90983e6987fd4 P f8c2ea059bbf4b95b87f5315cb56c763: Time spent starting tablet: real 0.012s	user 0.001s	sys 0.004s
I20260709 14:52:53.047537  6963 ts_tablet_manager.cc:1434] T 064ec722a0674c2994f90983e6987fd4 P bea7f407218a48b986ef5315fb66e48f: Time spent starting tablet: real 0.005s	user 0.005s	sys 0.001s
I20260709 14:52:53.048487  6963 tablet_bootstrap.cc:492] T 4055d848009e4f65a87c6edae99b6b65 P bea7f407218a48b986ef5315fb66e48f: Bootstrap starting.
I20260709 14:52:53.048396  6889 leader_election.cc:304] T 9dbb492c5c7241e4b2b627c84e3bc7b4 P be158872cc6f437690dd042f518cc7b2 [CANDIDATE]: Term 1 pre-election: Election decided. Result: candidate won. Election summary: received 2 responses out of 3 voters: 2 yes votes; 0 no votes. yes voters: be158872cc6f437690dd042f518cc7b2, bea7f407218a48b986ef5315fb66e48f; no voters: 
I20260709 14:52:53.049198  6972 raft_consensus.cc:2804] T 9dbb492c5c7241e4b2b627c84e3bc7b4 P be158872cc6f437690dd042f518cc7b2 [term 0 FOLLOWER]: Leader pre-election won for term 1
I20260709 14:52:53.049526  6972 raft_consensus.cc:493] T 9dbb492c5c7241e4b2b627c84e3bc7b4 P be158872cc6f437690dd042f518cc7b2 [term 0 FOLLOWER]: Starting leader election (no leader contacted us within the election timeout)
I20260709 14:52:53.049829  6972 raft_consensus.cc:3060] T 9dbb492c5c7241e4b2b627c84e3bc7b4 P be158872cc6f437690dd042f518cc7b2 [term 0 FOLLOWER]: Advancing to term 1
I20260709 14:52:53.050814  6965 tablet_bootstrap.cc:492] T 3b64350b7c8c447eb9cc23909e7eab20 P f8c2ea059bbf4b95b87f5315cb56c763: Bootstrap starting.
I20260709 14:52:53.053911  6963 tablet_bootstrap.cc:654] T 4055d848009e4f65a87c6edae99b6b65 P bea7f407218a48b986ef5315fb66e48f: Neither blocks nor log segments found. Creating new log.
I20260709 14:52:53.047585  6849 raft_consensus.cc:2468] T 9dbb492c5c7241e4b2b627c84e3bc7b4 P f8c2ea059bbf4b95b87f5315cb56c763 [term 0 FOLLOWER]: Leader pre-election vote request: Granting yes vote for candidate be158872cc6f437690dd042f518cc7b2 in term 0.
I20260709 14:52:53.056058  6965 tablet_bootstrap.cc:654] T 3b64350b7c8c447eb9cc23909e7eab20 P f8c2ea059bbf4b95b87f5315cb56c763: Neither blocks nor log segments found. Creating new log.
I20260709 14:52:53.057657  6972 raft_consensus.cc:515] T 9dbb492c5c7241e4b2b627c84e3bc7b4 P be158872cc6f437690dd042f518cc7b2 [term 1 FOLLOWER]: Starting leader election with config: opid_index: -1 OBSOLETE_local: false peers { permanent_uuid: "bea7f407218a48b986ef5315fb66e48f" member_type: VOTER last_known_addr { host: "127.5.255.193" port: 42885 } } peers { permanent_uuid: "be158872cc6f437690dd042f518cc7b2" member_type: VOTER last_known_addr { host: "127.5.255.195" port: 43521 } } peers { permanent_uuid: "f8c2ea059bbf4b95b87f5315cb56c763" member_type: VOTER last_known_addr { host: "127.5.255.194" port: 42443 } }
I20260709 14:52:53.060180  6774 tablet_service.cc:1917] Received RequestConsensusVote() RPC: tablet_id: "9dbb492c5c7241e4b2b627c84e3bc7b4" candidate_uuid: "be158872cc6f437690dd042f518cc7b2" candidate_term: 1 candidate_status { last_received { term: 0 index: 0 } } ignore_live_leader: false dest_uuid: "bea7f407218a48b986ef5315fb66e48f"
I20260709 14:52:53.060683  6774 raft_consensus.cc:3060] T 9dbb492c5c7241e4b2b627c84e3bc7b4 P bea7f407218a48b986ef5315fb66e48f [term 0 FOLLOWER]: Advancing to term 1
I20260709 14:52:53.064016  6971 raft_consensus.cc:493] T 2b8ce692df7e43e9b2b19e5c326ade03 P f8c2ea059bbf4b95b87f5315cb56c763 [term 0 FOLLOWER]: Starting pre-election (no leader contacted us within the election timeout)
I20260709 14:52:53.064445  6971 raft_consensus.cc:515] T 2b8ce692df7e43e9b2b19e5c326ade03 P f8c2ea059bbf4b95b87f5315cb56c763 [term 0 FOLLOWER]: Starting pre-election with config: opid_index: -1 OBSOLETE_local: false peers { permanent_uuid: "bea7f407218a48b986ef5315fb66e48f" member_type: VOTER last_known_addr { host: "127.5.255.193" port: 42885 } } peers { permanent_uuid: "f8c2ea059bbf4b95b87f5315cb56c763" member_type: VOTER last_known_addr { host: "127.5.255.194" port: 42443 } } peers { permanent_uuid: "be158872cc6f437690dd042f518cc7b2" member_type: VOTER last_known_addr { host: "127.5.255.195" port: 43521 } }
I20260709 14:52:53.064925  6773 tablet_service.cc:1917] Received RequestConsensusVote() RPC: tablet_id: "0443db6dd3bc47c6bce964f2198babb2" candidate_uuid: "f8c2ea059bbf4b95b87f5315cb56c763" candidate_term: 1 candidate_status { last_received { term: 0 index: 0 } } ignore_live_leader: false dest_uuid: "bea7f407218a48b986ef5315fb66e48f" is_pre_election: true
I20260709 14:52:53.065524  6773 raft_consensus.cc:2468] T 0443db6dd3bc47c6bce964f2198babb2 P bea7f407218a48b986ef5315fb66e48f [term 0 FOLLOWER]: Leader pre-election vote request: Granting yes vote for candidate f8c2ea059bbf4b95b87f5315cb56c763 in term 0.
I20260709 14:52:53.066350  6971 leader_election.cc:290] T 2b8ce692df7e43e9b2b19e5c326ade03 P f8c2ea059bbf4b95b87f5315cb56c763 [CANDIDATE]: Term 1 pre-election: Requested pre-vote from peers bea7f407218a48b986ef5315fb66e48f (127.5.255.193:42885), be158872cc6f437690dd042f518cc7b2 (127.5.255.195:43521)
I20260709 14:52:53.067324  6815 leader_election.cc:304] T 0443db6dd3bc47c6bce964f2198babb2 P f8c2ea059bbf4b95b87f5315cb56c763 [CANDIDATE]: Term 1 pre-election: Election decided. Result: candidate won. Election summary: received 3 responses out of 3 voters: 2 yes votes; 1 no votes. yes voters: bea7f407218a48b986ef5315fb66e48f, f8c2ea059bbf4b95b87f5315cb56c763; no voters: be158872cc6f437690dd042f518cc7b2
I20260709 14:52:53.068380  6773 tablet_service.cc:1917] Received RequestConsensusVote() RPC: tablet_id: "2b8ce692df7e43e9b2b19e5c326ade03" candidate_uuid: "f8c2ea059bbf4b95b87f5315cb56c763" candidate_term: 1 candidate_status { last_received { term: 0 index: 0 } } ignore_live_leader: false dest_uuid: "bea7f407218a48b986ef5315fb66e48f" is_pre_election: true
