I20260709 14:45:46.794531  1453 catalog_manager.cc:5697] T 2f6ee432dd264ab6b1ea0b677ae4a99e P c9feb87570f94f029330bb4dff3b5f6d reported cstate change: term changed from 0 to 1, leader changed from <none> to c9feb87570f94f029330bb4dff3b5f6d (127.0.107.193). New cstate: current_term: 1 leader_uuid: "c9feb87570f94f029330bb4dff3b5f6d" committed_config { opid_index: -1 OBSOLETE_local: false peers { permanent_uuid: "c9feb87570f94f029330bb4dff3b5f6d" member_type: VOTER last_known_addr { host: "127.0.107.193" port: 40249 } health_report { overall_health: HEALTHY } } peers { permanent_uuid: "c861a3c6759c4e05a78ff0b62c8baf6d" member_type: VOTER last_known_addr { host: "127.0.107.194" port: 39693 } health_report { overall_health: UNKNOWN } } peers { permanent_uuid: "ab8e205a83e1490bb30183b53035a09c" member_type: VOTER last_known_addr { host: "127.0.107.195" port: 46683 } health_report { overall_health: UNKNOWN } } }
I20260709 14:45:46.790518  1705 raft_consensus.cc:2468] T f22ca6ddd7f64da5a3a9be5679713e24 P ab8e205a83e1490bb30183b53035a09c [term 1 FOLLOWER]: Leader election vote request: Granting yes vote for candidate c9feb87570f94f029330bb4dff3b5f6d in term 1.
I20260709 14:45:46.796934  1748 consensus_queue.cc:260] T f22ca6ddd7f64da5a3a9be5679713e24 P c861a3c6759c4e05a78ff0b62c8baf6d [NON_LEADER]: Queue going to NON_LEADER mode. State: All replicated index: 0, Majority replicated index: 0, Committed index: 0, Last appended: 0.0, Last appended by leader: 0, Current term: 0, Majority size: -1, State: 0, Mode: NON_LEADER, active raft config: opid_index: -1 OBSOLETE_local: false peers { permanent_uuid: "c9feb87570f94f029330bb4dff3b5f6d" member_type: VOTER last_known_addr { host: "127.0.107.193" port: 40249 } } peers { permanent_uuid: "c861a3c6759c4e05a78ff0b62c8baf6d" member_type: VOTER last_known_addr { host: "127.0.107.194" port: 39693 } } peers { permanent_uuid: "ab8e205a83e1490bb30183b53035a09c" member_type: VOTER last_known_addr { host: "127.0.107.195" port: 46683 } }
I20260709 14:45:46.811311  1522 leader_election.cc:304] T f22ca6ddd7f64da5a3a9be5679713e24 P c9feb87570f94f029330bb4dff3b5f6d [CANDIDATE]: Term 1 election: Election decided. Result: candidate won. Election summary: received 3 responses out of 3 voters: 2 yes votes; 1 no votes. yes voters: ab8e205a83e1490bb30183b53035a09c, c9feb87570f94f029330bb4dff3b5f6d; no voters: c861a3c6759c4e05a78ff0b62c8baf6d
I20260709 14:45:46.811955  1748 ts_tablet_manager.cc:1434] T f22ca6ddd7f64da5a3a9be5679713e24 P c861a3c6759c4e05a78ff0b62c8baf6d: Time spent starting tablet: real 0.132s	user 0.010s	sys 0.000s
I20260709 14:45:46.813735  1983 raft_consensus.cc:2804] T f22ca6ddd7f64da5a3a9be5679713e24 P c9feb87570f94f029330bb4dff3b5f6d [term 1 FOLLOWER]: Leader election won for term 1
I20260709 14:45:46.814640  1983 raft_consensus.cc:697] T f22ca6ddd7f64da5a3a9be5679713e24 P c9feb87570f94f029330bb4dff3b5f6d [term 1 LEADER]: Becoming Leader. State: Replica: c9feb87570f94f029330bb4dff3b5f6d, State: Running, Role: LEADER
I20260709 14:45:46.815637  1983 consensus_queue.cc:237] T f22ca6ddd7f64da5a3a9be5679713e24 P c9feb87570f94f029330bb4dff3b5f6d [LEADER]: Queue going to LEADER mode. State: All replicated index: 0, Majority replicated index: 0, Committed index: 0, Last appended: 0.0, Last appended by leader: 0, Current term: 1, Majority size: 2, State: 0, Mode: LEADER, active raft config: opid_index: -1 OBSOLETE_local: false peers { permanent_uuid: "c9feb87570f94f029330bb4dff3b5f6d" member_type: VOTER last_known_addr { host: "127.0.107.193" port: 40249 } } peers { permanent_uuid: "c861a3c6759c4e05a78ff0b62c8baf6d" member_type: VOTER last_known_addr { host: "127.0.107.194" port: 39693 } } peers { permanent_uuid: "ab8e205a83e1490bb30183b53035a09c" member_type: VOTER last_known_addr { host: "127.0.107.195" port: 46683 } }
I20260709 14:45:46.828507  1748 tablet_bootstrap.cc:492] T bdf59b39af094ce792883485b3387199 P c861a3c6759c4e05a78ff0b62c8baf6d: Bootstrap starting.
I20260709 14:45:46.833755  1749 tablet_bootstrap.cc:492] T ee30de97012e4d3daa7a3f7180bab02f P c9feb87570f94f029330bb4dff3b5f6d: No bootstrap required, opened a new log
I20260709 14:45:46.834359  1749 ts_tablet_manager.cc:1403] T ee30de97012e4d3daa7a3f7180bab02f P c9feb87570f94f029330bb4dff3b5f6d: Time spent bootstrapping tablet: real 0.416s	user 0.018s	sys 0.009s
I20260709 14:45:46.834652  1760 consensus_queue.cc:1048] T 99be2657bee6412f8aae8ba5bbfd5ade P c861a3c6759c4e05a78ff0b62c8baf6d [LEADER]: Connected to new peer: Peer: permanent_uuid: "c9feb87570f94f029330bb4dff3b5f6d" member_type: VOTER last_known_addr { host: "127.0.107.193" port: 40249 }, Status: LMP_MISMATCH, Last received: 0.0, Next index: 1, Last known committed idx: 0, Time since last communication: 0.001s
W20260709 14:45:46.837342  1597 consensus_peers.cc:597] T ee30de97012e4d3daa7a3f7180bab02f P c861a3c6759c4e05a78ff0b62c8baf6d -> Peer c9feb87570f94f029330bb4dff3b5f6d (127.0.107.193:40249): Couldn't send request to peer c9feb87570f94f029330bb4dff3b5f6d. Error code: TABLET_NOT_RUNNING (12). Status: Illegal state: Tablet not RUNNING: BOOTSTRAPPING. This is attempt 1: this message will repeat every 5th retry.
I20260709 14:45:46.839298  1747 tablet_bootstrap.cc:492] T bdf59b39af094ce792883485b3387199 P ab8e205a83e1490bb30183b53035a09c: No bootstrap required, opened a new log
I20260709 14:45:46.840000  1747 ts_tablet_manager.cc:1403] T bdf59b39af094ce792883485b3387199 P ab8e205a83e1490bb30183b53035a09c: Time spent bootstrapping tablet: real 0.354s	user 0.023s	sys 0.006s
I20260709 14:45:46.844839  1747 raft_consensus.cc:359] T bdf59b39af094ce792883485b3387199 P ab8e205a83e1490bb30183b53035a09c [term 0 FOLLOWER]: Replica starting. Triggering 0 pending ops. Active config: opid_index: -1 OBSOLETE_local: false peers { permanent_uuid: "c9feb87570f94f029330bb4dff3b5f6d" member_type: VOTER last_known_addr { host: "127.0.107.193" port: 40249 } } peers { permanent_uuid: "c861a3c6759c4e05a78ff0b62c8baf6d" member_type: VOTER last_known_addr { host: "127.0.107.194" port: 39693 } } peers { permanent_uuid: "ab8e205a83e1490bb30183b53035a09c" member_type: VOTER last_known_addr { host: "127.0.107.195" port: 46683 } }
I20260709 14:45:46.846534  1747 raft_consensus.cc:385] T bdf59b39af094ce792883485b3387199 P ab8e205a83e1490bb30183b53035a09c [term 0 FOLLOWER]: Consensus starting up: Expiring failure detector timer to make a prompt election more likely
I20260709 14:45:46.846869  1747 raft_consensus.cc:740] T bdf59b39af094ce792883485b3387199 P ab8e205a83e1490bb30183b53035a09c [term 0 FOLLOWER]: Becoming Follower/Learner. State: Replica: ab8e205a83e1490bb30183b53035a09c, State: Initialized, Role: FOLLOWER
I20260709 14:45:46.847708  1747 consensus_queue.cc:260] T bdf59b39af094ce792883485b3387199 P ab8e205a83e1490bb30183b53035a09c [NON_LEADER]: Queue going to NON_LEADER mode. State: All replicated index: 0, Majority replicated index: 0, Committed index: 0, Last appended: 0.0, Last appended by leader: 0, Current term: 0, Majority size: -1, State: 0, Mode: NON_LEADER, active raft config: opid_index: -1 OBSOLETE_local: false peers { permanent_uuid: "c9feb87570f94f029330bb4dff3b5f6d" member_type: VOTER last_known_addr { host: "127.0.107.193" port: 40249 } } peers { permanent_uuid: "c861a3c6759c4e05a78ff0b62c8baf6d" member_type: VOTER last_known_addr { host: "127.0.107.194" port: 39693 } } peers { permanent_uuid: "ab8e205a83e1490bb30183b53035a09c" member_type: VOTER last_known_addr { host: "127.0.107.195" port: 46683 } }
I20260709 14:45:46.848714  1748 tablet_bootstrap.cc:654] T bdf59b39af094ce792883485b3387199 P c861a3c6759c4e05a78ff0b62c8baf6d: Neither blocks nor log segments found. Creating new log.
I20260709 14:45:46.851359  1747 ts_tablet_manager.cc:1434] T bdf59b39af094ce792883485b3387199 P ab8e205a83e1490bb30183b53035a09c: Time spent starting tablet: real 0.010s	user 0.006s	sys 0.000s
I20260709 14:45:46.853120  1747 tablet_bootstrap.cc:492] T 44eced9e1dd84883ab755aef06fd0a7a P ab8e205a83e1490bb30183b53035a09c: Bootstrap starting.
I20260709 14:45:46.853206  1947 raft_consensus.cc:493] T bdf59b39af094ce792883485b3387199 P ab8e205a83e1490bb30183b53035a09c [term 0 FOLLOWER]: Starting pre-election (no leader contacted us within the election timeout)
I20260709 14:45:46.854208  1947 raft_consensus.cc:515] T bdf59b39af094ce792883485b3387199 P ab8e205a83e1490bb30183b53035a09c [term 0 FOLLOWER]: Starting pre-election with config: opid_index: -1 OBSOLETE_local: false peers { permanent_uuid: "c9feb87570f94f029330bb4dff3b5f6d" member_type: VOTER last_known_addr { host: "127.0.107.193" port: 40249 } } peers { permanent_uuid: "c861a3c6759c4e05a78ff0b62c8baf6d" member_type: VOTER last_known_addr { host: "127.0.107.194" port: 39693 } } peers { permanent_uuid: "ab8e205a83e1490bb30183b53035a09c" member_type: VOTER last_known_addr { host: "127.0.107.195" port: 46683 } }
I20260709 14:45:46.856315  1947 leader_election.cc:290] T bdf59b39af094ce792883485b3387199 P ab8e205a83e1490bb30183b53035a09c [CANDIDATE]: Term 1 pre-election: Requested pre-vote from peers c9feb87570f94f029330bb4dff3b5f6d (127.0.107.193:40249), c861a3c6759c4e05a78ff0b62c8baf6d (127.0.107.194:39693)
I20260709 14:45:46.857589  1630 tablet_service.cc:1917] Received RequestConsensusVote() RPC: tablet_id: "bdf59b39af094ce792883485b3387199" candidate_uuid: "ab8e205a83e1490bb30183b53035a09c" candidate_term: 1 candidate_status { last_received { term: 0 index: 0 } } ignore_live_leader: false dest_uuid: "c861a3c6759c4e05a78ff0b62c8baf6d" is_pre_election: true
I20260709 14:45:46.862247  1558 tablet_service.cc:1917] Received RequestConsensusVote() RPC: tablet_id: "bdf59b39af094ce792883485b3387199" candidate_uuid: "ab8e205a83e1490bb30183b53035a09c" candidate_term: 1 candidate_status { last_received { term: 0 index: 0 } } ignore_live_leader: false dest_uuid: "c9feb87570f94f029330bb4dff3b5f6d" is_pre_election: true
I20260709 14:45:46.862334  1749 raft_consensus.cc:359] T ee30de97012e4d3daa7a3f7180bab02f P c9feb87570f94f029330bb4dff3b5f6d [term 0 FOLLOWER]: Replica starting. Triggering 0 pending ops. Active config: opid_index: -1 OBSOLETE_local: false peers { permanent_uuid: "c9feb87570f94f029330bb4dff3b5f6d" member_type: VOTER last_known_addr { host: "127.0.107.193" port: 40249 } } peers { permanent_uuid: "c861a3c6759c4e05a78ff0b62c8baf6d" member_type: VOTER last_known_addr { host: "127.0.107.194" port: 39693 } } peers { permanent_uuid: "ab8e205a83e1490bb30183b53035a09c" member_type: VOTER last_known_addr { host: "127.0.107.195" port: 46683 } }
I20260709 14:45:46.863226  1749 raft_consensus.cc:385] T ee30de97012e4d3daa7a3f7180bab02f P c9feb87570f94f029330bb4dff3b5f6d [term 0 FOLLOWER]: Consensus starting up: Expiring failure detector timer to make a prompt election more likely
I20260709 14:45:46.863579  1749 raft_consensus.cc:740] T ee30de97012e4d3daa7a3f7180bab02f P c9feb87570f94f029330bb4dff3b5f6d [term 0 FOLLOWER]: Becoming Follower/Learner. State: Replica: c9feb87570f94f029330bb4dff3b5f6d, State: Initialized, Role: FOLLOWER
W20260709 14:45:46.863168  1672 leader_election.cc:343] T bdf59b39af094ce792883485b3387199 P ab8e205a83e1490bb30183b53035a09c [CANDIDATE]: Term 1 pre-election: Tablet error from VoteRequest() call to peer c861a3c6759c4e05a78ff0b62c8baf6d (127.0.107.194:39693): Illegal state: must be running to vote when last-logged opid is not known
W20260709 14:45:46.864655  1671 leader_election.cc:343] T bdf59b39af094ce792883485b3387199 P ab8e205a83e1490bb30183b53035a09c [CANDIDATE]: Term 1 pre-election: Tablet error from VoteRequest() call to peer c9feb87570f94f029330bb4dff3b5f6d (127.0.107.193:40249): Illegal state: must be running to vote when last-logged opid is not known
I20260709 14:45:46.864774  1749 consensus_queue.cc:260] T ee30de97012e4d3daa7a3f7180bab02f P c9feb87570f94f029330bb4dff3b5f6d [NON_LEADER]: Queue going to NON_LEADER mode. State: All replicated index: 0, Majority replicated index: 0, Committed index: 0, Last appended: 0.0, Last appended by leader: 0, Current term: 0, Majority size: -1, State: 0, Mode: NON_LEADER, active raft config: opid_index: -1 OBSOLETE_local: false peers { permanent_uuid: "c9feb87570f94f029330bb4dff3b5f6d" member_type: VOTER last_known_addr { host: "127.0.107.193" port: 40249 } } peers { permanent_uuid: "c861a3c6759c4e05a78ff0b62c8baf6d" member_type: VOTER last_known_addr { host: "127.0.107.194" port: 39693 } } peers { permanent_uuid: "ab8e205a83e1490bb30183b53035a09c" member_type: VOTER last_known_addr { host: "127.0.107.195" port: 46683 } }
I20260709 14:45:46.865341  1671 leader_election.cc:304] T bdf59b39af094ce792883485b3387199 P ab8e205a83e1490bb30183b53035a09c [CANDIDATE]: Term 1 pre-election: Election decided. Result: candidate lost. Election summary: received 3 responses out of 3 voters: 1 yes votes; 2 no votes. yes voters: ab8e205a83e1490bb30183b53035a09c; no voters: c861a3c6759c4e05a78ff0b62c8baf6d, c9feb87570f94f029330bb4dff3b5f6d
I20260709 14:45:46.879266  1947 raft_consensus.cc:2749] T bdf59b39af094ce792883485b3387199 P ab8e205a83e1490bb30183b53035a09c [term 0 FOLLOWER]: Leader pre-election lost for term 1. Reason: could not achieve majority
I20260709 14:45:46.880086  1749 ts_tablet_manager.cc:1434] T ee30de97012e4d3daa7a3f7180bab02f P c9feb87570f94f029330bb4dff3b5f6d: Time spent starting tablet: real 0.045s	user 0.008s	sys 0.002s
I20260709 14:45:46.881968  1749 tablet_bootstrap.cc:492] T bdf59b39af094ce792883485b3387199 P c9feb87570f94f029330bb4dff3b5f6d: Bootstrap starting.
I20260709 14:45:46.883224  1782 raft_consensus.cc:493] T f22ca6ddd7f64da5a3a9be5679713e24 P c861a3c6759c4e05a78ff0b62c8baf6d [term 0 FOLLOWER]: Starting pre-election (no leader contacted us within the election timeout)
I20260709 14:45:46.883739  1782 raft_consensus.cc:515] T f22ca6ddd7f64da5a3a9be5679713e24 P c861a3c6759c4e05a78ff0b62c8baf6d [term 0 FOLLOWER]: Starting pre-election with config: opid_index: -1 OBSOLETE_local: false peers { permanent_uuid: "c9feb87570f94f029330bb4dff3b5f6d" member_type: VOTER last_known_addr { host: "127.0.107.193" port: 40249 } } peers { permanent_uuid: "c861a3c6759c4e05a78ff0b62c8baf6d" member_type: VOTER last_known_addr { host: "127.0.107.194" port: 39693 } } peers { permanent_uuid: "ab8e205a83e1490bb30183b53035a09c" member_type: VOTER last_known_addr { host: "127.0.107.195" port: 46683 } }
I20260709 14:45:46.884649  1747 tablet_bootstrap.cc:654] T 44eced9e1dd84883ab755aef06fd0a7a P ab8e205a83e1490bb30183b53035a09c: Neither blocks nor log segments found. Creating new log.
I20260709 14:45:46.889220  1818 consensus_queue.cc:1048] T ee30de97012e4d3daa7a3f7180bab02f P c861a3c6759c4e05a78ff0b62c8baf6d [LEADER]: Connected to new peer: Peer: permanent_uuid: "ab8e205a83e1490bb30183b53035a09c" member_type: VOTER last_known_addr { host: "127.0.107.195" port: 46683 }, Status: LMP_MISMATCH, Last received: 0.0, Next index: 1, Last known committed idx: 0, Time since last communication: 0.001s
I20260709 14:45:46.889696  1782 leader_election.cc:290] T f22ca6ddd7f64da5a3a9be5679713e24 P c861a3c6759c4e05a78ff0b62c8baf6d [CANDIDATE]: Term 1 pre-election: Requested pre-vote from peers c9feb87570f94f029330bb4dff3b5f6d (127.0.107.193:40249), ab8e205a83e1490bb30183b53035a09c (127.0.107.195:46683)
I20260709 14:45:46.890901  1558 tablet_service.cc:1917] Received RequestConsensusVote() RPC: tablet_id: "f22ca6ddd7f64da5a3a9be5679713e24" candidate_uuid: "c861a3c6759c4e05a78ff0b62c8baf6d" candidate_term: 1 candidate_status { last_received { term: 0 index: 0 } } ignore_live_leader: false dest_uuid: "c9feb87570f94f029330bb4dff3b5f6d" is_pre_election: true
I20260709 14:45:46.891064  1707 tablet_service.cc:1917] Received RequestConsensusVote() RPC: tablet_id: "f22ca6ddd7f64da5a3a9be5679713e24" candidate_uuid: "c861a3c6759c4e05a78ff0b62c8baf6d" candidate_term: 1 candidate_status { last_received { term: 0 index: 0 } } ignore_live_leader: false dest_uuid: "ab8e205a83e1490bb30183b53035a09c" is_pre_election: true
I20260709 14:45:46.891880  1707 raft_consensus.cc:2393] T f22ca6ddd7f64da5a3a9be5679713e24 P ab8e205a83e1490bb30183b53035a09c [term 1 FOLLOWER]: Leader pre-election vote request: Denying vote to candidate c861a3c6759c4e05a78ff0b62c8baf6d in current term 1: Already voted for candidate c9feb87570f94f029330bb4dff3b5f6d in this term.
I20260709 14:45:46.892933  1455 catalog_manager.cc:5697] T f22ca6ddd7f64da5a3a9be5679713e24 P c9feb87570f94f029330bb4dff3b5f6d reported cstate change: term changed from 0 to 1, leader changed from <none> to c9feb87570f94f029330bb4dff3b5f6d (127.0.107.193). New cstate: current_term: 1 leader_uuid: "c9feb87570f94f029330bb4dff3b5f6d" committed_config { opid_index: -1 OBSOLETE_local: false peers { permanent_uuid: "c9feb87570f94f029330bb4dff3b5f6d" member_type: VOTER last_known_addr { host: "127.0.107.193" port: 40249 } health_report { overall_health: HEALTHY } } peers { permanent_uuid: "c861a3c6759c4e05a78ff0b62c8baf6d" member_type: VOTER last_known_addr { host: "127.0.107.194" port: 39693 } health_report { overall_health: UNKNOWN } } peers { permanent_uuid: "ab8e205a83e1490bb30183b53035a09c" member_type: VOTER last_known_addr { host: "127.0.107.195" port: 46683 } health_report { overall_health: UNKNOWN } } }
I20260709 14:45:46.894773  1597 leader_election.cc:304] T f22ca6ddd7f64da5a3a9be5679713e24 P c861a3c6759c4e05a78ff0b62c8baf6d [CANDIDATE]: Term 1 pre-election: Election decided. Result: candidate lost. Election summary: received 3 responses out of 3 voters: 1 yes votes; 2 no votes. yes voters: c861a3c6759c4e05a78ff0b62c8baf6d; no voters: ab8e205a83e1490bb30183b53035a09c, c9feb87570f94f029330bb4dff3b5f6d
I20260709 14:45:46.895602  1818 raft_consensus.cc:3060] T f22ca6ddd7f64da5a3a9be5679713e24 P c861a3c6759c4e05a78ff0b62c8baf6d [term 0 FOLLOWER]: Advancing to term 1
I20260709 14:45:46.898785  1748 tablet_bootstrap.cc:492] T bdf59b39af094ce792883485b3387199 P c861a3c6759c4e05a78ff0b62c8baf6d: No bootstrap required, opened a new log
I20260709 14:45:46.899255  1748 ts_tablet_manager.cc:1403] T bdf59b39af094ce792883485b3387199 P c861a3c6759c4e05a78ff0b62c8baf6d: Time spent bootstrapping tablet: real 0.071s	user 0.025s	sys 0.006s
I20260709 14:45:46.904757  1818 raft_consensus.cc:2749] T f22ca6ddd7f64da5a3a9be5679713e24 P c861a3c6759c4e05a78ff0b62c8baf6d [term 1 FOLLOWER]: Leader pre-election lost for term 1. Reason: could not achieve majority
I20260709 14:45:46.907106  1748 raft_consensus.cc:359] T bdf59b39af094ce792883485b3387199 P c861a3c6759c4e05a78ff0b62c8baf6d [term 0 FOLLOWER]: Replica starting. Triggering 0 pending ops. Active config: opid_index: -1 OBSOLETE_local: false peers { permanent_uuid: "c9feb87570f94f029330bb4dff3b5f6d" member_type: VOTER last_known_addr { host: "127.0.107.193" port: 40249 } } peers { permanent_uuid: "c861a3c6759c4e05a78ff0b62c8baf6d" member_type: VOTER last_known_addr { host: "127.0.107.194" port: 39693 } } peers { permanent_uuid: "ab8e205a83e1490bb30183b53035a09c" member_type: VOTER last_known_addr { host: "127.0.107.195" port: 46683 } }
I20260709 14:45:46.907794  1748 raft_consensus.cc:385] T bdf59b39af094ce792883485b3387199 P c861a3c6759c4e05a78ff0b62c8baf6d [term 0 FOLLOWER]: Consensus starting up: Expiring failure detector timer to make a prompt election more likely
I20260709 14:45:46.908053  1748 raft_consensus.cc:740] T bdf59b39af094ce792883485b3387199 P c861a3c6759c4e05a78ff0b62c8baf6d [term 0 FOLLOWER]: Becoming Follower/Learner. State: Replica: c861a3c6759c4e05a78ff0b62c8baf6d, State: Initialized, Role: FOLLOWER
I20260709 14:45:46.908740  1748 consensus_queue.cc:260] T bdf59b39af094ce792883485b3387199 P c861a3c6759c4e05a78ff0b62c8baf6d [NON_LEADER]: Queue going to NON_LEADER mode. State: All replicated index: 0, Majority replicated index: 0, Committed index: 0, Last appended: 0.0, Last appended by leader: 0, Current term: 0, Majority size: -1, State: 0, Mode: NON_LEADER, active raft config: opid_index: -1 OBSOLETE_local: false peers { permanent_uuid: "c9feb87570f94f029330bb4dff3b5f6d" member_type: VOTER last_known_addr { host: "127.0.107.193" port: 40249 } } peers { permanent_uuid: "c861a3c6759c4e05a78ff0b62c8baf6d" member_type: VOTER last_known_addr { host: "127.0.107.194" port: 39693 } } peers { permanent_uuid: "ab8e205a83e1490bb30183b53035a09c" member_type: VOTER last_known_addr { host: "127.0.107.195" port: 46683 } }
I20260709 14:45:46.910374  1787 raft_consensus.cc:493] T 5d9b9e580b0e433c894915faf601f000 P ab8e205a83e1490bb30183b53035a09c [term 0 FOLLOWER]: Starting pre-election (no leader contacted us within the election timeout)
I20260709 14:45:46.911010  1787 raft_consensus.cc:515] T 5d9b9e580b0e433c894915faf601f000 P ab8e205a83e1490bb30183b53035a09c [term 0 FOLLOWER]: Starting pre-election with config: opid_index: -1 OBSOLETE_local: false peers { permanent_uuid: "c9feb87570f94f029330bb4dff3b5f6d" member_type: VOTER last_known_addr { host: "127.0.107.193" port: 40249 } } peers { permanent_uuid: "c861a3c6759c4e05a78ff0b62c8baf6d" member_type: VOTER last_known_addr { host: "127.0.107.194" port: 39693 } } peers { permanent_uuid: "ab8e205a83e1490bb30183b53035a09c" member_type: VOTER last_known_addr { host: "127.0.107.195" port: 46683 } }
I20260709 14:45:46.913339  1787 leader_election.cc:290] T 5d9b9e580b0e433c894915faf601f000 P ab8e205a83e1490bb30183b53035a09c [CANDIDATE]: Term 1 pre-election: Requested pre-vote from peers c9feb87570f94f029330bb4dff3b5f6d (127.0.107.193:40249), c861a3c6759c4e05a78ff0b62c8baf6d (127.0.107.194:39693)
I20260709 14:45:46.915253  1558 tablet_service.cc:1917] Received RequestConsensusVote() RPC: tablet_id: "5d9b9e580b0e433c894915faf601f000" candidate_uuid: "ab8e205a83e1490bb30183b53035a09c" candidate_term: 1 candidate_status { last_received { term: 0 index: 0 } } ignore_live_leader: false dest_uuid: "c9feb87570f94f029330bb4dff3b5f6d" is_pre_election: true
I20260709 14:45:46.916005  1630 tablet_service.cc:1917] Received RequestConsensusVote() RPC: tablet_id: "5d9b9e580b0e433c894915faf601f000" candidate_uuid: "ab8e205a83e1490bb30183b53035a09c" candidate_term: 1 candidate_status { last_received { term: 0 index: 0 } } ignore_live_leader: false dest_uuid: "c861a3c6759c4e05a78ff0b62c8baf6d" is_pre_election: true
W20260709 14:45:46.916656  1671 leader_election.cc:343] T 5d9b9e580b0e433c894915faf601f000 P ab8e205a83e1490bb30183b53035a09c [CANDIDATE]: Term 1 pre-election: Tablet error from VoteRequest() call to peer c9feb87570f94f029330bb4dff3b5f6d (127.0.107.193:40249): Illegal state: must be running to vote when last-logged opid is not known
W20260709 14:45:46.917389  1672 leader_election.cc:343] T 5d9b9e580b0e433c894915faf601f000 P ab8e205a83e1490bb30183b53035a09c [CANDIDATE]: Term 1 pre-election: Tablet error from VoteRequest() call to peer c861a3c6759c4e05a78ff0b62c8baf6d (127.0.107.194:39693): Illegal state: must be running to vote when last-logged opid is not known
I20260709 14:45:46.917850  1672 leader_election.cc:304] T 5d9b9e580b0e433c894915faf601f000 P ab8e205a83e1490bb30183b53035a09c [CANDIDATE]: Term 1 pre-election: Election decided. Result: candidate lost. Election summary: received 3 responses out of 3 voters: 1 yes votes; 2 no votes. yes voters: ab8e205a83e1490bb30183b53035a09c; no voters: c861a3c6759c4e05a78ff0b62c8baf6d, c9feb87570f94f029330bb4dff3b5f6d
I20260709 14:45:46.918560  1787 raft_consensus.cc:2749] T 5d9b9e580b0e433c894915faf601f000 P ab8e205a83e1490bb30183b53035a09c [term 0 FOLLOWER]: Leader pre-election lost for term 1. Reason: could not achieve majority
I20260709 14:45:46.920183  1747 tablet_bootstrap.cc:492] T 44eced9e1dd84883ab755aef06fd0a7a P ab8e205a83e1490bb30183b53035a09c: No bootstrap required, opened a new log
I20260709 14:45:46.920657  1747 ts_tablet_manager.cc:1403] T 44eced9e1dd84883ab755aef06fd0a7a P ab8e205a83e1490bb30183b53035a09c: Time spent bootstrapping tablet: real 0.068s	user 0.015s	sys 0.013s
I20260709 14:45:46.923755  1747 raft_consensus.cc:359] T 44eced9e1dd84883ab755aef06fd0a7a P ab8e205a83e1490bb30183b53035a09c [term 0 FOLLOWER]: Replica starting. Triggering 0 pending ops. Active config: opid_index: -1 OBSOLETE_local: false peers { permanent_uuid: "c9feb87570f94f029330bb4dff3b5f6d" member_type: VOTER last_known_addr { host: "127.0.107.193" port: 40249 } } peers { permanent_uuid: "c861a3c6759c4e05a78ff0b62c8baf6d" member_type: VOTER last_known_addr { host: "127.0.107.194" port: 39693 } } peers { permanent_uuid: "ab8e205a83e1490bb30183b53035a09c" member_type: VOTER last_known_addr { host: "127.0.107.195" port: 46683 } }
I20260709 14:45:46.924400  1747 raft_consensus.cc:385] T 44eced9e1dd84883ab755aef06fd0a7a P ab8e205a83e1490bb30183b53035a09c [term 0 FOLLOWER]: Consensus starting up: Expiring failure detector timer to make a prompt election more likely
I20260709 14:45:46.924662  1747 raft_consensus.cc:740] T 44eced9e1dd84883ab755aef06fd0a7a P ab8e205a83e1490bb30183b53035a09c [term 0 FOLLOWER]: Becoming Follower/Learner. State: Replica: ab8e205a83e1490bb30183b53035a09c, State: Initialized, Role: FOLLOWER
I20260709 14:45:46.925318  1747 consensus_queue.cc:260] T 44eced9e1dd84883ab755aef06fd0a7a P ab8e205a83e1490bb30183b53035a09c [NON_LEADER]: Queue going to NON_LEADER mode. State: All replicated index: 0, Majority replicated index: 0, Committed index: 0, Last appended: 0.0, Last appended by leader: 0, Current term: 0, Majority size: -1, State: 0, Mode: NON_LEADER, active raft config: opid_index: -1 OBSOLETE_local: false peers { permanent_uuid: "c9feb87570f94f029330bb4dff3b5f6d" member_type: VOTER last_known_addr { host: "127.0.107.193" port: 40249 } } peers { permanent_uuid: "c861a3c6759c4e05a78ff0b62c8baf6d" member_type: VOTER last_known_addr { host: "127.0.107.194" port: 39693 } } peers { permanent_uuid: "ab8e205a83e1490bb30183b53035a09c" member_type: VOTER last_known_addr { host: "127.0.107.195" port: 46683 } }
I20260709 14:45:46.926957  1749 tablet_bootstrap.cc:654] T bdf59b39af094ce792883485b3387199 P c9feb87570f94f029330bb4dff3b5f6d: Neither blocks nor log segments found. Creating new log.
I20260709 14:45:46.930411  1983 raft_consensus.cc:493] T ee30de97012e4d3daa7a3f7180bab02f P c9feb87570f94f029330bb4dff3b5f6d [term 0 FOLLOWER]: Starting pre-election (no leader contacted us within the election timeout)
I20260709 14:45:46.930936  1983 raft_consensus.cc:515] T ee30de97012e4d3daa7a3f7180bab02f P c9feb87570f94f029330bb4dff3b5f6d [term 0 FOLLOWER]: Starting pre-election with config: opid_index: -1 OBSOLETE_local: false peers { permanent_uuid: "c9feb87570f94f029330bb4dff3b5f6d" member_type: VOTER last_known_addr { host: "127.0.107.193" port: 40249 } } peers { permanent_uuid: "c861a3c6759c4e05a78ff0b62c8baf6d" member_type: VOTER last_known_addr { host: "127.0.107.194" port: 39693 } } peers { permanent_uuid: "ab8e205a83e1490bb30183b53035a09c" member_type: VOTER last_known_addr { host: "127.0.107.195" port: 46683 } }
I20260709 14:45:46.931676  1747 ts_tablet_manager.cc:1434] T 44eced9e1dd84883ab755aef06fd0a7a P ab8e205a83e1490bb30183b53035a09c: Time spent starting tablet: real 0.011s	user 0.008s	sys 0.000s
I20260709 14:45:46.932809  1747 tablet_bootstrap.cc:492] T 1997b2cf50f548b8b4ac053b15f3deb6 P ab8e205a83e1490bb30183b53035a09c: Bootstrap starting.
I20260709 14:45:46.934952  1707 tablet_service.cc:1917] Received RequestConsensusVote() RPC: tablet_id: "ee30de97012e4d3daa7a3f7180bab02f" candidate_uuid: "c9feb87570f94f029330bb4dff3b5f6d" candidate_term: 1 candidate_status { last_received { term: 0 index: 0 } } ignore_live_leader: false dest_uuid: "ab8e205a83e1490bb30183b53035a09c" is_pre_election: true
I20260709 14:45:46.937871  1983 leader_election.cc:290] T ee30de97012e4d3daa7a3f7180bab02f P c9feb87570f94f029330bb4dff3b5f6d [CANDIDATE]: Term 1 pre-election: Requested pre-vote from peers c861a3c6759c4e05a78ff0b62c8baf6d (127.0.107.194:39693), ab8e205a83e1490bb30183b53035a09c (127.0.107.195:46683)
I20260709 14:45:46.917501  1748 ts_tablet_manager.cc:1434] T bdf59b39af094ce792883485b3387199 P c861a3c6759c4e05a78ff0b62c8baf6d: Time spent starting tablet: real 0.018s	user 0.006s	sys 0.000s
I20260709 14:45:46.939111  1747 tablet_bootstrap.cc:654] T 1997b2cf50f548b8b4ac053b15f3deb6 P ab8e205a83e1490bb30183b53035a09c: Neither blocks nor log segments found. Creating new log.
I20260709 14:45:46.941025  1630 tablet_service.cc:1917] Received RequestConsensusVote() RPC: tablet_id: "ee30de97012e4d3daa7a3f7180bab02f" candidate_uuid: "c9feb87570f94f029330bb4dff3b5f6d" candidate_term: 1 candidate_status { last_received { term: 0 index: 0 } } ignore_live_leader: false dest_uuid: "c861a3c6759c4e05a78ff0b62c8baf6d" is_pre_election: true
I20260709 14:45:46.942250  1748 tablet_bootstrap.cc:492] T 44eced9e1dd84883ab755aef06fd0a7a P c861a3c6759c4e05a78ff0b62c8baf6d: Bootstrap starting.
I20260709 14:45:46.942435  1523 leader_election.cc:304] T ee30de97012e4d3daa7a3f7180bab02f P c9feb87570f94f029330bb4dff3b5f6d [CANDIDATE]: Term 1 pre-election: Election decided. Result: candidate lost. Election summary: received 3 responses out of 3 voters: 1 yes votes; 2 no votes. yes voters: c9feb87570f94f029330bb4dff3b5f6d; no voters: ab8e205a83e1490bb30183b53035a09c, c861a3c6759c4e05a78ff0b62c8baf6d
I20260709 14:45:46.943637  1983 raft_consensus.cc:2749] T ee30de97012e4d3daa7a3f7180bab02f P c9feb87570f94f029330bb4dff3b5f6d [term 0 FOLLOWER]: Leader pre-election lost for term 1. Reason: could not achieve majority
I20260709 14:45:46.950012  1748 tablet_bootstrap.cc:654] T 44eced9e1dd84883ab755aef06fd0a7a P c861a3c6759c4e05a78ff0b62c8baf6d: Neither blocks nor log segments found. Creating new log.
I20260709 14:45:46.956601  1748 tablet_bootstrap.cc:492] T 44eced9e1dd84883ab755aef06fd0a7a P c861a3c6759c4e05a78ff0b62c8baf6d: No bootstrap required, opened a new log
I20260709 14:45:46.957162  1748 ts_tablet_manager.cc:1403] T 44eced9e1dd84883ab755aef06fd0a7a P c861a3c6759c4e05a78ff0b62c8baf6d: Time spent bootstrapping tablet: real 0.015s	user 0.006s	sys 0.007s
I20260709 14:45:46.978034  1748 raft_consensus.cc:359] T 44eced9e1dd84883ab755aef06fd0a7a P c861a3c6759c4e05a78ff0b62c8baf6d [term 0 FOLLOWER]: Replica starting. Triggering 0 pending ops. Active config: opid_index: -1 OBSOLETE_local: false peers { permanent_uuid: "c9feb87570f94f029330bb4dff3b5f6d" member_type: VOTER last_known_addr { host: "127.0.107.193" port: 40249 } } peers { permanent_uuid: "c861a3c6759c4e05a78ff0b62c8baf6d" member_type: VOTER last_known_addr { host: "127.0.107.194" port: 39693 } } peers { permanent_uuid: "ab8e205a83e1490bb30183b53035a09c" member_type: VOTER last_known_addr { host: "127.0.107.195" port: 46683 } }
I20260709 14:45:46.978978  1748 raft_consensus.cc:385] T 44eced9e1dd84883ab755aef06fd0a7a P c861a3c6759c4e05a78ff0b62c8baf6d [term 0 FOLLOWER]: Consensus starting up: Expiring failure detector timer to make a prompt election more likely
I20260709 14:45:46.979333  1748 raft_consensus.cc:740] T 44eced9e1dd84883ab755aef06fd0a7a P c861a3c6759c4e05a78ff0b62c8baf6d [term 0 FOLLOWER]: Becoming Follower/Learner. State: Replica: c861a3c6759c4e05a78ff0b62c8baf6d, State: Initialized, Role: FOLLOWER
I20260709 14:45:46.980252  1748 consensus_queue.cc:260] T 44eced9e1dd84883ab755aef06fd0a7a P c861a3c6759c4e05a78ff0b62c8baf6d [NON_LEADER]: Queue going to NON_LEADER mode. State: All replicated index: 0, Majority replicated index: 0, Committed index: 0, Last appended: 0.0, Last appended by leader: 0, Current term: 0, Majority size: -1, State: 0, Mode: NON_LEADER, active raft config: opid_index: -1 OBSOLETE_local: false peers { permanent_uuid: "c9feb87570f94f029330bb4dff3b5f6d" member_type: VOTER last_known_addr { host: "127.0.107.193" port: 40249 } } peers { permanent_uuid: "c861a3c6759c4e05a78ff0b62c8baf6d" member_type: VOTER last_known_addr { host: "127.0.107.194" port: 39693 } } peers { permanent_uuid: "ab8e205a83e1490bb30183b53035a09c" member_type: VOTER last_known_addr { host: "127.0.107.195" port: 46683 } }
I20260709 14:45:46.982810  1748 ts_tablet_manager.cc:1434] T 44eced9e1dd84883ab755aef06fd0a7a P c861a3c6759c4e05a78ff0b62c8baf6d: Time spent starting tablet: real 0.025s	user 0.007s	sys 0.000s
I20260709 14:45:46.984582  1748 tablet_bootstrap.cc:492] T 5d9b9e580b0e433c894915faf601f000 P c861a3c6759c4e05a78ff0b62c8baf6d: Bootstrap starting.
I20260709 14:45:46.984619  1780 raft_consensus.cc:493] T 44eced9e1dd84883ab755aef06fd0a7a P c861a3c6759c4e05a78ff0b62c8baf6d [term 0 FOLLOWER]: Starting pre-election (no leader contacted us within the election timeout)
I20260709 14:45:46.985209  1780 raft_consensus.cc:515] T 44eced9e1dd84883ab755aef06fd0a7a P c861a3c6759c4e05a78ff0b62c8baf6d [term 0 FOLLOWER]: Starting pre-election with config: opid_index: -1 OBSOLETE_local: false peers { permanent_uuid: "c9feb87570f94f029330bb4dff3b5f6d" member_type: VOTER last_known_addr { host: "127.0.107.193" port: 40249 } } peers { permanent_uuid: "c861a3c6759c4e05a78ff0b62c8baf6d" member_type: VOTER last_known_addr { host: "127.0.107.194" port: 39693 } } peers { permanent_uuid: "ab8e205a83e1490bb30183b53035a09c" member_type: VOTER last_known_addr { host: "127.0.107.195" port: 46683 } }
I20260709 14:45:46.987239  1780 leader_election.cc:290] T 44eced9e1dd84883ab755aef06fd0a7a P c861a3c6759c4e05a78ff0b62c8baf6d [CANDIDATE]: Term 1 pre-election: Requested pre-vote from peers c9feb87570f94f029330bb4dff3b5f6d (127.0.107.193:40249), ab8e205a83e1490bb30183b53035a09c (127.0.107.195:46683)
I20260709 14:45:46.988754  1705 tablet_service.cc:1917] Received RequestConsensusVote() RPC: tablet_id: "44eced9e1dd84883ab755aef06fd0a7a" candidate_uuid: "c861a3c6759c4e05a78ff0b62c8baf6d" candidate_term: 1 candidate_status { last_received { term: 0 index: 0 } } ignore_live_leader: false dest_uuid: "ab8e205a83e1490bb30183b53035a09c" is_pre_election: true
I20260709 14:45:46.989451  1705 raft_consensus.cc:2468] T 44eced9e1dd84883ab755aef06fd0a7a P ab8e205a83e1490bb30183b53035a09c [term 0 FOLLOWER]: Leader pre-election vote request: Granting yes vote for candidate c861a3c6759c4e05a78ff0b62c8baf6d in term 0.
I20260709 14:45:46.990901  1597 leader_election.cc:304] T 44eced9e1dd84883ab755aef06fd0a7a P c861a3c6759c4e05a78ff0b62c8baf6d [CANDIDATE]: Term 1 pre-election: Election decided. Result: candidate won. Election summary: received 2 responses out of 3 voters: 2 yes votes; 0 no votes. yes voters: ab8e205a83e1490bb30183b53035a09c, c861a3c6759c4e05a78ff0b62c8baf6d; no voters: 
I20260709 14:45:46.991585  1780 raft_consensus.cc:2804] T 44eced9e1dd84883ab755aef06fd0a7a P c861a3c6759c4e05a78ff0b62c8baf6d [term 0 FOLLOWER]: Leader pre-election won for term 1
I20260709 14:45:46.991905  1780 raft_consensus.cc:493] T 44eced9e1dd84883ab755aef06fd0a7a P c861a3c6759c4e05a78ff0b62c8baf6d [term 0 FOLLOWER]: Starting leader election (no leader contacted us within the election timeout)
I20260709 14:45:46.992208  1780 raft_consensus.cc:3060] T 44eced9e1dd84883ab755aef06fd0a7a P c861a3c6759c4e05a78ff0b62c8baf6d [term 0 FOLLOWER]: Advancing to term 1
I20260709 14:45:46.997341  1558 tablet_service.cc:1917] Received RequestConsensusVote() RPC: tablet_id: "44eced9e1dd84883ab755aef06fd0a7a" candidate_uuid: "c861a3c6759c4e05a78ff0b62c8baf6d" candidate_term: 1 candidate_status { last_received { term: 0 index: 0 } } ignore_live_leader: false dest_uuid: "c9feb87570f94f029330bb4dff3b5f6d" is_pre_election: true
I20260709 14:45:46.998059  1558 raft_consensus.cc:2468] T 44eced9e1dd84883ab755aef06fd0a7a P c9feb87570f94f029330bb4dff3b5f6d [term 0 FOLLOWER]: Leader pre-election vote request: Granting yes vote for candidate c861a3c6759c4e05a78ff0b62c8baf6d in term 0.
I20260709 14:45:46.999320  1780 raft_consensus.cc:515] T 44eced9e1dd84883ab755aef06fd0a7a P c861a3c6759c4e05a78ff0b62c8baf6d [term 1 FOLLOWER]: Starting leader election with config: opid_index: -1 OBSOLETE_local: false peers { permanent_uuid: "c9feb87570f94f029330bb4dff3b5f6d" member_type: VOTER last_known_addr { host: "127.0.107.193" port: 40249 } } peers { permanent_uuid: "c861a3c6759c4e05a78ff0b62c8baf6d" member_type: VOTER last_known_addr { host: "127.0.107.194" port: 39693 } } peers { permanent_uuid: "ab8e205a83e1490bb30183b53035a09c" member_type: VOTER last_known_addr { host: "127.0.107.195" port: 46683 } }
I20260709 14:45:47.000029  1748 tablet_bootstrap.cc:654] T 5d9b9e580b0e433c894915faf601f000 P c861a3c6759c4e05a78ff0b62c8baf6d: Neither blocks nor log segments found. Creating new log.
I20260709 14:45:47.003477  1705 tablet_service.cc:1917] Received RequestConsensusVote() RPC: tablet_id: "44eced9e1dd84883ab755aef06fd0a7a" candidate_uuid: "c861a3c6759c4e05a78ff0b62c8baf6d" candidate_term: 1 candidate_status { last_received { term: 0 index: 0 } } ignore_live_leader: false dest_uuid: "ab8e205a83e1490bb30183b53035a09c"
I20260709 14:45:47.004220  1705 raft_consensus.cc:3060] T 44eced9e1dd84883ab755aef06fd0a7a P ab8e205a83e1490bb30183b53035a09c [term 0 FOLLOWER]: Advancing to term 1
I20260709 14:45:47.006331  1780 leader_election.cc:290] T 44eced9e1dd84883ab755aef06fd0a7a P c861a3c6759c4e05a78ff0b62c8baf6d [CANDIDATE]: Term 1 election: Requested vote from peers c9feb87570f94f029330bb4dff3b5f6d (127.0.107.193:40249), ab8e205a83e1490bb30183b53035a09c (127.0.107.195:46683)
I20260709 14:45:47.010792  1558 tablet_service.cc:1917] Received RequestConsensusVote() RPC: tablet_id: "44eced9e1dd84883ab755aef06fd0a7a" candidate_uuid: "c861a3c6759c4e05a78ff0b62c8baf6d" candidate_term: 1 candidate_status { last_received { term: 0 index: 0 } } ignore_live_leader: false dest_uuid: "c9feb87570f94f029330bb4dff3b5f6d"
I20260709 14:45:47.011458  1558 raft_consensus.cc:3060] T 44eced9e1dd84883ab755aef06fd0a7a P c9feb87570f94f029330bb4dff3b5f6d [term 0 FOLLOWER]: Advancing to term 1
I20260709 14:45:47.014098  1705 raft_consensus.cc:2468] T 44eced9e1dd84883ab755aef06fd0a7a P ab8e205a83e1490bb30183b53035a09c [term 1 FOLLOWER]: Leader election vote request: Granting yes vote for candidate c861a3c6759c4e05a78ff0b62c8baf6d in term 1.
I20260709 14:45:47.015509  1597 leader_election.cc:304] T 44eced9e1dd84883ab755aef06fd0a7a P c861a3c6759c4e05a78ff0b62c8baf6d [CANDIDATE]: Term 1 election: Election decided. Result: candidate won. Election summary: received 2 responses out of 3 voters: 2 yes votes; 0 no votes. yes voters: ab8e205a83e1490bb30183b53035a09c, c861a3c6759c4e05a78ff0b62c8baf6d; no voters: 
I20260709 14:45:47.016304  1780 raft_consensus.cc:2804] T 44eced9e1dd84883ab755aef06fd0a7a P c861a3c6759c4e05a78ff0b62c8baf6d [term 1 FOLLOWER]: Leader election won for term 1
I20260709 14:45:47.016764  1780 raft_consensus.cc:697] T 44eced9e1dd84883ab755aef06fd0a7a P c861a3c6759c4e05a78ff0b62c8baf6d [term 1 LEADER]: Becoming Leader. State: Replica: c861a3c6759c4e05a78ff0b62c8baf6d, State: Running, Role: LEADER
I20260709 14:45:47.018105  1780 consensus_queue.cc:237] T 44eced9e1dd84883ab755aef06fd0a7a P c861a3c6759c4e05a78ff0b62c8baf6d [LEADER]: Queue going to LEADER mode. State: All replicated index: 0, Majority replicated index: 0, Committed index: 0, Last appended: 0.0, Last appended by leader: 0, Current term: 1, Majority size: 2, State: 0, Mode: LEADER, active raft config: opid_index: -1 OBSOLETE_local: false peers { permanent_uuid: "c9feb87570f94f029330bb4dff3b5f6d" member_type: VOTER last_known_addr { host: "127.0.107.193" port: 40249 } } peers { permanent_uuid: "c861a3c6759c4e05a78ff0b62c8baf6d" member_type: VOTER last_known_addr { host: "127.0.107.194" port: 39693 } } peers { permanent_uuid: "ab8e205a83e1490bb30183b53035a09c" member_type: VOTER last_known_addr { host: "127.0.107.195" port: 46683 } }
I20260709 14:45:47.030949  1747 tablet_bootstrap.cc:492] T 1997b2cf50f548b8b4ac053b15f3deb6 P ab8e205a83e1490bb30183b53035a09c: No bootstrap required, opened a new log
I20260709 14:45:47.031488  1747 ts_tablet_manager.cc:1403] T 1997b2cf50f548b8b4ac053b15f3deb6 P ab8e205a83e1490bb30183b53035a09c: Time spent bootstrapping tablet: real 0.099s	user 0.039s	sys 0.049s
I20260709 14:45:47.031543  1749 tablet_bootstrap.cc:492] T bdf59b39af094ce792883485b3387199 P c9feb87570f94f029330bb4dff3b5f6d: No bootstrap required, opened a new log
I20260709 14:45:47.032094  1749 ts_tablet_manager.cc:1403] T bdf59b39af094ce792883485b3387199 P c9feb87570f94f029330bb4dff3b5f6d: Time spent bootstrapping tablet: real 0.150s	user 0.026s	sys 0.031s
I20260709 14:45:47.018507  1558 raft_consensus.cc:2468] T 44eced9e1dd84883ab755aef06fd0a7a P c9feb87570f94f029330bb4dff3b5f6d [term 1 FOLLOWER]: Leader election vote request: Granting yes vote for candidate c861a3c6759c4e05a78ff0b62c8baf6d in term 1.
I20260709 14:45:47.035284  1747 raft_consensus.cc:359] T 1997b2cf50f548b8b4ac053b15f3deb6 P ab8e205a83e1490bb30183b53035a09c [term 0 FOLLOWER]: Replica starting. Triggering 0 pending ops. Active config: opid_index: -1 OBSOLETE_local: false peers { permanent_uuid: "c9feb87570f94f029330bb4dff3b5f6d" member_type: VOTER last_known_addr { host: "127.0.107.193" port: 40249 } } peers { permanent_uuid: "c861a3c6759c4e05a78ff0b62c8baf6d" member_type: VOTER last_known_addr { host: "127.0.107.194" port: 39693 } } peers { permanent_uuid: "ab8e205a83e1490bb30183b53035a09c" member_type: VOTER last_known_addr { host: "127.0.107.195" port: 46683 } }
I20260709 14:45:47.035447  1749 raft_consensus.cc:359] T bdf59b39af094ce792883485b3387199 P c9feb87570f94f029330bb4dff3b5f6d [term 0 FOLLOWER]: Replica starting. Triggering 0 pending ops. Active config: opid_index: -1 OBSOLETE_local: false peers { permanent_uuid: "c9feb87570f94f029330bb4dff3b5f6d" member_type: VOTER last_known_addr { host: "127.0.107.193" port: 40249 } } peers { permanent_uuid: "c861a3c6759c4e05a78ff0b62c8baf6d" member_type: VOTER last_known_addr { host: "127.0.107.194" port: 39693 } } peers { permanent_uuid: "ab8e205a83e1490bb30183b53035a09c" member_type: VOTER last_known_addr { host: "127.0.107.195" port: 46683 } }
I20260709 14:45:47.036049  1747 raft_consensus.cc:385] T 1997b2cf50f548b8b4ac053b15f3deb6 P ab8e205a83e1490bb30183b53035a09c [term 0 FOLLOWER]: Consensus starting up: Expiring failure detector timer to make a prompt election more likely
I20260709 14:45:47.036317  1749 raft_consensus.cc:385] T bdf59b39af094ce792883485b3387199 P c9feb87570f94f029330bb4dff3b5f6d [term 0 FOLLOWER]: Consensus starting up: Expiring failure detector timer to make a prompt election more likely
I20260709 14:45:47.036334  1747 raft_consensus.cc:740] T 1997b2cf50f548b8b4ac053b15f3deb6 P ab8e205a83e1490bb30183b53035a09c [term 0 FOLLOWER]: Becoming Follower/Learner. State: Replica: ab8e205a83e1490bb30183b53035a09c, State: Initialized, Role: FOLLOWER
I20260709 14:45:47.036805  1749 raft_consensus.cc:740] T bdf59b39af094ce792883485b3387199 P c9feb87570f94f029330bb4dff3b5f6d [term 0 FOLLOWER]: Becoming Follower/Learner. State: Replica: c9feb87570f94f029330bb4dff3b5f6d, State: Initialized, Role: FOLLOWER
I20260709 14:45:47.037303  1747 consensus_queue.cc:260] T 1997b2cf50f548b8b4ac053b15f3deb6 P ab8e205a83e1490bb30183b53035a09c [NON_LEADER]: Queue going to NON_LEADER mode. State: All replicated index: 0, Majority replicated index: 0, Committed index: 0, Last appended: 0.0, Last appended by leader: 0, Current term: 0, Majority size: -1, State: 0, Mode: NON_LEADER, active raft config: opid_index: -1 OBSOLETE_local: false peers { permanent_uuid: "c9feb87570f94f029330bb4dff3b5f6d" member_type: VOTER last_known_addr { host: "127.0.107.193" port: 40249 } } peers { permanent_uuid: "c861a3c6759c4e05a78ff0b62c8baf6d" member_type: VOTER last_known_addr { host: "127.0.107.194" port: 39693 } } peers { permanent_uuid: "ab8e205a83e1490bb30183b53035a09c" member_type: VOTER last_known_addr { host: "127.0.107.195" port: 46683 } }
I20260709 14:45:47.037552  1749 consensus_queue.cc:260] T bdf59b39af094ce792883485b3387199 P c9feb87570f94f029330bb4dff3b5f6d [NON_LEADER]: Queue going to NON_LEADER mode. State: All replicated index: 0, Majority replicated index: 0, Committed index: 0, Last appended: 0.0, Last appended by leader: 0, Current term: 0, Majority size: -1, State: 0, Mode: NON_LEADER, active raft config: opid_index: -1 OBSOLETE_local: false peers { permanent_uuid: "c9feb87570f94f029330bb4dff3b5f6d" member_type: VOTER last_known_addr { host: "127.0.107.193" port: 40249 } } peers { permanent_uuid: "c861a3c6759c4e05a78ff0b62c8baf6d" member_type: VOTER last_known_addr { host: "127.0.107.194" port: 39693 } } peers { permanent_uuid: "ab8e205a83e1490bb30183b53035a09c" member_type: VOTER last_known_addr { host: "127.0.107.195" port: 46683 } }
I20260709 14:45:47.039917  1747 ts_tablet_manager.cc:1434] T 1997b2cf50f548b8b4ac053b15f3deb6 P ab8e205a83e1490bb30183b53035a09c: Time spent starting tablet: real 0.008s	user 0.007s	sys 0.000s
I20260709 14:45:47.043017  1749 ts_tablet_manager.cc:1434] T bdf59b39af094ce792883485b3387199 P c9feb87570f94f029330bb4dff3b5f6d: Time spent starting tablet: real 0.011s	user 0.006s	sys 0.000s
I20260709 14:45:47.043681  1747 tablet_bootstrap.cc:492] T 1b5beb2b07ba45c6955dc3176f4d392d P ab8e205a83e1490bb30183b53035a09c: Bootstrap starting.
I20260709 14:45:47.044265  1455 catalog_manager.cc:5697] T 44eced9e1dd84883ab755aef06fd0a7a P c861a3c6759c4e05a78ff0b62c8baf6d reported cstate change: term changed from 0 to 1, leader changed from <none> to c861a3c6759c4e05a78ff0b62c8baf6d (127.0.107.194). New cstate: current_term: 1 leader_uuid: "c861a3c6759c4e05a78ff0b62c8baf6d" committed_config { opid_index: -1 OBSOLETE_local: false peers { permanent_uuid: "c9feb87570f94f029330bb4dff3b5f6d" member_type: VOTER last_known_addr { host: "127.0.107.193" port: 40249 } health_report { overall_health: UNKNOWN } } peers { permanent_uuid: "c861a3c6759c4e05a78ff0b62c8baf6d" member_type: VOTER last_known_addr { host: "127.0.107.194" port: 39693 } health_report { overall_health: HEALTHY } } peers { permanent_uuid: "ab8e205a83e1490bb30183b53035a09c" member_type: VOTER last_known_addr { host: "127.0.107.195" port: 46683 } health_report { overall_health: UNKNOWN } } }
I20260709 14:45:47.049240  1748 tablet_bootstrap.cc:492] T 5d9b9e580b0e433c894915faf601f000 P c861a3c6759c4e05a78ff0b62c8baf6d: No bootstrap required, opened a new log
I20260709 14:45:47.049731  1748 ts_tablet_manager.cc:1403] T 5d9b9e580b0e433c894915faf601f000 P c861a3c6759c4e05a78ff0b62c8baf6d: Time spent bootstrapping tablet: real 0.065s	user 0.018s	sys 0.010s
I20260709 14:45:47.051558  1747 tablet_bootstrap.cc:654] T 1b5beb2b07ba45c6955dc3176f4d392d P ab8e205a83e1490bb30183b53035a09c: Neither blocks nor log segments found. Creating new log.
I20260709 14:45:47.052227  1748 raft_consensus.cc:359] T 5d9b9e580b0e433c894915faf601f000 P c861a3c6759c4e05a78ff0b62c8baf6d [term 0 FOLLOWER]: Replica starting. Triggering 0 pending ops. Active config: opid_index: -1 OBSOLETE_local: false peers { permanent_uuid: "c9feb87570f94f029330bb4dff3b5f6d" member_type: VOTER last_known_addr { host: "127.0.107.193" port: 40249 } } peers { permanent_uuid: "c861a3c6759c4e05a78ff0b62c8baf6d" member_type: VOTER last_known_addr { host: "127.0.107.194" port: 39693 } } peers { permanent_uuid: "ab8e205a83e1490bb30183b53035a09c" member_type: VOTER last_known_addr { host: "127.0.107.195" port: 46683 } }
I20260709 14:45:47.052934  1748 raft_consensus.cc:385] T 5d9b9e580b0e433c894915faf601f000 P c861a3c6759c4e05a78ff0b62c8baf6d [term 0 FOLLOWER]: Consensus starting up: Expiring failure detector timer to make a prompt election more likely
I20260709 14:45:47.053190  1748 raft_consensus.cc:740] T 5d9b9e580b0e433c894915faf601f000 P c861a3c6759c4e05a78ff0b62c8baf6d [term 0 FOLLOWER]: Becoming Follower/Learner. State: Replica: c861a3c6759c4e05a78ff0b62c8baf6d, State: Initialized, Role: FOLLOWER
I20260709 14:45:47.055244  1749 tablet_bootstrap.cc:492] T 5bb2b8b753e1455a95fe1bd54978a554 P c9feb87570f94f029330bb4dff3b5f6d: Bootstrap starting.
I20260709 14:45:47.053851  1748 consensus_queue.cc:260] T 5d9b9e580b0e433c894915faf601f000 P c861a3c6759c4e05a78ff0b62c8baf6d [NON_LEADER]: Queue going to NON_LEADER mode. State: All replicated index: 0, Majority replicated index: 0, Committed index: 0, Last appended: 0.0, Last appended by leader: 0, Current term: 0, Majority size: -1, State: 0, Mode: NON_LEADER, active raft config: opid_index: -1 OBSOLETE_local: false peers { permanent_uuid: "c9feb87570f94f029330bb4dff3b5f6d" member_type: VOTER last_known_addr { host: "127.0.107.193" port: 40249 } } peers { permanent_uuid: "c861a3c6759c4e05a78ff0b62c8baf6d" member_type: VOTER last_known_addr { host: "127.0.107.194" port: 39693 } } peers { permanent_uuid: "ab8e205a83e1490bb30183b53035a09c" member_type: VOTER last_known_addr { host: "127.0.107.195" port: 46683 } }
I20260709 14:45:47.063227  1748 ts_tablet_manager.cc:1434] T 5d9b9e580b0e433c894915faf601f000 P c861a3c6759c4e05a78ff0b62c8baf6d: Time spent starting tablet: real 0.013s	user 0.005s	sys 0.000s
I20260709 14:45:47.064648  1749 tablet_bootstrap.cc:654] T 5bb2b8b753e1455a95fe1bd54978a554 P c9feb87570f94f029330bb4dff3b5f6d: Neither blocks nor log segments found. Creating new log.
I20260709 14:45:47.067328  1748 tablet_bootstrap.cc:492] T d49ef07715e642b7b66c7c44cb92365c P c861a3c6759c4e05a78ff0b62c8baf6d: Bootstrap starting.
I20260709 14:45:47.071982  1748 tablet_bootstrap.cc:654] T d49ef07715e642b7b66c7c44cb92365c P c861a3c6759c4e05a78ff0b62c8baf6d: Neither blocks nor log segments found. Creating new log.
I20260709 14:45:47.072736  1749 tablet_bootstrap.cc:492] T 5bb2b8b753e1455a95fe1bd54978a554 P c9feb87570f94f029330bb4dff3b5f6d: No bootstrap required, opened a new log
I20260709 14:45:47.073230  1749 ts_tablet_manager.cc:1403] T 5bb2b8b753e1455a95fe1bd54978a554 P c9feb87570f94f029330bb4dff3b5f6d: Time spent bootstrapping tablet: real 0.018s	user 0.010s	sys 0.000s
