I20260709 14:52:47.783674 23517 raft_consensus.cc:3055] T a0bdba90656340278a5fc9f21372fc4d P 99a608a4e4f6484ebe21cac27bf660d3 [term 1 LEADER]: Stepping down as leader of term 1
I20260709 14:52:47.783700 23666 tablet_service.cc:1917] Received RequestConsensusVote() RPC: tablet_id: "a0bdba90656340278a5fc9f21372fc4d" candidate_uuid: "a90ba0f3fff244fea8713c6738947e58" candidate_term: 2 candidate_status { last_received { term: 1 index: 1 } } ignore_live_leader: true dest_uuid: "5006330294474df3ae0c0f87d0bb61c4"
I20260709 14:52:47.784161 23517 raft_consensus.cc:740] T a0bdba90656340278a5fc9f21372fc4d P 99a608a4e4f6484ebe21cac27bf660d3 [term 1 LEADER]: Becoming Follower/Learner. State: Replica: 99a608a4e4f6484ebe21cac27bf660d3, State: Running, Role: LEADER
I20260709 14:52:47.784072 23516 raft_consensus.cc:3060] T c204690b3d794584a98796c9e921dce5 P 99a608a4e4f6484ebe21cac27bf660d3 [term 1 FOLLOWER]: Advancing to term 2
I20260709 14:52:47.784407 23666 raft_consensus.cc:3060] T a0bdba90656340278a5fc9f21372fc4d P 5006330294474df3ae0c0f87d0bb61c4 [term 1 FOLLOWER]: Advancing to term 2
I20260709 14:52:47.784961 23517 consensus_queue.cc:260] T a0bdba90656340278a5fc9f21372fc4d P 99a608a4e4f6484ebe21cac27bf660d3 [NON_LEADER]: Queue going to NON_LEADER mode. State: All replicated index: 0, Majority replicated index: 1, Committed index: 1, Last appended: 1.1, Last appended by leader: 1, Current term: 1, Majority size: -1, State: 0, Mode: NON_LEADER, active raft config: opid_index: -1 OBSOLETE_local: false peers { permanent_uuid: "99a608a4e4f6484ebe21cac27bf660d3" member_type: VOTER last_known_addr { host: "127.22.213.129" port: 44767 } } peers { permanent_uuid: "a90ba0f3fff244fea8713c6738947e58" member_type: VOTER last_known_addr { host: "127.22.213.130" port: 37087 } } peers { permanent_uuid: "5006330294474df3ae0c0f87d0bb61c4" member_type: VOTER last_known_addr { host: "127.22.213.131" port: 45959 } }
I20260709 14:52:47.785969 23517 raft_consensus.cc:3060] T a0bdba90656340278a5fc9f21372fc4d P 99a608a4e4f6484ebe21cac27bf660d3 [term 1 FOLLOWER]: Advancing to term 2
I20260709 14:52:47.789937 23516 raft_consensus.cc:2468] T c204690b3d794584a98796c9e921dce5 P 99a608a4e4f6484ebe21cac27bf660d3 [term 2 FOLLOWER]: Leader election vote request: Granting yes vote for candidate a90ba0f3fff244fea8713c6738947e58 in term 2.
I20260709 14:52:47.790333 23666 raft_consensus.cc:2468] T a0bdba90656340278a5fc9f21372fc4d P 5006330294474df3ae0c0f87d0bb61c4 [term 2 FOLLOWER]: Leader election vote request: Granting yes vote for candidate a90ba0f3fff244fea8713c6738947e58 in term 2.
I20260709 14:52:47.789932 23665 raft_consensus.cc:2468] T c204690b3d794584a98796c9e921dce5 P 5006330294474df3ae0c0f87d0bb61c4 [term 2 FOLLOWER]: Leader election vote request: Granting yes vote for candidate a90ba0f3fff244fea8713c6738947e58 in term 2.
I20260709 14:52:47.791365 23555 leader_election.cc:304] T a0bdba90656340278a5fc9f21372fc4d P a90ba0f3fff244fea8713c6738947e58 [CANDIDATE]: Term 2 election: Election decided. Result: candidate won. Election summary: received 2 responses out of 3 voters: 2 yes votes; 0 no votes. yes voters: 5006330294474df3ae0c0f87d0bb61c4, a90ba0f3fff244fea8713c6738947e58; no voters: 
I20260709 14:52:47.791585 23517 raft_consensus.cc:2468] T a0bdba90656340278a5fc9f21372fc4d P 99a608a4e4f6484ebe21cac27bf660d3 [term 2 FOLLOWER]: Leader election vote request: Granting yes vote for candidate a90ba0f3fff244fea8713c6738947e58 in term 2.
I20260709 14:52:47.792147 23824 raft_consensus.cc:2804] T a0bdba90656340278a5fc9f21372fc4d P a90ba0f3fff244fea8713c6738947e58 [term 2 FOLLOWER]: Leader election won for term 2
I20260709 14:52:47.792277 23555 leader_election.cc:304] T c204690b3d794584a98796c9e921dce5 P a90ba0f3fff244fea8713c6738947e58 [CANDIDATE]: Term 2 election: Election decided. Result: candidate won. Election summary: received 2 responses out of 3 voters: 2 yes votes; 0 no votes. yes voters: 5006330294474df3ae0c0f87d0bb61c4, a90ba0f3fff244fea8713c6738947e58; no voters: 
I20260709 14:52:47.792644 23824 raft_consensus.cc:697] T a0bdba90656340278a5fc9f21372fc4d P a90ba0f3fff244fea8713c6738947e58 [term 2 LEADER]: Becoming Leader. State: Replica: a90ba0f3fff244fea8713c6738947e58, State: Running, Role: LEADER
I20260709 14:52:47.793478 23824 consensus_queue.cc:237] T a0bdba90656340278a5fc9f21372fc4d P a90ba0f3fff244fea8713c6738947e58 [LEADER]: Queue going to LEADER mode. State: All replicated index: 0, Majority replicated index: 1, Committed index: 1, Last appended: 1.1, Last appended by leader: 1, Current term: 2, Majority size: 2, State: 0, Mode: LEADER, active raft config: opid_index: -1 OBSOLETE_local: false peers { permanent_uuid: "99a608a4e4f6484ebe21cac27bf660d3" member_type: VOTER last_known_addr { host: "127.22.213.129" port: 44767 } } peers { permanent_uuid: "a90ba0f3fff244fea8713c6738947e58" member_type: VOTER last_known_addr { host: "127.22.213.130" port: 37087 } } peers { permanent_uuid: "5006330294474df3ae0c0f87d0bb61c4" member_type: VOTER last_known_addr { host: "127.22.213.131" port: 45959 } }
I20260709 14:52:47.793944 23766 raft_consensus.cc:2804] T c204690b3d794584a98796c9e921dce5 P a90ba0f3fff244fea8713c6738947e58 [term 2 FOLLOWER]: Leader election won for term 2
I20260709 14:52:47.795136 23766 raft_consensus.cc:697] T c204690b3d794584a98796c9e921dce5 P a90ba0f3fff244fea8713c6738947e58 [term 2 LEADER]: Becoming Leader. State: Replica: a90ba0f3fff244fea8713c6738947e58, State: Running, Role: LEADER
I20260709 14:52:47.796135 23829 raft_consensus.cc:993] T 9f9d064c90784e4884873a9b287142fc P 99a608a4e4f6484ebe21cac27bf660d3: : Instructing follower a90ba0f3fff244fea8713c6738947e58 to start an election
I20260709 14:52:47.795959 23766 consensus_queue.cc:237] T c204690b3d794584a98796c9e921dce5 P a90ba0f3fff244fea8713c6738947e58 [LEADER]: Queue going to LEADER mode. State: All replicated index: 0, Majority replicated index: 1, Committed index: 1, Last appended: 1.1, Last appended by leader: 1, Current term: 2, Majority size: 2, State: 0, Mode: LEADER, active raft config: opid_index: -1 OBSOLETE_local: false peers { permanent_uuid: "99a608a4e4f6484ebe21cac27bf660d3" member_type: VOTER last_known_addr { host: "127.22.213.129" port: 44767 } } peers { permanent_uuid: "a90ba0f3fff244fea8713c6738947e58" member_type: VOTER last_known_addr { host: "127.22.213.130" port: 37087 } } peers { permanent_uuid: "5006330294474df3ae0c0f87d0bb61c4" member_type: VOTER last_known_addr { host: "127.22.213.131" port: 45959 } }
I20260709 14:52:47.796643 23828 raft_consensus.cc:1081] T 9f9d064c90784e4884873a9b287142fc P 99a608a4e4f6484ebe21cac27bf660d3 [term 2 LEADER]: Signalling peer a90ba0f3fff244fea8713c6738947e58 to start an election
I20260709 14:52:47.798521 23591 tablet_service.cc:2044] Received Run Leader Election RPC: tablet_id: "9f9d064c90784e4884873a9b287142fc"
dest_uuid: "a90ba0f3fff244fea8713c6738947e58"
 from {username='slave'} at 127.0.0.1:43164
I20260709 14:52:47.799187 23591 raft_consensus.cc:493] T 9f9d064c90784e4884873a9b287142fc P a90ba0f3fff244fea8713c6738947e58 [term 2 FOLLOWER]: Starting forced leader election (received explicit request)
I20260709 14:52:47.799712 23591 raft_consensus.cc:3060] T 9f9d064c90784e4884873a9b287142fc P a90ba0f3fff244fea8713c6738947e58 [term 2 FOLLOWER]: Advancing to term 3
I20260709 14:52:47.803443 23414 catalog_manager.cc:5697] T a0bdba90656340278a5fc9f21372fc4d P a90ba0f3fff244fea8713c6738947e58 reported cstate change: term changed from 1 to 2, leader changed from 99a608a4e4f6484ebe21cac27bf660d3 (127.22.213.129) to a90ba0f3fff244fea8713c6738947e58 (127.22.213.130). New cstate: current_term: 2 leader_uuid: "a90ba0f3fff244fea8713c6738947e58" committed_config { opid_index: -1 OBSOLETE_local: false peers { permanent_uuid: "99a608a4e4f6484ebe21cac27bf660d3" member_type: VOTER last_known_addr { host: "127.22.213.129" port: 44767 } health_report { overall_health: UNKNOWN } } peers { permanent_uuid: "a90ba0f3fff244fea8713c6738947e58" member_type: VOTER last_known_addr { host: "127.22.213.130" port: 37087 } health_report { overall_health: HEALTHY } } peers { permanent_uuid: "5006330294474df3ae0c0f87d0bb61c4" member_type: VOTER last_known_addr { host: "127.22.213.131" port: 45959 } health_report { overall_health: UNKNOWN } } }
I20260709 14:52:47.804862 23591 raft_consensus.cc:515] T 9f9d064c90784e4884873a9b287142fc P a90ba0f3fff244fea8713c6738947e58 [term 3 FOLLOWER]: Starting forced leader election with config: opid_index: -1 OBSOLETE_local: false peers { permanent_uuid: "99a608a4e4f6484ebe21cac27bf660d3" member_type: VOTER last_known_addr { host: "127.22.213.129" port: 44767 } } peers { permanent_uuid: "a90ba0f3fff244fea8713c6738947e58" member_type: VOTER last_known_addr { host: "127.22.213.130" port: 37087 } } peers { permanent_uuid: "5006330294474df3ae0c0f87d0bb61c4" member_type: VOTER last_known_addr { host: "127.22.213.131" port: 45959 } }
I20260709 14:52:47.807503 23591 leader_election.cc:290] T 9f9d064c90784e4884873a9b287142fc P a90ba0f3fff244fea8713c6738947e58 [CANDIDATE]: Term 3 election: Requested vote from peers 99a608a4e4f6484ebe21cac27bf660d3 (127.22.213.129:44767), 5006330294474df3ae0c0f87d0bb61c4 (127.22.213.131:45959)
I20260709 14:52:47.807811 23666 tablet_service.cc:1917] Received RequestConsensusVote() RPC: tablet_id: "9f9d064c90784e4884873a9b287142fc" candidate_uuid: "a90ba0f3fff244fea8713c6738947e58" candidate_term: 3 candidate_status { last_received { term: 2 index: 2 } } ignore_live_leader: true dest_uuid: "5006330294474df3ae0c0f87d0bb61c4"
I20260709 14:52:47.808347 23666 raft_consensus.cc:3060] T 9f9d064c90784e4884873a9b287142fc P 5006330294474df3ae0c0f87d0bb61c4 [term 2 FOLLOWER]: Advancing to term 3
I20260709 14:52:47.808872 23819 raft_consensus.cc:993] T 4589d24cf2194e2fa0206147fb81c9eb P 5006330294474df3ae0c0f87d0bb61c4: : Instructing follower a90ba0f3fff244fea8713c6738947e58 to start an election
I20260709 14:52:47.808331 23517 tablet_service.cc:1917] Received RequestConsensusVote() RPC: tablet_id: "9f9d064c90784e4884873a9b287142fc" candidate_uuid: "a90ba0f3fff244fea8713c6738947e58" candidate_term: 3 candidate_status { last_received { term: 2 index: 2 } } ignore_live_leader: true dest_uuid: "99a608a4e4f6484ebe21cac27bf660d3"
I20260709 14:52:47.809259 23819 raft_consensus.cc:1081] T 4589d24cf2194e2fa0206147fb81c9eb P 5006330294474df3ae0c0f87d0bb61c4 [term 3 LEADER]: Signalling peer a90ba0f3fff244fea8713c6738947e58 to start an election
I20260709 14:52:47.809510 23517 raft_consensus.cc:3055] T 9f9d064c90784e4884873a9b287142fc P 99a608a4e4f6484ebe21cac27bf660d3 [term 2 LEADER]: Stepping down as leader of term 2
I20260709 14:52:47.809796 23517 raft_consensus.cc:740] T 9f9d064c90784e4884873a9b287142fc P 99a608a4e4f6484ebe21cac27bf660d3 [term 2 LEADER]: Becoming Follower/Learner. State: Replica: 99a608a4e4f6484ebe21cac27bf660d3, State: Running, Role: LEADER
I20260709 14:52:47.810527 23517 consensus_queue.cc:260] T 9f9d064c90784e4884873a9b287142fc P 99a608a4e4f6484ebe21cac27bf660d3 [NON_LEADER]: Queue going to NON_LEADER mode. State: All replicated index: 0, Majority replicated index: 2, Committed index: 2, Last appended: 2.2, Last appended by leader: 2, Current term: 2, Majority size: -1, State: 0, Mode: NON_LEADER, active raft config: opid_index: -1 OBSOLETE_local: false peers { permanent_uuid: "99a608a4e4f6484ebe21cac27bf660d3" member_type: VOTER last_known_addr { host: "127.22.213.129" port: 44767 } } peers { permanent_uuid: "a90ba0f3fff244fea8713c6738947e58" member_type: VOTER last_known_addr { host: "127.22.213.130" port: 37087 } } peers { permanent_uuid: "5006330294474df3ae0c0f87d0bb61c4" member_type: VOTER last_known_addr { host: "127.22.213.131" port: 45959 } }
I20260709 14:52:47.811391 23517 raft_consensus.cc:3060] T 9f9d064c90784e4884873a9b287142fc P 99a608a4e4f6484ebe21cac27bf660d3 [term 2 FOLLOWER]: Advancing to term 3
I20260709 14:52:47.812831 23591 tablet_service.cc:2044] Received Run Leader Election RPC: tablet_id: "4589d24cf2194e2fa0206147fb81c9eb"
dest_uuid: "a90ba0f3fff244fea8713c6738947e58"
 from {username='slave'} at 127.0.0.1:43156
I20260709 14:52:47.813385 23591 raft_consensus.cc:493] T 4589d24cf2194e2fa0206147fb81c9eb P a90ba0f3fff244fea8713c6738947e58 [term 3 FOLLOWER]: Starting forced leader election (received explicit request)
I20260709 14:52:47.813781 23591 raft_consensus.cc:3060] T 4589d24cf2194e2fa0206147fb81c9eb P a90ba0f3fff244fea8713c6738947e58 [term 3 FOLLOWER]: Advancing to term 4
I20260709 14:52:47.814886 23666 raft_consensus.cc:2468] T 9f9d064c90784e4884873a9b287142fc P 5006330294474df3ae0c0f87d0bb61c4 [term 3 FOLLOWER]: Leader election vote request: Granting yes vote for candidate a90ba0f3fff244fea8713c6738947e58 in term 3.
I20260709 14:52:47.815861 23555 leader_election.cc:304] T 9f9d064c90784e4884873a9b287142fc P a90ba0f3fff244fea8713c6738947e58 [CANDIDATE]: Term 3 election: Election decided. Result: candidate won. Election summary: received 2 responses out of 3 voters: 2 yes votes; 0 no votes. yes voters: 5006330294474df3ae0c0f87d0bb61c4, a90ba0f3fff244fea8713c6738947e58; no voters: 
I20260709 14:52:47.816491 23824 raft_consensus.cc:2804] T 9f9d064c90784e4884873a9b287142fc P a90ba0f3fff244fea8713c6738947e58 [term 3 FOLLOWER]: Leader election won for term 3
I20260709 14:52:47.816910 23824 raft_consensus.cc:697] T 9f9d064c90784e4884873a9b287142fc P a90ba0f3fff244fea8713c6738947e58 [term 3 LEADER]: Becoming Leader. State: Replica: a90ba0f3fff244fea8713c6738947e58, State: Running, Role: LEADER
I20260709 14:52:47.817493 23824 consensus_queue.cc:237] T 9f9d064c90784e4884873a9b287142fc P a90ba0f3fff244fea8713c6738947e58 [LEADER]: Queue going to LEADER mode. State: All replicated index: 0, Majority replicated index: 2, Committed index: 2, Last appended: 2.2, Last appended by leader: 2, Current term: 3, Majority size: 2, State: 0, Mode: LEADER, active raft config: opid_index: -1 OBSOLETE_local: false peers { permanent_uuid: "99a608a4e4f6484ebe21cac27bf660d3" member_type: VOTER last_known_addr { host: "127.22.213.129" port: 44767 } } peers { permanent_uuid: "a90ba0f3fff244fea8713c6738947e58" member_type: VOTER last_known_addr { host: "127.22.213.130" port: 37087 } } peers { permanent_uuid: "5006330294474df3ae0c0f87d0bb61c4" member_type: VOTER last_known_addr { host: "127.22.213.131" port: 45959 } }
I20260709 14:52:47.818881 23517 raft_consensus.cc:2468] T 9f9d064c90784e4884873a9b287142fc P 99a608a4e4f6484ebe21cac27bf660d3 [term 3 FOLLOWER]: Leader election vote request: Granting yes vote for candidate a90ba0f3fff244fea8713c6738947e58 in term 3.
I20260709 14:52:47.820701 23591 raft_consensus.cc:515] T 4589d24cf2194e2fa0206147fb81c9eb P a90ba0f3fff244fea8713c6738947e58 [term 4 FOLLOWER]: Starting forced leader election with config: opid_index: -1 OBSOLETE_local: false peers { permanent_uuid: "5006330294474df3ae0c0f87d0bb61c4" member_type: VOTER last_known_addr { host: "127.22.213.131" port: 45959 } } peers { permanent_uuid: "a90ba0f3fff244fea8713c6738947e58" member_type: VOTER last_known_addr { host: "127.22.213.130" port: 37087 } } peers { permanent_uuid: "99a608a4e4f6484ebe21cac27bf660d3" member_type: VOTER last_known_addr { host: "127.22.213.129" port: 44767 } }
I20260709 14:52:47.822671 23591 leader_election.cc:290] T 4589d24cf2194e2fa0206147fb81c9eb P a90ba0f3fff244fea8713c6738947e58 [CANDIDATE]: Term 4 election: Requested vote from peers 5006330294474df3ae0c0f87d0bb61c4 (127.22.213.131:45959), 99a608a4e4f6484ebe21cac27bf660d3 (127.22.213.129:44767)
I20260709 14:52:47.823334 23666 tablet_service.cc:1917] Received RequestConsensusVote() RPC: tablet_id: "4589d24cf2194e2fa0206147fb81c9eb" candidate_uuid: "a90ba0f3fff244fea8713c6738947e58" candidate_term: 4 candidate_status { last_received { term: 3 index: 3 } } ignore_live_leader: true dest_uuid: "5006330294474df3ae0c0f87d0bb61c4"
I20260709 14:52:47.823698 23517 tablet_service.cc:1917] Received RequestConsensusVote() RPC: tablet_id: "4589d24cf2194e2fa0206147fb81c9eb" candidate_uuid: "a90ba0f3fff244fea8713c6738947e58" candidate_term: 4 candidate_status { last_received { term: 3 index: 3 } } ignore_live_leader: true dest_uuid: "99a608a4e4f6484ebe21cac27bf660d3"
I20260709 14:52:47.823889 23666 raft_consensus.cc:3055] T 4589d24cf2194e2fa0206147fb81c9eb P 5006330294474df3ae0c0f87d0bb61c4 [term 3 LEADER]: Stepping down as leader of term 3
I20260709 14:52:47.824244 23666 raft_consensus.cc:740] T 4589d24cf2194e2fa0206147fb81c9eb P 5006330294474df3ae0c0f87d0bb61c4 [term 3 LEADER]: Becoming Follower/Learner. State: Replica: 5006330294474df3ae0c0f87d0bb61c4, State: Running, Role: LEADER
I20260709 14:52:47.825114 23666 consensus_queue.cc:260] T 4589d24cf2194e2fa0206147fb81c9eb P 5006330294474df3ae0c0f87d0bb61c4 [NON_LEADER]: Queue going to NON_LEADER mode. State: All replicated index: 0, Majority replicated index: 3, Committed index: 3, Last appended: 3.3, Last appended by leader: 3, Current term: 3, Majority size: -1, State: 0, Mode: NON_LEADER, active raft config: opid_index: -1 OBSOLETE_local: false peers { permanent_uuid: "5006330294474df3ae0c0f87d0bb61c4" member_type: VOTER last_known_addr { host: "127.22.213.131" port: 45959 } } peers { permanent_uuid: "a90ba0f3fff244fea8713c6738947e58" member_type: VOTER last_known_addr { host: "127.22.213.130" port: 37087 } } peers { permanent_uuid: "99a608a4e4f6484ebe21cac27bf660d3" member_type: VOTER last_known_addr { host: "127.22.213.129" port: 44767 } }
I20260709 14:52:47.825953 23517 raft_consensus.cc:3060] T 4589d24cf2194e2fa0206147fb81c9eb P 99a608a4e4f6484ebe21cac27bf660d3 [term 3 FOLLOWER]: Advancing to term 4
I20260709 14:52:47.826176 23666 raft_consensus.cc:3060] T 4589d24cf2194e2fa0206147fb81c9eb P 5006330294474df3ae0c0f87d0bb61c4 [term 3 FOLLOWER]: Advancing to term 4
I20260709 14:52:47.825863 23414 catalog_manager.cc:5697] T c204690b3d794584a98796c9e921dce5 P a90ba0f3fff244fea8713c6738947e58 reported cstate change: term changed from 1 to 2, leader changed from 99a608a4e4f6484ebe21cac27bf660d3 (127.22.213.129) to a90ba0f3fff244fea8713c6738947e58 (127.22.213.130). New cstate: current_term: 2 leader_uuid: "a90ba0f3fff244fea8713c6738947e58" committed_config { opid_index: -1 OBSOLETE_local: false peers { permanent_uuid: "99a608a4e4f6484ebe21cac27bf660d3" member_type: VOTER last_known_addr { host: "127.22.213.129" port: 44767 } health_report { overall_health: UNKNOWN } } peers { permanent_uuid: "a90ba0f3fff244fea8713c6738947e58" member_type: VOTER last_known_addr { host: "127.22.213.130" port: 37087 } health_report { overall_health: HEALTHY } } peers { permanent_uuid: "5006330294474df3ae0c0f87d0bb61c4" member_type: VOTER last_known_addr { host: "127.22.213.131" port: 45959 } health_report { overall_health: UNKNOWN } } }
I20260709 14:52:47.827332 23414 catalog_manager.cc:5697] T 9f9d064c90784e4884873a9b287142fc P a90ba0f3fff244fea8713c6738947e58 reported cstate change: term changed from 2 to 3, leader changed from 99a608a4e4f6484ebe21cac27bf660d3 (127.22.213.129) to a90ba0f3fff244fea8713c6738947e58 (127.22.213.130). New cstate: current_term: 3 leader_uuid: "a90ba0f3fff244fea8713c6738947e58" committed_config { opid_index: -1 OBSOLETE_local: false peers { permanent_uuid: "99a608a4e4f6484ebe21cac27bf660d3" member_type: VOTER last_known_addr { host: "127.22.213.129" port: 44767 } health_report { overall_health: UNKNOWN } } peers { permanent_uuid: "a90ba0f3fff244fea8713c6738947e58" member_type: VOTER last_known_addr { host: "127.22.213.130" port: 37087 } health_report { overall_health: HEALTHY } } peers { permanent_uuid: "5006330294474df3ae0c0f87d0bb61c4" member_type: VOTER last_known_addr { host: "127.22.213.131" port: 45959 } health_report { overall_health: UNKNOWN } } }
I20260709 14:52:47.830577 23666 raft_consensus.cc:2468] T 4589d24cf2194e2fa0206147fb81c9eb P 5006330294474df3ae0c0f87d0bb61c4 [term 4 FOLLOWER]: Leader election vote request: Granting yes vote for candidate a90ba0f3fff244fea8713c6738947e58 in term 4.
I20260709 14:52:47.831478 23517 raft_consensus.cc:2468] T 4589d24cf2194e2fa0206147fb81c9eb P 99a608a4e4f6484ebe21cac27bf660d3 [term 4 FOLLOWER]: Leader election vote request: Granting yes vote for candidate a90ba0f3fff244fea8713c6738947e58 in term 4.
I20260709 14:52:47.831595 23555 leader_election.cc:304] T 4589d24cf2194e2fa0206147fb81c9eb P a90ba0f3fff244fea8713c6738947e58 [CANDIDATE]: Term 4 election: Election decided. Result: candidate won. Election summary: received 2 responses out of 3 voters: 2 yes votes; 0 no votes. yes voters: 5006330294474df3ae0c0f87d0bb61c4, a90ba0f3fff244fea8713c6738947e58; no voters: 
I20260709 14:52:47.832646 23824 raft_consensus.cc:2804] T 4589d24cf2194e2fa0206147fb81c9eb P a90ba0f3fff244fea8713c6738947e58 [term 4 FOLLOWER]: Leader election won for term 4
I20260709 14:52:47.832993 23824 raft_consensus.cc:697] T 4589d24cf2194e2fa0206147fb81c9eb P a90ba0f3fff244fea8713c6738947e58 [term 4 LEADER]: Becoming Leader. State: Replica: a90ba0f3fff244fea8713c6738947e58, State: Running, Role: LEADER
I20260709 14:52:47.833617 23824 consensus_queue.cc:237] T 4589d24cf2194e2fa0206147fb81c9eb P a90ba0f3fff244fea8713c6738947e58 [LEADER]: Queue going to LEADER mode. State: All replicated index: 0, Majority replicated index: 3, Committed index: 3, Last appended: 3.3, Last appended by leader: 3, Current term: 4, Majority size: 2, State: 0, Mode: LEADER, active raft config: opid_index: -1 OBSOLETE_local: false peers { permanent_uuid: "5006330294474df3ae0c0f87d0bb61c4" member_type: VOTER last_known_addr { host: "127.22.213.131" port: 45959 } } peers { permanent_uuid: "a90ba0f3fff244fea8713c6738947e58" member_type: VOTER last_known_addr { host: "127.22.213.130" port: 37087 } } peers { permanent_uuid: "99a608a4e4f6484ebe21cac27bf660d3" member_type: VOTER last_known_addr { host: "127.22.213.129" port: 44767 } }
I20260709 14:52:47.839397 23414 catalog_manager.cc:5697] T 4589d24cf2194e2fa0206147fb81c9eb P a90ba0f3fff244fea8713c6738947e58 reported cstate change: term changed from 3 to 4, leader changed from 5006330294474df3ae0c0f87d0bb61c4 (127.22.213.131) to a90ba0f3fff244fea8713c6738947e58 (127.22.213.130). New cstate: current_term: 4 leader_uuid: "a90ba0f3fff244fea8713c6738947e58" committed_config { opid_index: -1 OBSOLETE_local: false peers { permanent_uuid: "5006330294474df3ae0c0f87d0bb61c4" member_type: VOTER last_known_addr { host: "127.22.213.131" port: 45959 } health_report { overall_health: UNKNOWN } } peers { permanent_uuid: "a90ba0f3fff244fea8713c6738947e58" member_type: VOTER last_known_addr { host: "127.22.213.130" port: 37087 } health_report { overall_health: HEALTHY } } peers { permanent_uuid: "99a608a4e4f6484ebe21cac27bf660d3" member_type: VOTER last_known_addr { host: "127.22.213.129" port: 44767 } health_report { overall_health: UNKNOWN } } }
I20260709 14:52:47.954449 23517 raft_consensus.cc:1275] T 1712d3f967a94206b2ad33cb0843eef2 P 99a608a4e4f6484ebe21cac27bf660d3 [term 4 FOLLOWER]: Refusing update from remote peer a90ba0f3fff244fea8713c6738947e58: Log matching property violated. Preceding OpId in replica: term: 3 index: 3. Preceding OpId from leader: term: 4 index: 4. (index mismatch)
I20260709 14:52:47.955526 23824 consensus_queue.cc:1048] T 1712d3f967a94206b2ad33cb0843eef2 P a90ba0f3fff244fea8713c6738947e58 [LEADER]: Connected to new peer: Peer: permanent_uuid: "99a608a4e4f6484ebe21cac27bf660d3" member_type: VOTER last_known_addr { host: "127.22.213.129" port: 44767 }, Status: LMP_MISMATCH, Last received: 0.0, Next index: 4, Last known committed idx: 3, Time since last communication: 0.000s
I20260709 14:52:47.964207 23666 raft_consensus.cc:1275] T 1712d3f967a94206b2ad33cb0843eef2 P 5006330294474df3ae0c0f87d0bb61c4 [term 4 FOLLOWER]: Refusing update from remote peer a90ba0f3fff244fea8713c6738947e58: Log matching property violated. Preceding OpId in replica: term: 3 index: 3. Preceding OpId from leader: term: 4 index: 4. (index mismatch)
I20260709 14:52:47.965715 23766 consensus_queue.cc:1048] T 1712d3f967a94206b2ad33cb0843eef2 P a90ba0f3fff244fea8713c6738947e58 [LEADER]: Connected to new peer: Peer: permanent_uuid: "5006330294474df3ae0c0f87d0bb61c4" member_type: VOTER last_known_addr { host: "127.22.213.131" port: 45959 }, Status: LMP_MISMATCH, Last received: 0.0, Next index: 4, Last known committed idx: 3, Time since last communication: 0.000s
I20260709 14:52:48.174070 23517 raft_consensus.cc:1275] T a0bdba90656340278a5fc9f21372fc4d P 99a608a4e4f6484ebe21cac27bf660d3 [term 2 FOLLOWER]: Refusing update from remote peer a90ba0f3fff244fea8713c6738947e58: Log matching property violated. Preceding OpId in replica: term: 1 index: 1. Preceding OpId from leader: term: 2 index: 2. (index mismatch)
I20260709 14:52:48.175356 23766 consensus_queue.cc:1048] T a0bdba90656340278a5fc9f21372fc4d P a90ba0f3fff244fea8713c6738947e58 [LEADER]: Connected to new peer: Peer: permanent_uuid: "99a608a4e4f6484ebe21cac27bf660d3" member_type: VOTER last_known_addr { host: "127.22.213.129" port: 44767 }, Status: LMP_MISMATCH, Last received: 0.0, Next index: 2, Last known committed idx: 1, Time since last communication: 0.000s
I20260709 14:52:48.185380 23666 raft_consensus.cc:1275] T a0bdba90656340278a5fc9f21372fc4d P 5006330294474df3ae0c0f87d0bb61c4 [term 2 FOLLOWER]: Refusing update from remote peer a90ba0f3fff244fea8713c6738947e58: Log matching property violated. Preceding OpId in replica: term: 1 index: 1. Preceding OpId from leader: term: 2 index: 2. (index mismatch)
I20260709 14:52:48.188285 23824 consensus_queue.cc:1048] T a0bdba90656340278a5fc9f21372fc4d P a90ba0f3fff244fea8713c6738947e58 [LEADER]: Connected to new peer: Peer: permanent_uuid: "5006330294474df3ae0c0f87d0bb61c4" member_type: VOTER last_known_addr { host: "127.22.213.131" port: 45959 }, Status: LMP_MISMATCH, Last received: 0.0, Next index: 2, Last known committed idx: 1, Time since last communication: 0.000s
I20260709 14:52:48.223609 23666 raft_consensus.cc:1275] T c204690b3d794584a98796c9e921dce5 P 5006330294474df3ae0c0f87d0bb61c4 [term 2 FOLLOWER]: Refusing update from remote peer a90ba0f3fff244fea8713c6738947e58: Log matching property violated. Preceding OpId in replica: term: 1 index: 1. Preceding OpId from leader: term: 2 index: 2. (index mismatch)
I20260709 14:52:48.224879 23766 consensus_queue.cc:1048] T c204690b3d794584a98796c9e921dce5 P a90ba0f3fff244fea8713c6738947e58 [LEADER]: Connected to new peer: Peer: permanent_uuid: "5006330294474df3ae0c0f87d0bb61c4" member_type: VOTER last_known_addr { host: "127.22.213.131" port: 45959 }, Status: LMP_MISMATCH, Last received: 0.0, Next index: 2, Last known committed idx: 1, Time since last communication: 0.000s
I20260709 14:52:48.234275 23517 raft_consensus.cc:1275] T c204690b3d794584a98796c9e921dce5 P 99a608a4e4f6484ebe21cac27bf660d3 [term 2 FOLLOWER]: Refusing update from remote peer a90ba0f3fff244fea8713c6738947e58: Log matching property violated. Preceding OpId in replica: term: 1 index: 1. Preceding OpId from leader: term: 2 index: 2. (index mismatch)
I20260709 14:52:48.235190 23665 raft_consensus.cc:1275] T 4589d24cf2194e2fa0206147fb81c9eb P 5006330294474df3ae0c0f87d0bb61c4 [term 4 FOLLOWER]: Refusing update from remote peer a90ba0f3fff244fea8713c6738947e58: Log matching property violated. Preceding OpId in replica: term: 3 index: 3. Preceding OpId from leader: term: 4 index: 4. (index mismatch)
I20260709 14:52:48.236188 23842 consensus_queue.cc:1048] T c204690b3d794584a98796c9e921dce5 P a90ba0f3fff244fea8713c6738947e58 [LEADER]: Connected to new peer: Peer: permanent_uuid: "99a608a4e4f6484ebe21cac27bf660d3" member_type: VOTER last_known_addr { host: "127.22.213.129" port: 44767 }, Status: LMP_MISMATCH, Last received: 0.0, Next index: 2, Last known committed idx: 1, Time since last communication: 0.000s
I20260709 14:52:48.236907 23824 consensus_queue.cc:1048] T 4589d24cf2194e2fa0206147fb81c9eb P a90ba0f3fff244fea8713c6738947e58 [LEADER]: Connected to new peer: Peer: permanent_uuid: "5006330294474df3ae0c0f87d0bb61c4" member_type: VOTER last_known_addr { host: "127.22.213.131" port: 45959 }, Status: LMP_MISMATCH, Last received: 0.0, Next index: 4, Last known committed idx: 3, Time since last communication: 0.000s
I20260709 14:52:48.246663 23517 raft_consensus.cc:1275] T 4589d24cf2194e2fa0206147fb81c9eb P 99a608a4e4f6484ebe21cac27bf660d3 [term 4 FOLLOWER]: Refusing update from remote peer a90ba0f3fff244fea8713c6738947e58: Log matching property violated. Preceding OpId in replica: term: 3 index: 3. Preceding OpId from leader: term: 4 index: 4. (index mismatch)
I20260709 14:52:48.248040 23766 consensus_queue.cc:1048] T 4589d24cf2194e2fa0206147fb81c9eb P a90ba0f3fff244fea8713c6738947e58 [LEADER]: Connected to new peer: Peer: permanent_uuid: "99a608a4e4f6484ebe21cac27bf660d3" member_type: VOTER last_known_addr { host: "127.22.213.129" port: 44767 }, Status: LMP_MISMATCH, Last received: 0.0, Next index: 4, Last known committed idx: 3, Time since last communication: 0.000s
I20260709 14:52:48.344782 23517 raft_consensus.cc:1275] T 9f9d064c90784e4884873a9b287142fc P 99a608a4e4f6484ebe21cac27bf660d3 [term 3 FOLLOWER]: Refusing update from remote peer a90ba0f3fff244fea8713c6738947e58: Log matching property violated. Preceding OpId in replica: term: 2 index: 2. Preceding OpId from leader: term: 3 index: 3. (index mismatch)
I20260709 14:52:48.345944 23844 consensus_queue.cc:1048] T 9f9d064c90784e4884873a9b287142fc P a90ba0f3fff244fea8713c6738947e58 [LEADER]: Connected to new peer: Peer: permanent_uuid: "99a608a4e4f6484ebe21cac27bf660d3" member_type: VOTER last_known_addr { host: "127.22.213.129" port: 44767 }, Status: LMP_MISMATCH, Last received: 0.0, Next index: 3, Last known committed idx: 2, Time since last communication: 0.000s
I20260709 14:52:48.354393 23666 raft_consensus.cc:1275] T 9f9d064c90784e4884873a9b287142fc P 5006330294474df3ae0c0f87d0bb61c4 [term 3 FOLLOWER]: Refusing update from remote peer a90ba0f3fff244fea8713c6738947e58: Log matching property violated. Preceding OpId in replica: term: 2 index: 2. Preceding OpId from leader: term: 3 index: 3. (index mismatch)
I20260709 14:52:48.357311 23844 consensus_queue.cc:1048] T 9f9d064c90784e4884873a9b287142fc P a90ba0f3fff244fea8713c6738947e58 [LEADER]: Connected to new peer: Peer: permanent_uuid: "5006330294474df3ae0c0f87d0bb61c4" member_type: VOTER last_known_addr { host: "127.22.213.131" port: 45959 }, Status: LMP_MISMATCH, Last received: 0.0, Next index: 3, Last known committed idx: 2, Time since last communication: 0.000s
I20260709 14:52:50.538746 23382 auto_leader_rebalancer.cc:141] leader rebalance for table test-workload
I20260709 14:52:50.545831 23591 tablet_service.cc:2072] Received LeaderStepDown RPC: tablet_id: "1712d3f967a94206b2ad33cb0843eef2"
dest_uuid: "a90ba0f3fff244fea8713c6738947e58"
mode: GRACEFUL
new_leader_uuid: "5006330294474df3ae0c0f87d0bb61c4"
 from {username='slave'} at 127.0.0.1:37822
I20260709 14:52:50.546466 23591 raft_consensus.cc:606] T 1712d3f967a94206b2ad33cb0843eef2 P a90ba0f3fff244fea8713c6738947e58 [term 4 LEADER]: Received request to transfer leadership to TS 5006330294474df3ae0c0f87d0bb61c4
I20260709 14:52:50.548974 23591 tablet_service.cc:2072] Received LeaderStepDown RPC: tablet_id: "4589d24cf2194e2fa0206147fb81c9eb"
dest_uuid: "a90ba0f3fff244fea8713c6738947e58"
mode: GRACEFUL
new_leader_uuid: "99a608a4e4f6484ebe21cac27bf660d3"
 from {username='slave'} at 127.0.0.1:37822
I20260709 14:52:50.549439 23591 raft_consensus.cc:606] T 4589d24cf2194e2fa0206147fb81c9eb P a90ba0f3fff244fea8713c6738947e58 [term 4 LEADER]: Received request to transfer leadership to TS 99a608a4e4f6484ebe21cac27bf660d3
I20260709 14:52:50.551474 23591 tablet_service.cc:2072] Received LeaderStepDown RPC: tablet_id: "a0bdba90656340278a5fc9f21372fc4d"
dest_uuid: "a90ba0f3fff244fea8713c6738947e58"
mode: GRACEFUL
new_leader_uuid: "99a608a4e4f6484ebe21cac27bf660d3"
 from {username='slave'} at 127.0.0.1:37822
I20260709 14:52:50.551868 23591 raft_consensus.cc:606] T a0bdba90656340278a5fc9f21372fc4d P a90ba0f3fff244fea8713c6738947e58 [term 2 LEADER]: Received request to transfer leadership to TS 99a608a4e4f6484ebe21cac27bf660d3
I20260709 14:52:50.554047 23591 tablet_service.cc:2072] Received LeaderStepDown RPC: tablet_id: "a49adbfb00ec4e639b78f1ec1af0ab13"
dest_uuid: "a90ba0f3fff244fea8713c6738947e58"
mode: GRACEFUL
new_leader_uuid: "99a608a4e4f6484ebe21cac27bf660d3"
 from {username='slave'} at 127.0.0.1:37822
I20260709 14:52:50.554482 23591 raft_consensus.cc:606] T a49adbfb00ec4e639b78f1ec1af0ab13 P a90ba0f3fff244fea8713c6738947e58 [term 1 LEADER]: Received request to transfer leadership to TS 99a608a4e4f6484ebe21cac27bf660d3
I20260709 14:52:50.556407 23591 tablet_service.cc:2072] Received LeaderStepDown RPC: tablet_id: "c204690b3d794584a98796c9e921dce5"
dest_uuid: "a90ba0f3fff244fea8713c6738947e58"
mode: GRACEFUL
new_leader_uuid: "5006330294474df3ae0c0f87d0bb61c4"
 from {username='slave'} at 127.0.0.1:37822
I20260709 14:52:50.556816 23591 raft_consensus.cc:606] T c204690b3d794584a98796c9e921dce5 P a90ba0f3fff244fea8713c6738947e58 [term 2 LEADER]: Received request to transfer leadership to TS 5006330294474df3ae0c0f87d0bb61c4
I20260709 14:52:50.557745 23382 auto_leader_rebalancer.cc:452] table: test-workload, leader rebalance finish, leader transfer count: 5
I20260709 14:52:50.558126 23382 auto_leader_rebalancer.cc:527] All tables' leader rebalancing finished this round
I20260709 14:52:50.563856 23844 raft_consensus.cc:993] T a0bdba90656340278a5fc9f21372fc4d P a90ba0f3fff244fea8713c6738947e58: : Instructing follower 99a608a4e4f6484ebe21cac27bf660d3 to start an election
I20260709 14:52:50.564368 23848 raft_consensus.cc:1081] T a0bdba90656340278a5fc9f21372fc4d P a90ba0f3fff244fea8713c6738947e58 [term 2 LEADER]: Signalling peer 99a608a4e4f6484ebe21cac27bf660d3 to start an election
I20260709 14:52:50.565812 23517 tablet_service.cc:2044] Received Run Leader Election RPC: tablet_id: "a0bdba90656340278a5fc9f21372fc4d"
dest_uuid: "99a608a4e4f6484ebe21cac27bf660d3"
 from {username='slave'} at 127.0.0.1:38226
I20260709 14:52:50.566252 23517 raft_consensus.cc:493] T a0bdba90656340278a5fc9f21372fc4d P 99a608a4e4f6484ebe21cac27bf660d3 [term 2 FOLLOWER]: Starting forced leader election (received explicit request)
I20260709 14:52:50.566530 23517 raft_consensus.cc:3060] T a0bdba90656340278a5fc9f21372fc4d P 99a608a4e4f6484ebe21cac27bf660d3 [term 2 FOLLOWER]: Advancing to term 3
I20260709 14:52:50.571061 23517 raft_consensus.cc:515] T a0bdba90656340278a5fc9f21372fc4d P 99a608a4e4f6484ebe21cac27bf660d3 [term 3 FOLLOWER]: Starting forced leader election with config: opid_index: -1 OBSOLETE_local: false peers { permanent_uuid: "99a608a4e4f6484ebe21cac27bf660d3" member_type: VOTER last_known_addr { host: "127.22.213.129" port: 44767 } } peers { permanent_uuid: "a90ba0f3fff244fea8713c6738947e58" member_type: VOTER last_known_addr { host: "127.22.213.130" port: 37087 } } peers { permanent_uuid: "5006330294474df3ae0c0f87d0bb61c4" member_type: VOTER last_known_addr { host: "127.22.213.131" port: 45959 } }
I20260709 14:52:50.572657 23517 leader_election.cc:290] T a0bdba90656340278a5fc9f21372fc4d P 99a608a4e4f6484ebe21cac27bf660d3 [CANDIDATE]: Term 3 election: Requested vote from peers a90ba0f3fff244fea8713c6738947e58 (127.22.213.130:37087), 5006330294474df3ae0c0f87d0bb61c4 (127.22.213.131:45959)
I20260709 14:52:50.573458 23591 tablet_service.cc:1917] Received RequestConsensusVote() RPC: tablet_id: "a0bdba90656340278a5fc9f21372fc4d" candidate_uuid: "99a608a4e4f6484ebe21cac27bf660d3" candidate_term: 3 candidate_status { last_received { term: 2 index: 2 } } ignore_live_leader: true dest_uuid: "a90ba0f3fff244fea8713c6738947e58"
I20260709 14:52:50.573985 23666 tablet_service.cc:1917] Received RequestConsensusVote() RPC: tablet_id: "a0bdba90656340278a5fc9f21372fc4d" candidate_uuid: "99a608a4e4f6484ebe21cac27bf660d3" candidate_term: 3 candidate_status { last_received { term: 2 index: 2 } } ignore_live_leader: true dest_uuid: "5006330294474df3ae0c0f87d0bb61c4"
I20260709 14:52:50.574183 23591 raft_consensus.cc:3055] T a0bdba90656340278a5fc9f21372fc4d P a90ba0f3fff244fea8713c6738947e58 [term 2 LEADER]: Stepping down as leader of term 2
I20260709 14:52:50.574473 23666 raft_consensus.cc:3060] T a0bdba90656340278a5fc9f21372fc4d P 5006330294474df3ae0c0f87d0bb61c4 [term 2 FOLLOWER]: Advancing to term 3
I20260709 14:52:50.574467 23591 raft_consensus.cc:740] T a0bdba90656340278a5fc9f21372fc4d P a90ba0f3fff244fea8713c6738947e58 [term 2 LEADER]: Becoming Follower/Learner. State: Replica: a90ba0f3fff244fea8713c6738947e58, State: Running, Role: LEADER
I20260709 14:52:50.575255 23591 consensus_queue.cc:260] T a0bdba90656340278a5fc9f21372fc4d P a90ba0f3fff244fea8713c6738947e58 [NON_LEADER]: Queue going to NON_LEADER mode. State: All replicated index: 0, Majority replicated index: 2, Committed index: 2, Last appended: 2.2, Last appended by leader: 2, Current term: 2, Majority size: -1, State: 0, Mode: NON_LEADER, active raft config: opid_index: -1 OBSOLETE_local: false peers { permanent_uuid: "99a608a4e4f6484ebe21cac27bf660d3" member_type: VOTER last_known_addr { host: "127.22.213.129" port: 44767 } } peers { permanent_uuid: "a90ba0f3fff244fea8713c6738947e58" member_type: VOTER last_known_addr { host: "127.22.213.130" port: 37087 } } peers { permanent_uuid: "5006330294474df3ae0c0f87d0bb61c4" member_type: VOTER last_known_addr { host: "127.22.213.131" port: 45959 } }
I20260709 14:52:50.576179 23591 raft_consensus.cc:3060] T a0bdba90656340278a5fc9f21372fc4d P a90ba0f3fff244fea8713c6738947e58 [term 2 FOLLOWER]: Advancing to term 3
I20260709 14:52:50.578879 23666 raft_consensus.cc:2468] T a0bdba90656340278a5fc9f21372fc4d P 5006330294474df3ae0c0f87d0bb61c4 [term 3 FOLLOWER]: Leader election vote request: Granting yes vote for candidate 99a608a4e4f6484ebe21cac27bf660d3 in term 3.
I20260709 14:52:50.579942 23480 leader_election.cc:304] T a0bdba90656340278a5fc9f21372fc4d P 99a608a4e4f6484ebe21cac27bf660d3 [CANDIDATE]: Term 3 election: Election decided. Result: candidate won. Election summary: received 2 responses out of 3 voters: 2 yes votes; 0 no votes. yes voters: 5006330294474df3ae0c0f87d0bb61c4, 99a608a4e4f6484ebe21cac27bf660d3; no voters: 
I20260709 14:52:50.581290 23591 raft_consensus.cc:2468] T a0bdba90656340278a5fc9f21372fc4d P a90ba0f3fff244fea8713c6738947e58 [term 3 FOLLOWER]: Leader election vote request: Granting yes vote for candidate 99a608a4e4f6484ebe21cac27bf660d3 in term 3.
I20260709 14:52:50.581400 23849 raft_consensus.cc:2804] T a0bdba90656340278a5fc9f21372fc4d P 99a608a4e4f6484ebe21cac27bf660d3 [term 3 FOLLOWER]: Leader election won for term 3
I20260709 14:52:50.582455 23849 raft_consensus.cc:697] T a0bdba90656340278a5fc9f21372fc4d P 99a608a4e4f6484ebe21cac27bf660d3 [term 3 LEADER]: Becoming Leader. State: Replica: 99a608a4e4f6484ebe21cac27bf660d3, State: Running, Role: LEADER
I20260709 14:52:50.583276 23849 consensus_queue.cc:237] T a0bdba90656340278a5fc9f21372fc4d P 99a608a4e4f6484ebe21cac27bf660d3 [LEADER]: Queue going to LEADER mode. State: All replicated index: 0, Majority replicated index: 2, Committed index: 2, Last appended: 2.2, Last appended by leader: 2, Current term: 3, Majority size: 2, State: 0, Mode: LEADER, active raft config: opid_index: -1 OBSOLETE_local: false peers { permanent_uuid: "99a608a4e4f6484ebe21cac27bf660d3" member_type: VOTER last_known_addr { host: "127.22.213.129" port: 44767 } } peers { permanent_uuid: "a90ba0f3fff244fea8713c6738947e58" member_type: VOTER last_known_addr { host: "127.22.213.130" port: 37087 } } peers { permanent_uuid: "5006330294474df3ae0c0f87d0bb61c4" member_type: VOTER last_known_addr { host: "127.22.213.131" port: 45959 } }
I20260709 14:52:50.589941 23414 catalog_manager.cc:5697] T a0bdba90656340278a5fc9f21372fc4d P 99a608a4e4f6484ebe21cac27bf660d3 reported cstate change: term changed from 2 to 3, leader changed from a90ba0f3fff244fea8713c6738947e58 (127.22.213.130) to 99a608a4e4f6484ebe21cac27bf660d3 (127.22.213.129). New cstate: current_term: 3 leader_uuid: "99a608a4e4f6484ebe21cac27bf660d3" committed_config { opid_index: -1 OBSOLETE_local: false peers { permanent_uuid: "99a608a4e4f6484ebe21cac27bf660d3" member_type: VOTER last_known_addr { host: "127.22.213.129" port: 44767 } health_report { overall_health: HEALTHY } } peers { permanent_uuid: "a90ba0f3fff244fea8713c6738947e58" member_type: VOTER last_known_addr { host: "127.22.213.130" port: 37087 } health_report { overall_health: UNKNOWN } } peers { permanent_uuid: "5006330294474df3ae0c0f87d0bb61c4" member_type: VOTER last_known_addr { host: "127.22.213.131" port: 45959 } health_report { overall_health: UNKNOWN } } }
I20260709 14:52:50.681897 23844 raft_consensus.cc:993] T 1712d3f967a94206b2ad33cb0843eef2 P a90ba0f3fff244fea8713c6738947e58: : Instructing follower 5006330294474df3ae0c0f87d0bb61c4 to start an election
I20260709 14:52:50.682371 23848 raft_consensus.cc:1081] T 1712d3f967a94206b2ad33cb0843eef2 P a90ba0f3fff244fea8713c6738947e58 [term 4 LEADER]: Signalling peer 5006330294474df3ae0c0f87d0bb61c4 to start an election
I20260709 14:52:50.683853 23666 tablet_service.cc:2044] Received Run Leader Election RPC: tablet_id: "1712d3f967a94206b2ad33cb0843eef2"
dest_uuid: "5006330294474df3ae0c0f87d0bb61c4"
 from {username='slave'} at 127.0.0.1:45432
I20260709 14:52:50.684244 23666 raft_consensus.cc:493] T 1712d3f967a94206b2ad33cb0843eef2 P 5006330294474df3ae0c0f87d0bb61c4 [term 4 FOLLOWER]: Starting forced leader election (received explicit request)
I20260709 14:52:50.684468 23666 raft_consensus.cc:3060] T 1712d3f967a94206b2ad33cb0843eef2 P 5006330294474df3ae0c0f87d0bb61c4 [term 4 FOLLOWER]: Advancing to term 5
I20260709 14:52:50.688236 23666 raft_consensus.cc:515] T 1712d3f967a94206b2ad33cb0843eef2 P 5006330294474df3ae0c0f87d0bb61c4 [term 5 FOLLOWER]: Starting forced leader election with config: opid_index: -1 OBSOLETE_local: false peers { permanent_uuid: "99a608a4e4f6484ebe21cac27bf660d3" member_type: VOTER last_known_addr { host: "127.22.213.129" port: 44767 } } peers { permanent_uuid: "a90ba0f3fff244fea8713c6738947e58" member_type: VOTER last_known_addr { host: "127.22.213.130" port: 37087 } } peers { permanent_uuid: "5006330294474df3ae0c0f87d0bb61c4" member_type: VOTER last_known_addr { host: "127.22.213.131" port: 45959 } }
I20260709 14:52:50.689611 23666 leader_election.cc:290] T 1712d3f967a94206b2ad33cb0843eef2 P 5006330294474df3ae0c0f87d0bb61c4 [CANDIDATE]: Term 5 election: Requested vote from peers 99a608a4e4f6484ebe21cac27bf660d3 (127.22.213.129:44767), a90ba0f3fff244fea8713c6738947e58 (127.22.213.130:37087)
I20260709 14:52:50.690598 23517 tablet_service.cc:1917] Received RequestConsensusVote() RPC: tablet_id: "1712d3f967a94206b2ad33cb0843eef2" candidate_uuid: "5006330294474df3ae0c0f87d0bb61c4" candidate_term: 5 candidate_status { last_received { term: 4 index: 4 } } ignore_live_leader: true dest_uuid: "99a608a4e4f6484ebe21cac27bf660d3"
I20260709 14:52:50.690892 23591 tablet_service.cc:1917] Received RequestConsensusVote() RPC: tablet_id: "1712d3f967a94206b2ad33cb0843eef2" candidate_uuid: "5006330294474df3ae0c0f87d0bb61c4" candidate_term: 5 candidate_status { last_received { term: 4 index: 4 } } ignore_live_leader: true dest_uuid: "a90ba0f3fff244fea8713c6738947e58"
I20260709 14:52:50.691183 23517 raft_consensus.cc:3060] T 1712d3f967a94206b2ad33cb0843eef2 P 99a608a4e4f6484ebe21cac27bf660d3 [term 4 FOLLOWER]: Advancing to term 5
I20260709 14:52:50.691401 23591 raft_consensus.cc:3055] T 1712d3f967a94206b2ad33cb0843eef2 P a90ba0f3fff244fea8713c6738947e58 [term 4 LEADER]: Stepping down as leader of term 4
I20260709 14:52:50.691712 23591 raft_consensus.cc:740] T 1712d3f967a94206b2ad33cb0843eef2 P a90ba0f3fff244fea8713c6738947e58 [term 4 LEADER]: Becoming Follower/Learner. State: Replica: a90ba0f3fff244fea8713c6738947e58, State: Running, Role: LEADER
I20260709 14:52:50.692377 23591 consensus_queue.cc:260] T 1712d3f967a94206b2ad33cb0843eef2 P a90ba0f3fff244fea8713c6738947e58 [NON_LEADER]: Queue going to NON_LEADER mode. State: All replicated index: 0, Majority replicated index: 4, Committed index: 4, Last appended: 4.4, Last appended by leader: 4, Current term: 4, Majority size: -1, State: 0, Mode: NON_LEADER, active raft config: opid_index: -1 OBSOLETE_local: false peers { permanent_uuid: "99a608a4e4f6484ebe21cac27bf660d3" member_type: VOTER last_known_addr { host: "127.22.213.129" port: 44767 } } peers { permanent_uuid: "a90ba0f3fff244fea8713c6738947e58" member_type: VOTER last_known_addr { host: "127.22.213.130" port: 37087 } } peers { permanent_uuid: "5006330294474df3ae0c0f87d0bb61c4" member_type: VOTER last_known_addr { host: "127.22.213.131" port: 45959 } }
I20260709 14:52:50.693281 23591 raft_consensus.cc:3060] T 1712d3f967a94206b2ad33cb0843eef2 P a90ba0f3fff244fea8713c6738947e58 [term 4 FOLLOWER]: Advancing to term 5
I20260709 14:52:50.695016 23517 raft_consensus.cc:2468] T 1712d3f967a94206b2ad33cb0843eef2 P 99a608a4e4f6484ebe21cac27bf660d3 [term 5 FOLLOWER]: Leader election vote request: Granting yes vote for candidate 5006330294474df3ae0c0f87d0bb61c4 in term 5.
I20260709 14:52:50.696048 23631 leader_election.cc:304] T 1712d3f967a94206b2ad33cb0843eef2 P 5006330294474df3ae0c0f87d0bb61c4 [CANDIDATE]: Term 5 election: Election decided. Result: candidate won. Election summary: received 2 responses out of 3 voters: 2 yes votes; 0 no votes. yes voters: 5006330294474df3ae0c0f87d0bb61c4, 99a608a4e4f6484ebe21cac27bf660d3; no voters: 
I20260709 14:52:50.696794 23794 raft_consensus.cc:2804] T 1712d3f967a94206b2ad33cb0843eef2 P 5006330294474df3ae0c0f87d0bb61c4 [term 5 FOLLOWER]: Leader election won for term 5
I20260709 14:52:50.697933 23794 raft_consensus.cc:697] T 1712d3f967a94206b2ad33cb0843eef2 P 5006330294474df3ae0c0f87d0bb61c4 [term 5 LEADER]: Becoming Leader. State: Replica: 5006330294474df3ae0c0f87d0bb61c4, State: Running, Role: LEADER
I20260709 14:52:50.697971 23591 raft_consensus.cc:2468] T 1712d3f967a94206b2ad33cb0843eef2 P a90ba0f3fff244fea8713c6738947e58 [term 5 FOLLOWER]: Leader election vote request: Granting yes vote for candidate 5006330294474df3ae0c0f87d0bb61c4 in term 5.
I20260709 14:52:50.698922 23794 consensus_queue.cc:237] T 1712d3f967a94206b2ad33cb0843eef2 P 5006330294474df3ae0c0f87d0bb61c4 [LEADER]: Queue going to LEADER mode. State: All replicated index: 0, Majority replicated index: 4, Committed index: 4, Last appended: 4.4, Last appended by leader: 4, Current term: 5, Majority size: 2, State: 0, Mode: LEADER, active raft config: opid_index: -1 OBSOLETE_local: false peers { permanent_uuid: "99a608a4e4f6484ebe21cac27bf660d3" member_type: VOTER last_known_addr { host: "127.22.213.129" port: 44767 } } peers { permanent_uuid: "a90ba0f3fff244fea8713c6738947e58" member_type: VOTER last_known_addr { host: "127.22.213.130" port: 37087 } } peers { permanent_uuid: "5006330294474df3ae0c0f87d0bb61c4" member_type: VOTER last_known_addr { host: "127.22.213.131" port: 45959 } }
I20260709 14:52:50.705802 23414 catalog_manager.cc:5697] T 1712d3f967a94206b2ad33cb0843eef2 P 5006330294474df3ae0c0f87d0bb61c4 reported cstate change: term changed from 4 to 5, leader changed from a90ba0f3fff244fea8713c6738947e58 (127.22.213.130) to 5006330294474df3ae0c0f87d0bb61c4 (127.22.213.131). New cstate: current_term: 5 leader_uuid: "5006330294474df3ae0c0f87d0bb61c4" committed_config { opid_index: -1 OBSOLETE_local: false peers { permanent_uuid: "99a608a4e4f6484ebe21cac27bf660d3" member_type: VOTER last_known_addr { host: "127.22.213.129" port: 44767 } health_report { overall_health: UNKNOWN } } peers { permanent_uuid: "a90ba0f3fff244fea8713c6738947e58" member_type: VOTER last_known_addr { host: "127.22.213.130" port: 37087 } health_report { overall_health: UNKNOWN } } peers { permanent_uuid: "5006330294474df3ae0c0f87d0bb61c4" member_type: VOTER last_known_addr { host: "127.22.213.131" port: 45959 } health_report { overall_health: HEALTHY } } }
I20260709 14:52:50.723989 23844 raft_consensus.cc:993] T c204690b3d794584a98796c9e921dce5 P a90ba0f3fff244fea8713c6738947e58: : Instructing follower 5006330294474df3ae0c0f87d0bb61c4 to start an election
I20260709 14:52:50.724391 23848 raft_consensus.cc:1081] T c204690b3d794584a98796c9e921dce5 P a90ba0f3fff244fea8713c6738947e58 [term 2 LEADER]: Signalling peer 5006330294474df3ae0c0f87d0bb61c4 to start an election
I20260709 14:52:50.725756 23666 tablet_service.cc:2044] Received Run Leader Election RPC: tablet_id: "c204690b3d794584a98796c9e921dce5"
dest_uuid: "5006330294474df3ae0c0f87d0bb61c4"
 from {username='slave'} at 127.0.0.1:45432
I20260709 14:52:50.726154 23666 raft_consensus.cc:493] T c204690b3d794584a98796c9e921dce5 P 5006330294474df3ae0c0f87d0bb61c4 [term 2 FOLLOWER]: Starting forced leader election (received explicit request)
I20260709 14:52:50.726393 23666 raft_consensus.cc:3060] T c204690b3d794584a98796c9e921dce5 P 5006330294474df3ae0c0f87d0bb61c4 [term 2 FOLLOWER]: Advancing to term 3
I20260709 14:52:50.730104 23666 raft_consensus.cc:515] T c204690b3d794584a98796c9e921dce5 P 5006330294474df3ae0c0f87d0bb61c4 [term 3 FOLLOWER]: Starting forced leader election with config: opid_index: -1 OBSOLETE_local: false peers { permanent_uuid: "99a608a4e4f6484ebe21cac27bf660d3" member_type: VOTER last_known_addr { host: "127.22.213.129" port: 44767 } } peers { permanent_uuid: "a90ba0f3fff244fea8713c6738947e58" member_type: VOTER last_known_addr { host: "127.22.213.130" port: 37087 } } peers { permanent_uuid: "5006330294474df3ae0c0f87d0bb61c4" member_type: VOTER last_known_addr { host: "127.22.213.131" port: 45959 } }
I20260709 14:52:50.731379 23666 leader_election.cc:290] T c204690b3d794584a98796c9e921dce5 P 5006330294474df3ae0c0f87d0bb61c4 [CANDIDATE]: Term 3 election: Requested vote from peers 99a608a4e4f6484ebe21cac27bf660d3 (127.22.213.129:44767), a90ba0f3fff244fea8713c6738947e58 (127.22.213.130:37087)
