I20260709 14:53:04.682993 10546 ts_tablet_manager.cc:1434] T 6e0557ef6631406e85cae53d41868cde P 4111303d60864065a600dae31a69011d: Time spent starting tablet: real 0.131s	user 0.005s	sys 0.005s
I20260709 14:53:04.683856 10546 tablet_bootstrap.cc:492] T 6935f7cbe4d24ff7910d05dd7eb20458 P 4111303d60864065a600dae31a69011d: Bootstrap starting.
I20260709 14:53:04.655164 10553 raft_consensus.cc:493] T a5340b77be3543668cbb6b0920ab0dc7 P dc31310b20de474fb81936624ffb1e68 [term 0 FOLLOWER]: Starting pre-election (no leader contacted us within the election timeout)
I20260709 14:53:04.688624 10553 raft_consensus.cc:515] T a5340b77be3543668cbb6b0920ab0dc7 P dc31310b20de474fb81936624ffb1e68 [term 0 FOLLOWER]: Starting pre-election with config: opid_index: -1 OBSOLETE_local: false peers { permanent_uuid: "4111303d60864065a600dae31a69011d" member_type: VOTER last_known_addr { host: "127.8.255.65" port: 35437 } } peers { permanent_uuid: "f0da5cdc7002489db6faaf7fe061dd81" member_type: VOTER last_known_addr { host: "127.8.255.66" port: 44117 } } peers { permanent_uuid: "dc31310b20de474fb81936624ffb1e68" member_type: VOTER last_known_addr { host: "127.8.255.67" port: 42335 } }
I20260709 14:53:04.695837 10417 tablet_service.cc:1511] Processing CreateTablet for tablet a651c702e6c440b6a52b5e10334efa16 (DEFAULT_TABLE table=test-workload [id=9d482657a51040d6809257b2aa59df93]), partition=RANGE (key) PARTITION 982746729 <= VALUES < 1019144756
I20260709 14:53:04.697314 10417 data_dirs.cc:400] Could only allocate 1 dirs of requested 3 for tablet a651c702e6c440b6a52b5e10334efa16. 1 dirs total, 0 dirs full, 0 dirs failed
I20260709 14:53:04.703421 10553 leader_election.cc:290] T a5340b77be3543668cbb6b0920ab0dc7 P dc31310b20de474fb81936624ffb1e68 [CANDIDATE]: Term 1 pre-election: Requested pre-vote from peers 4111303d60864065a600dae31a69011d (127.8.255.65:35437), f0da5cdc7002489db6faaf7fe061dd81 (127.8.255.66:44117)
I20260709 14:53:04.706393 10544 raft_consensus.cc:359] T 6935f7cbe4d24ff7910d05dd7eb20458 P f0da5cdc7002489db6faaf7fe061dd81 [term 0 FOLLOWER]: Replica starting. Triggering 0 pending ops. Active config: opid_index: -1 OBSOLETE_local: false peers { permanent_uuid: "4111303d60864065a600dae31a69011d" member_type: VOTER last_known_addr { host: "127.8.255.65" port: 35437 } } peers { permanent_uuid: "f0da5cdc7002489db6faaf7fe061dd81" member_type: VOTER last_known_addr { host: "127.8.255.66" port: 44117 } } peers { permanent_uuid: "dc31310b20de474fb81936624ffb1e68" member_type: VOTER last_known_addr { host: "127.8.255.67" port: 42335 } }
I20260709 14:53:04.711185 10544 raft_consensus.cc:385] T 6935f7cbe4d24ff7910d05dd7eb20458 P f0da5cdc7002489db6faaf7fe061dd81 [term 0 FOLLOWER]: Consensus starting up: Expiring failure detector timer to make a prompt election more likely
I20260709 14:53:04.711875 10544 raft_consensus.cc:740] T 6935f7cbe4d24ff7910d05dd7eb20458 P f0da5cdc7002489db6faaf7fe061dd81 [term 0 FOLLOWER]: Becoming Follower/Learner. State: Replica: f0da5cdc7002489db6faaf7fe061dd81, State: Initialized, Role: FOLLOWER
I20260709 14:53:04.713135 10544 consensus_queue.cc:260] T 6935f7cbe4d24ff7910d05dd7eb20458 P f0da5cdc7002489db6faaf7fe061dd81 [NON_LEADER]: Queue going to NON_LEADER mode. State: All replicated index: 0, Majority replicated index: 0, Committed index: 0, Last appended: 0.0, Last appended by leader: 0, Current term: 0, Majority size: -1, State: 0, Mode: NON_LEADER, active raft config: opid_index: -1 OBSOLETE_local: false peers { permanent_uuid: "4111303d60864065a600dae31a69011d" member_type: VOTER last_known_addr { host: "127.8.255.65" port: 35437 } } peers { permanent_uuid: "f0da5cdc7002489db6faaf7fe061dd81" member_type: VOTER last_known_addr { host: "127.8.255.66" port: 44117 } } peers { permanent_uuid: "dc31310b20de474fb81936624ffb1e68" member_type: VOTER last_known_addr { host: "127.8.255.67" port: 42335 } }
I20260709 14:53:04.682142 10492 tablet_service.cc:1511] Processing CreateTablet for tablet a651c702e6c440b6a52b5e10334efa16 (DEFAULT_TABLE table=test-workload [id=9d482657a51040d6809257b2aa59df93]), partition=RANGE (key) PARTITION 982746729 <= VALUES < 1019144756
I20260709 14:53:04.717523 10355 tablet_service.cc:1917] Received RequestConsensusVote() RPC: tablet_id: "6e0557ef6631406e85cae53d41868cde" candidate_uuid: "f0da5cdc7002489db6faaf7fe061dd81" candidate_term: 1 candidate_status { last_received { term: 0 index: 0 } } ignore_live_leader: false dest_uuid: "4111303d60864065a600dae31a69011d" is_pre_election: true
I20260709 14:53:04.723722 10355 raft_consensus.cc:2468] T 6e0557ef6631406e85cae53d41868cde P 4111303d60864065a600dae31a69011d [term 0 FOLLOWER]: Leader pre-election vote request: Granting yes vote for candidate f0da5cdc7002489db6faaf7fe061dd81 in term 0.
I20260709 14:53:04.718173 10546 tablet_bootstrap.cc:654] T 6935f7cbe4d24ff7910d05dd7eb20458 P 4111303d60864065a600dae31a69011d: Neither blocks nor log segments found. Creating new log.
I20260709 14:53:04.726713 10545 tablet_bootstrap.cc:654] T a86d0e1a575d4e25a5178f325714e905 P dc31310b20de474fb81936624ffb1e68: Neither blocks nor log segments found. Creating new log.
I20260709 14:53:04.727473 10544 ts_tablet_manager.cc:1434] T 6935f7cbe4d24ff7910d05dd7eb20458 P f0da5cdc7002489db6faaf7fe061dd81: Time spent starting tablet: real 0.059s	user 0.006s	sys 0.000s
I20260709 14:53:04.728832 10340 tablet_service.cc:1511] Processing CreateTablet for tablet 56b97c937ccb44259e0f6e8cefbcb061 (DEFAULT_TABLE table=test-workload [id=9d482657a51040d6809257b2aa59df93]), partition=RANGE (key) PARTITION 1019144756 <= VALUES < 1055542783
I20260709 14:53:04.731070 10544 tablet_bootstrap.cc:492] T 20f5df6ced294b7c95ebbcd9d8aa4ce3 P f0da5cdc7002489db6faaf7fe061dd81: Bootstrap starting.
I20260709 14:53:04.750622 10394 leader_election.cc:304] T 6e0557ef6631406e85cae53d41868cde P f0da5cdc7002489db6faaf7fe061dd81 [CANDIDATE]: Term 1 pre-election: Election decided. Result: candidate won. Election summary: received 2 responses out of 3 voters: 2 yes votes; 0 no votes. yes voters: 4111303d60864065a600dae31a69011d, f0da5cdc7002489db6faaf7fe061dd81; no voters: 
I20260709 14:53:04.751533 10550 raft_consensus.cc:2804] T 6e0557ef6631406e85cae53d41868cde P f0da5cdc7002489db6faaf7fe061dd81 [term 0 FOLLOWER]: Leader pre-election won for term 1
I20260709 14:53:04.751919 10544 tablet_bootstrap.cc:654] T 20f5df6ced294b7c95ebbcd9d8aa4ce3 P f0da5cdc7002489db6faaf7fe061dd81: Neither blocks nor log segments found. Creating new log.
I20260709 14:53:04.751901 10550 raft_consensus.cc:493] T 6e0557ef6631406e85cae53d41868cde P f0da5cdc7002489db6faaf7fe061dd81 [term 0 FOLLOWER]: Starting leader election (no leader contacted us within the election timeout)
I20260709 14:53:04.752363 10550 raft_consensus.cc:3060] T 6e0557ef6631406e85cae53d41868cde P f0da5cdc7002489db6faaf7fe061dd81 [term 0 FOLLOWER]: Advancing to term 1
I20260709 14:53:04.753360 10340 data_dirs.cc:400] Could only allocate 1 dirs of requested 3 for tablet 56b97c937ccb44259e0f6e8cefbcb061. 1 dirs total, 0 dirs full, 0 dirs failed
I20260709 14:53:04.760496 10492 data_dirs.cc:400] Could only allocate 1 dirs of requested 3 for tablet a651c702e6c440b6a52b5e10334efa16. 1 dirs total, 0 dirs full, 0 dirs failed
I20260709 14:53:04.762128 10416 tablet_service.cc:1511] Processing CreateTablet for tablet 56b97c937ccb44259e0f6e8cefbcb061 (DEFAULT_TABLE table=test-workload [id=9d482657a51040d6809257b2aa59df93]), partition=RANGE (key) PARTITION 1019144756 <= VALUES < 1055542783
I20260709 14:53:04.765831 10489 tablet_service.cc:1511] Processing CreateTablet for tablet 56b97c937ccb44259e0f6e8cefbcb061 (DEFAULT_TABLE table=test-workload [id=9d482657a51040d6809257b2aa59df93]), partition=RANGE (key) PARTITION 1019144756 <= VALUES < 1055542783
I20260709 14:53:04.767068 10489 data_dirs.cc:400] Could only allocate 1 dirs of requested 3 for tablet 56b97c937ccb44259e0f6e8cefbcb061. 1 dirs total, 0 dirs full, 0 dirs failed
I20260709 14:53:04.768338 10337 tablet_service.cc:1511] Processing CreateTablet for tablet 72288bd83ad043b9a1e850ceee6e3dd9 (DEFAULT_TABLE table=test-workload [id=9d482657a51040d6809257b2aa59df93]), partition=RANGE (key) PARTITION 1055542783 <= VALUES < 1091940810
I20260709 14:53:04.769537 10337 data_dirs.cc:400] Could only allocate 1 dirs of requested 3 for tablet 72288bd83ad043b9a1e850ceee6e3dd9. 1 dirs total, 0 dirs full, 0 dirs failed
I20260709 14:53:04.773269 10504 tablet_service.cc:1917] Received RequestConsensusVote() RPC: tablet_id: "6e0557ef6631406e85cae53d41868cde" candidate_uuid: "f0da5cdc7002489db6faaf7fe061dd81" candidate_term: 1 candidate_status { last_received { term: 0 index: 0 } } ignore_live_leader: false dest_uuid: "dc31310b20de474fb81936624ffb1e68" is_pre_election: true
W20260709 14:53:04.775233 10394 leader_election.cc:343] T 6e0557ef6631406e85cae53d41868cde P f0da5cdc7002489db6faaf7fe061dd81 [CANDIDATE]: Term 1 pre-election: Tablet error from VoteRequest() call to peer dc31310b20de474fb81936624ffb1e68 (127.8.255.67:42335): Illegal state: must be running to vote when last-logged opid is not known
I20260709 14:53:04.775731 10342 tablet_service.cc:1511] Processing CreateTablet for tablet f23b30ea82a74f50b797fee46369f495 (DEFAULT_TABLE table=test-workload [id=9d482657a51040d6809257b2aa59df93]), partition=RANGE (key) PARTITION 1128338837 <= VALUES < 1164736864
I20260709 14:53:04.776903 10342 data_dirs.cc:400] Could only allocate 1 dirs of requested 3 for tablet f23b30ea82a74f50b797fee46369f495. 1 dirs total, 0 dirs full, 0 dirs failed
I20260709 14:53:04.777506 10545 tablet_bootstrap.cc:492] T a86d0e1a575d4e25a5178f325714e905 P dc31310b20de474fb81936624ffb1e68: No bootstrap required, opened a new log
I20260709 14:53:04.777931 10545 ts_tablet_manager.cc:1403] T a86d0e1a575d4e25a5178f325714e905 P dc31310b20de474fb81936624ffb1e68: Time spent bootstrapping tablet: real 0.106s	user 0.011s	sys 0.002s
I20260709 14:53:04.771551 10343 tablet_service.cc:1511] Processing CreateTablet for tablet 125addd4d3f94d5aa395bdc738dd73d7 (DEFAULT_TABLE table=test-workload [id=9d482657a51040d6809257b2aa59df93]), partition=RANGE (key) PARTITION 1091940810 <= VALUES < 1128338837
I20260709 14:53:04.780622 10545 raft_consensus.cc:359] T a86d0e1a575d4e25a5178f325714e905 P dc31310b20de474fb81936624ffb1e68 [term 0 FOLLOWER]: Replica starting. Triggering 0 pending ops. Active config: opid_index: -1 OBSOLETE_local: false peers { permanent_uuid: "4111303d60864065a600dae31a69011d" member_type: VOTER last_known_addr { host: "127.8.255.65" port: 35437 } } peers { permanent_uuid: "f0da5cdc7002489db6faaf7fe061dd81" member_type: VOTER last_known_addr { host: "127.8.255.66" port: 44117 } } peers { permanent_uuid: "dc31310b20de474fb81936624ffb1e68" member_type: VOTER last_known_addr { host: "127.8.255.67" port: 42335 } }
I20260709 14:53:04.781286 10545 raft_consensus.cc:385] T a86d0e1a575d4e25a5178f325714e905 P dc31310b20de474fb81936624ffb1e68 [term 0 FOLLOWER]: Consensus starting up: Expiring failure detector timer to make a prompt election more likely
I20260709 14:53:04.781553 10545 raft_consensus.cc:740] T a86d0e1a575d4e25a5178f325714e905 P dc31310b20de474fb81936624ffb1e68 [term 0 FOLLOWER]: Becoming Follower/Learner. State: Replica: dc31310b20de474fb81936624ffb1e68, State: Initialized, Role: FOLLOWER
I20260709 14:53:04.781878 10343 data_dirs.cc:400] Could only allocate 1 dirs of requested 3 for tablet 125addd4d3f94d5aa395bdc738dd73d7. 1 dirs total, 0 dirs full, 0 dirs failed
I20260709 14:53:04.782223 10545 consensus_queue.cc:260] T a86d0e1a575d4e25a5178f325714e905 P dc31310b20de474fb81936624ffb1e68 [NON_LEADER]: Queue going to NON_LEADER mode. State: All replicated index: 0, Majority replicated index: 0, Committed index: 0, Last appended: 0.0, Last appended by leader: 0, Current term: 0, Majority size: -1, State: 0, Mode: NON_LEADER, active raft config: opid_index: -1 OBSOLETE_local: false peers { permanent_uuid: "4111303d60864065a600dae31a69011d" member_type: VOTER last_known_addr { host: "127.8.255.65" port: 35437 } } peers { permanent_uuid: "f0da5cdc7002489db6faaf7fe061dd81" member_type: VOTER last_known_addr { host: "127.8.255.66" port: 44117 } } peers { permanent_uuid: "dc31310b20de474fb81936624ffb1e68" member_type: VOTER last_known_addr { host: "127.8.255.67" port: 42335 } }
I20260709 14:53:04.784240 10545 ts_tablet_manager.cc:1434] T a86d0e1a575d4e25a5178f325714e905 P dc31310b20de474fb81936624ffb1e68: Time spent starting tablet: real 0.006s	user 0.003s	sys 0.003s
I20260709 14:53:04.785053 10545 tablet_bootstrap.cc:492] T 6935f7cbe4d24ff7910d05dd7eb20458 P dc31310b20de474fb81936624ffb1e68: Bootstrap starting.
I20260709 14:53:04.787753 10550 raft_consensus.cc:515] T 6e0557ef6631406e85cae53d41868cde P f0da5cdc7002489db6faaf7fe061dd81 [term 1 FOLLOWER]: Starting leader election with config: opid_index: -1 OBSOLETE_local: false peers { permanent_uuid: "4111303d60864065a600dae31a69011d" member_type: VOTER last_known_addr { host: "127.8.255.65" port: 35437 } } peers { permanent_uuid: "f0da5cdc7002489db6faaf7fe061dd81" member_type: VOTER last_known_addr { host: "127.8.255.66" port: 44117 } } peers { permanent_uuid: "dc31310b20de474fb81936624ffb1e68" member_type: VOTER last_known_addr { host: "127.8.255.67" port: 42335 } }
I20260709 14:53:04.788170 10494 tablet_service.cc:1511] Processing CreateTablet for tablet 125addd4d3f94d5aa395bdc738dd73d7 (DEFAULT_TABLE table=test-workload [id=9d482657a51040d6809257b2aa59df93]), partition=RANGE (key) PARTITION 1091940810 <= VALUES < 1128338837
I20260709 14:53:04.789336 10494 data_dirs.cc:400] Could only allocate 1 dirs of requested 3 for tablet 125addd4d3f94d5aa395bdc738dd73d7. 1 dirs total, 0 dirs full, 0 dirs failed
I20260709 14:53:04.790463 10355 tablet_service.cc:1917] Received RequestConsensusVote() RPC: tablet_id: "6e0557ef6631406e85cae53d41868cde" candidate_uuid: "f0da5cdc7002489db6faaf7fe061dd81" candidate_term: 1 candidate_status { last_received { term: 0 index: 0 } } ignore_live_leader: false dest_uuid: "4111303d60864065a600dae31a69011d"
I20260709 14:53:04.791008 10355 raft_consensus.cc:3060] T 6e0557ef6631406e85cae53d41868cde P 4111303d60864065a600dae31a69011d [term 0 FOLLOWER]: Advancing to term 1
I20260709 14:53:04.791831 10545 tablet_bootstrap.cc:654] T 6935f7cbe4d24ff7910d05dd7eb20458 P dc31310b20de474fb81936624ffb1e68: Neither blocks nor log segments found. Creating new log.
I20260709 14:53:04.796809 10341 tablet_service.cc:1511] Processing CreateTablet for tablet 67cc30e132f141d0aa2cd90df7d989a0 (DEFAULT_TABLE table=test-workload [id=9d482657a51040d6809257b2aa59df93]), partition=RANGE (key) PARTITION 1164736864 <= VALUES < 1201134891
I20260709 14:53:04.797555 10493 tablet_service.cc:1511] Processing CreateTablet for tablet f23b30ea82a74f50b797fee46369f495 (DEFAULT_TABLE table=test-workload [id=9d482657a51040d6809257b2aa59df93]), partition=RANGE (key) PARTITION 1128338837 <= VALUES < 1164736864
I20260709 14:53:04.797991 10341 data_dirs.cc:400] Could only allocate 1 dirs of requested 3 for tablet 67cc30e132f141d0aa2cd90df7d989a0. 1 dirs total, 0 dirs full, 0 dirs failed
I20260709 14:53:04.798741 10493 data_dirs.cc:400] Could only allocate 1 dirs of requested 3 for tablet f23b30ea82a74f50b797fee46369f495. 1 dirs total, 0 dirs full, 0 dirs failed
I20260709 14:53:04.799129 10491 tablet_service.cc:1511] Processing CreateTablet for tablet 67cc30e132f141d0aa2cd90df7d989a0 (DEFAULT_TABLE table=test-workload [id=9d482657a51040d6809257b2aa59df93]), partition=RANGE (key) PARTITION 1164736864 <= VALUES < 1201134891
I20260709 14:53:04.800251 10491 data_dirs.cc:400] Could only allocate 1 dirs of requested 3 for tablet 67cc30e132f141d0aa2cd90df7d989a0. 1 dirs total, 0 dirs full, 0 dirs failed
I20260709 14:53:04.808099 10338 tablet_service.cc:1511] Processing CreateTablet for tablet b8a4e88432724824a543fa76819088df (DEFAULT_TABLE table=test-workload [id=9d482657a51040d6809257b2aa59df93]), partition=RANGE (key) PARTITION 1201134891 <= VALUES < 1237532918
I20260709 14:53:04.809377 10338 data_dirs.cc:400] Could only allocate 1 dirs of requested 3 for tablet b8a4e88432724824a543fa76819088df. 1 dirs total, 0 dirs full, 0 dirs failed
I20260709 14:53:04.809293 10488 tablet_service.cc:1511] Processing CreateTablet for tablet 72288bd83ad043b9a1e850ceee6e3dd9 (DEFAULT_TABLE table=test-workload [id=9d482657a51040d6809257b2aa59df93]), partition=RANGE (key) PARTITION 1055542783 <= VALUES < 1091940810
I20260709 14:53:04.810580 10488 data_dirs.cc:400] Could only allocate 1 dirs of requested 3 for tablet 72288bd83ad043b9a1e850ceee6e3dd9. 1 dirs total, 0 dirs full, 0 dirs failed
I20260709 14:53:04.764170 10416 data_dirs.cc:400] Could only allocate 1 dirs of requested 3 for tablet 56b97c937ccb44259e0f6e8cefbcb061. 1 dirs total, 0 dirs full, 0 dirs failed
I20260709 14:53:04.808142 10355 raft_consensus.cc:2468] T 6e0557ef6631406e85cae53d41868cde P 4111303d60864065a600dae31a69011d [term 1 FOLLOWER]: Leader election vote request: Granting yes vote for candidate f0da5cdc7002489db6faaf7fe061dd81 in term 1.
I20260709 14:53:04.821983 10394 leader_election.cc:304] T 6e0557ef6631406e85cae53d41868cde P f0da5cdc7002489db6faaf7fe061dd81 [CANDIDATE]: Term 1 election: Election decided. Result: candidate won. Election summary: received 2 responses out of 3 voters: 2 yes votes; 0 no votes. yes voters: 4111303d60864065a600dae31a69011d, f0da5cdc7002489db6faaf7fe061dd81; no voters: 
I20260709 14:53:04.827913 10414 tablet_service.cc:1511] Processing CreateTablet for tablet 72288bd83ad043b9a1e850ceee6e3dd9 (DEFAULT_TABLE table=test-workload [id=9d482657a51040d6809257b2aa59df93]), partition=RANGE (key) PARTITION 1055542783 <= VALUES < 1091940810
I20260709 14:53:04.828158 10411 tablet_service.cc:1511] Processing CreateTablet for tablet 125addd4d3f94d5aa395bdc738dd73d7 (DEFAULT_TABLE table=test-workload [id=9d482657a51040d6809257b2aa59df93]), partition=RANGE (key) PARTITION 1091940810 <= VALUES < 1128338837
I20260709 14:53:04.829171 10414 data_dirs.cc:400] Could only allocate 1 dirs of requested 3 for tablet 72288bd83ad043b9a1e850ceee6e3dd9. 1 dirs total, 0 dirs full, 0 dirs failed
I20260709 14:53:04.829730 10420 tablet_service.cc:1511] Processing CreateTablet for tablet 67cc30e132f141d0aa2cd90df7d989a0 (DEFAULT_TABLE table=test-workload [id=9d482657a51040d6809257b2aa59df93]), partition=RANGE (key) PARTITION 1164736864 <= VALUES < 1201134891
I20260709 14:53:04.832183 10418 tablet_service.cc:1511] Processing CreateTablet for tablet f23b30ea82a74f50b797fee46369f495 (DEFAULT_TABLE table=test-workload [id=9d482657a51040d6809257b2aa59df93]), partition=RANGE (key) PARTITION 1128338837 <= VALUES < 1164736864
I20260709 14:53:04.832643 10419 tablet_service.cc:1511] Processing CreateTablet for tablet b8a4e88432724824a543fa76819088df (DEFAULT_TABLE table=test-workload [id=9d482657a51040d6809257b2aa59df93]), partition=RANGE (key) PARTITION 1201134891 <= VALUES < 1237532918
I20260709 14:53:04.842949 10411 data_dirs.cc:400] Could only allocate 1 dirs of requested 3 for tablet 125addd4d3f94d5aa395bdc738dd73d7. 1 dirs total, 0 dirs full, 0 dirs failed
I20260709 14:53:04.848871 10550 leader_election.cc:290] T 6e0557ef6631406e85cae53d41868cde P f0da5cdc7002489db6faaf7fe061dd81 [CANDIDATE]: Term 1 election: Requested vote from peers 4111303d60864065a600dae31a69011d (127.8.255.65:35437), dc31310b20de474fb81936624ffb1e68 (127.8.255.67:42335)
I20260709 14:53:04.849445 10550 raft_consensus.cc:2804] T 6e0557ef6631406e85cae53d41868cde P f0da5cdc7002489db6faaf7fe061dd81 [term 1 FOLLOWER]: Leader election won for term 1
I20260709 14:53:04.849867 10550 raft_consensus.cc:697] T 6e0557ef6631406e85cae53d41868cde P f0da5cdc7002489db6faaf7fe061dd81 [term 1 LEADER]: Becoming Leader. State: Replica: f0da5cdc7002489db6faaf7fe061dd81, State: Running, Role: LEADER
I20260709 14:53:04.850288 10420 data_dirs.cc:400] Could only allocate 1 dirs of requested 3 for tablet 67cc30e132f141d0aa2cd90df7d989a0. 1 dirs total, 0 dirs full, 0 dirs failed
I20260709 14:53:04.850636 10550 consensus_queue.cc:237] T 6e0557ef6631406e85cae53d41868cde P f0da5cdc7002489db6faaf7fe061dd81 [LEADER]: Queue going to LEADER mode. State: All replicated index: 0, Majority replicated index: 0, Committed index: 0, Last appended: 0.0, Last appended by leader: 0, Current term: 1, Majority size: 2, State: 0, Mode: LEADER, active raft config: opid_index: -1 OBSOLETE_local: false peers { permanent_uuid: "4111303d60864065a600dae31a69011d" member_type: VOTER last_known_addr { host: "127.8.255.65" port: 35437 } } peers { permanent_uuid: "f0da5cdc7002489db6faaf7fe061dd81" member_type: VOTER last_known_addr { host: "127.8.255.66" port: 44117 } } peers { permanent_uuid: "dc31310b20de474fb81936624ffb1e68" member_type: VOTER last_known_addr { host: "127.8.255.67" port: 42335 } }
I20260709 14:53:04.855448 10419 data_dirs.cc:400] Could only allocate 1 dirs of requested 3 for tablet b8a4e88432724824a543fa76819088df. 1 dirs total, 0 dirs full, 0 dirs failed
I20260709 14:53:04.857026 10493 tablet_service.cc:1511] Processing CreateTablet for tablet b8a4e88432724824a543fa76819088df (DEFAULT_TABLE table=test-workload [id=9d482657a51040d6809257b2aa59df93]), partition=RANGE (key) PARTITION 1201134891 <= VALUES < 1237532918
I20260709 14:53:04.857149 10339 tablet_service.cc:1511] Processing CreateTablet for tablet 1be19634c9ae4262969d2af95be9e73f (DEFAULT_TABLE table=test-workload [id=9d482657a51040d6809257b2aa59df93]), partition=RANGE (key) PARTITION 1237532918 <= VALUES < 1273930945
I20260709 14:53:04.859705 10344 tablet_service.cc:1511] Processing CreateTablet for tablet 9ac608369dde4bf09aecf2b4fe438e2a (DEFAULT_TABLE table=test-workload [id=9d482657a51040d6809257b2aa59df93]), partition=RANGE (key) PARTITION 1273930945 <= VALUES < 1310328972
I20260709 14:53:04.859650 10490 tablet_service.cc:1511] Processing CreateTablet for tablet 1be19634c9ae4262969d2af95be9e73f (DEFAULT_TABLE table=test-workload [id=9d482657a51040d6809257b2aa59df93]), partition=RANGE (key) PARTITION 1237532918 <= VALUES < 1273930945
I20260709 14:53:04.861121 10493 data_dirs.cc:400] Could only allocate 1 dirs of requested 3 for tablet b8a4e88432724824a543fa76819088df. 1 dirs total, 0 dirs full, 0 dirs failed
I20260709 14:53:04.882062 10416 tablet_service.cc:1511] Processing CreateTablet for tablet 1be19634c9ae4262969d2af95be9e73f (DEFAULT_TABLE table=test-workload [id=9d482657a51040d6809257b2aa59df93]), partition=RANGE (key) PARTITION 1237532918 <= VALUES < 1273930945
I20260709 14:53:04.883456 10416 data_dirs.cc:400] Could only allocate 1 dirs of requested 3 for tablet 1be19634c9ae4262969d2af95be9e73f. 1 dirs total, 0 dirs full, 0 dirs failed
I20260709 14:53:04.887724 10336 tablet_service.cc:1511] Processing CreateTablet for tablet c0b4a7056efa48e8adb4412a68767207 (DEFAULT_TABLE table=test-workload [id=9d482657a51040d6809257b2aa59df93]), partition=RANGE (key) PARTITION 1310328972 <= VALUES < 1346726999
I20260709 14:53:04.890277 10417 tablet_service.cc:1511] Processing CreateTablet for tablet 9ac608369dde4bf09aecf2b4fe438e2a (DEFAULT_TABLE table=test-workload [id=9d482657a51040d6809257b2aa59df93]), partition=RANGE (key) PARTITION 1273930945 <= VALUES < 1310328972
I20260709 14:53:04.891541 10417 data_dirs.cc:400] Could only allocate 1 dirs of requested 3 for tablet 9ac608369dde4bf09aecf2b4fe438e2a. 1 dirs total, 0 dirs full, 0 dirs failed
I20260709 14:53:04.894446 10494 tablet_service.cc:1511] Processing CreateTablet for tablet 9ac608369dde4bf09aecf2b4fe438e2a (DEFAULT_TABLE table=test-workload [id=9d482657a51040d6809257b2aa59df93]), partition=RANGE (key) PARTITION 1273930945 <= VALUES < 1310328972
I20260709 14:53:04.896528 10494 data_dirs.cc:400] Could only allocate 1 dirs of requested 3 for tablet 9ac608369dde4bf09aecf2b4fe438e2a. 1 dirs total, 0 dirs full, 0 dirs failed
I20260709 14:53:04.898680 10490 data_dirs.cc:400] Could only allocate 1 dirs of requested 3 for tablet 1be19634c9ae4262969d2af95be9e73f. 1 dirs total, 0 dirs full, 0 dirs failed
I20260709 14:53:04.898622 10418 data_dirs.cc:400] Could only allocate 1 dirs of requested 3 for tablet f23b30ea82a74f50b797fee46369f495. 1 dirs total, 0 dirs full, 0 dirs failed
I20260709 14:53:04.906639 10430 tablet_service.cc:1917] Received RequestConsensusVote() RPC: tablet_id: "a5340b77be3543668cbb6b0920ab0dc7" candidate_uuid: "dc31310b20de474fb81936624ffb1e68" candidate_term: 1 candidate_status { last_received { term: 0 index: 0 } } ignore_live_leader: false dest_uuid: "f0da5cdc7002489db6faaf7fe061dd81" is_pre_election: true
I20260709 14:53:04.911459 10355 tablet_service.cc:1917] Received RequestConsensusVote() RPC: tablet_id: "a5340b77be3543668cbb6b0920ab0dc7" candidate_uuid: "dc31310b20de474fb81936624ffb1e68" candidate_term: 1 candidate_status { last_received { term: 0 index: 0 } } ignore_live_leader: false dest_uuid: "4111303d60864065a600dae31a69011d" is_pre_election: true
I20260709 14:53:04.913012 10344 data_dirs.cc:400] Could only allocate 1 dirs of requested 3 for tablet 9ac608369dde4bf09aecf2b4fe438e2a. 1 dirs total, 0 dirs full, 0 dirs failed
W20260709 14:53:04.913089 10468 leader_election.cc:343] T a5340b77be3543668cbb6b0920ab0dc7 P dc31310b20de474fb81936624ffb1e68 [CANDIDATE]: Term 1 pre-election: Tablet error from VoteRequest() call to peer 4111303d60864065a600dae31a69011d (127.8.255.65:35437): Illegal state: must be running to vote when last-logged opid is not known
I20260709 14:53:04.928416 10553 raft_consensus.cc:493] T a86d0e1a575d4e25a5178f325714e905 P dc31310b20de474fb81936624ffb1e68 [term 0 FOLLOWER]: Starting pre-election (no leader contacted us within the election timeout)
W20260709 14:53:04.928537 10467 leader_election.cc:343] T a5340b77be3543668cbb6b0920ab0dc7 P dc31310b20de474fb81936624ffb1e68 [CANDIDATE]: Term 1 pre-election: Tablet error from VoteRequest() call to peer f0da5cdc7002489db6faaf7fe061dd81 (127.8.255.66:44117): Illegal state: must be running to vote when last-logged opid is not known
I20260709 14:53:04.928965 10467 leader_election.cc:304] T a5340b77be3543668cbb6b0920ab0dc7 P dc31310b20de474fb81936624ffb1e68 [CANDIDATE]: Term 1 pre-election: Election decided. Result: candidate lost. Election summary: received 3 responses out of 3 voters: 1 yes votes; 2 no votes. yes voters: dc31310b20de474fb81936624ffb1e68; no voters: 4111303d60864065a600dae31a69011d, f0da5cdc7002489db6faaf7fe061dd81
I20260709 14:53:04.928893 10553 raft_consensus.cc:515] T a86d0e1a575d4e25a5178f325714e905 P dc31310b20de474fb81936624ffb1e68 [term 0 FOLLOWER]: Starting pre-election with config: opid_index: -1 OBSOLETE_local: false peers { permanent_uuid: "4111303d60864065a600dae31a69011d" member_type: VOTER last_known_addr { host: "127.8.255.65" port: 35437 } } peers { permanent_uuid: "f0da5cdc7002489db6faaf7fe061dd81" member_type: VOTER last_known_addr { host: "127.8.255.66" port: 44117 } } peers { permanent_uuid: "dc31310b20de474fb81936624ffb1e68" member_type: VOTER last_known_addr { host: "127.8.255.67" port: 42335 } }
I20260709 14:53:04.930258 10339 data_dirs.cc:400] Could only allocate 1 dirs of requested 3 for tablet 1be19634c9ae4262969d2af95be9e73f. 1 dirs total, 0 dirs full, 0 dirs failed
I20260709 14:53:04.931319 10553 leader_election.cc:290] T a86d0e1a575d4e25a5178f325714e905 P dc31310b20de474fb81936624ffb1e68 [CANDIDATE]: Term 1 pre-election: Requested pre-vote from peers 4111303d60864065a600dae31a69011d (127.8.255.65:35437), f0da5cdc7002489db6faaf7fe061dd81 (127.8.255.66:44117)
I20260709 14:53:04.931793 10553 raft_consensus.cc:2749] T a5340b77be3543668cbb6b0920ab0dc7 P dc31310b20de474fb81936624ffb1e68 [term 0 FOLLOWER]: Leader pre-election lost for term 1. Reason: could not achieve majority
I20260709 14:53:04.933503 10355 tablet_service.cc:1917] Received RequestConsensusVote() RPC: tablet_id: "a86d0e1a575d4e25a5178f325714e905" candidate_uuid: "dc31310b20de474fb81936624ffb1e68" candidate_term: 1 candidate_status { last_received { term: 0 index: 0 } } ignore_live_leader: false dest_uuid: "4111303d60864065a600dae31a69011d" is_pre_election: true
W20260709 14:53:04.936038 10468 leader_election.cc:343] T a86d0e1a575d4e25a5178f325714e905 P dc31310b20de474fb81936624ffb1e68 [CANDIDATE]: Term 1 pre-election: Tablet error from VoteRequest() call to peer 4111303d60864065a600dae31a69011d (127.8.255.65:35437): Illegal state: must be running to vote when last-logged opid is not known
I20260709 14:53:04.938345 10412 tablet_service.cc:1511] Processing CreateTablet for tablet 36315f27c8b3420d8bf98fde6ad1b822 (DEFAULT_TABLE table=test-workload [id=9d482657a51040d6809257b2aa59df93]), partition=RANGE (key) PARTITION 1383125026 <= VALUES < 1419523053
I20260709 14:53:04.939687 10412 data_dirs.cc:400] Could only allocate 1 dirs of requested 3 for tablet 36315f27c8b3420d8bf98fde6ad1b822. 1 dirs total, 0 dirs full, 0 dirs failed
I20260709 14:53:04.939682 10486 tablet_service.cc:1511] Processing CreateTablet for tablet d2e290bb33464d21a4763c1ef3867c7a (DEFAULT_TABLE table=test-workload [id=9d482657a51040d6809257b2aa59df93]), partition=RANGE (key) PARTITION 1346726999 <= VALUES < 1383125026
I20260709 14:53:04.948024 10486 data_dirs.cc:400] Could only allocate 1 dirs of requested 3 for tablet d2e290bb33464d21a4763c1ef3867c7a. 1 dirs total, 0 dirs full, 0 dirs failed
I20260709 14:53:04.939821 10336 data_dirs.cc:400] Could only allocate 1 dirs of requested 3 for tablet c0b4a7056efa48e8adb4412a68767207. 1 dirs total, 0 dirs full, 0 dirs failed
I20260709 14:53:04.955649 10345 tablet_service.cc:1511] Processing CreateTablet for tablet d2e290bb33464d21a4763c1ef3867c7a (DEFAULT_TABLE table=test-workload [id=9d482657a51040d6809257b2aa59df93]), partition=RANGE (key) PARTITION 1346726999 <= VALUES < 1383125026
I20260709 14:53:04.956959 10345 data_dirs.cc:400] Could only allocate 1 dirs of requested 3 for tablet d2e290bb33464d21a4763c1ef3867c7a. 1 dirs total, 0 dirs full, 0 dirs failed
I20260709 14:53:04.961943 10492 tablet_service.cc:1511] Processing CreateTablet for tablet 36315f27c8b3420d8bf98fde6ad1b822 (DEFAULT_TABLE table=test-workload [id=9d482657a51040d6809257b2aa59df93]), partition=RANGE (key) PARTITION 1383125026 <= VALUES < 1419523053
I20260709 14:53:04.963215 10492 data_dirs.cc:400] Could only allocate 1 dirs of requested 3 for tablet 36315f27c8b3420d8bf98fde6ad1b822. 1 dirs total, 0 dirs full, 0 dirs failed
I20260709 14:53:04.961946 10414 tablet_service.cc:1511] Processing CreateTablet for tablet d2e290bb33464d21a4763c1ef3867c7a (DEFAULT_TABLE table=test-workload [id=9d482657a51040d6809257b2aa59df93]), partition=RANGE (key) PARTITION 1346726999 <= VALUES < 1383125026
I20260709 14:53:04.966514 10414 data_dirs.cc:400] Could only allocate 1 dirs of requested 3 for tablet d2e290bb33464d21a4763c1ef3867c7a. 1 dirs total, 0 dirs full, 0 dirs failed
I20260709 14:53:04.967039 10430 tablet_service.cc:1917] Received RequestConsensusVote() RPC: tablet_id: "a86d0e1a575d4e25a5178f325714e905" candidate_uuid: "dc31310b20de474fb81936624ffb1e68" candidate_term: 1 candidate_status { last_received { term: 0 index: 0 } } ignore_live_leader: false dest_uuid: "f0da5cdc7002489db6faaf7fe061dd81" is_pre_election: true
W20260709 14:53:04.968297 10467 leader_election.cc:343] T a86d0e1a575d4e25a5178f325714e905 P dc31310b20de474fb81936624ffb1e68 [CANDIDATE]: Term 1 pre-election: Tablet error from VoteRequest() call to peer f0da5cdc7002489db6faaf7fe061dd81 (127.8.255.66:44117): Illegal state: must be running to vote when last-logged opid is not known
I20260709 14:53:04.968742 10467 leader_election.cc:304] T a86d0e1a575d4e25a5178f325714e905 P dc31310b20de474fb81936624ffb1e68 [CANDIDATE]: Term 1 pre-election: Election decided. Result: candidate lost. Election summary: received 3 responses out of 3 voters: 1 yes votes; 2 no votes. yes voters: dc31310b20de474fb81936624ffb1e68; no voters: 4111303d60864065a600dae31a69011d, f0da5cdc7002489db6faaf7fe061dd81
I20260709 14:53:04.969487 10553 raft_consensus.cc:2749] T a86d0e1a575d4e25a5178f325714e905 P dc31310b20de474fb81936624ffb1e68 [term 0 FOLLOWER]: Leader pre-election lost for term 1. Reason: could not achieve majority
I20260709 14:53:04.966328 10342 tablet_service.cc:1511] Processing CreateTablet for tablet 36315f27c8b3420d8bf98fde6ad1b822 (DEFAULT_TABLE table=test-workload [id=9d482657a51040d6809257b2aa59df93]), partition=RANGE (key) PARTITION 1383125026 <= VALUES < 1419523053
I20260709 14:53:04.971100 10342 data_dirs.cc:400] Could only allocate 1 dirs of requested 3 for tablet 36315f27c8b3420d8bf98fde6ad1b822. 1 dirs total, 0 dirs full, 0 dirs failed
W20260709 14:53:04.900708 10394 outbound_call.cc:321] RPC callback for RPC call kudu.consensus.ConsensusService.RequestConsensusVote -> {remote=127.8.255.65:35437, user_credentials={real_user=slave}} blocked reactor thread for 78827.4us
I20260709 14:53:04.998574 10413 tablet_service.cc:1511] Processing CreateTablet for tablet d22132b7e5114909884a2ee549f70f2d (DEFAULT_TABLE table=test-workload [id=9d482657a51040d6809257b2aa59df93]), partition=RANGE (key) PARTITION 1419523053 <= VALUES < 1455921080
I20260709 14:53:04.999827 10413 data_dirs.cc:400] Could only allocate 1 dirs of requested 3 for tablet d22132b7e5114909884a2ee549f70f2d. 1 dirs total, 0 dirs full, 0 dirs failed
I20260709 14:53:05.003008 10493 tablet_service.cc:1511] Processing CreateTablet for tablet c0b4a7056efa48e8adb4412a68767207 (DEFAULT_TABLE table=test-workload [id=9d482657a51040d6809257b2aa59df93]), partition=RANGE (key) PARTITION 1310328972 <= VALUES < 1346726999
I20260709 14:53:05.004208 10493 data_dirs.cc:400] Could only allocate 1 dirs of requested 3 for tablet c0b4a7056efa48e8adb4412a68767207. 1 dirs total, 0 dirs full, 0 dirs failed
I20260709 14:53:05.015838 10546 tablet_bootstrap.cc:492] T 6935f7cbe4d24ff7910d05dd7eb20458 P 4111303d60864065a600dae31a69011d: No bootstrap required, opened a new log
I20260709 14:53:05.016341 10546 ts_tablet_manager.cc:1403] T 6935f7cbe4d24ff7910d05dd7eb20458 P 4111303d60864065a600dae31a69011d: Time spent bootstrapping tablet: real 0.333s	user 0.020s	sys 0.014s
I20260709 14:53:05.017762 10545 tablet_bootstrap.cc:492] T 6935f7cbe4d24ff7910d05dd7eb20458 P dc31310b20de474fb81936624ffb1e68: No bootstrap required, opened a new log
I20260709 14:53:05.018919 10504 tablet_service.cc:1917] Received RequestConsensusVote() RPC: tablet_id: "6e0557ef6631406e85cae53d41868cde" candidate_uuid: "f0da5cdc7002489db6faaf7fe061dd81" candidate_term: 1 candidate_status { last_received { term: 0 index: 0 } } ignore_live_leader: false dest_uuid: "dc31310b20de474fb81936624ffb1e68"
I20260709 14:53:05.020025 10415 tablet_service.cc:1511] Processing CreateTablet for tablet 7652910783b74b629f1cb4923116c9b8 (DEFAULT_TABLE table=test-workload [id=9d482657a51040d6809257b2aa59df93]), partition=RANGE (key) PARTITION 1455921080 <= VALUES < 1492319107
W20260709 14:53:05.020962 10394 leader_election.cc:343] T 6e0557ef6631406e85cae53d41868cde P f0da5cdc7002489db6faaf7fe061dd81 [CANDIDATE]: Term 1 election: Tablet error from VoteRequest() call to peer dc31310b20de474fb81936624ffb1e68 (127.8.255.67:42335): Illegal state: must be running to vote when last-logged opid is not known
I20260709 14:53:05.021176 10415 data_dirs.cc:400] Could only allocate 1 dirs of requested 3 for tablet 7652910783b74b629f1cb4923116c9b8. 1 dirs total, 0 dirs full, 0 dirs failed
I20260709 14:53:05.018208 10545 ts_tablet_manager.cc:1403] T 6935f7cbe4d24ff7910d05dd7eb20458 P dc31310b20de474fb81936624ffb1e68: Time spent bootstrapping tablet: real 0.233s	user 0.019s	sys 0.013s
I20260709 14:53:05.027735 10417 tablet_service.cc:1511] Processing CreateTablet for tablet 9ba0972113da408597ef4e4b63306021 (DEFAULT_TABLE table=test-workload [id=9d482657a51040d6809257b2aa59df93]), partition=RANGE (key) PARTITION 1528717134 <= VALUES < 1565115161
I20260709 14:53:05.029163 10417 data_dirs.cc:400] Could only allocate 1 dirs of requested 3 for tablet 9ba0972113da408597ef4e4b63306021. 1 dirs total, 0 dirs full, 0 dirs failed
I20260709 14:53:05.031824 10338 tablet_service.cc:1511] Processing CreateTablet for tablet d22132b7e5114909884a2ee549f70f2d (DEFAULT_TABLE table=test-workload [id=9d482657a51040d6809257b2aa59df93]), partition=RANGE (key) PARTITION 1419523053 <= VALUES < 1455921080
I20260709 14:53:05.032970 10338 data_dirs.cc:400] Could only allocate 1 dirs of requested 3 for tablet d22132b7e5114909884a2ee549f70f2d. 1 dirs total, 0 dirs full, 0 dirs failed
I20260709 14:53:05.034221 10489 tablet_service.cc:1511] Processing CreateTablet for tablet 7652910783b74b629f1cb4923116c9b8 (DEFAULT_TABLE table=test-workload [id=9d482657a51040d6809257b2aa59df93]), partition=RANGE (key) PARTITION 1455921080 <= VALUES < 1492319107
I20260709 14:53:05.035390 10489 data_dirs.cc:400] Could only allocate 1 dirs of requested 3 for tablet 7652910783b74b629f1cb4923116c9b8. 1 dirs total, 0 dirs full, 0 dirs failed
I20260709 14:53:05.036103 10546 raft_consensus.cc:359] T 6935f7cbe4d24ff7910d05dd7eb20458 P 4111303d60864065a600dae31a69011d [term 0 FOLLOWER]: Replica starting. Triggering 0 pending ops. Active config: opid_index: -1 OBSOLETE_local: false peers { permanent_uuid: "4111303d60864065a600dae31a69011d" member_type: VOTER last_known_addr { host: "127.8.255.65" port: 35437 } } peers { permanent_uuid: "f0da5cdc7002489db6faaf7fe061dd81" member_type: VOTER last_known_addr { host: "127.8.255.66" port: 44117 } } peers { permanent_uuid: "dc31310b20de474fb81936624ffb1e68" member_type: VOTER last_known_addr { host: "127.8.255.67" port: 42335 } }
I20260709 14:53:05.036279 10545 raft_consensus.cc:359] T 6935f7cbe4d24ff7910d05dd7eb20458 P dc31310b20de474fb81936624ffb1e68 [term 0 FOLLOWER]: Replica starting. Triggering 0 pending ops. Active config: opid_index: -1 OBSOLETE_local: false peers { permanent_uuid: "4111303d60864065a600dae31a69011d" member_type: VOTER last_known_addr { host: "127.8.255.65" port: 35437 } } peers { permanent_uuid: "f0da5cdc7002489db6faaf7fe061dd81" member_type: VOTER last_known_addr { host: "127.8.255.66" port: 44117 } } peers { permanent_uuid: "dc31310b20de474fb81936624ffb1e68" member_type: VOTER last_known_addr { host: "127.8.255.67" port: 42335 } }
I20260709 14:53:05.036448 10491 tablet_service.cc:1511] Processing CreateTablet for tablet 5aa143c37d3644cbb39d168f80188373 (DEFAULT_TABLE table=test-workload [id=9d482657a51040d6809257b2aa59df93]), partition=RANGE (key) PARTITION 1492319107 <= VALUES < 1528717134
I20260709 14:53:05.036814 10546 raft_consensus.cc:385] T 6935f7cbe4d24ff7910d05dd7eb20458 P 4111303d60864065a600dae31a69011d [term 0 FOLLOWER]: Consensus starting up: Expiring failure detector timer to make a prompt election more likely
I20260709 14:53:05.036948 10545 raft_consensus.cc:385] T 6935f7cbe4d24ff7910d05dd7eb20458 P dc31310b20de474fb81936624ffb1e68 [term 0 FOLLOWER]: Consensus starting up: Expiring failure detector timer to make a prompt election more likely
I20260709 14:53:05.037123 10546 raft_consensus.cc:740] T 6935f7cbe4d24ff7910d05dd7eb20458 P 4111303d60864065a600dae31a69011d [term 0 FOLLOWER]: Becoming Follower/Learner. State: Replica: 4111303d60864065a600dae31a69011d, State: Initialized, Role: FOLLOWER
I20260709 14:53:05.037269 10545 raft_consensus.cc:740] T 6935f7cbe4d24ff7910d05dd7eb20458 P dc31310b20de474fb81936624ffb1e68 [term 0 FOLLOWER]: Becoming Follower/Learner. State: Replica: dc31310b20de474fb81936624ffb1e68, State: Initialized, Role: FOLLOWER
I20260709 14:53:05.039366 10340 tablet_service.cc:1511] Processing CreateTablet for tablet 9ba0972113da408597ef4e4b63306021 (DEFAULT_TABLE table=test-workload [id=9d482657a51040d6809257b2aa59df93]), partition=RANGE (key) PARTITION 1528717134 <= VALUES < 1565115161
I20260709 14:53:05.040488 10340 data_dirs.cc:400] Could only allocate 1 dirs of requested 3 for tablet 9ba0972113da408597ef4e4b63306021. 1 dirs total, 0 dirs full, 0 dirs failed
I20260709 14:53:05.043628 10337 tablet_service.cc:1511] Processing CreateTablet for tablet 5aa143c37d3644cbb39d168f80188373 (DEFAULT_TABLE table=test-workload [id=9d482657a51040d6809257b2aa59df93]), partition=RANGE (key) PARTITION 1492319107 <= VALUES < 1528717134
I20260709 14:53:05.044732 10337 data_dirs.cc:400] Could only allocate 1 dirs of requested 3 for tablet 5aa143c37d3644cbb39d168f80188373. 1 dirs total, 0 dirs full, 0 dirs failed
I20260709 14:53:05.035331 10341 tablet_service.cc:1511] Processing CreateTablet for tablet 7652910783b74b629f1cb4923116c9b8 (DEFAULT_TABLE table=test-workload [id=9d482657a51040d6809257b2aa59df93]), partition=RANGE (key) PARTITION 1455921080 <= VALUES < 1492319107
I20260709 14:53:05.048708 10341 data_dirs.cc:400] Could only allocate 1 dirs of requested 3 for tablet 7652910783b74b629f1cb4923116c9b8. 1 dirs total, 0 dirs full, 0 dirs failed
I20260709 14:53:05.050588 10546 consensus_queue.cc:260] T 6935f7cbe4d24ff7910d05dd7eb20458 P 4111303d60864065a600dae31a69011d [NON_LEADER]: Queue going to NON_LEADER mode. State: All replicated index: 0, Majority replicated index: 0, Committed index: 0, Last appended: 0.0, Last appended by leader: 0, Current term: 0, Majority size: -1, State: 0, Mode: NON_LEADER, active raft config: opid_index: -1 OBSOLETE_local: false peers { permanent_uuid: "4111303d60864065a600dae31a69011d" member_type: VOTER last_known_addr { host: "127.8.255.65" port: 35437 } } peers { permanent_uuid: "f0da5cdc7002489db6faaf7fe061dd81" member_type: VOTER last_known_addr { host: "127.8.255.66" port: 44117 } } peers { permanent_uuid: "dc31310b20de474fb81936624ffb1e68" member_type: VOTER last_known_addr { host: "127.8.255.67" port: 42335 } }
I20260709 14:53:05.051717 10491 data_dirs.cc:400] Could only allocate 1 dirs of requested 3 for tablet 5aa143c37d3644cbb39d168f80188373. 1 dirs total, 0 dirs full, 0 dirs failed
I20260709 14:53:05.066422 10545 consensus_queue.cc:260] T 6935f7cbe4d24ff7910d05dd7eb20458 P dc31310b20de474fb81936624ffb1e68 [NON_LEADER]: Queue going to NON_LEADER mode. State: All replicated index: 0, Majority replicated index: 0, Committed index: 0, Last appended: 0.0, Last appended by leader: 0, Current term: 0, Majority size: -1, State: 0, Mode: NON_LEADER, active raft config: opid_index: -1 OBSOLETE_local: false peers { permanent_uuid: "4111303d60864065a600dae31a69011d" member_type: VOTER last_known_addr { host: "127.8.255.65" port: 35437 } } peers { permanent_uuid: "f0da5cdc7002489db6faaf7fe061dd81" member_type: VOTER last_known_addr { host: "127.8.255.66" port: 44117 } } peers { permanent_uuid: "dc31310b20de474fb81936624ffb1e68" member_type: VOTER last_known_addr { host: "127.8.255.67" port: 42335 } }
I20260709 14:53:05.085376 10415 tablet_service.cc:1511] Processing CreateTablet for tablet fd304aaac8e54f08b8cdee8762227c1f (DEFAULT_TABLE table=test-workload [id=9d482657a51040d6809257b2aa59df93]), partition=RANGE (key) PARTITION 1565115161 <= VALUES < 1601513188
I20260709 14:53:05.086870 10415 data_dirs.cc:400] Could only allocate 1 dirs of requested 3 for tablet fd304aaac8e54f08b8cdee8762227c1f. 1 dirs total, 0 dirs full, 0 dirs failed
I20260709 14:53:05.090319 10490 tablet_service.cc:1511] Processing CreateTablet for tablet d22132b7e5114909884a2ee549f70f2d (DEFAULT_TABLE table=test-workload [id=9d482657a51040d6809257b2aa59df93]), partition=RANGE (key) PARTITION 1419523053 <= VALUES < 1455921080
I20260709 14:53:05.091630 10490 data_dirs.cc:400] Could only allocate 1 dirs of requested 3 for tablet d22132b7e5114909884a2ee549f70f2d. 1 dirs total, 0 dirs full, 0 dirs failed
I20260709 14:53:05.066884 10411 tablet_service.cc:1511] Processing CreateTablet for tablet c0b4a7056efa48e8adb4412a68767207 (DEFAULT_TABLE table=test-workload [id=9d482657a51040d6809257b2aa59df93]), partition=RANGE (key) PARTITION 1310328972 <= VALUES < 1346726999
I20260709 14:53:05.097462 10411 data_dirs.cc:400] Could only allocate 1 dirs of requested 3 for tablet c0b4a7056efa48e8adb4412a68767207. 1 dirs total, 0 dirs full, 0 dirs failed
I20260709 14:53:05.121975 10544 tablet_bootstrap.cc:492] T 20f5df6ced294b7c95ebbcd9d8aa4ce3 P f0da5cdc7002489db6faaf7fe061dd81: No bootstrap required, opened a new log
I20260709 14:53:05.121775 10416 tablet_service.cc:1511] Processing CreateTablet for tablet 94df128f35ab40b7968108f500c4298b (DEFAULT_TABLE table=test-workload [id=9d482657a51040d6809257b2aa59df93]), partition=RANGE (key) PARTITION 1601513188 <= VALUES < 1637911215
I20260709 14:53:05.123026 10416 data_dirs.cc:400] Could only allocate 1 dirs of requested 3 for tablet 94df128f35ab40b7968108f500c4298b. 1 dirs total, 0 dirs full, 0 dirs failed
I20260709 14:53:05.123476 10412 tablet_service.cc:1511] Processing CreateTablet for tablet 6969d54c243f4e95b1800c0943faee70 (DEFAULT_TABLE table=test-workload [id=9d482657a51040d6809257b2aa59df93]), partition=RANGE (key) PARTITION 1637911215 <= VALUES < 1674309242
I20260709 14:53:05.124662 10412 data_dirs.cc:400] Could only allocate 1 dirs of requested 3 for tablet 6969d54c243f4e95b1800c0943faee70. 1 dirs total, 0 dirs full, 0 dirs failed
I20260709 14:53:05.124883 10544 ts_tablet_manager.cc:1403] T 20f5df6ced294b7c95ebbcd9d8aa4ce3 P f0da5cdc7002489db6faaf7fe061dd81: Time spent bootstrapping tablet: real 0.394s	user 0.039s	sys 0.025s
I20260709 14:53:05.130132 10554 raft_consensus.cc:493] T 6935f7cbe4d24ff7910d05dd7eb20458 P 4111303d60864065a600dae31a69011d [term 0 FOLLOWER]: Starting pre-election (no leader contacted us within the election timeout)
I20260709 14:53:05.130590 10554 raft_consensus.cc:515] T 6935f7cbe4d24ff7910d05dd7eb20458 P 4111303d60864065a600dae31a69011d [term 0 FOLLOWER]: Starting pre-election with config: opid_index: -1 OBSOLETE_local: false peers { permanent_uuid: "4111303d60864065a600dae31a69011d" member_type: VOTER last_known_addr { host: "127.8.255.65" port: 35437 } } peers { permanent_uuid: "f0da5cdc7002489db6faaf7fe061dd81" member_type: VOTER last_known_addr { host: "127.8.255.66" port: 44117 } } peers { permanent_uuid: "dc31310b20de474fb81936624ffb1e68" member_type: VOTER last_known_addr { host: "127.8.255.67" port: 42335 } }
I20260709 14:53:05.131477 10546 ts_tablet_manager.cc:1434] T 6935f7cbe4d24ff7910d05dd7eb20458 P 4111303d60864065a600dae31a69011d: Time spent starting tablet: real 0.115s	user 0.007s	sys 0.002s
I20260709 14:53:05.132022 10252 catalog_manager.cc:5697] T 6e0557ef6631406e85cae53d41868cde P f0da5cdc7002489db6faaf7fe061dd81 reported cstate change: term changed from 0 to 1, leader changed from <none> to f0da5cdc7002489db6faaf7fe061dd81 (127.8.255.66). New cstate: current_term: 1 leader_uuid: "f0da5cdc7002489db6faaf7fe061dd81" committed_config { opid_index: -1 OBSOLETE_local: false peers { permanent_uuid: "4111303d60864065a600dae31a69011d" member_type: VOTER last_known_addr { host: "127.8.255.65" port: 35437 } health_report { overall_health: UNKNOWN } } peers { permanent_uuid: "f0da5cdc7002489db6faaf7fe061dd81" member_type: VOTER last_known_addr { host: "127.8.255.66" port: 44117 } health_report { overall_health: HEALTHY } } peers { permanent_uuid: "dc31310b20de474fb81936624ffb1e68" member_type: VOTER last_known_addr { host: "127.8.255.67" port: 42335 } health_report { overall_health: UNKNOWN } } }
I20260709 14:53:05.133116 10489 tablet_service.cc:1511] Processing CreateTablet for tablet edb4b231261443db9a92b256271e7cf6 (DEFAULT_TABLE table=test-workload [id=9d482657a51040d6809257b2aa59df93]), partition=RANGE (key) PARTITION 1710707269 <= VALUES < 1747105296
I20260709 14:53:05.134248 10489 data_dirs.cc:400] Could only allocate 1 dirs of requested 3 for tablet edb4b231261443db9a92b256271e7cf6. 1 dirs total, 0 dirs full, 0 dirs failed
I20260709 14:53:05.128038 10544 raft_consensus.cc:359] T 20f5df6ced294b7c95ebbcd9d8aa4ce3 P f0da5cdc7002489db6faaf7fe061dd81 [term 0 FOLLOWER]: Replica starting. Triggering 0 pending ops. Active config: opid_index: -1 OBSOLETE_local: false peers { permanent_uuid: "4111303d60864065a600dae31a69011d" member_type: VOTER last_known_addr { host: "127.8.255.65" port: 35437 } } peers { permanent_uuid: "f0da5cdc7002489db6faaf7fe061dd81" member_type: VOTER last_known_addr { host: "127.8.255.66" port: 44117 } } peers { permanent_uuid: "dc31310b20de474fb81936624ffb1e68" member_type: VOTER last_known_addr { host: "127.8.255.67" port: 42335 } }
I20260709 14:53:05.134652 10544 raft_consensus.cc:385] T 20f5df6ced294b7c95ebbcd9d8aa4ce3 P f0da5cdc7002489db6faaf7fe061dd81 [term 0 FOLLOWER]: Consensus starting up: Expiring failure detector timer to make a prompt election more likely
I20260709 14:53:05.134946 10544 raft_consensus.cc:740] T 20f5df6ced294b7c95ebbcd9d8aa4ce3 P f0da5cdc7002489db6faaf7fe061dd81 [term 0 FOLLOWER]: Becoming Follower/Learner. State: Replica: f0da5cdc7002489db6faaf7fe061dd81, State: Initialized, Role: FOLLOWER
I20260709 14:53:05.136078 10486 tablet_service.cc:1511] Processing CreateTablet for tablet e68d6bfaacb843859b974018b2975886 (DEFAULT_TABLE table=test-workload [id=9d482657a51040d6809257b2aa59df93]), partition=RANGE (key) PARTITION 1674309242 <= VALUES < 1710707269
I20260709 14:53:05.137223 10486 data_dirs.cc:400] Could only allocate 1 dirs of requested 3 for tablet e68d6bfaacb843859b974018b2975886. 1 dirs total, 0 dirs full, 0 dirs failed
I20260709 14:53:05.137849 10554 leader_election.cc:290] T 6935f7cbe4d24ff7910d05dd7eb20458 P 4111303d60864065a600dae31a69011d [CANDIDATE]: Term 1 pre-election: Requested pre-vote from peers f0da5cdc7002489db6faaf7fe061dd81 (127.8.255.66:44117), dc31310b20de474fb81936624ffb1e68 (127.8.255.67:42335)
I20260709 14:53:05.139612 10550 raft_consensus.cc:493] T 6935f7cbe4d24ff7910d05dd7eb20458 P f0da5cdc7002489db6faaf7fe061dd81 [term 0 FOLLOWER]: Starting pre-election (no leader contacted us within the election timeout)
I20260709 14:53:05.139954 10488 tablet_service.cc:1511] Processing CreateTablet for tablet 94df128f35ab40b7968108f500c4298b (DEFAULT_TABLE table=test-workload [id=9d482657a51040d6809257b2aa59df93]), partition=RANGE (key) PARTITION 1601513188 <= VALUES < 1637911215
