I20260709 14:53:05.819922 15879 consensus_queue.cc:237] T 13e46cfcb42f40bfabe51701d825ea8e P f911d9c6dced417f9b27c8425bf1889e [LEADER]: Queue going to LEADER mode. State: All replicated index: 0, Majority replicated index: 0, Committed index: 0, Last appended: 0.0, Last appended by leader: 0, Current term: 1, Majority size: 2, State: 0, Mode: LEADER, active raft config: opid_index: -1 OBSOLETE_local: false peers { permanent_uuid: "590a2bf10d6a40bfba47cd8e84004851" member_type: VOTER last_known_addr { host: "127.14.24.193" port: 38861 } } peers { permanent_uuid: "eb4e7bd6d6f54548af4106df496734a9" member_type: VOTER last_known_addr { host: "127.14.24.194" port: 43975 } } peers { permanent_uuid: "f911d9c6dced417f9b27c8425bf1889e" member_type: VOTER last_known_addr { host: "127.14.24.195" port: 38647 } }
I20260709 14:53:05.821346 15772 tablet_bootstrap.cc:492] T 4c430c484a8344babad67ba97ebac560 P f911d9c6dced417f9b27c8425bf1889e: No bootstrap required, opened a new log
I20260709 14:53:05.821818 15772 ts_tablet_manager.cc:1403] T 4c430c484a8344babad67ba97ebac560 P f911d9c6dced417f9b27c8425bf1889e: Time spent bootstrapping tablet: real 0.047s	user 0.010s	sys 0.003s
I20260709 14:53:05.821650 15773 raft_consensus.cc:359] T 907deadf86bc4ca99876818120f24c54 P 590a2bf10d6a40bfba47cd8e84004851 [term 0 FOLLOWER]: Replica starting. Triggering 0 pending ops. Active config: opid_index: -1 OBSOLETE_local: false peers { permanent_uuid: "590a2bf10d6a40bfba47cd8e84004851" member_type: VOTER last_known_addr { host: "127.14.24.193" port: 38861 } } peers { permanent_uuid: "eb4e7bd6d6f54548af4106df496734a9" member_type: VOTER last_known_addr { host: "127.14.24.194" port: 43975 } } peers { permanent_uuid: "f911d9c6dced417f9b27c8425bf1889e" member_type: VOTER last_known_addr { host: "127.14.24.195" port: 38647 } }
I20260709 14:53:05.822295 15773 raft_consensus.cc:385] T 907deadf86bc4ca99876818120f24c54 P 590a2bf10d6a40bfba47cd8e84004851 [term 0 FOLLOWER]: Consensus starting up: Expiring failure detector timer to make a prompt election more likely
I20260709 14:53:05.822608 15773 raft_consensus.cc:740] T 907deadf86bc4ca99876818120f24c54 P 590a2bf10d6a40bfba47cd8e84004851 [term 0 FOLLOWER]: Becoming Follower/Learner. State: Replica: 590a2bf10d6a40bfba47cd8e84004851, State: Initialized, Role: FOLLOWER
I20260709 14:53:05.823266 15773 consensus_queue.cc:260] T 907deadf86bc4ca99876818120f24c54 P 590a2bf10d6a40bfba47cd8e84004851 [NON_LEADER]: Queue going to NON_LEADER mode. State: All replicated index: 0, Majority replicated index: 0, Committed index: 0, Last appended: 0.0, Last appended by leader: 0, Current term: 0, Majority size: -1, State: 0, Mode: NON_LEADER, active raft config: opid_index: -1 OBSOLETE_local: false peers { permanent_uuid: "590a2bf10d6a40bfba47cd8e84004851" member_type: VOTER last_known_addr { host: "127.14.24.193" port: 38861 } } peers { permanent_uuid: "eb4e7bd6d6f54548af4106df496734a9" member_type: VOTER last_known_addr { host: "127.14.24.194" port: 43975 } } peers { permanent_uuid: "f911d9c6dced417f9b27c8425bf1889e" member_type: VOTER last_known_addr { host: "127.14.24.195" port: 38647 } }
I20260709 14:53:05.824476 15772 raft_consensus.cc:359] T 4c430c484a8344babad67ba97ebac560 P f911d9c6dced417f9b27c8425bf1889e [term 0 FOLLOWER]: Replica starting. Triggering 0 pending ops. Active config: opid_index: -1 OBSOLETE_local: false peers { permanent_uuid: "590a2bf10d6a40bfba47cd8e84004851" member_type: VOTER last_known_addr { host: "127.14.24.193" port: 38861 } } peers { permanent_uuid: "eb4e7bd6d6f54548af4106df496734a9" member_type: VOTER last_known_addr { host: "127.14.24.194" port: 43975 } } peers { permanent_uuid: "f911d9c6dced417f9b27c8425bf1889e" member_type: VOTER last_known_addr { host: "127.14.24.195" port: 38647 } }
I20260709 14:53:05.825126 15772 raft_consensus.cc:385] T 4c430c484a8344babad67ba97ebac560 P f911d9c6dced417f9b27c8425bf1889e [term 0 FOLLOWER]: Consensus starting up: Expiring failure detector timer to make a prompt election more likely
I20260709 14:53:05.825228 15773 ts_tablet_manager.cc:1434] T 907deadf86bc4ca99876818120f24c54 P 590a2bf10d6a40bfba47cd8e84004851: Time spent starting tablet: real 0.006s	user 0.004s	sys 0.000s
I20260709 14:53:05.825402 15772 raft_consensus.cc:740] T 4c430c484a8344babad67ba97ebac560 P f911d9c6dced417f9b27c8425bf1889e [term 0 FOLLOWER]: Becoming Follower/Learner. State: Replica: f911d9c6dced417f9b27c8425bf1889e, State: Initialized, Role: FOLLOWER
I20260709 14:53:05.826229 15773 tablet_bootstrap.cc:492] T 3bc1854ed91846f9b6d4f56990574f69 P 590a2bf10d6a40bfba47cd8e84004851: Bootstrap starting.
I20260709 14:53:05.826088 15772 consensus_queue.cc:260] T 4c430c484a8344babad67ba97ebac560 P f911d9c6dced417f9b27c8425bf1889e [NON_LEADER]: Queue going to NON_LEADER mode. State: All replicated index: 0, Majority replicated index: 0, Committed index: 0, Last appended: 0.0, Last appended by leader: 0, Current term: 0, Majority size: -1, State: 0, Mode: NON_LEADER, active raft config: opid_index: -1 OBSOLETE_local: false peers { permanent_uuid: "590a2bf10d6a40bfba47cd8e84004851" member_type: VOTER last_known_addr { host: "127.14.24.193" port: 38861 } } peers { permanent_uuid: "eb4e7bd6d6f54548af4106df496734a9" member_type: VOTER last_known_addr { host: "127.14.24.194" port: 43975 } } peers { permanent_uuid: "f911d9c6dced417f9b27c8425bf1889e" member_type: VOTER last_known_addr { host: "127.14.24.195" port: 38647 } }
I20260709 14:53:05.828404 15772 ts_tablet_manager.cc:1434] T 4c430c484a8344babad67ba97ebac560 P f911d9c6dced417f9b27c8425bf1889e: Time spent starting tablet: real 0.006s	user 0.007s	sys 0.000s
I20260709 14:53:05.824064 15942 raft_consensus.cc:2804] T 3dc7eb5c910f49ec93c084783f2724c3 P eb4e7bd6d6f54548af4106df496734a9 [term 1 FOLLOWER]: Leader election won for term 1
I20260709 14:53:05.818938 15774 ts_tablet_manager.cc:1403] T 585332ba1d2d436f8a022d098a68c52f P eb4e7bd6d6f54548af4106df496734a9: Time spent bootstrapping tablet: real 0.048s	user 0.012s	sys 0.001s
I20260709 14:53:05.832428 15942 raft_consensus.cc:697] T 3dc7eb5c910f49ec93c084783f2724c3 P eb4e7bd6d6f54548af4106df496734a9 [term 1 LEADER]: Becoming Leader. State: Replica: eb4e7bd6d6f54548af4106df496734a9, State: Running, Role: LEADER
I20260709 14:53:05.833006 15773 tablet_bootstrap.cc:654] T 3bc1854ed91846f9b6d4f56990574f69 P 590a2bf10d6a40bfba47cd8e84004851: Neither blocks nor log segments found. Creating new log.
I20260709 14:53:05.833498 15942 consensus_queue.cc:237] T 3dc7eb5c910f49ec93c084783f2724c3 P eb4e7bd6d6f54548af4106df496734a9 [LEADER]: Queue going to LEADER mode. State: All replicated index: 0, Majority replicated index: 0, Committed index: 0, Last appended: 0.0, Last appended by leader: 0, Current term: 1, Majority size: 2, State: 0, Mode: LEADER, active raft config: opid_index: -1 OBSOLETE_local: false peers { permanent_uuid: "590a2bf10d6a40bfba47cd8e84004851" member_type: VOTER last_known_addr { host: "127.14.24.193" port: 38861 } } peers { permanent_uuid: "eb4e7bd6d6f54548af4106df496734a9" member_type: VOTER last_known_addr { host: "127.14.24.194" port: 43975 } } peers { permanent_uuid: "f911d9c6dced417f9b27c8425bf1889e" member_type: VOTER last_known_addr { host: "127.14.24.195" port: 38647 } }
I20260709 14:53:05.829435 15772 tablet_bootstrap.cc:492] T bb8d7bfe43674fe2867cdf5d9d5025ea P f911d9c6dced417f9b27c8425bf1889e: Bootstrap starting.
I20260709 14:53:05.831063 15729 raft_consensus.cc:2468] T 85735fef2d724aaaac31d3874fa8b601 P f911d9c6dced417f9b27c8425bf1889e [term 1 FOLLOWER]: Leader election vote request: Granting yes vote for candidate eb4e7bd6d6f54548af4106df496734a9 in term 1.
I20260709 14:53:05.839764 15623 leader_election.cc:304] T 85735fef2d724aaaac31d3874fa8b601 P eb4e7bd6d6f54548af4106df496734a9 [CANDIDATE]: Term 1 election: Election decided. Result: candidate won. Election summary: received 3 responses out of 3 voters: 2 yes votes; 1 no votes. yes voters: eb4e7bd6d6f54548af4106df496734a9, f911d9c6dced417f9b27c8425bf1889e; no voters: 590a2bf10d6a40bfba47cd8e84004851
I20260709 14:53:05.840682 15940 raft_consensus.cc:2804] T 85735fef2d724aaaac31d3874fa8b601 P eb4e7bd6d6f54548af4106df496734a9 [term 1 FOLLOWER]: Leader election won for term 1
I20260709 14:53:05.841284 15940 raft_consensus.cc:697] T 85735fef2d724aaaac31d3874fa8b601 P eb4e7bd6d6f54548af4106df496734a9 [term 1 LEADER]: Becoming Leader. State: Replica: eb4e7bd6d6f54548af4106df496734a9, State: Running, Role: LEADER
I20260709 14:53:05.842177 15940 consensus_queue.cc:237] T 85735fef2d724aaaac31d3874fa8b601 P eb4e7bd6d6f54548af4106df496734a9 [LEADER]: Queue going to LEADER mode. State: All replicated index: 0, Majority replicated index: 0, Committed index: 0, Last appended: 0.0, Last appended by leader: 0, Current term: 1, Majority size: 2, State: 0, Mode: LEADER, active raft config: opid_index: -1 OBSOLETE_local: false peers { permanent_uuid: "590a2bf10d6a40bfba47cd8e84004851" member_type: VOTER last_known_addr { host: "127.14.24.193" port: 38861 } } peers { permanent_uuid: "eb4e7bd6d6f54548af4106df496734a9" member_type: VOTER last_known_addr { host: "127.14.24.194" port: 43975 } } peers { permanent_uuid: "f911d9c6dced417f9b27c8425bf1889e" member_type: VOTER last_known_addr { host: "127.14.24.195" port: 38647 } }
I20260709 14:53:05.836416 15774 raft_consensus.cc:359] T 585332ba1d2d436f8a022d098a68c52f P eb4e7bd6d6f54548af4106df496734a9 [term 0 FOLLOWER]: Replica starting. Triggering 0 pending ops. Active config: opid_index: -1 OBSOLETE_local: false peers { permanent_uuid: "590a2bf10d6a40bfba47cd8e84004851" member_type: VOTER last_known_addr { host: "127.14.24.193" port: 38861 } } peers { permanent_uuid: "eb4e7bd6d6f54548af4106df496734a9" member_type: VOTER last_known_addr { host: "127.14.24.194" port: 43975 } } peers { permanent_uuid: "f911d9c6dced417f9b27c8425bf1889e" member_type: VOTER last_known_addr { host: "127.14.24.195" port: 38647 } }
I20260709 14:53:05.798884 15731 raft_consensus.cc:2468] T 3dc7eb5c910f49ec93c084783f2724c3 P f911d9c6dced417f9b27c8425bf1889e [term 1 FOLLOWER]: Leader election vote request: Granting yes vote for candidate eb4e7bd6d6f54548af4106df496734a9 in term 1.
I20260709 14:53:05.849308 15774 raft_consensus.cc:385] T 585332ba1d2d436f8a022d098a68c52f P eb4e7bd6d6f54548af4106df496734a9 [term 0 FOLLOWER]: Consensus starting up: Expiring failure detector timer to make a prompt election more likely
I20260709 14:53:05.850033 15774 raft_consensus.cc:740] T 585332ba1d2d436f8a022d098a68c52f P eb4e7bd6d6f54548af4106df496734a9 [term 0 FOLLOWER]: Becoming Follower/Learner. State: Replica: eb4e7bd6d6f54548af4106df496734a9, State: Initialized, Role: FOLLOWER
I20260709 14:53:05.851106 15774 consensus_queue.cc:260] T 585332ba1d2d436f8a022d098a68c52f P eb4e7bd6d6f54548af4106df496734a9 [NON_LEADER]: Queue going to NON_LEADER mode. State: All replicated index: 0, Majority replicated index: 0, Committed index: 0, Last appended: 0.0, Last appended by leader: 0, Current term: 0, Majority size: -1, State: 0, Mode: NON_LEADER, active raft config: opid_index: -1 OBSOLETE_local: false peers { permanent_uuid: "590a2bf10d6a40bfba47cd8e84004851" member_type: VOTER last_known_addr { host: "127.14.24.193" port: 38861 } } peers { permanent_uuid: "eb4e7bd6d6f54548af4106df496734a9" member_type: VOTER last_known_addr { host: "127.14.24.194" port: 43975 } } peers { permanent_uuid: "f911d9c6dced417f9b27c8425bf1889e" member_type: VOTER last_known_addr { host: "127.14.24.195" port: 38647 } }
I20260709 14:53:05.852236 15938 leader_election.cc:290] T 85735fef2d724aaaac31d3874fa8b601 P eb4e7bd6d6f54548af4106df496734a9 [CANDIDATE]: Term 1 election: Requested vote from peers 590a2bf10d6a40bfba47cd8e84004851 (127.14.24.193:38861), f911d9c6dced417f9b27c8425bf1889e (127.14.24.195:38647)
I20260709 14:53:05.854592 15877 raft_consensus.cc:493] T 4c430c484a8344babad67ba97ebac560 P eb4e7bd6d6f54548af4106df496734a9 [term 0 FOLLOWER]: Starting pre-election (no leader contacted us within the election timeout)
I20260709 14:53:05.860939 15774 ts_tablet_manager.cc:1434] T 585332ba1d2d436f8a022d098a68c52f P eb4e7bd6d6f54548af4106df496734a9: Time spent starting tablet: real 0.029s	user 0.005s	sys 0.002s
I20260709 14:53:05.865015 15877 raft_consensus.cc:515] T 4c430c484a8344babad67ba97ebac560 P eb4e7bd6d6f54548af4106df496734a9 [term 0 FOLLOWER]: Starting pre-election with config: opid_index: -1 OBSOLETE_local: false peers { permanent_uuid: "590a2bf10d6a40bfba47cd8e84004851" member_type: VOTER last_known_addr { host: "127.14.24.193" port: 38861 } } peers { permanent_uuid: "eb4e7bd6d6f54548af4106df496734a9" member_type: VOTER last_known_addr { host: "127.14.24.194" port: 43975 } } peers { permanent_uuid: "f911d9c6dced417f9b27c8425bf1889e" member_type: VOTER last_known_addr { host: "127.14.24.195" port: 38647 } }
I20260709 14:53:05.867192 15877 leader_election.cc:290] T 4c430c484a8344babad67ba97ebac560 P eb4e7bd6d6f54548af4106df496734a9 [CANDIDATE]: Term 1 pre-election: Requested pre-vote from peers 590a2bf10d6a40bfba47cd8e84004851 (127.14.24.193:38861), f911d9c6dced417f9b27c8425bf1889e (127.14.24.195:38647)
I20260709 14:53:05.868815 15578 tablet_service.cc:1917] Received RequestConsensusVote() RPC: tablet_id: "4c430c484a8344babad67ba97ebac560" candidate_uuid: "eb4e7bd6d6f54548af4106df496734a9" candidate_term: 1 candidate_status { last_received { term: 0 index: 0 } } ignore_live_leader: false dest_uuid: "590a2bf10d6a40bfba47cd8e84004851" is_pre_election: true
W20260709 14:53:05.870867 15624 leader_election.cc:343] T 4c430c484a8344babad67ba97ebac560 P eb4e7bd6d6f54548af4106df496734a9 [CANDIDATE]: Term 1 pre-election: Tablet error from VoteRequest() call to peer 590a2bf10d6a40bfba47cd8e84004851 (127.14.24.193:38861): Illegal state: must be running to vote when last-logged opid is not known
I20260709 14:53:05.873389 15731 tablet_service.cc:1917] Received RequestConsensusVote() RPC: tablet_id: "4c430c484a8344babad67ba97ebac560" candidate_uuid: "eb4e7bd6d6f54548af4106df496734a9" candidate_term: 1 candidate_status { last_received { term: 0 index: 0 } } ignore_live_leader: false dest_uuid: "f911d9c6dced417f9b27c8425bf1889e" is_pre_election: true
I20260709 14:53:05.874053 15731 raft_consensus.cc:2468] T 4c430c484a8344babad67ba97ebac560 P f911d9c6dced417f9b27c8425bf1889e [term 0 FOLLOWER]: Leader pre-election vote request: Granting yes vote for candidate eb4e7bd6d6f54548af4106df496734a9 in term 0.
I20260709 14:53:05.879575 15623 leader_election.cc:304] T 4c430c484a8344babad67ba97ebac560 P eb4e7bd6d6f54548af4106df496734a9 [CANDIDATE]: Term 1 pre-election: Election decided. Result: candidate won. Election summary: received 3 responses out of 3 voters: 2 yes votes; 1 no votes. yes voters: eb4e7bd6d6f54548af4106df496734a9, f911d9c6dced417f9b27c8425bf1889e; no voters: 590a2bf10d6a40bfba47cd8e84004851
I20260709 14:53:05.881975 15938 raft_consensus.cc:2804] T 4c430c484a8344babad67ba97ebac560 P eb4e7bd6d6f54548af4106df496734a9 [term 0 FOLLOWER]: Leader pre-election won for term 1
I20260709 14:53:05.882529 15938 raft_consensus.cc:493] T 4c430c484a8344babad67ba97ebac560 P eb4e7bd6d6f54548af4106df496734a9 [term 0 FOLLOWER]: Starting leader election (no leader contacted us within the election timeout)
I20260709 14:53:05.883152 15938 raft_consensus.cc:3060] T 4c430c484a8344babad67ba97ebac560 P eb4e7bd6d6f54548af4106df496734a9 [term 0 FOLLOWER]: Advancing to term 1
I20260709 14:53:05.884449 15481 catalog_manager.cc:5697] T 13e46cfcb42f40bfabe51701d825ea8e P f911d9c6dced417f9b27c8425bf1889e reported cstate change: term changed from 0 to 1, leader changed from <none> to f911d9c6dced417f9b27c8425bf1889e (127.14.24.195). New cstate: current_term: 1 leader_uuid: "f911d9c6dced417f9b27c8425bf1889e" committed_config { opid_index: -1 OBSOLETE_local: false peers { permanent_uuid: "590a2bf10d6a40bfba47cd8e84004851" member_type: VOTER last_known_addr { host: "127.14.24.193" port: 38861 } health_report { overall_health: UNKNOWN } } peers { permanent_uuid: "eb4e7bd6d6f54548af4106df496734a9" member_type: VOTER last_known_addr { host: "127.14.24.194" port: 43975 } health_report { overall_health: UNKNOWN } } peers { permanent_uuid: "f911d9c6dced417f9b27c8425bf1889e" member_type: VOTER last_known_addr { host: "127.14.24.195" port: 38647 } health_report { overall_health: HEALTHY } } }
I20260709 14:53:05.890432 15773 tablet_bootstrap.cc:492] T 3bc1854ed91846f9b6d4f56990574f69 P 590a2bf10d6a40bfba47cd8e84004851: No bootstrap required, opened a new log
I20260709 14:53:05.890906 15773 ts_tablet_manager.cc:1403] T 3bc1854ed91846f9b6d4f56990574f69 P 590a2bf10d6a40bfba47cd8e84004851: Time spent bootstrapping tablet: real 0.065s	user 0.012s	sys 0.023s
I20260709 14:53:05.891182 15774 tablet_bootstrap.cc:492] T ca1e6234b2284839aea5dbf89c355652 P eb4e7bd6d6f54548af4106df496734a9: Bootstrap starting.
I20260709 14:53:05.890247 15879 raft_consensus.cc:493] T f30cda84a9994fb799a85346ac16ecc1 P f911d9c6dced417f9b27c8425bf1889e [term 0 FOLLOWER]: Starting pre-election (no leader contacted us within the election timeout)
I20260709 14:53:05.900513 15879 raft_consensus.cc:515] T f30cda84a9994fb799a85346ac16ecc1 P f911d9c6dced417f9b27c8425bf1889e [term 0 FOLLOWER]: Starting pre-election with config: opid_index: -1 OBSOLETE_local: false peers { permanent_uuid: "590a2bf10d6a40bfba47cd8e84004851" member_type: VOTER last_known_addr { host: "127.14.24.193" port: 38861 } } peers { permanent_uuid: "eb4e7bd6d6f54548af4106df496734a9" member_type: VOTER last_known_addr { host: "127.14.24.194" port: 43975 } } peers { permanent_uuid: "f911d9c6dced417f9b27c8425bf1889e" member_type: VOTER last_known_addr { host: "127.14.24.195" port: 38647 } }
I20260709 14:53:05.905392 15773 raft_consensus.cc:359] T 3bc1854ed91846f9b6d4f56990574f69 P 590a2bf10d6a40bfba47cd8e84004851 [term 0 FOLLOWER]: Replica starting. Triggering 0 pending ops. Active config: opid_index: -1 OBSOLETE_local: false peers { permanent_uuid: "590a2bf10d6a40bfba47cd8e84004851" member_type: VOTER last_known_addr { host: "127.14.24.193" port: 38861 } } peers { permanent_uuid: "eb4e7bd6d6f54548af4106df496734a9" member_type: VOTER last_known_addr { host: "127.14.24.194" port: 43975 } } peers { permanent_uuid: "f911d9c6dced417f9b27c8425bf1889e" member_type: VOTER last_known_addr { host: "127.14.24.195" port: 38647 } }
I20260709 14:53:05.906942 15773 raft_consensus.cc:385] T 3bc1854ed91846f9b6d4f56990574f69 P 590a2bf10d6a40bfba47cd8e84004851 [term 0 FOLLOWER]: Consensus starting up: Expiring failure detector timer to make a prompt election more likely
I20260709 14:53:05.907299 15773 raft_consensus.cc:740] T 3bc1854ed91846f9b6d4f56990574f69 P 590a2bf10d6a40bfba47cd8e84004851 [term 0 FOLLOWER]: Becoming Follower/Learner. State: Replica: 590a2bf10d6a40bfba47cd8e84004851, State: Initialized, Role: FOLLOWER
I20260709 14:53:05.909830 15773 consensus_queue.cc:260] T 3bc1854ed91846f9b6d4f56990574f69 P 590a2bf10d6a40bfba47cd8e84004851 [NON_LEADER]: Queue going to NON_LEADER mode. State: All replicated index: 0, Majority replicated index: 0, Committed index: 0, Last appended: 0.0, Last appended by leader: 0, Current term: 0, Majority size: -1, State: 0, Mode: NON_LEADER, active raft config: opid_index: -1 OBSOLETE_local: false peers { permanent_uuid: "590a2bf10d6a40bfba47cd8e84004851" member_type: VOTER last_known_addr { host: "127.14.24.193" port: 38861 } } peers { permanent_uuid: "eb4e7bd6d6f54548af4106df496734a9" member_type: VOTER last_known_addr { host: "127.14.24.194" port: 43975 } } peers { permanent_uuid: "f911d9c6dced417f9b27c8425bf1889e" member_type: VOTER last_known_addr { host: "127.14.24.195" port: 38647 } }
I20260709 14:53:05.914285 15773 ts_tablet_manager.cc:1434] T 3bc1854ed91846f9b6d4f56990574f69 P 590a2bf10d6a40bfba47cd8e84004851: Time spent starting tablet: real 0.023s	user 0.008s	sys 0.000s
I20260709 14:53:05.916649 15879 leader_election.cc:290] T f30cda84a9994fb799a85346ac16ecc1 P f911d9c6dced417f9b27c8425bf1889e [CANDIDATE]: Term 1 pre-election: Requested pre-vote from peers 590a2bf10d6a40bfba47cd8e84004851 (127.14.24.193:38861), eb4e7bd6d6f54548af4106df496734a9 (127.14.24.194:43975)
I20260709 14:53:05.919631 15772 tablet_bootstrap.cc:654] T bb8d7bfe43674fe2867cdf5d9d5025ea P f911d9c6dced417f9b27c8425bf1889e: Neither blocks nor log segments found. Creating new log.
I20260709 14:53:05.920766 15657 tablet_service.cc:1917] Received RequestConsensusVote() RPC: tablet_id: "f30cda84a9994fb799a85346ac16ecc1" candidate_uuid: "f911d9c6dced417f9b27c8425bf1889e" candidate_term: 1 candidate_status { last_received { term: 0 index: 0 } } ignore_live_leader: false dest_uuid: "eb4e7bd6d6f54548af4106df496734a9" is_pre_election: true
I20260709 14:53:05.923655 15478 catalog_manager.cc:5697] T 3dc7eb5c910f49ec93c084783f2724c3 P eb4e7bd6d6f54548af4106df496734a9 reported cstate change: term changed from 0 to 1, leader changed from <none> to eb4e7bd6d6f54548af4106df496734a9 (127.14.24.194). New cstate: current_term: 1 leader_uuid: "eb4e7bd6d6f54548af4106df496734a9" committed_config { opid_index: -1 OBSOLETE_local: false peers { permanent_uuid: "590a2bf10d6a40bfba47cd8e84004851" member_type: VOTER last_known_addr { host: "127.14.24.193" port: 38861 } health_report { overall_health: UNKNOWN } } peers { permanent_uuid: "eb4e7bd6d6f54548af4106df496734a9" member_type: VOTER last_known_addr { host: "127.14.24.194" port: 43975 } health_report { overall_health: HEALTHY } } peers { permanent_uuid: "f911d9c6dced417f9b27c8425bf1889e" member_type: VOTER last_known_addr { host: "127.14.24.195" port: 38647 } health_report { overall_health: UNKNOWN } } }
I20260709 14:53:05.925200 15773 tablet_bootstrap.cc:492] T 13e46cfcb42f40bfabe51701d825ea8e P 590a2bf10d6a40bfba47cd8e84004851: Bootstrap starting.
I20260709 14:53:05.925979 15583 tablet_service.cc:1917] Received RequestConsensusVote() RPC: tablet_id: "f30cda84a9994fb799a85346ac16ecc1" candidate_uuid: "f911d9c6dced417f9b27c8425bf1889e" candidate_term: 1 candidate_status { last_received { term: 0 index: 0 } } ignore_live_leader: false dest_uuid: "590a2bf10d6a40bfba47cd8e84004851" is_pre_election: true
W20260709 14:53:05.926131 15695 leader_election.cc:343] T f30cda84a9994fb799a85346ac16ecc1 P f911d9c6dced417f9b27c8425bf1889e [CANDIDATE]: Term 1 pre-election: Tablet error from VoteRequest() call to peer eb4e7bd6d6f54548af4106df496734a9 (127.14.24.194:43975): Illegal state: must be running to vote when last-logged opid is not known
W20260709 14:53:05.927640 15698 leader_election.cc:343] T f30cda84a9994fb799a85346ac16ecc1 P f911d9c6dced417f9b27c8425bf1889e [CANDIDATE]: Term 1 pre-election: Tablet error from VoteRequest() call to peer 590a2bf10d6a40bfba47cd8e84004851 (127.14.24.193:38861): Illegal state: must be running to vote when last-logged opid is not known
I20260709 14:53:05.928068 15698 leader_election.cc:304] T f30cda84a9994fb799a85346ac16ecc1 P f911d9c6dced417f9b27c8425bf1889e [CANDIDATE]: Term 1 pre-election: Election decided. Result: candidate lost. Election summary: received 3 responses out of 3 voters: 1 yes votes; 2 no votes. yes voters: f911d9c6dced417f9b27c8425bf1889e; no voters: 590a2bf10d6a40bfba47cd8e84004851, eb4e7bd6d6f54548af4106df496734a9
I20260709 14:53:05.930045 15952 raft_consensus.cc:2749] T f30cda84a9994fb799a85346ac16ecc1 P f911d9c6dced417f9b27c8425bf1889e [term 0 FOLLOWER]: Leader pre-election lost for term 1. Reason: could not achieve majority
W20260709 14:53:05.935247 15529 auto_rebalancer.cc:288] Could not retrieve cluster info: Service unavailable: Tablet not running
I20260709 14:53:05.937734 15774 tablet_bootstrap.cc:654] T ca1e6234b2284839aea5dbf89c355652 P eb4e7bd6d6f54548af4106df496734a9: Neither blocks nor log segments found. Creating new log.
I20260709 14:53:05.940081 15938 raft_consensus.cc:515] T 4c430c484a8344babad67ba97ebac560 P eb4e7bd6d6f54548af4106df496734a9 [term 1 FOLLOWER]: Starting leader election with config: opid_index: -1 OBSOLETE_local: false peers { permanent_uuid: "590a2bf10d6a40bfba47cd8e84004851" member_type: VOTER last_known_addr { host: "127.14.24.193" port: 38861 } } peers { permanent_uuid: "eb4e7bd6d6f54548af4106df496734a9" member_type: VOTER last_known_addr { host: "127.14.24.194" port: 43975 } } peers { permanent_uuid: "f911d9c6dced417f9b27c8425bf1889e" member_type: VOTER last_known_addr { host: "127.14.24.195" port: 38647 } }
I20260709 14:53:05.949173 15879 raft_consensus.cc:493] T 75fcc45634924a1d9be3da87ac336cf3 P f911d9c6dced417f9b27c8425bf1889e [term 0 FOLLOWER]: Starting pre-election (no leader contacted us within the election timeout)
I20260709 14:53:05.949959 15583 tablet_service.cc:1917] Received RequestConsensusVote() RPC: tablet_id: "4c430c484a8344babad67ba97ebac560" candidate_uuid: "eb4e7bd6d6f54548af4106df496734a9" candidate_term: 1 candidate_status { last_received { term: 0 index: 0 } } ignore_live_leader: false dest_uuid: "590a2bf10d6a40bfba47cd8e84004851"
I20260709 14:53:05.949744 15879 raft_consensus.cc:515] T 75fcc45634924a1d9be3da87ac336cf3 P f911d9c6dced417f9b27c8425bf1889e [term 0 FOLLOWER]: Starting pre-election with config: opid_index: -1 OBSOLETE_local: false peers { permanent_uuid: "590a2bf10d6a40bfba47cd8e84004851" member_type: VOTER last_known_addr { host: "127.14.24.193" port: 38861 } } peers { permanent_uuid: "eb4e7bd6d6f54548af4106df496734a9" member_type: VOTER last_known_addr { host: "127.14.24.194" port: 43975 } } peers { permanent_uuid: "f911d9c6dced417f9b27c8425bf1889e" member_type: VOTER last_known_addr { host: "127.14.24.195" port: 38647 } }
W20260709 14:53:05.951332 15624 leader_election.cc:343] T 4c430c484a8344babad67ba97ebac560 P eb4e7bd6d6f54548af4106df496734a9 [CANDIDATE]: Term 1 election: Tablet error from VoteRequest() call to peer 590a2bf10d6a40bfba47cd8e84004851 (127.14.24.193:38861): Illegal state: must be running to vote when last-logged opid is not known
I20260709 14:53:05.953735 15879 leader_election.cc:290] T 75fcc45634924a1d9be3da87ac336cf3 P f911d9c6dced417f9b27c8425bf1889e [CANDIDATE]: Term 1 pre-election: Requested pre-vote from peers 590a2bf10d6a40bfba47cd8e84004851 (127.14.24.193:38861), eb4e7bd6d6f54548af4106df496734a9 (127.14.24.194:43975)
I20260709 14:53:05.953910 15583 tablet_service.cc:1917] Received RequestConsensusVote() RPC: tablet_id: "75fcc45634924a1d9be3da87ac336cf3" candidate_uuid: "f911d9c6dced417f9b27c8425bf1889e" candidate_term: 1 candidate_status { last_received { term: 0 index: 0 } } ignore_live_leader: false dest_uuid: "590a2bf10d6a40bfba47cd8e84004851" is_pre_election: true
I20260709 14:53:05.955112 15657 tablet_service.cc:1917] Received RequestConsensusVote() RPC: tablet_id: "75fcc45634924a1d9be3da87ac336cf3" candidate_uuid: "f911d9c6dced417f9b27c8425bf1889e" candidate_term: 1 candidate_status { last_received { term: 0 index: 0 } } ignore_live_leader: false dest_uuid: "eb4e7bd6d6f54548af4106df496734a9" is_pre_election: true
I20260709 14:53:05.955720 15729 tablet_service.cc:1917] Received RequestConsensusVote() RPC: tablet_id: "4c430c484a8344babad67ba97ebac560" candidate_uuid: "eb4e7bd6d6f54548af4106df496734a9" candidate_term: 1 candidate_status { last_received { term: 0 index: 0 } } ignore_live_leader: false dest_uuid: "f911d9c6dced417f9b27c8425bf1889e"
I20260709 14:53:05.956284 15729 raft_consensus.cc:3060] T 4c430c484a8344babad67ba97ebac560 P f911d9c6dced417f9b27c8425bf1889e [term 0 FOLLOWER]: Advancing to term 1
I20260709 14:53:05.954730 15938 leader_election.cc:290] T 4c430c484a8344babad67ba97ebac560 P eb4e7bd6d6f54548af4106df496734a9 [CANDIDATE]: Term 1 election: Requested vote from peers 590a2bf10d6a40bfba47cd8e84004851 (127.14.24.193:38861), f911d9c6dced417f9b27c8425bf1889e (127.14.24.195:38647)
I20260709 14:53:05.958737 15773 tablet_bootstrap.cc:654] T 13e46cfcb42f40bfabe51701d825ea8e P 590a2bf10d6a40bfba47cd8e84004851: Neither blocks nor log segments found. Creating new log.
W20260709 14:53:05.959129 15695 leader_election.cc:343] T 75fcc45634924a1d9be3da87ac336cf3 P f911d9c6dced417f9b27c8425bf1889e [CANDIDATE]: Term 1 pre-election: Tablet error from VoteRequest() call to peer eb4e7bd6d6f54548af4106df496734a9 (127.14.24.194:43975): Illegal state: must be running to vote when last-logged opid is not known
W20260709 14:53:05.968111 15698 leader_election.cc:343] T 75fcc45634924a1d9be3da87ac336cf3 P f911d9c6dced417f9b27c8425bf1889e [CANDIDATE]: Term 1 pre-election: Tablet error from VoteRequest() call to peer 590a2bf10d6a40bfba47cd8e84004851 (127.14.24.193:38861): Illegal state: must be running to vote when last-logged opid is not known
I20260709 14:53:05.969216 15698 leader_election.cc:304] T 75fcc45634924a1d9be3da87ac336cf3 P f911d9c6dced417f9b27c8425bf1889e [CANDIDATE]: Term 1 pre-election: Election decided. Result: candidate lost. Election summary: received 3 responses out of 3 voters: 1 yes votes; 2 no votes. yes voters: f911d9c6dced417f9b27c8425bf1889e; no voters: 590a2bf10d6a40bfba47cd8e84004851, eb4e7bd6d6f54548af4106df496734a9
I20260709 14:53:05.964864 15729 raft_consensus.cc:2468] T 4c430c484a8344babad67ba97ebac560 P f911d9c6dced417f9b27c8425bf1889e [term 1 FOLLOWER]: Leader election vote request: Granting yes vote for candidate eb4e7bd6d6f54548af4106df496734a9 in term 1.
I20260709 14:53:05.970541 15898 raft_consensus.cc:2749] T 75fcc45634924a1d9be3da87ac336cf3 P f911d9c6dced417f9b27c8425bf1889e [term 0 FOLLOWER]: Leader pre-election lost for term 1. Reason: could not achieve majority
I20260709 14:53:05.971390 15623 leader_election.cc:304] T 4c430c484a8344babad67ba97ebac560 P eb4e7bd6d6f54548af4106df496734a9 [CANDIDATE]: Term 1 election: Election decided. Result: candidate won. Election summary: received 3 responses out of 3 voters: 2 yes votes; 1 no votes. yes voters: eb4e7bd6d6f54548af4106df496734a9, f911d9c6dced417f9b27c8425bf1889e; no voters: 590a2bf10d6a40bfba47cd8e84004851
I20260709 14:53:05.972496 15938 raft_consensus.cc:2804] T 4c430c484a8344babad67ba97ebac560 P eb4e7bd6d6f54548af4106df496734a9 [term 1 FOLLOWER]: Leader election won for term 1
I20260709 14:53:05.973012 15938 raft_consensus.cc:697] T 4c430c484a8344babad67ba97ebac560 P eb4e7bd6d6f54548af4106df496734a9 [term 1 LEADER]: Becoming Leader. State: Replica: eb4e7bd6d6f54548af4106df496734a9, State: Running, Role: LEADER
I20260709 14:53:05.973344 15965 raft_consensus.cc:493] T b45f298ae47c472984406ecaffff5506 P 590a2bf10d6a40bfba47cd8e84004851 [term 0 FOLLOWER]: Starting pre-election (no leader contacted us within the election timeout)
I20260709 14:53:05.973790 15965 raft_consensus.cc:515] T b45f298ae47c472984406ecaffff5506 P 590a2bf10d6a40bfba47cd8e84004851 [term 0 FOLLOWER]: Starting pre-election with config: opid_index: -1 OBSOLETE_local: false peers { permanent_uuid: "590a2bf10d6a40bfba47cd8e84004851" member_type: VOTER last_known_addr { host: "127.14.24.193" port: 38861 } } peers { permanent_uuid: "eb4e7bd6d6f54548af4106df496734a9" member_type: VOTER last_known_addr { host: "127.14.24.194" port: 43975 } } peers { permanent_uuid: "f911d9c6dced417f9b27c8425bf1889e" member_type: VOTER last_known_addr { host: "127.14.24.195" port: 38647 } }
I20260709 14:53:05.973920 15938 consensus_queue.cc:237] T 4c430c484a8344babad67ba97ebac560 P eb4e7bd6d6f54548af4106df496734a9 [LEADER]: Queue going to LEADER mode. State: All replicated index: 0, Majority replicated index: 0, Committed index: 0, Last appended: 0.0, Last appended by leader: 0, Current term: 1, Majority size: 2, State: 0, Mode: LEADER, active raft config: opid_index: -1 OBSOLETE_local: false peers { permanent_uuid: "590a2bf10d6a40bfba47cd8e84004851" member_type: VOTER last_known_addr { host: "127.14.24.193" port: 38861 } } peers { permanent_uuid: "eb4e7bd6d6f54548af4106df496734a9" member_type: VOTER last_known_addr { host: "127.14.24.194" port: 43975 } } peers { permanent_uuid: "f911d9c6dced417f9b27c8425bf1889e" member_type: VOTER last_known_addr { host: "127.14.24.195" port: 38647 } }
I20260709 14:53:05.975894 15965 leader_election.cc:290] T b45f298ae47c472984406ecaffff5506 P 590a2bf10d6a40bfba47cd8e84004851 [CANDIDATE]: Term 1 pre-election: Requested pre-vote from peers eb4e7bd6d6f54548af4106df496734a9 (127.14.24.194:43975), f911d9c6dced417f9b27c8425bf1889e (127.14.24.195:38647)
I20260709 14:53:05.977622 15581 raft_consensus.cc:3060] T c04b57ba051344e4b23f2c7ae93734a1 P 590a2bf10d6a40bfba47cd8e84004851 [term 0 FOLLOWER]: Advancing to term 1
I20260709 14:53:05.977641 15729 tablet_service.cc:1917] Received RequestConsensusVote() RPC: tablet_id: "b45f298ae47c472984406ecaffff5506" candidate_uuid: "590a2bf10d6a40bfba47cd8e84004851" candidate_term: 1 candidate_status { last_received { term: 0 index: 0 } } ignore_live_leader: false dest_uuid: "f911d9c6dced417f9b27c8425bf1889e" is_pre_election: true
I20260709 14:53:05.980942 15773 tablet_bootstrap.cc:492] T 13e46cfcb42f40bfabe51701d825ea8e P 590a2bf10d6a40bfba47cd8e84004851: No bootstrap required, opened a new log
I20260709 14:53:05.981483 15773 ts_tablet_manager.cc:1403] T 13e46cfcb42f40bfabe51701d825ea8e P 590a2bf10d6a40bfba47cd8e84004851: Time spent bootstrapping tablet: real 0.056s	user 0.012s	sys 0.002s
I20260709 14:53:05.985133 15481 catalog_manager.cc:5697] T 85735fef2d724aaaac31d3874fa8b601 P eb4e7bd6d6f54548af4106df496734a9 reported cstate change: term changed from 0 to 1, leader changed from <none> to eb4e7bd6d6f54548af4106df496734a9 (127.14.24.194). New cstate: current_term: 1 leader_uuid: "eb4e7bd6d6f54548af4106df496734a9" committed_config { opid_index: -1 OBSOLETE_local: false peers { permanent_uuid: "590a2bf10d6a40bfba47cd8e84004851" member_type: VOTER last_known_addr { host: "127.14.24.193" port: 38861 } health_report { overall_health: UNKNOWN } } peers { permanent_uuid: "eb4e7bd6d6f54548af4106df496734a9" member_type: VOTER last_known_addr { host: "127.14.24.194" port: 43975 } health_report { overall_health: HEALTHY } } peers { permanent_uuid: "f911d9c6dced417f9b27c8425bf1889e" member_type: VOTER last_known_addr { host: "127.14.24.195" port: 38647 } health_report { overall_health: UNKNOWN } } }
I20260709 14:53:05.988209 15772 tablet_bootstrap.cc:492] T bb8d7bfe43674fe2867cdf5d9d5025ea P f911d9c6dced417f9b27c8425bf1889e: No bootstrap required, opened a new log
I20260709 14:53:05.988770 15772 ts_tablet_manager.cc:1403] T bb8d7bfe43674fe2867cdf5d9d5025ea P f911d9c6dced417f9b27c8425bf1889e: Time spent bootstrapping tablet: real 0.160s	user 0.011s	sys 0.012s
I20260709 14:53:05.989215 15657 tablet_service.cc:1917] Received RequestConsensusVote() RPC: tablet_id: "b45f298ae47c472984406ecaffff5506" candidate_uuid: "590a2bf10d6a40bfba47cd8e84004851" candidate_term: 1 candidate_status { last_received { term: 0 index: 0 } } ignore_live_leader: false dest_uuid: "eb4e7bd6d6f54548af4106df496734a9" is_pre_election: true
I20260709 14:53:05.991082 15546 leader_election.cc:304] T b45f298ae47c472984406ecaffff5506 P 590a2bf10d6a40bfba47cd8e84004851 [CANDIDATE]: Term 1 pre-election: Election decided. Result: candidate lost. Election summary: received 3 responses out of 3 voters: 1 yes votes; 2 no votes. yes voters: 590a2bf10d6a40bfba47cd8e84004851; no voters: eb4e7bd6d6f54548af4106df496734a9, f911d9c6dced417f9b27c8425bf1889e
I20260709 14:53:05.994043 15965 raft_consensus.cc:2749] T b45f298ae47c472984406ecaffff5506 P 590a2bf10d6a40bfba47cd8e84004851 [term 0 FOLLOWER]: Leader pre-election lost for term 1. Reason: could not achieve majority
I20260709 14:53:05.998351 15773 raft_consensus.cc:359] T 13e46cfcb42f40bfabe51701d825ea8e P 590a2bf10d6a40bfba47cd8e84004851 [term 0 FOLLOWER]: Replica starting. Triggering 0 pending ops. Active config: opid_index: -1 OBSOLETE_local: false peers { permanent_uuid: "590a2bf10d6a40bfba47cd8e84004851" member_type: VOTER last_known_addr { host: "127.14.24.193" port: 38861 } } peers { permanent_uuid: "eb4e7bd6d6f54548af4106df496734a9" member_type: VOTER last_known_addr { host: "127.14.24.194" port: 43975 } } peers { permanent_uuid: "f911d9c6dced417f9b27c8425bf1889e" member_type: VOTER last_known_addr { host: "127.14.24.195" port: 38647 } }
I20260709 14:53:05.999300 15773 raft_consensus.cc:385] T 13e46cfcb42f40bfabe51701d825ea8e P 590a2bf10d6a40bfba47cd8e84004851 [term 0 FOLLOWER]: Consensus starting up: Expiring failure detector timer to make a prompt election more likely
I20260709 14:53:05.999612 15774 tablet_bootstrap.cc:492] T ca1e6234b2284839aea5dbf89c355652 P eb4e7bd6d6f54548af4106df496734a9: No bootstrap required, opened a new log
I20260709 14:53:05.999636 15773 raft_consensus.cc:740] T 13e46cfcb42f40bfabe51701d825ea8e P 590a2bf10d6a40bfba47cd8e84004851 [term 0 FOLLOWER]: Becoming Follower/Learner. State: Replica: 590a2bf10d6a40bfba47cd8e84004851, State: Initialized, Role: FOLLOWER
I20260709 14:53:06.000185 15774 ts_tablet_manager.cc:1403] T ca1e6234b2284839aea5dbf89c355652 P eb4e7bd6d6f54548af4106df496734a9: Time spent bootstrapping tablet: real 0.109s	user 0.017s	sys 0.006s
I20260709 14:53:06.004622 15774 raft_consensus.cc:359] T ca1e6234b2284839aea5dbf89c355652 P eb4e7bd6d6f54548af4106df496734a9 [term 0 FOLLOWER]: Replica starting. Triggering 0 pending ops. Active config: opid_index: -1 OBSOLETE_local: false peers { permanent_uuid: "590a2bf10d6a40bfba47cd8e84004851" member_type: VOTER last_known_addr { host: "127.14.24.193" port: 38861 } } peers { permanent_uuid: "eb4e7bd6d6f54548af4106df496734a9" member_type: VOTER last_known_addr { host: "127.14.24.194" port: 43975 } } peers { permanent_uuid: "f911d9c6dced417f9b27c8425bf1889e" member_type: VOTER last_known_addr { host: "127.14.24.195" port: 38647 } }
I20260709 14:53:06.005493 15774 raft_consensus.cc:385] T ca1e6234b2284839aea5dbf89c355652 P eb4e7bd6d6f54548af4106df496734a9 [term 0 FOLLOWER]: Consensus starting up: Expiring failure detector timer to make a prompt election more likely
I20260709 14:53:06.005825 15774 raft_consensus.cc:740] T ca1e6234b2284839aea5dbf89c355652 P eb4e7bd6d6f54548af4106df496734a9 [term 0 FOLLOWER]: Becoming Follower/Learner. State: Replica: eb4e7bd6d6f54548af4106df496734a9, State: Initialized, Role: FOLLOWER
I20260709 14:53:06.001370 15773 consensus_queue.cc:260] T 13e46cfcb42f40bfabe51701d825ea8e P 590a2bf10d6a40bfba47cd8e84004851 [NON_LEADER]: Queue going to NON_LEADER mode. State: All replicated index: 0, Majority replicated index: 0, Committed index: 0, Last appended: 0.0, Last appended by leader: 0, Current term: 0, Majority size: -1, State: 0, Mode: NON_LEADER, active raft config: opid_index: -1 OBSOLETE_local: false peers { permanent_uuid: "590a2bf10d6a40bfba47cd8e84004851" member_type: VOTER last_known_addr { host: "127.14.24.193" port: 38861 } } peers { permanent_uuid: "eb4e7bd6d6f54548af4106df496734a9" member_type: VOTER last_known_addr { host: "127.14.24.194" port: 43975 } } peers { permanent_uuid: "f911d9c6dced417f9b27c8425bf1889e" member_type: VOTER last_known_addr { host: "127.14.24.195" port: 38647 } }
I20260709 14:53:06.006682 15774 consensus_queue.cc:260] T ca1e6234b2284839aea5dbf89c355652 P eb4e7bd6d6f54548af4106df496734a9 [NON_LEADER]: Queue going to NON_LEADER mode. State: All replicated index: 0, Majority replicated index: 0, Committed index: 0, Last appended: 0.0, Last appended by leader: 0, Current term: 0, Majority size: -1, State: 0, Mode: NON_LEADER, active raft config: opid_index: -1 OBSOLETE_local: false peers { permanent_uuid: "590a2bf10d6a40bfba47cd8e84004851" member_type: VOTER last_known_addr { host: "127.14.24.193" port: 38861 } } peers { permanent_uuid: "eb4e7bd6d6f54548af4106df496734a9" member_type: VOTER last_known_addr { host: "127.14.24.194" port: 43975 } } peers { permanent_uuid: "f911d9c6dced417f9b27c8425bf1889e" member_type: VOTER last_known_addr { host: "127.14.24.195" port: 38647 } }
I20260709 14:53:06.009155 15773 ts_tablet_manager.cc:1434] T 13e46cfcb42f40bfabe51701d825ea8e P 590a2bf10d6a40bfba47cd8e84004851: Time spent starting tablet: real 0.027s	user 0.007s	sys 0.000s
I20260709 14:53:06.011262 15773 tablet_bootstrap.cc:492] T 0e25d635bcfa4b1793f57dc93ca0e199 P 590a2bf10d6a40bfba47cd8e84004851: Bootstrap starting.
I20260709 14:53:06.014225 15772 raft_consensus.cc:359] T bb8d7bfe43674fe2867cdf5d9d5025ea P f911d9c6dced417f9b27c8425bf1889e [term 0 FOLLOWER]: Replica starting. Triggering 0 pending ops. Active config: opid_index: -1 OBSOLETE_local: false peers { permanent_uuid: "590a2bf10d6a40bfba47cd8e84004851" member_type: VOTER last_known_addr { host: "127.14.24.193" port: 38861 } } peers { permanent_uuid: "eb4e7bd6d6f54548af4106df496734a9" member_type: VOTER last_known_addr { host: "127.14.24.194" port: 43975 } } peers { permanent_uuid: "f911d9c6dced417f9b27c8425bf1889e" member_type: VOTER last_known_addr { host: "127.14.24.195" port: 38647 } }
I20260709 14:53:06.014911 15772 raft_consensus.cc:385] T bb8d7bfe43674fe2867cdf5d9d5025ea P f911d9c6dced417f9b27c8425bf1889e [term 0 FOLLOWER]: Consensus starting up: Expiring failure detector timer to make a prompt election more likely
I20260709 14:53:06.015188 15772 raft_consensus.cc:740] T bb8d7bfe43674fe2867cdf5d9d5025ea P f911d9c6dced417f9b27c8425bf1889e [term 0 FOLLOWER]: Becoming Follower/Learner. State: Replica: f911d9c6dced417f9b27c8425bf1889e, State: Initialized, Role: FOLLOWER
I20260709 14:53:06.016983 15773 tablet_bootstrap.cc:654] T 0e25d635bcfa4b1793f57dc93ca0e199 P 590a2bf10d6a40bfba47cd8e84004851: Neither blocks nor log segments found. Creating new log.
I20260709 14:53:06.018987 15583 raft_consensus.cc:3060] T b45f298ae47c472984406ecaffff5506 P 590a2bf10d6a40bfba47cd8e84004851 [term 0 FOLLOWER]: Advancing to term 1
I20260709 14:53:06.019205 15774 ts_tablet_manager.cc:1434] T ca1e6234b2284839aea5dbf89c355652 P eb4e7bd6d6f54548af4106df496734a9: Time spent starting tablet: real 0.019s	user 0.007s	sys 0.000s
I20260709 14:53:06.019119 15480 catalog_manager.cc:5697] T 4c430c484a8344babad67ba97ebac560 P eb4e7bd6d6f54548af4106df496734a9 reported cstate change: term changed from 0 to 1, leader changed from <none> to eb4e7bd6d6f54548af4106df496734a9 (127.14.24.194). New cstate: current_term: 1 leader_uuid: "eb4e7bd6d6f54548af4106df496734a9" committed_config { opid_index: -1 OBSOLETE_local: false peers { permanent_uuid: "590a2bf10d6a40bfba47cd8e84004851" member_type: VOTER last_known_addr { host: "127.14.24.193" port: 38861 } health_report { overall_health: UNKNOWN } } peers { permanent_uuid: "eb4e7bd6d6f54548af4106df496734a9" member_type: VOTER last_known_addr { host: "127.14.24.194" port: 43975 } health_report { overall_health: HEALTHY } } peers { permanent_uuid: "f911d9c6dced417f9b27c8425bf1889e" member_type: VOTER last_known_addr { host: "127.14.24.195" port: 38647 } health_report { overall_health: UNKNOWN } } }
I20260709 14:53:06.030431 15898 raft_consensus.cc:493] T e76ca29108104ab29a1b507645a29531 P f911d9c6dced417f9b27c8425bf1889e [term 0 FOLLOWER]: Starting pre-election (no leader contacted us within the election timeout)
I20260709 14:53:06.031149 15898 raft_consensus.cc:515] T e76ca29108104ab29a1b507645a29531 P f911d9c6dced417f9b27c8425bf1889e [term 0 FOLLOWER]: Starting pre-election with config: opid_index: -1 OBSOLETE_local: false peers { permanent_uuid: "590a2bf10d6a40bfba47cd8e84004851" member_type: VOTER last_known_addr { host: "127.14.24.193" port: 38861 } } peers { permanent_uuid: "eb4e7bd6d6f54548af4106df496734a9" member_type: VOTER last_known_addr { host: "127.14.24.194" port: 43975 } } peers { permanent_uuid: "f911d9c6dced417f9b27c8425bf1889e" member_type: VOTER last_known_addr { host: "127.14.24.195" port: 38647 } }
I20260709 14:53:06.033308 15898 leader_election.cc:290] T e76ca29108104ab29a1b507645a29531 P f911d9c6dced417f9b27c8425bf1889e [CANDIDATE]: Term 1 pre-election: Requested pre-vote from peers 590a2bf10d6a40bfba47cd8e84004851 (127.14.24.193:38861), eb4e7bd6d6f54548af4106df496734a9 (127.14.24.194:43975)
I20260709 14:53:06.035483 15582 tablet_service.cc:1917] Received RequestConsensusVote() RPC: tablet_id: "e76ca29108104ab29a1b507645a29531" candidate_uuid: "f911d9c6dced417f9b27c8425bf1889e" candidate_term: 1 candidate_status { last_received { term: 0 index: 0 } } ignore_live_leader: false dest_uuid: "590a2bf10d6a40bfba47cd8e84004851" is_pre_election: true
I20260709 14:53:06.040606 15656 tablet_service.cc:1917] Received RequestConsensusVote() RPC: tablet_id: "e76ca29108104ab29a1b507645a29531" candidate_uuid: "f911d9c6dced417f9b27c8425bf1889e" candidate_term: 1 candidate_status { last_received { term: 0 index: 0 } } ignore_live_leader: false dest_uuid: "eb4e7bd6d6f54548af4106df496734a9" is_pre_election: true
W20260709 14:53:06.042610 15698 leader_election.cc:343] T e76ca29108104ab29a1b507645a29531 P f911d9c6dced417f9b27c8425bf1889e [CANDIDATE]: Term 1 pre-election: Tablet error from VoteRequest() call to peer 590a2bf10d6a40bfba47cd8e84004851 (127.14.24.193:38861): Illegal state: must be running to vote when last-logged opid is not known
W20260709 14:53:06.046224 15695 leader_election.cc:343] T e76ca29108104ab29a1b507645a29531 P f911d9c6dced417f9b27c8425bf1889e [CANDIDATE]: Term 1 pre-election: Tablet error from VoteRequest() call to peer eb4e7bd6d6f54548af4106df496734a9 (127.14.24.194:43975): Illegal state: must be running to vote when last-logged opid is not known
I20260709 14:53:06.046631 15695 leader_election.cc:304] T e76ca29108104ab29a1b507645a29531 P f911d9c6dced417f9b27c8425bf1889e [CANDIDATE]: Term 1 pre-election: Election decided. Result: candidate lost. Election summary: received 3 responses out of 3 voters: 1 yes votes; 2 no votes. yes voters: f911d9c6dced417f9b27c8425bf1889e; no voters: 590a2bf10d6a40bfba47cd8e84004851, eb4e7bd6d6f54548af4106df496734a9
I20260709 14:53:06.049000 15952 raft_consensus.cc:2749] T e76ca29108104ab29a1b507645a29531 P f911d9c6dced417f9b27c8425bf1889e [term 0 FOLLOWER]: Leader pre-election lost for term 1. Reason: could not achieve majority
I20260709 14:53:06.067351 15938 raft_consensus.cc:493] T be09dd411cd34a7a8c7818a43a495bce P eb4e7bd6d6f54548af4106df496734a9 [term 0 FOLLOWER]: Starting pre-election (no leader contacted us within the election timeout)
I20260709 14:53:06.067926 15938 raft_consensus.cc:515] T be09dd411cd34a7a8c7818a43a495bce P eb4e7bd6d6f54548af4106df496734a9 [term 0 FOLLOWER]: Starting pre-election with config: opid_index: -1 OBSOLETE_local: false peers { permanent_uuid: "590a2bf10d6a40bfba47cd8e84004851" member_type: VOTER last_known_addr { host: "127.14.24.193" port: 38861 } } peers { permanent_uuid: "eb4e7bd6d6f54548af4106df496734a9" member_type: VOTER last_known_addr { host: "127.14.24.194" port: 43975 } } peers { permanent_uuid: "f911d9c6dced417f9b27c8425bf1889e" member_type: VOTER last_known_addr { host: "127.14.24.195" port: 38647 } }
I20260709 14:53:06.115892 15772 consensus_queue.cc:260] T bb8d7bfe43674fe2867cdf5d9d5025ea P f911d9c6dced417f9b27c8425bf1889e [NON_LEADER]: Queue going to NON_LEADER mode. State: All replicated index: 0, Majority replicated index: 0, Committed index: 0, Last appended: 0.0, Last appended by leader: 0, Current term: 0, Majority size: -1, State: 0, Mode: NON_LEADER, active raft config: opid_index: -1 OBSOLETE_local: false peers { permanent_uuid: "590a2bf10d6a40bfba47cd8e84004851" member_type: VOTER last_known_addr { host: "127.14.24.193" port: 38861 } } peers { permanent_uuid: "eb4e7bd6d6f54548af4106df496734a9" member_type: VOTER last_known_addr { host: "127.14.24.194" port: 43975 } } peers { permanent_uuid: "f911d9c6dced417f9b27c8425bf1889e" member_type: VOTER last_known_addr { host: "127.14.24.195" port: 38647 } }
I20260709 14:53:06.121903 15774 tablet_bootstrap.cc:492] T 75fcc45634924a1d9be3da87ac336cf3 P eb4e7bd6d6f54548af4106df496734a9: Bootstrap starting.
I20260709 14:53:06.132707 15772 ts_tablet_manager.cc:1434] T bb8d7bfe43674fe2867cdf5d9d5025ea P f911d9c6dced417f9b27c8425bf1889e: Time spent starting tablet: real 0.144s	user 0.010s	sys 0.002s
I20260709 14:53:06.136087 15772 tablet_bootstrap.cc:492] T 218151e082854bbbab8b91d65d02f61f P f911d9c6dced417f9b27c8425bf1889e: Bootstrap starting.
I20260709 14:53:06.131690 15938 leader_election.cc:290] T be09dd411cd34a7a8c7818a43a495bce P eb4e7bd6d6f54548af4106df496734a9 [CANDIDATE]: Term 1 pre-election: Requested pre-vote from peers 590a2bf10d6a40bfba47cd8e84004851 (127.14.24.193:38861), f911d9c6dced417f9b27c8425bf1889e (127.14.24.195:38647)
I20260709 14:53:06.156494 15774 tablet_bootstrap.cc:654] T 75fcc45634924a1d9be3da87ac336cf3 P eb4e7bd6d6f54548af4106df496734a9: Neither blocks nor log segments found. Creating new log.
I20260709 14:53:06.160782 15817 consensus_queue.cc:1048] T 0e25d635bcfa4b1793f57dc93ca0e199 P eb4e7bd6d6f54548af4106df496734a9 [LEADER]: Connected to new peer: Peer: permanent_uuid: "f911d9c6dced417f9b27c8425bf1889e" member_type: VOTER last_known_addr { host: "127.14.24.195" port: 38647 }, Status: LMP_MISMATCH, Last received: 0.0, Next index: 1, Last known committed idx: 0, Time since last communication: 0.001s
I20260709 14:53:06.161847 15729 tablet_service.cc:1917] Received RequestConsensusVote() RPC: tablet_id: "be09dd411cd34a7a8c7818a43a495bce" candidate_uuid: "eb4e7bd6d6f54548af4106df496734a9" candidate_term: 1 candidate_status { last_received { term: 0 index: 0 } } ignore_live_leader: false dest_uuid: "f911d9c6dced417f9b27c8425bf1889e" is_pre_election: true
I20260709 14:53:06.162762 15729 raft_consensus.cc:2468] T be09dd411cd34a7a8c7818a43a495bce P f911d9c6dced417f9b27c8425bf1889e [term 0 FOLLOWER]: Leader pre-election vote request: Granting yes vote for candidate eb4e7bd6d6f54548af4106df496734a9 in term 0.
I20260709 14:53:06.163756 15580 tablet_service.cc:1917] Received RequestConsensusVote() RPC: tablet_id: "be09dd411cd34a7a8c7818a43a495bce" candidate_uuid: "eb4e7bd6d6f54548af4106df496734a9" candidate_term: 1 candidate_status { last_received { term: 0 index: 0 } } ignore_live_leader: false dest_uuid: "590a2bf10d6a40bfba47cd8e84004851" is_pre_election: true
W20260709 14:53:06.177506 15624 leader_election.cc:343] T be09dd411cd34a7a8c7818a43a495bce P eb4e7bd6d6f54548af4106df496734a9 [CANDIDATE]: Term 1 pre-election: Tablet error from VoteRequest() call to peer 590a2bf10d6a40bfba47cd8e84004851 (127.14.24.193:38861): Illegal state: must be running to vote when last-logged opid is not known
