I20260709 14:52:44.397382 18772 consensus_queue.cc:260] T be59bb04901340148eb0828f2f847807 P f30732dfd1d548c2ab7dfdf3d926b91c [NON_LEADER]: Queue going to NON_LEADER mode. State: All replicated index: 0, Majority replicated index: 1, Committed index: 1, Last appended: 1.1, Last appended by leader: 1, Current term: 1, Majority size: -1, State: 0, Mode: NON_LEADER, active raft config: opid_index: -1 OBSOLETE_local: false peers { permanent_uuid: "c03056e0e6e04c31982104a46f113040" member_type: VOTER last_known_addr { host: "127.17.149.1" port: 35189 } } peers { permanent_uuid: "dd23a5df6d064425b2590f33fdf85176" member_type: VOTER last_known_addr { host: "127.17.149.2" port: 35313 } } peers { permanent_uuid: "f30732dfd1d548c2ab7dfdf3d926b91c" member_type: VOTER last_known_addr { host: "127.17.149.3" port: 42877 } }
I20260709 14:52:44.398216 18772 raft_consensus.cc:3060] T be59bb04901340148eb0828f2f847807 P f30732dfd1d548c2ab7dfdf3d926b91c [term 1 FOLLOWER]: Advancing to term 2
I20260709 14:52:44.400635 18699 raft_consensus.cc:2468] T be59bb04901340148eb0828f2f847807 P dd23a5df6d064425b2590f33fdf85176 [term 2 FOLLOWER]: Leader election vote request: Granting yes vote for candidate c03056e0e6e04c31982104a46f113040 in term 2.
I20260709 14:52:44.401559 18589 leader_election.cc:304] T be59bb04901340148eb0828f2f847807 P c03056e0e6e04c31982104a46f113040 [CANDIDATE]: Term 2 election: Election decided. Result: candidate won. Election summary: received 2 responses out of 3 voters: 2 yes votes; 0 no votes. yes voters: c03056e0e6e04c31982104a46f113040, dd23a5df6d064425b2590f33fdf85176; no voters: 
I20260709 14:52:44.402271 18879 raft_consensus.cc:2804] T be59bb04901340148eb0828f2f847807 P c03056e0e6e04c31982104a46f113040 [term 2 FOLLOWER]: Leader election won for term 2
I20260709 14:52:44.402637 18879 raft_consensus.cc:697] T be59bb04901340148eb0828f2f847807 P c03056e0e6e04c31982104a46f113040 [term 2 LEADER]: Becoming Leader. State: Replica: c03056e0e6e04c31982104a46f113040, State: Running, Role: LEADER
I20260709 14:52:44.402647 18772 raft_consensus.cc:2468] T be59bb04901340148eb0828f2f847807 P f30732dfd1d548c2ab7dfdf3d926b91c [term 2 FOLLOWER]: Leader election vote request: Granting yes vote for candidate c03056e0e6e04c31982104a46f113040 in term 2.
I20260709 14:52:44.403426 18879 consensus_queue.cc:237] T be59bb04901340148eb0828f2f847807 P c03056e0e6e04c31982104a46f113040 [LEADER]: Queue going to LEADER mode. State: All replicated index: 0, Majority replicated index: 1, Committed index: 1, Last appended: 1.1, Last appended by leader: 1, Current term: 2, Majority size: 2, State: 0, Mode: LEADER, active raft config: opid_index: -1 OBSOLETE_local: false peers { permanent_uuid: "c03056e0e6e04c31982104a46f113040" member_type: VOTER last_known_addr { host: "127.17.149.1" port: 35189 } } peers { permanent_uuid: "dd23a5df6d064425b2590f33fdf85176" member_type: VOTER last_known_addr { host: "127.17.149.2" port: 35313 } } peers { permanent_uuid: "f30732dfd1d548c2ab7dfdf3d926b91c" member_type: VOTER last_known_addr { host: "127.17.149.3" port: 42877 } }
I20260709 14:52:44.409211 18519 catalog_manager.cc:5697] T be59bb04901340148eb0828f2f847807 P c03056e0e6e04c31982104a46f113040 reported cstate change: term changed from 1 to 2, leader changed from f30732dfd1d548c2ab7dfdf3d926b91c (127.17.149.3) to c03056e0e6e04c31982104a46f113040 (127.17.149.1). New cstate: current_term: 2 leader_uuid: "c03056e0e6e04c31982104a46f113040" committed_config { opid_index: -1 OBSOLETE_local: false peers { permanent_uuid: "c03056e0e6e04c31982104a46f113040" member_type: VOTER last_known_addr { host: "127.17.149.1" port: 35189 } health_report { overall_health: HEALTHY } } peers { permanent_uuid: "dd23a5df6d064425b2590f33fdf85176" member_type: VOTER last_known_addr { host: "127.17.149.2" port: 35313 } health_report { overall_health: UNKNOWN } } peers { permanent_uuid: "f30732dfd1d548c2ab7dfdf3d926b91c" member_type: VOTER last_known_addr { host: "127.17.149.3" port: 42877 } health_report { overall_health: UNKNOWN } } }
I20260709 14:52:44.421044 18772 raft_consensus.cc:1275] T c4e54c9191e546deb3cdedd984fa4af7 P f30732dfd1d548c2ab7dfdf3d926b91c [term 2 FOLLOWER]: Refusing update from remote peer c03056e0e6e04c31982104a46f113040: Log matching property violated. Preceding OpId in replica: term: 1 index: 1. Preceding OpId from leader: term: 2 index: 2. (index mismatch)
I20260709 14:52:44.422102 18879 consensus_queue.cc:1048] T c4e54c9191e546deb3cdedd984fa4af7 P c03056e0e6e04c31982104a46f113040 [LEADER]: Connected to new peer: Peer: permanent_uuid: "f30732dfd1d548c2ab7dfdf3d926b91c" member_type: VOTER last_known_addr { host: "127.17.149.3" port: 42877 }, Status: LMP_MISMATCH, Last received: 0.0, Next index: 2, Last known committed idx: 1, Time since last communication: 0.000s
I20260709 14:52:44.428675 18699 raft_consensus.cc:1275] T c4e54c9191e546deb3cdedd984fa4af7 P dd23a5df6d064425b2590f33fdf85176 [term 2 FOLLOWER]: Refusing update from remote peer c03056e0e6e04c31982104a46f113040: Log matching property violated. Preceding OpId in replica: term: 1 index: 1. Preceding OpId from leader: term: 2 index: 2. (index mismatch)
I20260709 14:52:44.430394 18843 consensus_queue.cc:1048] T c4e54c9191e546deb3cdedd984fa4af7 P c03056e0e6e04c31982104a46f113040 [LEADER]: Connected to new peer: Peer: permanent_uuid: "dd23a5df6d064425b2590f33fdf85176" member_type: VOTER last_known_addr { host: "127.17.149.2" port: 35313 }, Status: LMP_MISMATCH, Last received: 0.0, Next index: 2, Last known committed idx: 1, Time since last communication: 0.000s
I20260709 14:52:44.498533 18846 raft_consensus.cc:993] T 0d178324d1a24c0da1e8a19e7393a0ae P c03056e0e6e04c31982104a46f113040: : Instructing follower f30732dfd1d548c2ab7dfdf3d926b91c to start an election
I20260709 14:52:44.498909 18843 raft_consensus.cc:1081] T 0d178324d1a24c0da1e8a19e7393a0ae P c03056e0e6e04c31982104a46f113040 [term 1 LEADER]: Signalling peer f30732dfd1d548c2ab7dfdf3d926b91c to start an election
I20260709 14:52:44.500128 18772 tablet_service.cc:2044] Received Run Leader Election RPC: tablet_id: "0d178324d1a24c0da1e8a19e7393a0ae"
dest_uuid: "f30732dfd1d548c2ab7dfdf3d926b91c"
 from {username='slave'} at 127.0.0.1:37544
I20260709 14:52:44.500531 18772 raft_consensus.cc:493] T 0d178324d1a24c0da1e8a19e7393a0ae P f30732dfd1d548c2ab7dfdf3d926b91c [term 1 FOLLOWER]: Starting forced leader election (received explicit request)
I20260709 14:52:44.500769 18772 raft_consensus.cc:3060] T 0d178324d1a24c0da1e8a19e7393a0ae P f30732dfd1d548c2ab7dfdf3d926b91c [term 1 FOLLOWER]: Advancing to term 2
I20260709 14:52:44.504824 18772 raft_consensus.cc:515] T 0d178324d1a24c0da1e8a19e7393a0ae P f30732dfd1d548c2ab7dfdf3d926b91c [term 2 FOLLOWER]: Starting forced leader election with config: opid_index: -1 OBSOLETE_local: false peers { permanent_uuid: "c03056e0e6e04c31982104a46f113040" member_type: VOTER last_known_addr { host: "127.17.149.1" port: 35189 } } peers { permanent_uuid: "dd23a5df6d064425b2590f33fdf85176" member_type: VOTER last_known_addr { host: "127.17.149.2" port: 35313 } } peers { permanent_uuid: "f30732dfd1d548c2ab7dfdf3d926b91c" member_type: VOTER last_known_addr { host: "127.17.149.3" port: 42877 } }
I20260709 14:52:44.506310 18772 leader_election.cc:290] T 0d178324d1a24c0da1e8a19e7393a0ae P f30732dfd1d548c2ab7dfdf3d926b91c [CANDIDATE]: Term 2 election: Requested vote from peers c03056e0e6e04c31982104a46f113040 (127.17.149.1:35189), dd23a5df6d064425b2590f33fdf85176 (127.17.149.2:35313)
I20260709 14:52:44.506937 18623 tablet_service.cc:1917] Received RequestConsensusVote() RPC: tablet_id: "0d178324d1a24c0da1e8a19e7393a0ae" candidate_uuid: "f30732dfd1d548c2ab7dfdf3d926b91c" candidate_term: 2 candidate_status { last_received { term: 1 index: 1 } } ignore_live_leader: true dest_uuid: "c03056e0e6e04c31982104a46f113040"
I20260709 14:52:44.507243 18699 tablet_service.cc:1917] Received RequestConsensusVote() RPC: tablet_id: "0d178324d1a24c0da1e8a19e7393a0ae" candidate_uuid: "f30732dfd1d548c2ab7dfdf3d926b91c" candidate_term: 2 candidate_status { last_received { term: 1 index: 1 } } ignore_live_leader: true dest_uuid: "dd23a5df6d064425b2590f33fdf85176"
I20260709 14:52:44.507440 18623 raft_consensus.cc:3055] T 0d178324d1a24c0da1e8a19e7393a0ae P c03056e0e6e04c31982104a46f113040 [term 1 LEADER]: Stepping down as leader of term 1
I20260709 14:52:44.507692 18699 raft_consensus.cc:3060] T 0d178324d1a24c0da1e8a19e7393a0ae P dd23a5df6d064425b2590f33fdf85176 [term 1 FOLLOWER]: Advancing to term 2
I20260709 14:52:44.507725 18623 raft_consensus.cc:740] T 0d178324d1a24c0da1e8a19e7393a0ae P c03056e0e6e04c31982104a46f113040 [term 1 LEADER]: Becoming Follower/Learner. State: Replica: c03056e0e6e04c31982104a46f113040, State: Running, Role: LEADER
I20260709 14:52:44.508410 18623 consensus_queue.cc:260] T 0d178324d1a24c0da1e8a19e7393a0ae P c03056e0e6e04c31982104a46f113040 [NON_LEADER]: Queue going to NON_LEADER mode. State: All replicated index: 0, Majority replicated index: 1, Committed index: 1, Last appended: 1.1, Last appended by leader: 1, Current term: 1, Majority size: -1, State: 0, Mode: NON_LEADER, active raft config: opid_index: -1 OBSOLETE_local: false peers { permanent_uuid: "c03056e0e6e04c31982104a46f113040" member_type: VOTER last_known_addr { host: "127.17.149.1" port: 35189 } } peers { permanent_uuid: "dd23a5df6d064425b2590f33fdf85176" member_type: VOTER last_known_addr { host: "127.17.149.2" port: 35313 } } peers { permanent_uuid: "f30732dfd1d548c2ab7dfdf3d926b91c" member_type: VOTER last_known_addr { host: "127.17.149.3" port: 42877 } }
I20260709 14:52:44.509207 18623 raft_consensus.cc:3060] T 0d178324d1a24c0da1e8a19e7393a0ae P c03056e0e6e04c31982104a46f113040 [term 1 FOLLOWER]: Advancing to term 2
I20260709 14:52:44.511477 18699 raft_consensus.cc:2468] T 0d178324d1a24c0da1e8a19e7393a0ae P dd23a5df6d064425b2590f33fdf85176 [term 2 FOLLOWER]: Leader election vote request: Granting yes vote for candidate f30732dfd1d548c2ab7dfdf3d926b91c in term 2.
I20260709 14:52:44.512295 18738 leader_election.cc:304] T 0d178324d1a24c0da1e8a19e7393a0ae P f30732dfd1d548c2ab7dfdf3d926b91c [CANDIDATE]: Term 2 election: Election decided. Result: candidate won. Election summary: received 2 responses out of 3 voters: 2 yes votes; 0 no votes. yes voters: dd23a5df6d064425b2590f33fdf85176, f30732dfd1d548c2ab7dfdf3d926b91c; no voters: 
I20260709 14:52:44.513001 18833 raft_consensus.cc:2804] T 0d178324d1a24c0da1e8a19e7393a0ae P f30732dfd1d548c2ab7dfdf3d926b91c [term 2 FOLLOWER]: Leader election won for term 2
I20260709 14:52:44.513381 18833 raft_consensus.cc:697] T 0d178324d1a24c0da1e8a19e7393a0ae P f30732dfd1d548c2ab7dfdf3d926b91c [term 2 LEADER]: Becoming Leader. State: Replica: f30732dfd1d548c2ab7dfdf3d926b91c, State: Running, Role: LEADER
I20260709 14:52:44.513708 18623 raft_consensus.cc:2468] T 0d178324d1a24c0da1e8a19e7393a0ae P c03056e0e6e04c31982104a46f113040 [term 2 FOLLOWER]: Leader election vote request: Granting yes vote for candidate f30732dfd1d548c2ab7dfdf3d926b91c in term 2.
I20260709 14:52:44.514073 18833 consensus_queue.cc:237] T 0d178324d1a24c0da1e8a19e7393a0ae P f30732dfd1d548c2ab7dfdf3d926b91c [LEADER]: Queue going to LEADER mode. State: All replicated index: 0, Majority replicated index: 1, Committed index: 1, Last appended: 1.1, Last appended by leader: 1, Current term: 2, Majority size: 2, State: 0, Mode: LEADER, active raft config: opid_index: -1 OBSOLETE_local: false peers { permanent_uuid: "c03056e0e6e04c31982104a46f113040" member_type: VOTER last_known_addr { host: "127.17.149.1" port: 35189 } } peers { permanent_uuid: "dd23a5df6d064425b2590f33fdf85176" member_type: VOTER last_known_addr { host: "127.17.149.2" port: 35313 } } peers { permanent_uuid: "f30732dfd1d548c2ab7dfdf3d926b91c" member_type: VOTER last_known_addr { host: "127.17.149.3" port: 42877 } }
I20260709 14:52:44.519641 18519 catalog_manager.cc:5697] T 0d178324d1a24c0da1e8a19e7393a0ae P f30732dfd1d548c2ab7dfdf3d926b91c reported cstate change: term changed from 1 to 2, leader changed from c03056e0e6e04c31982104a46f113040 (127.17.149.1) to f30732dfd1d548c2ab7dfdf3d926b91c (127.17.149.3). New cstate: current_term: 2 leader_uuid: "f30732dfd1d548c2ab7dfdf3d926b91c" committed_config { opid_index: -1 OBSOLETE_local: false peers { permanent_uuid: "c03056e0e6e04c31982104a46f113040" member_type: VOTER last_known_addr { host: "127.17.149.1" port: 35189 } health_report { overall_health: UNKNOWN } } peers { permanent_uuid: "dd23a5df6d064425b2590f33fdf85176" member_type: VOTER last_known_addr { host: "127.17.149.2" port: 35313 } health_report { overall_health: UNKNOWN } } peers { permanent_uuid: "f30732dfd1d548c2ab7dfdf3d926b91c" member_type: VOTER last_known_addr { host: "127.17.149.3" port: 42877 } health_report { overall_health: HEALTHY } } }
I20260709 14:52:44.573437 18699 raft_consensus.cc:1275] T 38d6a42845dd49048cb7b7fe1c972d1b P dd23a5df6d064425b2590f33fdf85176 [term 2 FOLLOWER]: Refusing update from remote peer c03056e0e6e04c31982104a46f113040: Log matching property violated. Preceding OpId in replica: term: 1 index: 1. Preceding OpId from leader: term: 2 index: 2. (index mismatch)
I20260709 14:52:44.574523 18843 consensus_queue.cc:1048] T 38d6a42845dd49048cb7b7fe1c972d1b P c03056e0e6e04c31982104a46f113040 [LEADER]: Connected to new peer: Peer: permanent_uuid: "dd23a5df6d064425b2590f33fdf85176" member_type: VOTER last_known_addr { host: "127.17.149.2" port: 35313 }, Status: LMP_MISMATCH, Last received: 0.0, Next index: 2, Last known committed idx: 1, Time since last communication: 0.000s
I20260709 14:52:44.579600 18623 raft_consensus.cc:1275] T 304fb3ee8b154fb094111faf3cfbe10e P c03056e0e6e04c31982104a46f113040 [term 2 FOLLOWER]: Refusing update from remote peer dd23a5df6d064425b2590f33fdf85176: Log matching property violated. Preceding OpId in replica: term: 1 index: 1. Preceding OpId from leader: term: 2 index: 2. (index mismatch)
I20260709 14:52:44.581312 18824 consensus_queue.cc:1048] T 304fb3ee8b154fb094111faf3cfbe10e P dd23a5df6d064425b2590f33fdf85176 [LEADER]: Connected to new peer: Peer: permanent_uuid: "c03056e0e6e04c31982104a46f113040" member_type: VOTER last_known_addr { host: "127.17.149.1" port: 35189 }, Status: LMP_MISMATCH, Last received: 0.0, Next index: 2, Last known committed idx: 1, Time since last communication: 0.000s
I20260709 14:52:44.583676 18772 raft_consensus.cc:1275] T 38d6a42845dd49048cb7b7fe1c972d1b P f30732dfd1d548c2ab7dfdf3d926b91c [term 2 FOLLOWER]: Refusing update from remote peer c03056e0e6e04c31982104a46f113040: Log matching property violated. Preceding OpId in replica: term: 1 index: 1. Preceding OpId from leader: term: 2 index: 2. (index mismatch)
I20260709 14:52:44.585042 18879 consensus_queue.cc:1048] T 38d6a42845dd49048cb7b7fe1c972d1b P c03056e0e6e04c31982104a46f113040 [LEADER]: Connected to new peer: Peer: permanent_uuid: "f30732dfd1d548c2ab7dfdf3d926b91c" member_type: VOTER last_known_addr { host: "127.17.149.3" port: 42877 }, Status: LMP_MISMATCH, Last received: 0.0, Next index: 2, Last known committed idx: 1, Time since last communication: 0.000s
I20260709 14:52:44.590070 18773 raft_consensus.cc:1275] T 304fb3ee8b154fb094111faf3cfbe10e P f30732dfd1d548c2ab7dfdf3d926b91c [term 2 FOLLOWER]: Refusing update from remote peer dd23a5df6d064425b2590f33fdf85176: Log matching property violated. Preceding OpId in replica: term: 1 index: 1. Preceding OpId from leader: term: 2 index: 2. (index mismatch)
I20260709 14:52:44.591612 18824 consensus_queue.cc:1048] T 304fb3ee8b154fb094111faf3cfbe10e P dd23a5df6d064425b2590f33fdf85176 [LEADER]: Connected to new peer: Peer: permanent_uuid: "f30732dfd1d548c2ab7dfdf3d926b91c" member_type: VOTER last_known_addr { host: "127.17.149.3" port: 42877 }, Status: LMP_MISMATCH, Last received: 0.0, Next index: 2, Last known committed idx: 1, Time since last communication: 0.000s
I20260709 14:52:44.683689 18623 raft_consensus.cc:1275] T f84f9b0ab4d34bf9831d5999c8fc3852 P c03056e0e6e04c31982104a46f113040 [term 2 FOLLOWER]: Refusing update from remote peer dd23a5df6d064425b2590f33fdf85176: Log matching property violated. Preceding OpId in replica: term: 1 index: 1. Preceding OpId from leader: term: 2 index: 2. (index mismatch)
I20260709 14:52:44.684871 18824 consensus_queue.cc:1048] T f84f9b0ab4d34bf9831d5999c8fc3852 P dd23a5df6d064425b2590f33fdf85176 [LEADER]: Connected to new peer: Peer: permanent_uuid: "c03056e0e6e04c31982104a46f113040" member_type: VOTER last_known_addr { host: "127.17.149.1" port: 35189 }, Status: LMP_MISMATCH, Last received: 0.0, Next index: 2, Last known committed idx: 1, Time since last communication: 0.000s
I20260709 14:52:44.691910 18772 raft_consensus.cc:1275] T f84f9b0ab4d34bf9831d5999c8fc3852 P f30732dfd1d548c2ab7dfdf3d926b91c [term 2 FOLLOWER]: Refusing update from remote peer dd23a5df6d064425b2590f33fdf85176: Log matching property violated. Preceding OpId in replica: term: 1 index: 1. Preceding OpId from leader: term: 2 index: 2. (index mismatch)
I20260709 14:52:44.693256 18893 consensus_queue.cc:1048] T f84f9b0ab4d34bf9831d5999c8fc3852 P dd23a5df6d064425b2590f33fdf85176 [LEADER]: Connected to new peer: Peer: permanent_uuid: "f30732dfd1d548c2ab7dfdf3d926b91c" member_type: VOTER last_known_addr { host: "127.17.149.3" port: 42877 }, Status: LMP_MISMATCH, Last received: 0.0, Next index: 2, Last known committed idx: 1, Time since last communication: 0.000s
I20260709 14:52:44.743587 18772 raft_consensus.cc:1275] T e8058794bca24cca90e86279f93487ab P f30732dfd1d548c2ab7dfdf3d926b91c [term 2 FOLLOWER]: Refusing update from remote peer c03056e0e6e04c31982104a46f113040: Log matching property violated. Preceding OpId in replica: term: 1 index: 1. Preceding OpId from leader: term: 2 index: 2. (index mismatch)
I20260709 14:52:44.744753 18879 consensus_queue.cc:1048] T e8058794bca24cca90e86279f93487ab P c03056e0e6e04c31982104a46f113040 [LEADER]: Connected to new peer: Peer: permanent_uuid: "f30732dfd1d548c2ab7dfdf3d926b91c" member_type: VOTER last_known_addr { host: "127.17.149.3" port: 42877 }, Status: LMP_MISMATCH, Last received: 0.0, Next index: 2, Last known committed idx: 1, Time since last communication: 0.000s
I20260709 14:52:44.751286 18699 raft_consensus.cc:1275] T e8058794bca24cca90e86279f93487ab P dd23a5df6d064425b2590f33fdf85176 [term 2 FOLLOWER]: Refusing update from remote peer c03056e0e6e04c31982104a46f113040: Log matching property violated. Preceding OpId in replica: term: 1 index: 1. Preceding OpId from leader: term: 2 index: 2. (index mismatch)
I20260709 14:52:44.752880 18819 consensus_queue.cc:1048] T e8058794bca24cca90e86279f93487ab P c03056e0e6e04c31982104a46f113040 [LEADER]: Connected to new peer: Peer: permanent_uuid: "dd23a5df6d064425b2590f33fdf85176" member_type: VOTER last_known_addr { host: "127.17.149.2" port: 35313 }, Status: LMP_MISMATCH, Last received: 0.0, Next index: 2, Last known committed idx: 1, Time since last communication: 0.000s
I20260709 14:52:44.838138 18772 raft_consensus.cc:1275] T be59bb04901340148eb0828f2f847807 P f30732dfd1d548c2ab7dfdf3d926b91c [term 2 FOLLOWER]: Refusing update from remote peer c03056e0e6e04c31982104a46f113040: Log matching property violated. Preceding OpId in replica: term: 1 index: 1. Preceding OpId from leader: term: 2 index: 2. (index mismatch)
I20260709 14:52:44.839313 18879 consensus_queue.cc:1048] T be59bb04901340148eb0828f2f847807 P c03056e0e6e04c31982104a46f113040 [LEADER]: Connected to new peer: Peer: permanent_uuid: "f30732dfd1d548c2ab7dfdf3d926b91c" member_type: VOTER last_known_addr { host: "127.17.149.3" port: 42877 }, Status: LMP_MISMATCH, Last received: 0.0, Next index: 2, Last known committed idx: 1, Time since last communication: 0.000s
I20260709 14:52:44.846493 18699 raft_consensus.cc:1275] T be59bb04901340148eb0828f2f847807 P dd23a5df6d064425b2590f33fdf85176 [term 2 FOLLOWER]: Refusing update from remote peer c03056e0e6e04c31982104a46f113040: Log matching property violated. Preceding OpId in replica: term: 1 index: 1. Preceding OpId from leader: term: 2 index: 2. (index mismatch)
I20260709 14:52:44.848120 18879 consensus_queue.cc:1048] T be59bb04901340148eb0828f2f847807 P c03056e0e6e04c31982104a46f113040 [LEADER]: Connected to new peer: Peer: permanent_uuid: "dd23a5df6d064425b2590f33fdf85176" member_type: VOTER last_known_addr { host: "127.17.149.2" port: 35313 }, Status: LMP_MISMATCH, Last received: 0.0, Next index: 2, Last known committed idx: 1, Time since last communication: 0.000s
I20260709 14:52:44.945936 18699 raft_consensus.cc:1275] T 0d178324d1a24c0da1e8a19e7393a0ae P dd23a5df6d064425b2590f33fdf85176 [term 2 FOLLOWER]: Refusing update from remote peer f30732dfd1d548c2ab7dfdf3d926b91c: Log matching property violated. Preceding OpId in replica: term: 1 index: 1. Preceding OpId from leader: term: 2 index: 2. (index mismatch)
I20260709 14:52:44.947005 18833 consensus_queue.cc:1048] T 0d178324d1a24c0da1e8a19e7393a0ae P f30732dfd1d548c2ab7dfdf3d926b91c [LEADER]: Connected to new peer: Peer: permanent_uuid: "dd23a5df6d064425b2590f33fdf85176" member_type: VOTER last_known_addr { host: "127.17.149.2" port: 35313 }, Status: LMP_MISMATCH, Last received: 0.0, Next index: 2, Last known committed idx: 1, Time since last communication: 0.000s
I20260709 14:52:44.954774 18623 raft_consensus.cc:1275] T 0d178324d1a24c0da1e8a19e7393a0ae P c03056e0e6e04c31982104a46f113040 [term 2 FOLLOWER]: Refusing update from remote peer f30732dfd1d548c2ab7dfdf3d926b91c: Log matching property violated. Preceding OpId in replica: term: 1 index: 1. Preceding OpId from leader: term: 2 index: 2. (index mismatch)
I20260709 14:52:44.956763 18834 consensus_queue.cc:1048] T 0d178324d1a24c0da1e8a19e7393a0ae P f30732dfd1d548c2ab7dfdf3d926b91c [LEADER]: Connected to new peer: Peer: permanent_uuid: "c03056e0e6e04c31982104a46f113040" member_type: VOTER last_known_addr { host: "127.17.149.1" port: 35189 }, Status: LMP_MISMATCH, Last received: 0.0, Next index: 2, Last known committed idx: 1, Time since last communication: 0.000s
I20260709 14:52:46.958237 18004 auto_leader_rebalancer-test.cc:410] The leader distribution is 
I20260709 14:52:46.959010 18004 auto_leader_rebalancer.cc:141] leader rebalance for table test-workload
I20260709 14:52:46.974442 18623 tablet_service.cc:2072] Received LeaderStepDown RPC: tablet_id: "be59bb04901340148eb0828f2f847807"
dest_uuid: "c03056e0e6e04c31982104a46f113040"
mode: GRACEFUL
new_leader_uuid: "f30732dfd1d548c2ab7dfdf3d926b91c"
 from {username='slave'} at 127.0.0.1:37714
I20260709 14:52:46.974869 18623 raft_consensus.cc:606] T be59bb04901340148eb0828f2f847807 P c03056e0e6e04c31982104a46f113040 [term 2 LEADER]: Received request to transfer leadership to TS f30732dfd1d548c2ab7dfdf3d926b91c
I20260709 14:52:46.976744 18623 tablet_service.cc:2072] Received LeaderStepDown RPC: tablet_id: "e8058794bca24cca90e86279f93487ab"
dest_uuid: "c03056e0e6e04c31982104a46f113040"
mode: GRACEFUL
new_leader_uuid: "f30732dfd1d548c2ab7dfdf3d926b91c"
 from {username='slave'} at 127.0.0.1:37714
I20260709 14:52:46.977131 18623 raft_consensus.cc:606] T e8058794bca24cca90e86279f93487ab P c03056e0e6e04c31982104a46f113040 [term 2 LEADER]: Received request to transfer leadership to TS f30732dfd1d548c2ab7dfdf3d926b91c
I20260709 14:52:46.977934 18004 auto_leader_rebalancer.cc:452] table: test-workload, leader rebalance finish, leader transfer count: 2
I20260709 14:52:46.978302 18004 auto_leader_rebalancer.cc:527] All tables' leader rebalancing finished this round
I20260709 14:52:47.247411 18909 raft_consensus.cc:993] T be59bb04901340148eb0828f2f847807 P c03056e0e6e04c31982104a46f113040: : Instructing follower f30732dfd1d548c2ab7dfdf3d926b91c to start an election
I20260709 14:52:47.247814 18906 raft_consensus.cc:1081] T be59bb04901340148eb0828f2f847807 P c03056e0e6e04c31982104a46f113040 [term 2 LEADER]: Signalling peer f30732dfd1d548c2ab7dfdf3d926b91c to start an election
I20260709 14:52:47.249120 18772 tablet_service.cc:2044] Received Run Leader Election RPC: tablet_id: "be59bb04901340148eb0828f2f847807"
dest_uuid: "f30732dfd1d548c2ab7dfdf3d926b91c"
 from {username='slave'} at 127.0.0.1:37544
I20260709 14:52:47.249559 18772 raft_consensus.cc:493] T be59bb04901340148eb0828f2f847807 P f30732dfd1d548c2ab7dfdf3d926b91c [term 2 FOLLOWER]: Starting forced leader election (received explicit request)
I20260709 14:52:47.249823 18772 raft_consensus.cc:3060] T be59bb04901340148eb0828f2f847807 P f30732dfd1d548c2ab7dfdf3d926b91c [term 2 FOLLOWER]: Advancing to term 3
I20260709 14:52:47.253923 18772 raft_consensus.cc:515] T be59bb04901340148eb0828f2f847807 P f30732dfd1d548c2ab7dfdf3d926b91c [term 3 FOLLOWER]: Starting forced leader election with config: opid_index: -1 OBSOLETE_local: false peers { permanent_uuid: "c03056e0e6e04c31982104a46f113040" member_type: VOTER last_known_addr { host: "127.17.149.1" port: 35189 } } peers { permanent_uuid: "dd23a5df6d064425b2590f33fdf85176" member_type: VOTER last_known_addr { host: "127.17.149.2" port: 35313 } } peers { permanent_uuid: "f30732dfd1d548c2ab7dfdf3d926b91c" member_type: VOTER last_known_addr { host: "127.17.149.3" port: 42877 } }
I20260709 14:52:47.255364 18772 leader_election.cc:290] T be59bb04901340148eb0828f2f847807 P f30732dfd1d548c2ab7dfdf3d926b91c [CANDIDATE]: Term 3 election: Requested vote from peers c03056e0e6e04c31982104a46f113040 (127.17.149.1:35189), dd23a5df6d064425b2590f33fdf85176 (127.17.149.2:35313)
I20260709 14:52:47.256129 18623 tablet_service.cc:1917] Received RequestConsensusVote() RPC: tablet_id: "be59bb04901340148eb0828f2f847807" candidate_uuid: "f30732dfd1d548c2ab7dfdf3d926b91c" candidate_term: 3 candidate_status { last_received { term: 2 index: 2 } } ignore_live_leader: true dest_uuid: "c03056e0e6e04c31982104a46f113040"
I20260709 14:52:47.256256 18699 tablet_service.cc:1917] Received RequestConsensusVote() RPC: tablet_id: "be59bb04901340148eb0828f2f847807" candidate_uuid: "f30732dfd1d548c2ab7dfdf3d926b91c" candidate_term: 3 candidate_status { last_received { term: 2 index: 2 } } ignore_live_leader: true dest_uuid: "dd23a5df6d064425b2590f33fdf85176"
I20260709 14:52:47.256719 18699 raft_consensus.cc:3060] T be59bb04901340148eb0828f2f847807 P dd23a5df6d064425b2590f33fdf85176 [term 2 FOLLOWER]: Advancing to term 3
I20260709 14:52:47.256705 18623 raft_consensus.cc:3055] T be59bb04901340148eb0828f2f847807 P c03056e0e6e04c31982104a46f113040 [term 2 LEADER]: Stepping down as leader of term 2
I20260709 14:52:47.257187 18623 raft_consensus.cc:740] T be59bb04901340148eb0828f2f847807 P c03056e0e6e04c31982104a46f113040 [term 2 LEADER]: Becoming Follower/Learner. State: Replica: c03056e0e6e04c31982104a46f113040, State: Running, Role: LEADER
I20260709 14:52:47.257975 18623 consensus_queue.cc:260] T be59bb04901340148eb0828f2f847807 P c03056e0e6e04c31982104a46f113040 [NON_LEADER]: Queue going to NON_LEADER mode. State: All replicated index: 0, Majority replicated index: 2, Committed index: 2, Last appended: 2.2, Last appended by leader: 2, Current term: 2, Majority size: -1, State: 0, Mode: NON_LEADER, active raft config: opid_index: -1 OBSOLETE_local: false peers { permanent_uuid: "c03056e0e6e04c31982104a46f113040" member_type: VOTER last_known_addr { host: "127.17.149.1" port: 35189 } } peers { permanent_uuid: "dd23a5df6d064425b2590f33fdf85176" member_type: VOTER last_known_addr { host: "127.17.149.2" port: 35313 } } peers { permanent_uuid: "f30732dfd1d548c2ab7dfdf3d926b91c" member_type: VOTER last_known_addr { host: "127.17.149.3" port: 42877 } }
I20260709 14:52:47.259124 18623 raft_consensus.cc:3060] T be59bb04901340148eb0828f2f847807 P c03056e0e6e04c31982104a46f113040 [term 2 FOLLOWER]: Advancing to term 3
I20260709 14:52:47.262480 18699 raft_consensus.cc:2468] T be59bb04901340148eb0828f2f847807 P dd23a5df6d064425b2590f33fdf85176 [term 3 FOLLOWER]: Leader election vote request: Granting yes vote for candidate f30732dfd1d548c2ab7dfdf3d926b91c in term 3.
I20260709 14:52:47.263535 18738 leader_election.cc:304] T be59bb04901340148eb0828f2f847807 P f30732dfd1d548c2ab7dfdf3d926b91c [CANDIDATE]: Term 3 election: Election decided. Result: candidate won. Election summary: received 2 responses out of 3 voters: 2 yes votes; 0 no votes. yes voters: dd23a5df6d064425b2590f33fdf85176, f30732dfd1d548c2ab7dfdf3d926b91c; no voters: 
I20260709 14:52:47.264155 18834 raft_consensus.cc:2804] T be59bb04901340148eb0828f2f847807 P f30732dfd1d548c2ab7dfdf3d926b91c [term 3 FOLLOWER]: Leader election won for term 3
I20260709 14:52:47.264899 18623 raft_consensus.cc:2468] T be59bb04901340148eb0828f2f847807 P c03056e0e6e04c31982104a46f113040 [term 3 FOLLOWER]: Leader election vote request: Granting yes vote for candidate f30732dfd1d548c2ab7dfdf3d926b91c in term 3.
I20260709 14:52:47.265089 18834 raft_consensus.cc:697] T be59bb04901340148eb0828f2f847807 P f30732dfd1d548c2ab7dfdf3d926b91c [term 3 LEADER]: Becoming Leader. State: Replica: f30732dfd1d548c2ab7dfdf3d926b91c, State: Running, Role: LEADER
I20260709 14:52:47.265900 18834 consensus_queue.cc:237] T be59bb04901340148eb0828f2f847807 P f30732dfd1d548c2ab7dfdf3d926b91c [LEADER]: Queue going to LEADER mode. State: All replicated index: 0, Majority replicated index: 2, Committed index: 2, Last appended: 2.2, Last appended by leader: 2, Current term: 3, Majority size: 2, State: 0, Mode: LEADER, active raft config: opid_index: -1 OBSOLETE_local: false peers { permanent_uuid: "c03056e0e6e04c31982104a46f113040" member_type: VOTER last_known_addr { host: "127.17.149.1" port: 35189 } } peers { permanent_uuid: "dd23a5df6d064425b2590f33fdf85176" member_type: VOTER last_known_addr { host: "127.17.149.2" port: 35313 } } peers { permanent_uuid: "f30732dfd1d548c2ab7dfdf3d926b91c" member_type: VOTER last_known_addr { host: "127.17.149.3" port: 42877 } }
I20260709 14:52:47.272217 18522 catalog_manager.cc:5697] T be59bb04901340148eb0828f2f847807 P f30732dfd1d548c2ab7dfdf3d926b91c reported cstate change: term changed from 2 to 3, leader changed from c03056e0e6e04c31982104a46f113040 (127.17.149.1) to f30732dfd1d548c2ab7dfdf3d926b91c (127.17.149.3). New cstate: current_term: 3 leader_uuid: "f30732dfd1d548c2ab7dfdf3d926b91c" committed_config { opid_index: -1 OBSOLETE_local: false peers { permanent_uuid: "c03056e0e6e04c31982104a46f113040" member_type: VOTER last_known_addr { host: "127.17.149.1" port: 35189 } health_report { overall_health: UNKNOWN } } peers { permanent_uuid: "dd23a5df6d064425b2590f33fdf85176" member_type: VOTER last_known_addr { host: "127.17.149.2" port: 35313 } health_report { overall_health: UNKNOWN } } peers { permanent_uuid: "f30732dfd1d548c2ab7dfdf3d926b91c" member_type: VOTER last_known_addr { host: "127.17.149.3" port: 42877 } health_report { overall_health: HEALTHY } } }
I20260709 14:52:47.391363 18909 raft_consensus.cc:993] T e8058794bca24cca90e86279f93487ab P c03056e0e6e04c31982104a46f113040: : Instructing follower f30732dfd1d548c2ab7dfdf3d926b91c to start an election
I20260709 14:52:47.391746 18906 raft_consensus.cc:1081] T e8058794bca24cca90e86279f93487ab P c03056e0e6e04c31982104a46f113040 [term 2 LEADER]: Signalling peer f30732dfd1d548c2ab7dfdf3d926b91c to start an election
I20260709 14:52:47.392975 18772 tablet_service.cc:2044] Received Run Leader Election RPC: tablet_id: "e8058794bca24cca90e86279f93487ab"
dest_uuid: "f30732dfd1d548c2ab7dfdf3d926b91c"
 from {username='slave'} at 127.0.0.1:37544
I20260709 14:52:47.393419 18772 raft_consensus.cc:493] T e8058794bca24cca90e86279f93487ab P f30732dfd1d548c2ab7dfdf3d926b91c [term 2 FOLLOWER]: Starting forced leader election (received explicit request)
I20260709 14:52:47.393676 18772 raft_consensus.cc:3060] T e8058794bca24cca90e86279f93487ab P f30732dfd1d548c2ab7dfdf3d926b91c [term 2 FOLLOWER]: Advancing to term 3
I20260709 14:52:47.397768 18772 raft_consensus.cc:515] T e8058794bca24cca90e86279f93487ab P f30732dfd1d548c2ab7dfdf3d926b91c [term 3 FOLLOWER]: Starting forced leader election with config: opid_index: -1 OBSOLETE_local: false peers { permanent_uuid: "f30732dfd1d548c2ab7dfdf3d926b91c" member_type: VOTER last_known_addr { host: "127.17.149.3" port: 42877 } } peers { permanent_uuid: "c03056e0e6e04c31982104a46f113040" member_type: VOTER last_known_addr { host: "127.17.149.1" port: 35189 } } peers { permanent_uuid: "dd23a5df6d064425b2590f33fdf85176" member_type: VOTER last_known_addr { host: "127.17.149.2" port: 35313 } }
I20260709 14:52:47.399338 18772 leader_election.cc:290] T e8058794bca24cca90e86279f93487ab P f30732dfd1d548c2ab7dfdf3d926b91c [CANDIDATE]: Term 3 election: Requested vote from peers c03056e0e6e04c31982104a46f113040 (127.17.149.1:35189), dd23a5df6d064425b2590f33fdf85176 (127.17.149.2:35313)
I20260709 14:52:47.399986 18623 tablet_service.cc:1917] Received RequestConsensusVote() RPC: tablet_id: "e8058794bca24cca90e86279f93487ab" candidate_uuid: "f30732dfd1d548c2ab7dfdf3d926b91c" candidate_term: 3 candidate_status { last_received { term: 2 index: 2 } } ignore_live_leader: true dest_uuid: "c03056e0e6e04c31982104a46f113040"
I20260709 14:52:47.400262 18699 tablet_service.cc:1917] Received RequestConsensusVote() RPC: tablet_id: "e8058794bca24cca90e86279f93487ab" candidate_uuid: "f30732dfd1d548c2ab7dfdf3d926b91c" candidate_term: 3 candidate_status { last_received { term: 2 index: 2 } } ignore_live_leader: true dest_uuid: "dd23a5df6d064425b2590f33fdf85176"
I20260709 14:52:47.400480 18623 raft_consensus.cc:3055] T e8058794bca24cca90e86279f93487ab P c03056e0e6e04c31982104a46f113040 [term 2 LEADER]: Stepping down as leader of term 2
I20260709 14:52:47.400710 18699 raft_consensus.cc:3060] T e8058794bca24cca90e86279f93487ab P dd23a5df6d064425b2590f33fdf85176 [term 2 FOLLOWER]: Advancing to term 3
I20260709 14:52:47.400774 18623 raft_consensus.cc:740] T e8058794bca24cca90e86279f93487ab P c03056e0e6e04c31982104a46f113040 [term 2 LEADER]: Becoming Follower/Learner. State: Replica: c03056e0e6e04c31982104a46f113040, State: Running, Role: LEADER
I20260709 14:52:47.401479 18623 consensus_queue.cc:260] T e8058794bca24cca90e86279f93487ab P c03056e0e6e04c31982104a46f113040 [NON_LEADER]: Queue going to NON_LEADER mode. State: All replicated index: 0, Majority replicated index: 2, Committed index: 2, Last appended: 2.2, Last appended by leader: 2, Current term: 2, Majority size: -1, State: 0, Mode: NON_LEADER, active raft config: opid_index: -1 OBSOLETE_local: false peers { permanent_uuid: "f30732dfd1d548c2ab7dfdf3d926b91c" member_type: VOTER last_known_addr { host: "127.17.149.3" port: 42877 } } peers { permanent_uuid: "c03056e0e6e04c31982104a46f113040" member_type: VOTER last_known_addr { host: "127.17.149.1" port: 35189 } } peers { permanent_uuid: "dd23a5df6d064425b2590f33fdf85176" member_type: VOTER last_known_addr { host: "127.17.149.2" port: 35313 } }
I20260709 14:52:47.402292 18623 raft_consensus.cc:3060] T e8058794bca24cca90e86279f93487ab P c03056e0e6e04c31982104a46f113040 [term 2 FOLLOWER]: Advancing to term 3
I20260709 14:52:47.404440 18699 raft_consensus.cc:2468] T e8058794bca24cca90e86279f93487ab P dd23a5df6d064425b2590f33fdf85176 [term 3 FOLLOWER]: Leader election vote request: Granting yes vote for candidate f30732dfd1d548c2ab7dfdf3d926b91c in term 3.
I20260709 14:52:47.405195 18738 leader_election.cc:304] T e8058794bca24cca90e86279f93487ab P f30732dfd1d548c2ab7dfdf3d926b91c [CANDIDATE]: Term 3 election: Election decided. Result: candidate won. Election summary: received 2 responses out of 3 voters: 2 yes votes; 0 no votes. yes voters: dd23a5df6d064425b2590f33fdf85176, f30732dfd1d548c2ab7dfdf3d926b91c; no voters: 
I20260709 14:52:47.405829 18834 raft_consensus.cc:2804] T e8058794bca24cca90e86279f93487ab P f30732dfd1d548c2ab7dfdf3d926b91c [term 3 FOLLOWER]: Leader election won for term 3
I20260709 14:52:47.406272 18834 raft_consensus.cc:697] T e8058794bca24cca90e86279f93487ab P f30732dfd1d548c2ab7dfdf3d926b91c [term 3 LEADER]: Becoming Leader. State: Replica: f30732dfd1d548c2ab7dfdf3d926b91c, State: Running, Role: LEADER
I20260709 14:52:47.407045 18623 raft_consensus.cc:2468] T e8058794bca24cca90e86279f93487ab P c03056e0e6e04c31982104a46f113040 [term 3 FOLLOWER]: Leader election vote request: Granting yes vote for candidate f30732dfd1d548c2ab7dfdf3d926b91c in term 3.
I20260709 14:52:47.407043 18834 consensus_queue.cc:237] T e8058794bca24cca90e86279f93487ab P f30732dfd1d548c2ab7dfdf3d926b91c [LEADER]: Queue going to LEADER mode. State: All replicated index: 0, Majority replicated index: 2, Committed index: 2, Last appended: 2.2, Last appended by leader: 2, Current term: 3, Majority size: 2, State: 0, Mode: LEADER, active raft config: opid_index: -1 OBSOLETE_local: false peers { permanent_uuid: "f30732dfd1d548c2ab7dfdf3d926b91c" member_type: VOTER last_known_addr { host: "127.17.149.3" port: 42877 } } peers { permanent_uuid: "c03056e0e6e04c31982104a46f113040" member_type: VOTER last_known_addr { host: "127.17.149.1" port: 35189 } } peers { permanent_uuid: "dd23a5df6d064425b2590f33fdf85176" member_type: VOTER last_known_addr { host: "127.17.149.2" port: 35313 } }
I20260709 14:52:47.413607 18522 catalog_manager.cc:5697] T e8058794bca24cca90e86279f93487ab P f30732dfd1d548c2ab7dfdf3d926b91c reported cstate change: term changed from 2 to 3, leader changed from c03056e0e6e04c31982104a46f113040 (127.17.149.1) to f30732dfd1d548c2ab7dfdf3d926b91c (127.17.149.3). New cstate: current_term: 3 leader_uuid: "f30732dfd1d548c2ab7dfdf3d926b91c" committed_config { opid_index: -1 OBSOLETE_local: false peers { permanent_uuid: "f30732dfd1d548c2ab7dfdf3d926b91c" member_type: VOTER last_known_addr { host: "127.17.149.3" port: 42877 } health_report { overall_health: HEALTHY } } peers { permanent_uuid: "c03056e0e6e04c31982104a46f113040" member_type: VOTER last_known_addr { host: "127.17.149.1" port: 35189 } health_report { overall_health: UNKNOWN } } peers { permanent_uuid: "dd23a5df6d064425b2590f33fdf85176" member_type: VOTER last_known_addr { host: "127.17.149.2" port: 35313 } health_report { overall_health: UNKNOWN } } }
I20260709 14:52:47.661531 18699 raft_consensus.cc:1275] T be59bb04901340148eb0828f2f847807 P dd23a5df6d064425b2590f33fdf85176 [term 3 FOLLOWER]: Refusing update from remote peer f30732dfd1d548c2ab7dfdf3d926b91c: Log matching property violated. Preceding OpId in replica: term: 2 index: 2. Preceding OpId from leader: term: 3 index: 3. (index mismatch)
I20260709 14:52:47.662648 18834 consensus_queue.cc:1048] T be59bb04901340148eb0828f2f847807 P f30732dfd1d548c2ab7dfdf3d926b91c [LEADER]: Connected to new peer: Peer: permanent_uuid: "dd23a5df6d064425b2590f33fdf85176" member_type: VOTER last_known_addr { host: "127.17.149.2" port: 35313 }, Status: LMP_MISMATCH, Last received: 0.0, Next index: 3, Last known committed idx: 2, Time since last communication: 0.000s
I20260709 14:52:47.671146 18623 raft_consensus.cc:1275] T be59bb04901340148eb0828f2f847807 P c03056e0e6e04c31982104a46f113040 [term 3 FOLLOWER]: Refusing update from remote peer f30732dfd1d548c2ab7dfdf3d926b91c: Log matching property violated. Preceding OpId in replica: term: 2 index: 2. Preceding OpId from leader: term: 3 index: 3. (index mismatch)
I20260709 14:52:47.672814 18910 consensus_queue.cc:1048] T be59bb04901340148eb0828f2f847807 P f30732dfd1d548c2ab7dfdf3d926b91c [LEADER]: Connected to new peer: Peer: permanent_uuid: "c03056e0e6e04c31982104a46f113040" member_type: VOTER last_known_addr { host: "127.17.149.1" port: 35189 }, Status: LMP_MISMATCH, Last received: 0.0, Next index: 3, Last known committed idx: 2, Time since last communication: 0.000s
I20260709 14:52:47.978915 18004 auto_leader_rebalancer.cc:141] leader rebalance for table test-workload
I20260709 14:52:47.988315 18772 tablet_service.cc:2072] Received LeaderStepDown RPC: tablet_id: "e8058794bca24cca90e86279f93487ab"
dest_uuid: "f30732dfd1d548c2ab7dfdf3d926b91c"
mode: GRACEFUL
new_leader_uuid: "c03056e0e6e04c31982104a46f113040"
 from {username='slave'} at 127.0.0.1:37558
I20260709 14:52:47.988792 18772 raft_consensus.cc:606] T e8058794bca24cca90e86279f93487ab P f30732dfd1d548c2ab7dfdf3d926b91c [term 3 LEADER]: Received request to transfer leadership to TS c03056e0e6e04c31982104a46f113040
I20260709 14:52:47.992848 18772 tablet_service.cc:2072] Received LeaderStepDown RPC: tablet_id: "be59bb04901340148eb0828f2f847807"
dest_uuid: "f30732dfd1d548c2ab7dfdf3d926b91c"
mode: GRACEFUL
new_leader_uuid: "c03056e0e6e04c31982104a46f113040"
 from {username='slave'} at 127.0.0.1:37558
I20260709 14:52:47.993256 18772 raft_consensus.cc:606] T be59bb04901340148eb0828f2f847807 P f30732dfd1d548c2ab7dfdf3d926b91c [term 3 LEADER]: Received request to transfer leadership to TS c03056e0e6e04c31982104a46f113040
I20260709 14:52:48.004642 18623 raft_consensus.cc:1275] T e8058794bca24cca90e86279f93487ab P c03056e0e6e04c31982104a46f113040 [term 3 FOLLOWER]: Refusing update from remote peer f30732dfd1d548c2ab7dfdf3d926b91c: Log matching property violated. Preceding OpId in replica: term: 2 index: 2. Preceding OpId from leader: term: 3 index: 3. (index mismatch)
I20260709 14:52:48.005847 18919 consensus_queue.cc:1048] T e8058794bca24cca90e86279f93487ab P f30732dfd1d548c2ab7dfdf3d926b91c [LEADER]: Connected to new peer: Peer: permanent_uuid: "c03056e0e6e04c31982104a46f113040" member_type: VOTER last_known_addr { host: "127.17.149.1" port: 35189 }, Status: LMP_MISMATCH, Last received: 0.0, Next index: 3, Last known committed idx: 2, Time since last communication: 0.000s
I20260709 14:52:48.011497 18834 raft_consensus.cc:993] T e8058794bca24cca90e86279f93487ab P f30732dfd1d548c2ab7dfdf3d926b91c: : Instructing follower c03056e0e6e04c31982104a46f113040 to start an election
I20260709 14:52:48.011934 18910 raft_consensus.cc:1081] T e8058794bca24cca90e86279f93487ab P f30732dfd1d548c2ab7dfdf3d926b91c [term 3 LEADER]: Signalling peer c03056e0e6e04c31982104a46f113040 to start an election
I20260709 14:52:48.013471 18624 tablet_service.cc:2044] Received Run Leader Election RPC: tablet_id: "e8058794bca24cca90e86279f93487ab"
dest_uuid: "c03056e0e6e04c31982104a46f113040"
 from {username='slave'} at 127.0.0.1:49442
I20260709 14:52:48.014658 18624 raft_consensus.cc:493] T e8058794bca24cca90e86279f93487ab P c03056e0e6e04c31982104a46f113040 [term 3 FOLLOWER]: Starting forced leader election (received explicit request)
I20260709 14:52:48.014729 18698 raft_consensus.cc:1275] T e8058794bca24cca90e86279f93487ab P dd23a5df6d064425b2590f33fdf85176 [term 3 FOLLOWER]: Refusing update from remote peer f30732dfd1d548c2ab7dfdf3d926b91c: Log matching property violated. Preceding OpId in replica: term: 2 index: 2. Preceding OpId from leader: term: 3 index: 3. (index mismatch)
I20260709 14:52:48.014998 18624 raft_consensus.cc:3060] T e8058794bca24cca90e86279f93487ab P c03056e0e6e04c31982104a46f113040 [term 3 FOLLOWER]: Advancing to term 4
I20260709 14:52:48.016165 18910 consensus_queue.cc:1048] T e8058794bca24cca90e86279f93487ab P f30732dfd1d548c2ab7dfdf3d926b91c [LEADER]: Connected to new peer: Peer: permanent_uuid: "dd23a5df6d064425b2590f33fdf85176" member_type: VOTER last_known_addr { host: "127.17.149.2" port: 35313 }, Status: LMP_MISMATCH, Last received: 0.0, Next index: 3, Last known committed idx: 2, Time since last communication: 0.000s
I20260709 14:52:48.018333 18699 tablet_service.cc:2072] Received LeaderStepDown RPC: tablet_id: "ebae215b29534c04af169986471c716b"
dest_uuid: "dd23a5df6d064425b2590f33fdf85176"
mode: GRACEFUL
new_leader_uuid: "c03056e0e6e04c31982104a46f113040"
 from {username='slave'} at 127.0.0.1:51176
I20260709 14:52:48.018807 18699 raft_consensus.cc:606] T ebae215b29534c04af169986471c716b P dd23a5df6d064425b2590f33fdf85176 [term 2 LEADER]: Received request to transfer leadership to TS c03056e0e6e04c31982104a46f113040
I20260709 14:52:48.024734 18699 tablet_service.cc:2072] Received LeaderStepDown RPC: tablet_id: "f84f9b0ab4d34bf9831d5999c8fc3852"
dest_uuid: "dd23a5df6d064425b2590f33fdf85176"
mode: GRACEFUL
new_leader_uuid: "c03056e0e6e04c31982104a46f113040"
 from {username='slave'} at 127.0.0.1:51176
I20260709 14:52:48.025122 18699 raft_consensus.cc:606] T f84f9b0ab4d34bf9831d5999c8fc3852 P dd23a5df6d064425b2590f33fdf85176 [term 2 LEADER]: Received request to transfer leadership to TS c03056e0e6e04c31982104a46f113040
I20260709 14:52:48.028178 18624 raft_consensus.cc:515] T e8058794bca24cca90e86279f93487ab P c03056e0e6e04c31982104a46f113040 [term 4 FOLLOWER]: Starting forced leader election with config: opid_index: -1 OBSOLETE_local: false peers { permanent_uuid: "f30732dfd1d548c2ab7dfdf3d926b91c" member_type: VOTER last_known_addr { host: "127.17.149.3" port: 42877 } } peers { permanent_uuid: "c03056e0e6e04c31982104a46f113040" member_type: VOTER last_known_addr { host: "127.17.149.1" port: 35189 } } peers { permanent_uuid: "dd23a5df6d064425b2590f33fdf85176" member_type: VOTER last_known_addr { host: "127.17.149.2" port: 35313 } }
I20260709 14:52:48.030140 18624 leader_election.cc:290] T e8058794bca24cca90e86279f93487ab P c03056e0e6e04c31982104a46f113040 [CANDIDATE]: Term 4 election: Requested vote from peers f30732dfd1d548c2ab7dfdf3d926b91c (127.17.149.3:42877), dd23a5df6d064425b2590f33fdf85176 (127.17.149.2:35313)
I20260709 14:52:48.031236 18773 tablet_service.cc:1917] Received RequestConsensusVote() RPC: tablet_id: "e8058794bca24cca90e86279f93487ab" candidate_uuid: "c03056e0e6e04c31982104a46f113040" candidate_term: 4 candidate_status { last_received { term: 3 index: 3 } } ignore_live_leader: true dest_uuid: "f30732dfd1d548c2ab7dfdf3d926b91c"
I20260709 14:52:48.031518 18698 tablet_service.cc:1917] Received RequestConsensusVote() RPC: tablet_id: "e8058794bca24cca90e86279f93487ab" candidate_uuid: "c03056e0e6e04c31982104a46f113040" candidate_term: 4 candidate_status { last_received { term: 3 index: 3 } } ignore_live_leader: true dest_uuid: "dd23a5df6d064425b2590f33fdf85176"
I20260709 14:52:48.031750 18773 raft_consensus.cc:3055] T e8058794bca24cca90e86279f93487ab P f30732dfd1d548c2ab7dfdf3d926b91c [term 3 LEADER]: Stepping down as leader of term 3
I20260709 14:52:48.031987 18698 raft_consensus.cc:3060] T e8058794bca24cca90e86279f93487ab P dd23a5df6d064425b2590f33fdf85176 [term 3 FOLLOWER]: Advancing to term 4
I20260709 14:52:48.032270 18699 tablet_service.cc:2072] Received LeaderStepDown RPC: tablet_id: "304fb3ee8b154fb094111faf3cfbe10e"
dest_uuid: "dd23a5df6d064425b2590f33fdf85176"
mode: GRACEFUL
new_leader_uuid: "c03056e0e6e04c31982104a46f113040"
 from {username='slave'} at 127.0.0.1:51176
I20260709 14:52:48.032757 18699 raft_consensus.cc:606] T 304fb3ee8b154fb094111faf3cfbe10e P dd23a5df6d064425b2590f33fdf85176 [term 2 LEADER]: Received request to transfer leadership to TS c03056e0e6e04c31982104a46f113040
I20260709 14:52:48.032089 18773 raft_consensus.cc:740] T e8058794bca24cca90e86279f93487ab P f30732dfd1d548c2ab7dfdf3d926b91c [term 3 LEADER]: Becoming Follower/Learner. State: Replica: f30732dfd1d548c2ab7dfdf3d926b91c, State: Running, Role: LEADER
I20260709 14:52:48.037148 18773 consensus_queue.cc:260] T e8058794bca24cca90e86279f93487ab P f30732dfd1d548c2ab7dfdf3d926b91c [NON_LEADER]: Queue going to NON_LEADER mode. State: All replicated index: 0, Majority replicated index: 3, Committed index: 3, Last appended: 3.3, Last appended by leader: 3, Current term: 3, Majority size: -1, State: 0, Mode: NON_LEADER, active raft config: opid_index: -1 OBSOLETE_local: false peers { permanent_uuid: "f30732dfd1d548c2ab7dfdf3d926b91c" member_type: VOTER last_known_addr { host: "127.17.149.3" port: 42877 } } peers { permanent_uuid: "c03056e0e6e04c31982104a46f113040" member_type: VOTER last_known_addr { host: "127.17.149.1" port: 35189 } } peers { permanent_uuid: "dd23a5df6d064425b2590f33fdf85176" member_type: VOTER last_known_addr { host: "127.17.149.2" port: 35313 } }
I20260709 14:52:48.039700 18773 raft_consensus.cc:3060] T e8058794bca24cca90e86279f93487ab P f30732dfd1d548c2ab7dfdf3d926b91c [term 3 FOLLOWER]: Advancing to term 4
I20260709 14:52:48.043699 18698 raft_consensus.cc:2468] T e8058794bca24cca90e86279f93487ab P dd23a5df6d064425b2590f33fdf85176 [term 4 FOLLOWER]: Leader election vote request: Granting yes vote for candidate c03056e0e6e04c31982104a46f113040 in term 4.
I20260709 14:52:48.043849 18773 raft_consensus.cc:2468] T e8058794bca24cca90e86279f93487ab P f30732dfd1d548c2ab7dfdf3d926b91c [term 4 FOLLOWER]: Leader election vote request: Granting yes vote for candidate c03056e0e6e04c31982104a46f113040 in term 4.
I20260709 14:52:48.044688 18589 leader_election.cc:304] T e8058794bca24cca90e86279f93487ab P c03056e0e6e04c31982104a46f113040 [CANDIDATE]: Term 4 election: Election decided. Result: candidate won. Election summary: received 2 responses out of 3 voters: 2 yes votes; 0 no votes. yes voters: c03056e0e6e04c31982104a46f113040, dd23a5df6d064425b2590f33fdf85176; no voters: 
I20260709 14:52:48.045367 18906 raft_consensus.cc:2804] T e8058794bca24cca90e86279f93487ab P c03056e0e6e04c31982104a46f113040 [term 4 FOLLOWER]: Leader election won for term 4
I20260709 14:52:48.046267 18906 raft_consensus.cc:697] T e8058794bca24cca90e86279f93487ab P c03056e0e6e04c31982104a46f113040 [term 4 LEADER]: Becoming Leader. State: Replica: c03056e0e6e04c31982104a46f113040, State: Running, Role: LEADER
I20260709 14:52:48.046873 18906 consensus_queue.cc:237] T e8058794bca24cca90e86279f93487ab P c03056e0e6e04c31982104a46f113040 [LEADER]: Queue going to LEADER mode. State: All replicated index: 0, Majority replicated index: 3, Committed index: 3, Last appended: 3.3, Last appended by leader: 3, Current term: 4, Majority size: 2, State: 0, Mode: LEADER, active raft config: opid_index: -1 OBSOLETE_local: false peers { permanent_uuid: "f30732dfd1d548c2ab7dfdf3d926b91c" member_type: VOTER last_known_addr { host: "127.17.149.3" port: 42877 } } peers { permanent_uuid: "c03056e0e6e04c31982104a46f113040" member_type: VOTER last_known_addr { host: "127.17.149.1" port: 35189 } } peers { permanent_uuid: "dd23a5df6d064425b2590f33fdf85176" member_type: VOTER last_known_addr { host: "127.17.149.2" port: 35313 } }
