I20260709 14:45:33.432986  1737 tablet_bootstrap.cc:492] T 9d134835ac524fc3b02de80842a9d521 P a9cac5cee30d424d8862c40907ee277b: No bootstrap required, opened a new log
I20260709 14:45:33.447170  1737 ts_tablet_manager.cc:1403] T 9d134835ac524fc3b02de80842a9d521 P a9cac5cee30d424d8862c40907ee277b: Time spent bootstrapping tablet: real 0.114s	user 0.019s	sys 0.003s
I20260709 14:45:33.447846  1605 tablet_service.cc:1511] Processing CreateTablet for tablet c173c5f4216f48aca614d3042c6adba0 (DEFAULT_TABLE table=test-workload [id=760bc25d5fad4fb79b6aec33d430ffa5]), partition=RANGE (key) PARTITION 1164736864 <= VALUES < 1201134891
I20260709 14:45:33.449023  1605 data_dirs.cc:400] Could only allocate 1 dirs of requested 3 for tablet c173c5f4216f48aca614d3042c6adba0. 1 dirs total, 0 dirs full, 0 dirs failed
I20260709 14:45:33.456380  1745 raft_consensus.cc:493] T 674a5d38339e4aad905a6ec26c326d59 P a9cac5cee30d424d8862c40907ee277b [term 0 FOLLOWER]: Starting pre-election (no leader contacted us within the election timeout)
I20260709 14:45:33.456873  1745 raft_consensus.cc:515] T 674a5d38339e4aad905a6ec26c326d59 P a9cac5cee30d424d8862c40907ee277b [term 0 FOLLOWER]: Starting pre-election with config: opid_index: -1 OBSOLETE_local: false peers { permanent_uuid: "b5ff040e198940758719bb038eb3ef40" member_type: VOTER last_known_addr { host: "127.0.107.193" port: 45657 } } peers { permanent_uuid: "a9cac5cee30d424d8862c40907ee277b" member_type: VOTER last_known_addr { host: "127.0.107.194" port: 33057 } } peers { permanent_uuid: "2c8e4530de214fe7b932a282ea81468c" member_type: VOTER last_known_addr { host: "127.0.107.195" port: 38473 } }
I20260709 14:45:33.458379  1546 tablet_service.cc:1917] Received RequestConsensusVote() RPC: tablet_id: "e9c73c1745044e868746d5d0e32f4ea8" candidate_uuid: "2c8e4530de214fe7b932a282ea81468c" candidate_term: 1 candidate_status { last_received { term: 0 index: 0 } } ignore_live_leader: false dest_uuid: "b5ff040e198940758719bb038eb3ef40" is_pre_election: true
I20260709 14:45:33.459272  1684 tablet_service.cc:1511] Processing CreateTablet for tablet c173c5f4216f48aca614d3042c6adba0 (DEFAULT_TABLE table=test-workload [id=760bc25d5fad4fb79b6aec33d430ffa5]), partition=RANGE (key) PARTITION 1164736864 <= VALUES < 1201134891
I20260709 14:45:33.460193  1744 leader_election.cc:290] T e9c73c1745044e868746d5d0e32f4ea8 P 2c8e4530de214fe7b932a282ea81468c [CANDIDATE]: Term 1 pre-election: Requested pre-vote from peers b5ff040e198940758719bb038eb3ef40 (127.0.107.193:45657), a9cac5cee30d424d8862c40907ee277b (127.0.107.194:33057)
I20260709 14:45:33.460842  1745 leader_election.cc:290] T 674a5d38339e4aad905a6ec26c326d59 P a9cac5cee30d424d8862c40907ee277b [CANDIDATE]: Term 1 pre-election: Requested pre-vote from peers b5ff040e198940758719bb038eb3ef40 (127.0.107.193:45657), 2c8e4530de214fe7b932a282ea81468c (127.0.107.195:38473)
I20260709 14:45:33.462193  1737 raft_consensus.cc:359] T 9d134835ac524fc3b02de80842a9d521 P a9cac5cee30d424d8862c40907ee277b [term 0 FOLLOWER]: Replica starting. Triggering 0 pending ops. Active config: opid_index: -1 OBSOLETE_local: false peers { permanent_uuid: "b5ff040e198940758719bb038eb3ef40" member_type: VOTER last_known_addr { host: "127.0.107.193" port: 45657 } } peers { permanent_uuid: "a9cac5cee30d424d8862c40907ee277b" member_type: VOTER last_known_addr { host: "127.0.107.194" port: 33057 } } peers { permanent_uuid: "2c8e4530de214fe7b932a282ea81468c" member_type: VOTER last_known_addr { host: "127.0.107.195" port: 38473 } }
I20260709 14:45:33.462930  1737 raft_consensus.cc:385] T 9d134835ac524fc3b02de80842a9d521 P a9cac5cee30d424d8862c40907ee277b [term 0 FOLLOWER]: Consensus starting up: Expiring failure detector timer to make a prompt election more likely
I20260709 14:45:33.463321  1737 raft_consensus.cc:740] T 9d134835ac524fc3b02de80842a9d521 P a9cac5cee30d424d8862c40907ee277b [term 0 FOLLOWER]: Becoming Follower/Learner. State: Replica: a9cac5cee30d424d8862c40907ee277b, State: Initialized, Role: FOLLOWER
I20260709 14:45:33.464049  1737 consensus_queue.cc:260] T 9d134835ac524fc3b02de80842a9d521 P a9cac5cee30d424d8862c40907ee277b [NON_LEADER]: Queue going to NON_LEADER mode. State: All replicated index: 0, Majority replicated index: 0, Committed index: 0, Last appended: 0.0, Last appended by leader: 0, Current term: 0, Majority size: -1, State: 0, Mode: NON_LEADER, active raft config: opid_index: -1 OBSOLETE_local: false peers { permanent_uuid: "b5ff040e198940758719bb038eb3ef40" member_type: VOTER last_known_addr { host: "127.0.107.193" port: 45657 } } peers { permanent_uuid: "a9cac5cee30d424d8862c40907ee277b" member_type: VOTER last_known_addr { host: "127.0.107.194" port: 33057 } } peers { permanent_uuid: "2c8e4530de214fe7b932a282ea81468c" member_type: VOTER last_known_addr { host: "127.0.107.195" port: 38473 } }
I20260709 14:45:33.468155  1621 tablet_service.cc:1917] Received RequestConsensusVote() RPC: tablet_id: "e9c73c1745044e868746d5d0e32f4ea8" candidate_uuid: "2c8e4530de214fe7b932a282ea81468c" candidate_term: 1 candidate_status { last_received { term: 0 index: 0 } } ignore_live_leader: false dest_uuid: "a9cac5cee30d424d8862c40907ee277b" is_pre_election: true
W20260709 14:45:33.473287  1658 leader_election.cc:343] T e9c73c1745044e868746d5d0e32f4ea8 P 2c8e4530de214fe7b932a282ea81468c [CANDIDATE]: Term 1 pre-election: Tablet error from VoteRequest() call to peer a9cac5cee30d424d8862c40907ee277b (127.0.107.194:33057): Illegal state: must be running to vote when last-logged opid is not known
W20260709 14:45:33.473997  1658 leader_election.cc:343] T e9c73c1745044e868746d5d0e32f4ea8 P 2c8e4530de214fe7b932a282ea81468c [CANDIDATE]: Term 1 pre-election: Tablet error from VoteRequest() call to peer b5ff040e198940758719bb038eb3ef40 (127.0.107.193:45657): Illegal state: must be running to vote when last-logged opid is not known
I20260709 14:45:33.473969  1528 tablet_service.cc:1511] Processing CreateTablet for tablet a0096ba578a9402982296d002b0cac54 (DEFAULT_TABLE table=test-workload [id=760bc25d5fad4fb79b6aec33d430ffa5]), partition=RANGE (key) PARTITION 1201134891 <= VALUES < 1237532918
I20260709 14:45:33.474669  1658 leader_election.cc:304] T e9c73c1745044e868746d5d0e32f4ea8 P 2c8e4530de214fe7b932a282ea81468c [CANDIDATE]: Term 1 pre-election: Election decided. Result: candidate lost. Election summary: received 3 responses out of 3 voters: 1 yes votes; 2 no votes. yes voters: 2c8e4530de214fe7b932a282ea81468c; no voters: a9cac5cee30d424d8862c40907ee277b, b5ff040e198940758719bb038eb3ef40
I20260709 14:45:33.475288  1528 data_dirs.cc:400] Could only allocate 1 dirs of requested 3 for tablet a0096ba578a9402982296d002b0cac54. 1 dirs total, 0 dirs full, 0 dirs failed
I20260709 14:45:33.475834  1744 raft_consensus.cc:2749] T e9c73c1745044e868746d5d0e32f4ea8 P 2c8e4530de214fe7b932a282ea81468c [term 0 FOLLOWER]: Leader pre-election lost for term 1. Reason: could not achieve majority
I20260709 14:45:33.475948  1609 tablet_service.cc:1511] Processing CreateTablet for tablet a0096ba578a9402982296d002b0cac54 (DEFAULT_TABLE table=test-workload [id=760bc25d5fad4fb79b6aec33d430ffa5]), partition=RANGE (key) PARTITION 1201134891 <= VALUES < 1237532918
I20260709 14:45:33.478055  1609 data_dirs.cc:400] Could only allocate 1 dirs of requested 3 for tablet a0096ba578a9402982296d002b0cac54. 1 dirs total, 0 dirs full, 0 dirs failed
I20260709 14:45:33.445325  1681 data_dirs.cc:400] Could only allocate 1 dirs of requested 3 for tablet cd4e4c3e09d64be69801987a3da35f67. 1 dirs total, 0 dirs full, 0 dirs failed
I20260709 14:45:33.488086  1679 tablet_service.cc:1511] Processing CreateTablet for tablet a0096ba578a9402982296d002b0cac54 (DEFAULT_TABLE table=test-workload [id=760bc25d5fad4fb79b6aec33d430ffa5]), partition=RANGE (key) PARTITION 1201134891 <= VALUES < 1237532918
I20260709 14:45:33.489530  1684 data_dirs.cc:400] Could only allocate 1 dirs of requested 3 for tablet c173c5f4216f48aca614d3042c6adba0. 1 dirs total, 0 dirs full, 0 dirs failed
I20260709 14:45:33.493875  1735 ts_tablet_manager.cc:1434] T 63fdbdf9c4c440529cff739f9aec9407 P 2c8e4530de214fe7b932a282ea81468c: Time spent starting tablet: real 0.081s	user 0.008s	sys 0.010s
I20260709 14:45:33.494872  1532 tablet_service.cc:1511] Processing CreateTablet for tablet ef73bf73f76840269eb43911d37b5123 (DEFAULT_TABLE table=test-workload [id=760bc25d5fad4fb79b6aec33d430ffa5]), partition=RANGE (key) PARTITION 1237532918 <= VALUES < 1273930945
I20260709 14:45:33.496080  1532 data_dirs.cc:400] Could only allocate 1 dirs of requested 3 for tablet ef73bf73f76840269eb43911d37b5123. 1 dirs total, 0 dirs full, 0 dirs failed
I20260709 14:45:33.496860  1608 tablet_service.cc:1511] Processing CreateTablet for tablet ef73bf73f76840269eb43911d37b5123 (DEFAULT_TABLE table=test-workload [id=760bc25d5fad4fb79b6aec33d430ffa5]), partition=RANGE (key) PARTITION 1237532918 <= VALUES < 1273930945
I20260709 14:45:33.498199  1608 data_dirs.cc:400] Could only allocate 1 dirs of requested 3 for tablet ef73bf73f76840269eb43911d37b5123. 1 dirs total, 0 dirs full, 0 dirs failed
I20260709 14:45:33.501335  1735 tablet_bootstrap.cc:492] T 9d134835ac524fc3b02de80842a9d521 P 2c8e4530de214fe7b932a282ea81468c: Bootstrap starting.
I20260709 14:45:33.509734  1535 tablet_service.cc:1511] Processing CreateTablet for tablet b7f016580a3649ae9ea88d129c239231 (DEFAULT_TABLE table=test-workload [id=760bc25d5fad4fb79b6aec33d430ffa5]), partition=RANGE (key) PARTITION 1273930945 <= VALUES < 1310328972
I20260709 14:45:33.511140  1535 data_dirs.cc:400] Could only allocate 1 dirs of requested 3 for tablet b7f016580a3649ae9ea88d129c239231. 1 dirs total, 0 dirs full, 0 dirs failed
I20260709 14:45:33.512351  1685 data_dirs.cc:400] Could only allocate 1 dirs of requested 3 for tablet fb7b1aee77ec436391477501c1bbc3af. 1 dirs total, 0 dirs full, 0 dirs failed
I20260709 14:45:33.508405  1678 tablet_service.cc:1511] Processing CreateTablet for tablet ef73bf73f76840269eb43911d37b5123 (DEFAULT_TABLE table=test-workload [id=760bc25d5fad4fb79b6aec33d430ffa5]), partition=RANGE (key) PARTITION 1237532918 <= VALUES < 1273930945
I20260709 14:45:33.513602  1678 data_dirs.cc:400] Could only allocate 1 dirs of requested 3 for tablet ef73bf73f76840269eb43911d37b5123. 1 dirs total, 0 dirs full, 0 dirs failed
I20260709 14:45:33.513972  1606 tablet_service.cc:1511] Processing CreateTablet for tablet b7f016580a3649ae9ea88d129c239231 (DEFAULT_TABLE table=test-workload [id=760bc25d5fad4fb79b6aec33d430ffa5]), partition=RANGE (key) PARTITION 1273930945 <= VALUES < 1310328972
I20260709 14:45:33.515136  1606 data_dirs.cc:400] Could only allocate 1 dirs of requested 3 for tablet b7f016580a3649ae9ea88d129c239231. 1 dirs total, 0 dirs full, 0 dirs failed
I20260709 14:45:33.516537  1679 data_dirs.cc:400] Could only allocate 1 dirs of requested 3 for tablet a0096ba578a9402982296d002b0cac54. 1 dirs total, 0 dirs full, 0 dirs failed
I20260709 14:45:33.523943  1682 tablet_service.cc:1511] Processing CreateTablet for tablet b7f016580a3649ae9ea88d129c239231 (DEFAULT_TABLE table=test-workload [id=760bc25d5fad4fb79b6aec33d430ffa5]), partition=RANGE (key) PARTITION 1273930945 <= VALUES < 1310328972
I20260709 14:45:33.526248  1682 data_dirs.cc:400] Could only allocate 1 dirs of requested 3 for tablet b7f016580a3649ae9ea88d129c239231. 1 dirs total, 0 dirs full, 0 dirs failed
I20260709 14:45:33.545069  1602 tablet_service.cc:1511] Processing CreateTablet for tablet 3cbc7f54218147e6b58ea59dfa28e893 (DEFAULT_TABLE table=test-workload [id=760bc25d5fad4fb79b6aec33d430ffa5]), partition=RANGE (key) PARTITION 1310328972 <= VALUES < 1346726999
I20260709 14:45:33.546476  1602 data_dirs.cc:400] Could only allocate 1 dirs of requested 3 for tablet 3cbc7f54218147e6b58ea59dfa28e893. 1 dirs total, 0 dirs full, 0 dirs failed
I20260709 14:45:33.556668  1737 ts_tablet_manager.cc:1434] T 9d134835ac524fc3b02de80842a9d521 P a9cac5cee30d424d8862c40907ee277b: Time spent starting tablet: real 0.109s	user 0.008s	sys 0.000s
I20260709 14:45:33.557421  1680 tablet_service.cc:1511] Processing CreateTablet for tablet 3cbc7f54218147e6b58ea59dfa28e893 (DEFAULT_TABLE table=test-workload [id=760bc25d5fad4fb79b6aec33d430ffa5]), partition=RANGE (key) PARTITION 1310328972 <= VALUES < 1346726999
I20260709 14:45:33.563846  1680 data_dirs.cc:400] Could only allocate 1 dirs of requested 3 for tablet 3cbc7f54218147e6b58ea59dfa28e893. 1 dirs total, 0 dirs full, 0 dirs failed
I20260709 14:45:33.563855  1737 tablet_bootstrap.cc:492] T d852119ae41043d49000b66885dc2245 P a9cac5cee30d424d8862c40907ee277b: Bootstrap starting.
I20260709 14:45:33.566711  1745 raft_consensus.cc:493] T d51342cf9f124c0e87cacf4d8ccaf2ee P a9cac5cee30d424d8862c40907ee277b [term 0 FOLLOWER]: Starting pre-election (no leader contacted us within the election timeout)
I20260709 14:45:33.567176  1745 raft_consensus.cc:515] T d51342cf9f124c0e87cacf4d8ccaf2ee P a9cac5cee30d424d8862c40907ee277b [term 0 FOLLOWER]: Starting pre-election with config: opid_index: -1 OBSOLETE_local: false peers { permanent_uuid: "b5ff040e198940758719bb038eb3ef40" member_type: VOTER last_known_addr { host: "127.0.107.193" port: 45657 } } peers { permanent_uuid: "a9cac5cee30d424d8862c40907ee277b" member_type: VOTER last_known_addr { host: "127.0.107.194" port: 33057 } } peers { permanent_uuid: "2c8e4530de214fe7b932a282ea81468c" member_type: VOTER last_known_addr { host: "127.0.107.195" port: 38473 } }
I20260709 14:45:33.569168  1745 leader_election.cc:290] T d51342cf9f124c0e87cacf4d8ccaf2ee P a9cac5cee30d424d8862c40907ee277b [CANDIDATE]: Term 1 pre-election: Requested pre-vote from peers b5ff040e198940758719bb038eb3ef40 (127.0.107.193:45657), 2c8e4530de214fe7b932a282ea81468c (127.0.107.195:38473)
I20260709 14:45:33.570964  1546 tablet_service.cc:1917] Received RequestConsensusVote() RPC: tablet_id: "674a5d38339e4aad905a6ec26c326d59" candidate_uuid: "a9cac5cee30d424d8862c40907ee277b" candidate_term: 1 candidate_status { last_received { term: 0 index: 0 } } ignore_live_leader: false dest_uuid: "b5ff040e198940758719bb038eb3ef40" is_pre_election: true
I20260709 14:45:33.575001  1546 tablet_service.cc:1917] Received RequestConsensusVote() RPC: tablet_id: "d51342cf9f124c0e87cacf4d8ccaf2ee" candidate_uuid: "a9cac5cee30d424d8862c40907ee277b" candidate_term: 1 candidate_status { last_received { term: 0 index: 0 } } ignore_live_leader: false dest_uuid: "b5ff040e198940758719bb038eb3ef40" is_pre_election: true
I20260709 14:45:33.575615  1546 raft_consensus.cc:2468] T d51342cf9f124c0e87cacf4d8ccaf2ee P b5ff040e198940758719bb038eb3ef40 [term 0 FOLLOWER]: Leader pre-election vote request: Granting yes vote for candidate a9cac5cee30d424d8862c40907ee277b in term 0.
W20260709 14:45:33.577005  1584 leader_election.cc:343] T 674a5d38339e4aad905a6ec26c326d59 P a9cac5cee30d424d8862c40907ee277b [CANDIDATE]: Term 1 pre-election: Tablet error from VoteRequest() call to peer b5ff040e198940758719bb038eb3ef40 (127.0.107.193:45657): Illegal state: must be running to vote when last-logged opid is not known
I20260709 14:45:33.577682  1584 leader_election.cc:304] T d51342cf9f124c0e87cacf4d8ccaf2ee P a9cac5cee30d424d8862c40907ee277b [CANDIDATE]: Term 1 pre-election: Election decided. Result: candidate won. Election summary: received 2 responses out of 3 voters: 2 yes votes; 0 no votes. yes voters: a9cac5cee30d424d8862c40907ee277b, b5ff040e198940758719bb038eb3ef40; no voters: 
I20260709 14:45:33.566318  1536 tablet_service.cc:1511] Processing CreateTablet for tablet 3cbc7f54218147e6b58ea59dfa28e893 (DEFAULT_TABLE table=test-workload [id=760bc25d5fad4fb79b6aec33d430ffa5]), partition=RANGE (key) PARTITION 1310328972 <= VALUES < 1346726999
I20260709 14:45:33.579101  1736 tablet_bootstrap.cc:492] T 674a5d38339e4aad905a6ec26c326d59 P b5ff040e198940758719bb038eb3ef40: No bootstrap required, opened a new log
I20260709 14:45:33.579342  1536 data_dirs.cc:400] Could only allocate 1 dirs of requested 3 for tablet 3cbc7f54218147e6b58ea59dfa28e893. 1 dirs total, 0 dirs full, 0 dirs failed
I20260709 14:45:33.579690  1736 ts_tablet_manager.cc:1403] T 674a5d38339e4aad905a6ec26c326d59 P b5ff040e198940758719bb038eb3ef40: Time spent bootstrapping tablet: real 0.171s	user 0.013s	sys 0.020s
I20260709 14:45:33.581442  1745 raft_consensus.cc:2804] T d51342cf9f124c0e87cacf4d8ccaf2ee P a9cac5cee30d424d8862c40907ee277b [term 0 FOLLOWER]: Leader pre-election won for term 1
I20260709 14:45:33.581871  1745 raft_consensus.cc:493] T d51342cf9f124c0e87cacf4d8ccaf2ee P a9cac5cee30d424d8862c40907ee277b [term 0 FOLLOWER]: Starting leader election (no leader contacted us within the election timeout)
I20260709 14:45:33.582199  1745 raft_consensus.cc:3060] T d51342cf9f124c0e87cacf4d8ccaf2ee P a9cac5cee30d424d8862c40907ee277b [term 0 FOLLOWER]: Advancing to term 1
I20260709 14:45:33.591845  1528 tablet_service.cc:1511] Processing CreateTablet for tablet dbb9c6146d1542cc9cca89663b6d516f (DEFAULT_TABLE table=test-workload [id=760bc25d5fad4fb79b6aec33d430ffa5]), partition=RANGE (key) PARTITION 1346726999 <= VALUES < 1383125026
I20260709 14:45:33.593129  1528 data_dirs.cc:400] Could only allocate 1 dirs of requested 3 for tablet dbb9c6146d1542cc9cca89663b6d516f. 1 dirs total, 0 dirs full, 0 dirs failed
I20260709 14:45:33.597357  1695 tablet_service.cc:1917] Received RequestConsensusVote() RPC: tablet_id: "674a5d38339e4aad905a6ec26c326d59" candidate_uuid: "a9cac5cee30d424d8862c40907ee277b" candidate_term: 1 candidate_status { last_received { term: 0 index: 0 } } ignore_live_leader: false dest_uuid: "2c8e4530de214fe7b932a282ea81468c" is_pre_election: true
I20260709 14:45:33.598590  1694 tablet_service.cc:1917] Received RequestConsensusVote() RPC: tablet_id: "d51342cf9f124c0e87cacf4d8ccaf2ee" candidate_uuid: "a9cac5cee30d424d8862c40907ee277b" candidate_term: 1 candidate_status { last_received { term: 0 index: 0 } } ignore_live_leader: false dest_uuid: "2c8e4530de214fe7b932a282ea81468c" is_pre_election: true
I20260709 14:45:33.599920  1736 raft_consensus.cc:359] T 674a5d38339e4aad905a6ec26c326d59 P b5ff040e198940758719bb038eb3ef40 [term 0 FOLLOWER]: Replica starting. Triggering 0 pending ops. Active config: opid_index: -1 OBSOLETE_local: false peers { permanent_uuid: "b5ff040e198940758719bb038eb3ef40" member_type: VOTER last_known_addr { host: "127.0.107.193" port: 45657 } } peers { permanent_uuid: "a9cac5cee30d424d8862c40907ee277b" member_type: VOTER last_known_addr { host: "127.0.107.194" port: 33057 } } peers { permanent_uuid: "2c8e4530de214fe7b932a282ea81468c" member_type: VOTER last_known_addr { host: "127.0.107.195" port: 38473 } }
W20260709 14:45:33.600153  1585 leader_election.cc:343] T 674a5d38339e4aad905a6ec26c326d59 P a9cac5cee30d424d8862c40907ee277b [CANDIDATE]: Term 1 pre-election: Tablet error from VoteRequest() call to peer 2c8e4530de214fe7b932a282ea81468c (127.0.107.195:38473): Illegal state: must be running to vote when last-logged opid is not known
I20260709 14:45:33.603725  1736 raft_consensus.cc:385] T 674a5d38339e4aad905a6ec26c326d59 P b5ff040e198940758719bb038eb3ef40 [term 0 FOLLOWER]: Consensus starting up: Expiring failure detector timer to make a prompt election more likely
I20260709 14:45:33.603792  1585 leader_election.cc:304] T 674a5d38339e4aad905a6ec26c326d59 P a9cac5cee30d424d8862c40907ee277b [CANDIDATE]: Term 1 pre-election: Election decided. Result: candidate lost. Election summary: received 3 responses out of 3 voters: 1 yes votes; 2 no votes. yes voters: a9cac5cee30d424d8862c40907ee277b; no voters: 2c8e4530de214fe7b932a282ea81468c, b5ff040e198940758719bb038eb3ef40
I20260709 14:45:33.604143  1736 raft_consensus.cc:740] T 674a5d38339e4aad905a6ec26c326d59 P b5ff040e198940758719bb038eb3ef40 [term 0 FOLLOWER]: Becoming Follower/Learner. State: Replica: b5ff040e198940758719bb038eb3ef40, State: Initialized, Role: FOLLOWER
I20260709 14:45:33.600111  1683 tablet_service.cc:1511] Processing CreateTablet for tablet dbb9c6146d1542cc9cca89663b6d516f (DEFAULT_TABLE table=test-workload [id=760bc25d5fad4fb79b6aec33d430ffa5]), partition=RANGE (key) PARTITION 1346726999 <= VALUES < 1383125026
I20260709 14:45:33.605381  1683 data_dirs.cc:400] Could only allocate 1 dirs of requested 3 for tablet dbb9c6146d1542cc9cca89663b6d516f. 1 dirs total, 0 dirs full, 0 dirs failed
I20260709 14:45:33.605332  1605 tablet_service.cc:1511] Processing CreateTablet for tablet dbb9c6146d1542cc9cca89663b6d516f (DEFAULT_TABLE table=test-workload [id=760bc25d5fad4fb79b6aec33d430ffa5]), partition=RANGE (key) PARTITION 1346726999 <= VALUES < 1383125026
I20260709 14:45:33.605127  1736 consensus_queue.cc:260] T 674a5d38339e4aad905a6ec26c326d59 P b5ff040e198940758719bb038eb3ef40 [NON_LEADER]: Queue going to NON_LEADER mode. State: All replicated index: 0, Majority replicated index: 0, Committed index: 0, Last appended: 0.0, Last appended by leader: 0, Current term: 0, Majority size: -1, State: 0, Mode: NON_LEADER, active raft config: opid_index: -1 OBSOLETE_local: false peers { permanent_uuid: "b5ff040e198940758719bb038eb3ef40" member_type: VOTER last_known_addr { host: "127.0.107.193" port: 45657 } } peers { permanent_uuid: "a9cac5cee30d424d8862c40907ee277b" member_type: VOTER last_known_addr { host: "127.0.107.194" port: 33057 } } peers { permanent_uuid: "2c8e4530de214fe7b932a282ea81468c" member_type: VOTER last_known_addr { host: "127.0.107.195" port: 38473 } }
I20260709 14:45:33.603353  1737 tablet_bootstrap.cc:654] T d852119ae41043d49000b66885dc2245 P a9cac5cee30d424d8862c40907ee277b: Neither blocks nor log segments found. Creating new log.
I20260709 14:45:33.595650  1745 raft_consensus.cc:515] T d51342cf9f124c0e87cacf4d8ccaf2ee P a9cac5cee30d424d8862c40907ee277b [term 1 FOLLOWER]: Starting leader election with config: opid_index: -1 OBSOLETE_local: false peers { permanent_uuid: "b5ff040e198940758719bb038eb3ef40" member_type: VOTER last_known_addr { host: "127.0.107.193" port: 45657 } } peers { permanent_uuid: "a9cac5cee30d424d8862c40907ee277b" member_type: VOTER last_known_addr { host: "127.0.107.194" port: 33057 } } peers { permanent_uuid: "2c8e4530de214fe7b932a282ea81468c" member_type: VOTER last_known_addr { host: "127.0.107.195" port: 38473 } }
I20260709 14:45:33.610179  1529 tablet_service.cc:1511] Processing CreateTablet for tablet a69f9abd1ab94eddb8c9c322992e471c (DEFAULT_TABLE table=test-workload [id=760bc25d5fad4fb79b6aec33d430ffa5]), partition=RANGE (key) PARTITION 1383125026 <= VALUES < 1419523053
I20260709 14:45:33.610203  1745 leader_election.cc:290] T d51342cf9f124c0e87cacf4d8ccaf2ee P a9cac5cee30d424d8862c40907ee277b [CANDIDATE]: Term 1 election: Requested vote from peers b5ff040e198940758719bb038eb3ef40 (127.0.107.193:45657), 2c8e4530de214fe7b932a282ea81468c (127.0.107.195:38473)
I20260709 14:45:33.611392  1745 raft_consensus.cc:2749] T 674a5d38339e4aad905a6ec26c326d59 P a9cac5cee30d424d8862c40907ee277b [term 0 FOLLOWER]: Leader pre-election lost for term 1. Reason: could not achieve majority
I20260709 14:45:33.606637  1605 data_dirs.cc:400] Could only allocate 1 dirs of requested 3 for tablet dbb9c6146d1542cc9cca89663b6d516f. 1 dirs total, 0 dirs full, 0 dirs failed
I20260709 14:45:33.613468  1546 tablet_service.cc:1917] Received RequestConsensusVote() RPC: tablet_id: "d51342cf9f124c0e87cacf4d8ccaf2ee" candidate_uuid: "a9cac5cee30d424d8862c40907ee277b" candidate_term: 1 candidate_status { last_received { term: 0 index: 0 } } ignore_live_leader: false dest_uuid: "b5ff040e198940758719bb038eb3ef40"
I20260709 14:45:33.614014  1546 raft_consensus.cc:3060] T d51342cf9f124c0e87cacf4d8ccaf2ee P b5ff040e198940758719bb038eb3ef40 [term 0 FOLLOWER]: Advancing to term 1
I20260709 14:45:33.614504  1609 tablet_service.cc:1511] Processing CreateTablet for tablet a69f9abd1ab94eddb8c9c322992e471c (DEFAULT_TABLE table=test-workload [id=760bc25d5fad4fb79b6aec33d430ffa5]), partition=RANGE (key) PARTITION 1383125026 <= VALUES < 1419523053
I20260709 14:45:33.615640  1609 data_dirs.cc:400] Could only allocate 1 dirs of requested 3 for tablet a69f9abd1ab94eddb8c9c322992e471c. 1 dirs total, 0 dirs full, 0 dirs failed
I20260709 14:45:33.618168  1529 data_dirs.cc:400] Could only allocate 1 dirs of requested 3 for tablet a69f9abd1ab94eddb8c9c322992e471c. 1 dirs total, 0 dirs full, 0 dirs failed
I20260709 14:45:33.624961  1546 raft_consensus.cc:2468] T d51342cf9f124c0e87cacf4d8ccaf2ee P b5ff040e198940758719bb038eb3ef40 [term 1 FOLLOWER]: Leader election vote request: Granting yes vote for candidate a9cac5cee30d424d8862c40907ee277b in term 1.
I20260709 14:45:33.626199  1584 leader_election.cc:304] T d51342cf9f124c0e87cacf4d8ccaf2ee P a9cac5cee30d424d8862c40907ee277b [CANDIDATE]: Term 1 election: Election decided. Result: candidate won. Election summary: received 2 responses out of 3 voters: 2 yes votes; 0 no votes. yes voters: a9cac5cee30d424d8862c40907ee277b, b5ff040e198940758719bb038eb3ef40; no voters: 
I20260709 14:45:33.627055  1745 raft_consensus.cc:2804] T d51342cf9f124c0e87cacf4d8ccaf2ee P a9cac5cee30d424d8862c40907ee277b [term 1 FOLLOWER]: Leader election won for term 1
I20260709 14:45:33.627485  1745 raft_consensus.cc:697] T d51342cf9f124c0e87cacf4d8ccaf2ee P a9cac5cee30d424d8862c40907ee277b [term 1 LEADER]: Becoming Leader. State: Replica: a9cac5cee30d424d8862c40907ee277b, State: Running, Role: LEADER
I20260709 14:45:33.628291  1745 consensus_queue.cc:237] T d51342cf9f124c0e87cacf4d8ccaf2ee P a9cac5cee30d424d8862c40907ee277b [LEADER]: Queue going to LEADER mode. State: All replicated index: 0, Majority replicated index: 0, Committed index: 0, Last appended: 0.0, Last appended by leader: 0, Current term: 1, Majority size: 2, State: 0, Mode: LEADER, active raft config: opid_index: -1 OBSOLETE_local: false peers { permanent_uuid: "b5ff040e198940758719bb038eb3ef40" member_type: VOTER last_known_addr { host: "127.0.107.193" port: 45657 } } peers { permanent_uuid: "a9cac5cee30d424d8862c40907ee277b" member_type: VOTER last_known_addr { host: "127.0.107.194" port: 33057 } } peers { permanent_uuid: "2c8e4530de214fe7b932a282ea81468c" member_type: VOTER last_known_addr { host: "127.0.107.195" port: 38473 } }
I20260709 14:45:33.626418  1736 ts_tablet_manager.cc:1434] T 674a5d38339e4aad905a6ec26c326d59 P b5ff040e198940758719bb038eb3ef40: Time spent starting tablet: real 0.046s	user 0.004s	sys 0.002s
I20260709 14:45:33.607661  1735 tablet_bootstrap.cc:654] T 9d134835ac524fc3b02de80842a9d521 P 2c8e4530de214fe7b932a282ea81468c: Neither blocks nor log segments found. Creating new log.
I20260709 14:45:33.631029  1685 tablet_service.cc:1511] Processing CreateTablet for tablet a69f9abd1ab94eddb8c9c322992e471c (DEFAULT_TABLE table=test-workload [id=760bc25d5fad4fb79b6aec33d430ffa5]), partition=RANGE (key) PARTITION 1383125026 <= VALUES < 1419523053
I20260709 14:45:33.637359  1685 data_dirs.cc:400] Could only allocate 1 dirs of requested 3 for tablet a69f9abd1ab94eddb8c9c322992e471c. 1 dirs total, 0 dirs full, 0 dirs failed
I20260709 14:45:33.637897  1605 tablet_service.cc:1511] Processing CreateTablet for tablet d12eb9b24ed64662a7fa79f2807cff1c (DEFAULT_TABLE table=test-workload [id=760bc25d5fad4fb79b6aec33d430ffa5]), partition=RANGE (key) PARTITION 1419523053 <= VALUES < 1455921080
I20260709 14:45:33.639052  1605 data_dirs.cc:400] Could only allocate 1 dirs of requested 3 for tablet d12eb9b24ed64662a7fa79f2807cff1c. 1 dirs total, 0 dirs full, 0 dirs failed
I20260709 14:45:33.639709  1535 tablet_service.cc:1511] Processing CreateTablet for tablet d12eb9b24ed64662a7fa79f2807cff1c (DEFAULT_TABLE table=test-workload [id=760bc25d5fad4fb79b6aec33d430ffa5]), partition=RANGE (key) PARTITION 1419523053 <= VALUES < 1455921080
I20260709 14:45:33.640923  1535 data_dirs.cc:400] Could only allocate 1 dirs of requested 3 for tablet d12eb9b24ed64662a7fa79f2807cff1c. 1 dirs total, 0 dirs full, 0 dirs failed
I20260709 14:45:33.650811  1534 tablet_service.cc:1511] Processing CreateTablet for tablet 68a5b4d7b32847eebffb736c3069bd10 (DEFAULT_TABLE table=test-workload [id=760bc25d5fad4fb79b6aec33d430ffa5]), partition=RANGE (key) PARTITION 1455921080 <= VALUES < 1492319107
I20260709 14:45:33.652086  1534 data_dirs.cc:400] Could only allocate 1 dirs of requested 3 for tablet 68a5b4d7b32847eebffb736c3069bd10. 1 dirs total, 0 dirs full, 0 dirs failed
I20260709 14:45:33.653083  1680 tablet_service.cc:1511] Processing CreateTablet for tablet d12eb9b24ed64662a7fa79f2807cff1c (DEFAULT_TABLE table=test-workload [id=760bc25d5fad4fb79b6aec33d430ffa5]), partition=RANGE (key) PARTITION 1419523053 <= VALUES < 1455921080
I20260709 14:45:33.654274  1680 data_dirs.cc:400] Could only allocate 1 dirs of requested 3 for tablet d12eb9b24ed64662a7fa79f2807cff1c. 1 dirs total, 0 dirs full, 0 dirs failed
I20260709 14:45:33.647341  1736 tablet_bootstrap.cc:492] T d852119ae41043d49000b66885dc2245 P b5ff040e198940758719bb038eb3ef40: Bootstrap starting.
I20260709 14:45:33.658598  1606 tablet_service.cc:1511] Processing CreateTablet for tablet 68a5b4d7b32847eebffb736c3069bd10 (DEFAULT_TABLE table=test-workload [id=760bc25d5fad4fb79b6aec33d430ffa5]), partition=RANGE (key) PARTITION 1455921080 <= VALUES < 1492319107
I20260709 14:45:33.660734  1606 data_dirs.cc:400] Could only allocate 1 dirs of requested 3 for tablet 68a5b4d7b32847eebffb736c3069bd10. 1 dirs total, 0 dirs full, 0 dirs failed
I20260709 14:45:33.660817  1532 tablet_service.cc:1511] Processing CreateTablet for tablet 2eb5a34a2cec44b39d74010455a2693b (DEFAULT_TABLE table=test-workload [id=760bc25d5fad4fb79b6aec33d430ffa5]), partition=RANGE (key) PARTITION 1492319107 <= VALUES < 1528717134
I20260709 14:45:33.661757  1602 tablet_service.cc:1511] Processing CreateTablet for tablet 2eb5a34a2cec44b39d74010455a2693b (DEFAULT_TABLE table=test-workload [id=760bc25d5fad4fb79b6aec33d430ffa5]), partition=RANGE (key) PARTITION 1492319107 <= VALUES < 1528717134
I20260709 14:45:33.663594  1532 data_dirs.cc:400] Could only allocate 1 dirs of requested 3 for tablet 2eb5a34a2cec44b39d74010455a2693b. 1 dirs total, 0 dirs full, 0 dirs failed
I20260709 14:45:33.664330  1602 data_dirs.cc:400] Could only allocate 1 dirs of requested 3 for tablet 2eb5a34a2cec44b39d74010455a2693b. 1 dirs total, 0 dirs full, 0 dirs failed
I20260709 14:45:33.664903  1737 tablet_bootstrap.cc:492] T d852119ae41043d49000b66885dc2245 P a9cac5cee30d424d8862c40907ee277b: No bootstrap required, opened a new log
I20260709 14:45:33.665419  1737 ts_tablet_manager.cc:1403] T d852119ae41043d49000b66885dc2245 P a9cac5cee30d424d8862c40907ee277b: Time spent bootstrapping tablet: real 0.102s	user 0.010s	sys 0.004s
I20260709 14:45:33.668339  1737 raft_consensus.cc:359] T d852119ae41043d49000b66885dc2245 P a9cac5cee30d424d8862c40907ee277b [term 0 FOLLOWER]: Replica starting. Triggering 0 pending ops. Active config: opid_index: -1 OBSOLETE_local: false peers { permanent_uuid: "b5ff040e198940758719bb038eb3ef40" member_type: VOTER last_known_addr { host: "127.0.107.193" port: 45657 } } peers { permanent_uuid: "a9cac5cee30d424d8862c40907ee277b" member_type: VOTER last_known_addr { host: "127.0.107.194" port: 33057 } } peers { permanent_uuid: "2c8e4530de214fe7b932a282ea81468c" member_type: VOTER last_known_addr { host: "127.0.107.195" port: 38473 } }
I20260709 14:45:33.670845  1737 raft_consensus.cc:385] T d852119ae41043d49000b66885dc2245 P a9cac5cee30d424d8862c40907ee277b [term 0 FOLLOWER]: Consensus starting up: Expiring failure detector timer to make a prompt election more likely
I20260709 14:45:33.671196  1737 raft_consensus.cc:740] T d852119ae41043d49000b66885dc2245 P a9cac5cee30d424d8862c40907ee277b [term 0 FOLLOWER]: Becoming Follower/Learner. State: Replica: a9cac5cee30d424d8862c40907ee277b, State: Initialized, Role: FOLLOWER
I20260709 14:45:33.671952  1737 consensus_queue.cc:260] T d852119ae41043d49000b66885dc2245 P a9cac5cee30d424d8862c40907ee277b [NON_LEADER]: Queue going to NON_LEADER mode. State: All replicated index: 0, Majority replicated index: 0, Committed index: 0, Last appended: 0.0, Last appended by leader: 0, Current term: 0, Majority size: -1, State: 0, Mode: NON_LEADER, active raft config: opid_index: -1 OBSOLETE_local: false peers { permanent_uuid: "b5ff040e198940758719bb038eb3ef40" member_type: VOTER last_known_addr { host: "127.0.107.193" port: 45657 } } peers { permanent_uuid: "a9cac5cee30d424d8862c40907ee277b" member_type: VOTER last_known_addr { host: "127.0.107.194" port: 33057 } } peers { permanent_uuid: "2c8e4530de214fe7b932a282ea81468c" member_type: VOTER last_known_addr { host: "127.0.107.195" port: 38473 } }
I20260709 14:45:33.670465  1735 tablet_bootstrap.cc:492] T 9d134835ac524fc3b02de80842a9d521 P 2c8e4530de214fe7b932a282ea81468c: No bootstrap required, opened a new log
I20260709 14:45:33.673164  1735 ts_tablet_manager.cc:1403] T 9d134835ac524fc3b02de80842a9d521 P 2c8e4530de214fe7b932a282ea81468c: Time spent bootstrapping tablet: real 0.172s	user 0.008s	sys 0.007s
I20260709 14:45:33.672788  1681 tablet_service.cc:1511] Processing CreateTablet for tablet 68a5b4d7b32847eebffb736c3069bd10 (DEFAULT_TABLE table=test-workload [id=760bc25d5fad4fb79b6aec33d430ffa5]), partition=RANGE (key) PARTITION 1455921080 <= VALUES < 1492319107
I20260709 14:45:33.674110  1681 data_dirs.cc:400] Could only allocate 1 dirs of requested 3 for tablet 68a5b4d7b32847eebffb736c3069bd10. 1 dirs total, 0 dirs full, 0 dirs failed
I20260709 14:45:33.667898  1443 catalog_manager.cc:5697] T d51342cf9f124c0e87cacf4d8ccaf2ee P a9cac5cee30d424d8862c40907ee277b reported cstate change: term changed from 0 to 1, leader changed from <none> to a9cac5cee30d424d8862c40907ee277b (127.0.107.194). New cstate: current_term: 1 leader_uuid: "a9cac5cee30d424d8862c40907ee277b" committed_config { opid_index: -1 OBSOLETE_local: false peers { permanent_uuid: "b5ff040e198940758719bb038eb3ef40" member_type: VOTER last_known_addr { host: "127.0.107.193" port: 45657 } health_report { overall_health: UNKNOWN } } peers { permanent_uuid: "a9cac5cee30d424d8862c40907ee277b" member_type: VOTER last_known_addr { host: "127.0.107.194" port: 33057 } health_report { overall_health: HEALTHY } } peers { permanent_uuid: "2c8e4530de214fe7b932a282ea81468c" member_type: VOTER last_known_addr { host: "127.0.107.195" port: 38473 } health_report { overall_health: UNKNOWN } } }
I20260709 14:45:33.676604  1756 raft_consensus.cc:493] T 63fdbdf9c4c440529cff739f9aec9407 P 2c8e4530de214fe7b932a282ea81468c [term 0 FOLLOWER]: Starting pre-election (no leader contacted us within the election timeout)
I20260709 14:45:33.677078  1756 raft_consensus.cc:515] T 63fdbdf9c4c440529cff739f9aec9407 P 2c8e4530de214fe7b932a282ea81468c [term 0 FOLLOWER]: Starting pre-election with config: opid_index: -1 OBSOLETE_local: false peers { permanent_uuid: "b5ff040e198940758719bb038eb3ef40" member_type: VOTER last_known_addr { host: "127.0.107.193" port: 45657 } } peers { permanent_uuid: "a9cac5cee30d424d8862c40907ee277b" member_type: VOTER last_known_addr { host: "127.0.107.194" port: 33057 } } peers { permanent_uuid: "2c8e4530de214fe7b932a282ea81468c" member_type: VOTER last_known_addr { host: "127.0.107.195" port: 38473 } }
I20260709 14:45:33.680243  1756 leader_election.cc:290] T 63fdbdf9c4c440529cff739f9aec9407 P 2c8e4530de214fe7b932a282ea81468c [CANDIDATE]: Term 1 pre-election: Requested pre-vote from peers b5ff040e198940758719bb038eb3ef40 (127.0.107.193:45657), a9cac5cee30d424d8862c40907ee277b (127.0.107.194:33057)
I20260709 14:45:33.682212  1546 tablet_service.cc:1917] Received RequestConsensusVote() RPC: tablet_id: "63fdbdf9c4c440529cff739f9aec9407" candidate_uuid: "2c8e4530de214fe7b932a282ea81468c" candidate_term: 1 candidate_status { last_received { term: 0 index: 0 } } ignore_live_leader: false dest_uuid: "b5ff040e198940758719bb038eb3ef40" is_pre_election: true
I20260709 14:45:33.682819  1546 raft_consensus.cc:2468] T 63fdbdf9c4c440529cff739f9aec9407 P b5ff040e198940758719bb038eb3ef40 [term 0 FOLLOWER]: Leader pre-election vote request: Granting yes vote for candidate 2c8e4530de214fe7b932a282ea81468c in term 0.
I20260709 14:45:33.684598  1658 leader_election.cc:304] T 63fdbdf9c4c440529cff739f9aec9407 P 2c8e4530de214fe7b932a282ea81468c [CANDIDATE]: Term 1 pre-election: Election decided. Result: candidate won. Election summary: received 2 responses out of 3 voters: 2 yes votes; 0 no votes. yes voters: 2c8e4530de214fe7b932a282ea81468c, b5ff040e198940758719bb038eb3ef40; no voters: 
W20260709 14:45:33.677309  1585 outbound_call.cc:321] RPC callback for RPC call kudu.consensus.ConsensusService.RequestConsensusVote -> {remote=127.0.107.195:38473, user_credentials={real_user=slave}} blocked reactor thread for 77317.7us
I20260709 14:45:33.691200  1756 raft_consensus.cc:2804] T 63fdbdf9c4c440529cff739f9aec9407 P 2c8e4530de214fe7b932a282ea81468c [term 0 FOLLOWER]: Leader pre-election won for term 1
W20260709 14:45:33.691788  1585 leader_election.cc:343] T d51342cf9f124c0e87cacf4d8ccaf2ee P a9cac5cee30d424d8862c40907ee277b [CANDIDATE]: Term 1 pre-election: Tablet error from VoteRequest() call to peer 2c8e4530de214fe7b932a282ea81468c (127.0.107.195:38473): Illegal state: must be running to vote when last-logged opid is not known
I20260709 14:45:33.695892  1694 tablet_service.cc:1917] Received RequestConsensusVote() RPC: tablet_id: "d51342cf9f124c0e87cacf4d8ccaf2ee" candidate_uuid: "a9cac5cee30d424d8862c40907ee277b" candidate_term: 1 candidate_status { last_received { term: 0 index: 0 } } ignore_live_leader: false dest_uuid: "2c8e4530de214fe7b932a282ea81468c"
I20260709 14:45:33.696574  1621 tablet_service.cc:1917] Received RequestConsensusVote() RPC: tablet_id: "63fdbdf9c4c440529cff739f9aec9407" candidate_uuid: "2c8e4530de214fe7b932a282ea81468c" candidate_term: 1 candidate_status { last_received { term: 0 index: 0 } } ignore_live_leader: false dest_uuid: "a9cac5cee30d424d8862c40907ee277b" is_pre_election: true
W20260709 14:45:33.697690  1658 leader_election.cc:343] T 63fdbdf9c4c440529cff739f9aec9407 P 2c8e4530de214fe7b932a282ea81468c [CANDIDATE]: Term 1 pre-election: Tablet error from VoteRequest() call to peer a9cac5cee30d424d8862c40907ee277b (127.0.107.194:33057): Illegal state: must be running to vote when last-logged opid is not known
W20260709 14:45:33.697845  1585 leader_election.cc:343] T d51342cf9f124c0e87cacf4d8ccaf2ee P a9cac5cee30d424d8862c40907ee277b [CANDIDATE]: Term 1 election: Tablet error from VoteRequest() call to peer 2c8e4530de214fe7b932a282ea81468c (127.0.107.195:38473): Illegal state: must be running to vote when last-logged opid is not known
I20260709 14:45:33.691727  1756 raft_consensus.cc:493] T 63fdbdf9c4c440529cff739f9aec9407 P 2c8e4530de214fe7b932a282ea81468c [term 0 FOLLOWER]: Starting leader election (no leader contacted us within the election timeout)
I20260709 14:45:33.698931  1683 tablet_service.cc:1511] Processing CreateTablet for tablet 2eb5a34a2cec44b39d74010455a2693b (DEFAULT_TABLE table=test-workload [id=760bc25d5fad4fb79b6aec33d430ffa5]), partition=RANGE (key) PARTITION 1492319107 <= VALUES < 1528717134
I20260709 14:45:33.699520  1756 raft_consensus.cc:3060] T 63fdbdf9c4c440529cff739f9aec9407 P 2c8e4530de214fe7b932a282ea81468c [term 0 FOLLOWER]: Advancing to term 1
I20260709 14:45:33.702538  1535 tablet_service.cc:1511] Processing CreateTablet for tablet cf97527d2fd94ba1a8aa6e8783e18f27 (DEFAULT_TABLE table=test-workload [id=760bc25d5fad4fb79b6aec33d430ffa5]), partition=RANGE (key) PARTITION 1528717134 <= VALUES < 1565115161
I20260709 14:45:33.703706  1535 data_dirs.cc:400] Could only allocate 1 dirs of requested 3 for tablet cf97527d2fd94ba1a8aa6e8783e18f27. 1 dirs total, 0 dirs full, 0 dirs failed
I20260709 14:45:33.705904  1736 tablet_bootstrap.cc:654] T d852119ae41043d49000b66885dc2245 P b5ff040e198940758719bb038eb3ef40: Neither blocks nor log segments found. Creating new log.
I20260709 14:45:33.707120  1603 tablet_service.cc:1511] Processing CreateTablet for tablet cf97527d2fd94ba1a8aa6e8783e18f27 (DEFAULT_TABLE table=test-workload [id=760bc25d5fad4fb79b6aec33d430ffa5]), partition=RANGE (key) PARTITION 1528717134 <= VALUES < 1565115161
I20260709 14:45:33.708324  1603 data_dirs.cc:400] Could only allocate 1 dirs of requested 3 for tablet cf97527d2fd94ba1a8aa6e8783e18f27. 1 dirs total, 0 dirs full, 0 dirs failed
I20260709 14:45:33.675364  1735 raft_consensus.cc:359] T 9d134835ac524fc3b02de80842a9d521 P 2c8e4530de214fe7b932a282ea81468c [term 0 FOLLOWER]: Replica starting. Triggering 0 pending ops. Active config: opid_index: -1 OBSOLETE_local: false peers { permanent_uuid: "b5ff040e198940758719bb038eb3ef40" member_type: VOTER last_known_addr { host: "127.0.107.193" port: 45657 } } peers { permanent_uuid: "a9cac5cee30d424d8862c40907ee277b" member_type: VOTER last_known_addr { host: "127.0.107.194" port: 33057 } } peers { permanent_uuid: "2c8e4530de214fe7b932a282ea81468c" member_type: VOTER last_known_addr { host: "127.0.107.195" port: 38473 } }
I20260709 14:45:33.717437  1735 raft_consensus.cc:385] T 9d134835ac524fc3b02de80842a9d521 P 2c8e4530de214fe7b932a282ea81468c [term 0 FOLLOWER]: Consensus starting up: Expiring failure detector timer to make a prompt election more likely
I20260709 14:45:33.717759  1735 raft_consensus.cc:740] T 9d134835ac524fc3b02de80842a9d521 P 2c8e4530de214fe7b932a282ea81468c [term 0 FOLLOWER]: Becoming Follower/Learner. State: Replica: 2c8e4530de214fe7b932a282ea81468c, State: Initialized, Role: FOLLOWER
I20260709 14:45:33.718621  1735 consensus_queue.cc:260] T 9d134835ac524fc3b02de80842a9d521 P 2c8e4530de214fe7b932a282ea81468c [NON_LEADER]: Queue going to NON_LEADER mode. State: All replicated index: 0, Majority replicated index: 0, Committed index: 0, Last appended: 0.0, Last appended by leader: 0, Current term: 0, Majority size: -1, State: 0, Mode: NON_LEADER, active raft config: opid_index: -1 OBSOLETE_local: false peers { permanent_uuid: "b5ff040e198940758719bb038eb3ef40" member_type: VOTER last_known_addr { host: "127.0.107.193" port: 45657 } } peers { permanent_uuid: "a9cac5cee30d424d8862c40907ee277b" member_type: VOTER last_known_addr { host: "127.0.107.194" port: 33057 } } peers { permanent_uuid: "2c8e4530de214fe7b932a282ea81468c" member_type: VOTER last_known_addr { host: "127.0.107.195" port: 38473 } }
I20260709 14:45:33.720132  1682 tablet_service.cc:1511] Processing CreateTablet for tablet cf97527d2fd94ba1a8aa6e8783e18f27 (DEFAULT_TABLE table=test-workload [id=760bc25d5fad4fb79b6aec33d430ffa5]), partition=RANGE (key) PARTITION 1528717134 <= VALUES < 1565115161
I20260709 14:45:33.721241  1737 ts_tablet_manager.cc:1434] T d852119ae41043d49000b66885dc2245 P a9cac5cee30d424d8862c40907ee277b: Time spent starting tablet: real 0.055s	user 0.006s	sys 0.000s
I20260709 14:45:33.723066  1735 ts_tablet_manager.cc:1434] T 9d134835ac524fc3b02de80842a9d521 P 2c8e4530de214fe7b932a282ea81468c: Time spent starting tablet: real 0.050s	user 0.003s	sys 0.002s
I20260709 14:45:33.723995  1735 tablet_bootstrap.cc:492] T 674a5d38339e4aad905a6ec26c326d59 P 2c8e4530de214fe7b932a282ea81468c: Bootstrap starting.
I20260709 14:45:33.727052  1528 tablet_service.cc:1511] Processing CreateTablet for tablet 1bedd777f07a455c93b8b3c12db5002a (DEFAULT_TABLE table=test-workload [id=760bc25d5fad4fb79b6aec33d430ffa5]), partition=RANGE (key) PARTITION 1565115161 <= VALUES < 1601513188
I20260709 14:45:33.728253  1528 data_dirs.cc:400] Could only allocate 1 dirs of requested 3 for tablet 1bedd777f07a455c93b8b3c12db5002a. 1 dirs total, 0 dirs full, 0 dirs failed
I20260709 14:45:33.728320  1683 data_dirs.cc:400] Could only allocate 1 dirs of requested 3 for tablet 2eb5a34a2cec44b39d74010455a2693b. 1 dirs total, 0 dirs full, 0 dirs failed
I20260709 14:45:33.730559  1756 raft_consensus.cc:515] T 63fdbdf9c4c440529cff739f9aec9407 P 2c8e4530de214fe7b932a282ea81468c [term 1 FOLLOWER]: Starting leader election with config: opid_index: -1 OBSOLETE_local: false peers { permanent_uuid: "b5ff040e198940758719bb038eb3ef40" member_type: VOTER last_known_addr { host: "127.0.107.193" port: 45657 } } peers { permanent_uuid: "a9cac5cee30d424d8862c40907ee277b" member_type: VOTER last_known_addr { host: "127.0.107.194" port: 33057 } } peers { permanent_uuid: "2c8e4530de214fe7b932a282ea81468c" member_type: VOTER last_known_addr { host: "127.0.107.195" port: 38473 } }
I20260709 14:45:33.731941  1682 data_dirs.cc:400] Could only allocate 1 dirs of requested 3 for tablet cf97527d2fd94ba1a8aa6e8783e18f27. 1 dirs total, 0 dirs full, 0 dirs failed
I20260709 14:45:33.733054  1737 tablet_bootstrap.cc:492] T 63fdbdf9c4c440529cff739f9aec9407 P a9cac5cee30d424d8862c40907ee277b: Bootstrap starting.
I20260709 14:45:33.733291  1546 tablet_service.cc:1917] Received RequestConsensusVote() RPC: tablet_id: "63fdbdf9c4c440529cff739f9aec9407" candidate_uuid: "2c8e4530de214fe7b932a282ea81468c" candidate_term: 1 candidate_status { last_received { term: 0 index: 0 } } ignore_live_leader: false dest_uuid: "b5ff040e198940758719bb038eb3ef40"
I20260709 14:45:33.733839  1546 raft_consensus.cc:3060] T 63fdbdf9c4c440529cff739f9aec9407 P b5ff040e198940758719bb038eb3ef40 [term 0 FOLLOWER]: Advancing to term 1
I20260709 14:45:33.743098  1546 raft_consensus.cc:2468] T 63fdbdf9c4c440529cff739f9aec9407 P b5ff040e198940758719bb038eb3ef40 [term 1 FOLLOWER]: Leader election vote request: Granting yes vote for candidate 2c8e4530de214fe7b932a282ea81468c in term 1.
I20260709 14:45:33.744336  1658 leader_election.cc:304] T 63fdbdf9c4c440529cff739f9aec9407 P 2c8e4530de214fe7b932a282ea81468c [CANDIDATE]: Term 1 election: Election decided. Result: candidate won. Election summary: received 2 responses out of 3 voters: 2 yes votes; 0 no votes. yes voters: 2c8e4530de214fe7b932a282ea81468c, b5ff040e198940758719bb038eb3ef40; no voters: 
I20260709 14:45:33.744752  1744 raft_consensus.cc:493] T 9d134835ac524fc3b02de80842a9d521 P 2c8e4530de214fe7b932a282ea81468c [term 0 FOLLOWER]: Starting pre-election (no leader contacted us within the election timeout)
I20260709 14:45:33.745213  1744 raft_consensus.cc:515] T 9d134835ac524fc3b02de80842a9d521 P 2c8e4530de214fe7b932a282ea81468c [term 0 FOLLOWER]: Starting pre-election with config: opid_index: -1 OBSOLETE_local: false peers { permanent_uuid: "b5ff040e198940758719bb038eb3ef40" member_type: VOTER last_known_addr { host: "127.0.107.193" port: 45657 } } peers { permanent_uuid: "a9cac5cee30d424d8862c40907ee277b" member_type: VOTER last_known_addr { host: "127.0.107.194" port: 33057 } } peers { permanent_uuid: "2c8e4530de214fe7b932a282ea81468c" member_type: VOTER last_known_addr { host: "127.0.107.195" port: 38473 } }
I20260709 14:45:33.747301  1744 leader_election.cc:290] T 9d134835ac524fc3b02de80842a9d521 P 2c8e4530de214fe7b932a282ea81468c [CANDIDATE]: Term 1 pre-election: Requested pre-vote from peers b5ff040e198940758719bb038eb3ef40 (127.0.107.193:45657), a9cac5cee30d424d8862c40907ee277b (127.0.107.194:33057)
I20260709 14:45:33.747836  1744 raft_consensus.cc:2804] T 63fdbdf9c4c440529cff739f9aec9407 P 2c8e4530de214fe7b932a282ea81468c [term 1 FOLLOWER]: Leader election won for term 1
I20260709 14:45:33.754158  1751 raft_consensus.cc:493] T 674a5d38339e4aad905a6ec26c326d59 P b5ff040e198940758719bb038eb3ef40 [term 0 FOLLOWER]: Starting pre-election (no leader contacted us within the election timeout)
I20260709 14:45:33.754380  1744 raft_consensus.cc:697] T 63fdbdf9c4c440529cff739f9aec9407 P 2c8e4530de214fe7b932a282ea81468c [term 1 LEADER]: Becoming Leader. State: Replica: 2c8e4530de214fe7b932a282ea81468c, State: Running, Role: LEADER
I20260709 14:45:33.754638  1751 raft_consensus.cc:515] T 674a5d38339e4aad905a6ec26c326d59 P b5ff040e198940758719bb038eb3ef40 [term 0 FOLLOWER]: Starting pre-election with config: opid_index: -1 OBSOLETE_local: false peers { permanent_uuid: "b5ff040e198940758719bb038eb3ef40" member_type: VOTER last_known_addr { host: "127.0.107.193" port: 45657 } } peers { permanent_uuid: "a9cac5cee30d424d8862c40907ee277b" member_type: VOTER last_known_addr { host: "127.0.107.194" port: 33057 } } peers { permanent_uuid: "2c8e4530de214fe7b932a282ea81468c" member_type: VOTER last_known_addr { host: "127.0.107.195" port: 38473 } }
I20260709 14:45:33.755435  1737 tablet_bootstrap.cc:654] T 63fdbdf9c4c440529cff739f9aec9407 P a9cac5cee30d424d8862c40907ee277b: Neither blocks nor log segments found. Creating new log.
I20260709 14:45:33.755652  1605 tablet_service.cc:1511] Processing CreateTablet for tablet 1bedd777f07a455c93b8b3c12db5002a (DEFAULT_TABLE table=test-workload [id=760bc25d5fad4fb79b6aec33d430ffa5]), partition=RANGE (key) PARTITION 1565115161 <= VALUES < 1601513188
I20260709 14:45:33.756611  1751 leader_election.cc:290] T 674a5d38339e4aad905a6ec26c326d59 P b5ff040e198940758719bb038eb3ef40 [CANDIDATE]: Term 1 pre-election: Requested pre-vote from peers a9cac5cee30d424d8862c40907ee277b (127.0.107.194:33057), 2c8e4530de214fe7b932a282ea81468c (127.0.107.195:38473)
I20260709 14:45:33.756860  1605 data_dirs.cc:400] Could only allocate 1 dirs of requested 3 for tablet 1bedd777f07a455c93b8b3c12db5002a. 1 dirs total, 0 dirs full, 0 dirs failed
I20260709 14:45:33.757460  1621 tablet_service.cc:1917] Received RequestConsensusVote() RPC: tablet_id: "674a5d38339e4aad905a6ec26c326d59" candidate_uuid: "b5ff040e198940758719bb038eb3ef40" candidate_term: 1 candidate_status { last_received { term: 0 index: 0 } } ignore_live_leader: false dest_uuid: "a9cac5cee30d424d8862c40907ee277b" is_pre_election: true
I20260709 14:45:33.758191  1621 raft_consensus.cc:2468] T 674a5d38339e4aad905a6ec26c326d59 P a9cac5cee30d424d8862c40907ee277b [term 0 FOLLOWER]: Leader pre-election vote request: Granting yes vote for candidate b5ff040e198940758719bb038eb3ef40 in term 0.
I20260709 14:45:33.759655  1509 leader_election.cc:304] T 674a5d38339e4aad905a6ec26c326d59 P b5ff040e198940758719bb038eb3ef40 [CANDIDATE]: Term 1 pre-election: Election decided. Result: candidate won. Election summary: received 2 responses out of 3 voters: 2 yes votes; 0 no votes. yes voters: a9cac5cee30d424d8862c40907ee277b, b5ff040e198940758719bb038eb3ef40; no voters: 
