I20260709 14:45:12.371984   759 consensus_queue.cc:260] T 331d5ba702454d96a81d14d2301c603c P b4df9bcc11864f38b77e0857f12bf5d5 [NON_LEADER]: Queue going to NON_LEADER mode. State: All replicated index: 0, Majority replicated index: 0, Committed index: 0, Last appended: 0.0, Last appended by leader: 0, Current term: 0, Majority size: -1, State: 0, Mode: NON_LEADER, active raft config: opid_index: -1 OBSOLETE_local: false peers { permanent_uuid: "1cfe860c1c814b99ae037dc8e4672dbf" member_type: VOTER last_known_addr { host: "127.0.107.193" port: 39009 } } peers { permanent_uuid: "e5ca14eb7f4d41598d4bf164e228407c" member_type: VOTER last_known_addr { host: "127.0.107.194" port: 37297 } } peers { permanent_uuid: "b4df9bcc11864f38b77e0857f12bf5d5" member_type: VOTER last_known_addr { host: "127.0.107.195" port: 43987 } }
I20260709 14:45:12.373988   759 ts_tablet_manager.cc:1434] T 331d5ba702454d96a81d14d2301c603c P b4df9bcc11864f38b77e0857f12bf5d5: Time spent starting tablet: real 0.006s	user 0.006s	sys 0.000s
I20260709 14:45:12.374861   759 tablet_bootstrap.cc:492] T 32dc3e0d90c844aca868db257b8128ff P b4df9bcc11864f38b77e0857f12bf5d5: Bootstrap starting.
I20260709 14:45:12.375197   765 raft_consensus.cc:493] T 7db87d3517f14fd896d36720748c0940 P 1cfe860c1c814b99ae037dc8e4672dbf [term 0 FOLLOWER]: Starting pre-election (no leader contacted us within the election timeout)
I20260709 14:45:12.375733   765 raft_consensus.cc:515] T 7db87d3517f14fd896d36720748c0940 P 1cfe860c1c814b99ae037dc8e4672dbf [term 0 FOLLOWER]: Starting pre-election with config: opid_index: -1 OBSOLETE_local: false peers { permanent_uuid: "1cfe860c1c814b99ae037dc8e4672dbf" member_type: VOTER last_known_addr { host: "127.0.107.193" port: 39009 } } peers { permanent_uuid: "e5ca14eb7f4d41598d4bf164e228407c" member_type: VOTER last_known_addr { host: "127.0.107.194" port: 37297 } } peers { permanent_uuid: "b4df9bcc11864f38b77e0857f12bf5d5" member_type: VOTER last_known_addr { host: "127.0.107.195" port: 43987 } }
I20260709 14:45:12.377929   765 leader_election.cc:290] T 7db87d3517f14fd896d36720748c0940 P 1cfe860c1c814b99ae037dc8e4672dbf [CANDIDATE]: Term 1 pre-election: Requested pre-vote from peers e5ca14eb7f4d41598d4bf164e228407c (127.0.107.194:37297), b4df9bcc11864f38b77e0857f12bf5d5 (127.0.107.195:43987)
I20260709 14:45:12.379179   714 tablet_service.cc:1917] Received RequestConsensusVote() RPC: tablet_id: "7db87d3517f14fd896d36720748c0940" candidate_uuid: "1cfe860c1c814b99ae037dc8e4672dbf" candidate_term: 1 candidate_status { last_received { term: 0 index: 0 } } ignore_live_leader: false dest_uuid: "b4df9bcc11864f38b77e0857f12bf5d5" is_pre_election: true
I20260709 14:45:12.379350   641 tablet_service.cc:1917] Received RequestConsensusVote() RPC: tablet_id: "7db87d3517f14fd896d36720748c0940" candidate_uuid: "1cfe860c1c814b99ae037dc8e4672dbf" candidate_term: 1 candidate_status { last_received { term: 0 index: 0 } } ignore_live_leader: false dest_uuid: "e5ca14eb7f4d41598d4bf164e228407c" is_pre_election: true
I20260709 14:45:12.379858   714 raft_consensus.cc:2468] T 7db87d3517f14fd896d36720748c0940 P b4df9bcc11864f38b77e0857f12bf5d5 [term 0 FOLLOWER]: Leader pre-election vote request: Granting yes vote for candidate 1cfe860c1c814b99ae037dc8e4672dbf in term 0.
I20260709 14:45:12.379966   641 raft_consensus.cc:2468] T 7db87d3517f14fd896d36720748c0940 P e5ca14eb7f4d41598d4bf164e228407c [term 0 FOLLOWER]: Leader pre-election vote request: Granting yes vote for candidate 1cfe860c1c814b99ae037dc8e4672dbf in term 0.
I20260709 14:45:12.381217   529 leader_election.cc:304] T 7db87d3517f14fd896d36720748c0940 P 1cfe860c1c814b99ae037dc8e4672dbf [CANDIDATE]: Term 1 pre-election: Election decided. Result: candidate won. Election summary: received 2 responses out of 3 voters: 2 yes votes; 0 no votes. yes voters: 1cfe860c1c814b99ae037dc8e4672dbf, b4df9bcc11864f38b77e0857f12bf5d5; no voters: 
I20260709 14:45:12.382771   765 raft_consensus.cc:2804] T 7db87d3517f14fd896d36720748c0940 P 1cfe860c1c814b99ae037dc8e4672dbf [term 0 FOLLOWER]: Leader pre-election won for term 1
I20260709 14:45:12.383139   765 raft_consensus.cc:493] T 7db87d3517f14fd896d36720748c0940 P 1cfe860c1c814b99ae037dc8e4672dbf [term 0 FOLLOWER]: Starting leader election (no leader contacted us within the election timeout)
I20260709 14:45:12.383471   765 raft_consensus.cc:3060] T 7db87d3517f14fd896d36720748c0940 P 1cfe860c1c814b99ae037dc8e4672dbf [term 0 FOLLOWER]: Advancing to term 1
I20260709 14:45:12.383982   759 tablet_bootstrap.cc:654] T 32dc3e0d90c844aca868db257b8128ff P b4df9bcc11864f38b77e0857f12bf5d5: Neither blocks nor log segments found. Creating new log.
I20260709 14:45:12.386794   758 tablet_bootstrap.cc:654] T 331d5ba702454d96a81d14d2301c603c P 1cfe860c1c814b99ae037dc8e4672dbf: Neither blocks nor log segments found. Creating new log.
I20260709 14:45:12.390501   765 raft_consensus.cc:515] T 7db87d3517f14fd896d36720748c0940 P 1cfe860c1c814b99ae037dc8e4672dbf [term 1 FOLLOWER]: Starting leader election with config: opid_index: -1 OBSOLETE_local: false peers { permanent_uuid: "1cfe860c1c814b99ae037dc8e4672dbf" member_type: VOTER last_known_addr { host: "127.0.107.193" port: 39009 } } peers { permanent_uuid: "e5ca14eb7f4d41598d4bf164e228407c" member_type: VOTER last_known_addr { host: "127.0.107.194" port: 37297 } } peers { permanent_uuid: "b4df9bcc11864f38b77e0857f12bf5d5" member_type: VOTER last_known_addr { host: "127.0.107.195" port: 43987 } }
I20260709 14:45:12.392215   760 tablet_bootstrap.cc:492] T 331d5ba702454d96a81d14d2301c603c P e5ca14eb7f4d41598d4bf164e228407c: No bootstrap required, opened a new log
I20260709 14:45:12.392702   760 ts_tablet_manager.cc:1403] T 331d5ba702454d96a81d14d2301c603c P e5ca14eb7f4d41598d4bf164e228407c: Time spent bootstrapping tablet: real 0.065s	user 0.013s	sys 0.009s
I20260709 14:45:12.402220   461 catalog_manager.cc:5697] T 12c19ca4d02449bbb2c3a6a29edf06f7 P b4df9bcc11864f38b77e0857f12bf5d5 reported cstate change: term changed from 0 to 1, leader changed from <none> to b4df9bcc11864f38b77e0857f12bf5d5 (127.0.107.195). New cstate: current_term: 1 leader_uuid: "b4df9bcc11864f38b77e0857f12bf5d5" committed_config { opid_index: -1 OBSOLETE_local: false peers { permanent_uuid: "1cfe860c1c814b99ae037dc8e4672dbf" member_type: VOTER last_known_addr { host: "127.0.107.193" port: 39009 } health_report { overall_health: UNKNOWN } } peers { permanent_uuid: "b4df9bcc11864f38b77e0857f12bf5d5" member_type: VOTER last_known_addr { host: "127.0.107.195" port: 43987 } health_report { overall_health: HEALTHY } } peers { permanent_uuid: "e5ca14eb7f4d41598d4bf164e228407c" member_type: VOTER last_known_addr { host: "127.0.107.194" port: 37297 } health_report { overall_health: UNKNOWN } } }
I20260709 14:45:12.403615   791 raft_consensus.cc:493] T 9861fc0c822149779767663cd2f510bc P b4df9bcc11864f38b77e0857f12bf5d5 [term 0 FOLLOWER]: Starting pre-election (no leader contacted us within the election timeout)
I20260709 14:45:12.405910   641 tablet_service.cc:1917] Received RequestConsensusVote() RPC: tablet_id: "7db87d3517f14fd896d36720748c0940" candidate_uuid: "1cfe860c1c814b99ae037dc8e4672dbf" candidate_term: 1 candidate_status { last_received { term: 0 index: 0 } } ignore_live_leader: false dest_uuid: "e5ca14eb7f4d41598d4bf164e228407c"
I20260709 14:45:12.408641   641 raft_consensus.cc:3060] T 7db87d3517f14fd896d36720748c0940 P e5ca14eb7f4d41598d4bf164e228407c [term 0 FOLLOWER]: Advancing to term 1
I20260709 14:45:12.408542   791 raft_consensus.cc:515] T 9861fc0c822149779767663cd2f510bc P b4df9bcc11864f38b77e0857f12bf5d5 [term 0 FOLLOWER]: Starting pre-election with config: opid_index: -1 OBSOLETE_local: false peers { permanent_uuid: "1cfe860c1c814b99ae037dc8e4672dbf" member_type: VOTER last_known_addr { host: "127.0.107.193" port: 39009 } } peers { permanent_uuid: "e5ca14eb7f4d41598d4bf164e228407c" member_type: VOTER last_known_addr { host: "127.0.107.194" port: 37297 } } peers { permanent_uuid: "b4df9bcc11864f38b77e0857f12bf5d5" member_type: VOTER last_known_addr { host: "127.0.107.195" port: 43987 } }
I20260709 14:45:12.411423   565 tablet_service.cc:1917] Received RequestConsensusVote() RPC: tablet_id: "9861fc0c822149779767663cd2f510bc" candidate_uuid: "b4df9bcc11864f38b77e0857f12bf5d5" candidate_term: 1 candidate_status { last_received { term: 0 index: 0 } } ignore_live_leader: false dest_uuid: "1cfe860c1c814b99ae037dc8e4672dbf" is_pre_election: true
I20260709 14:45:12.412163   565 raft_consensus.cc:2393] T 9861fc0c822149779767663cd2f510bc P 1cfe860c1c814b99ae037dc8e4672dbf [term 1 FOLLOWER]: Leader pre-election vote request: Denying vote to candidate b4df9bcc11864f38b77e0857f12bf5d5 in current term 1: Already voted for candidate e5ca14eb7f4d41598d4bf164e228407c in this term.
I20260709 14:45:12.412737   640 tablet_service.cc:1917] Received RequestConsensusVote() RPC: tablet_id: "9861fc0c822149779767663cd2f510bc" candidate_uuid: "b4df9bcc11864f38b77e0857f12bf5d5" candidate_term: 1 candidate_status { last_received { term: 0 index: 0 } } ignore_live_leader: false dest_uuid: "e5ca14eb7f4d41598d4bf164e228407c" is_pre_election: true
I20260709 14:45:12.412161   791 leader_election.cc:290] T 9861fc0c822149779767663cd2f510bc P b4df9bcc11864f38b77e0857f12bf5d5 [CANDIDATE]: Term 1 pre-election: Requested pre-vote from peers 1cfe860c1c814b99ae037dc8e4672dbf (127.0.107.193:39009), e5ca14eb7f4d41598d4bf164e228407c (127.0.107.194:37297)
I20260709 14:45:12.414626   681 leader_election.cc:304] T 9861fc0c822149779767663cd2f510bc P b4df9bcc11864f38b77e0857f12bf5d5 [CANDIDATE]: Term 1 pre-election: Election decided. Result: candidate lost. Election summary: received 3 responses out of 3 voters: 1 yes votes; 2 no votes. yes voters: b4df9bcc11864f38b77e0857f12bf5d5; no voters: 1cfe860c1c814b99ae037dc8e4672dbf, e5ca14eb7f4d41598d4bf164e228407c
I20260709 14:45:12.415750   641 raft_consensus.cc:2468] T 7db87d3517f14fd896d36720748c0940 P e5ca14eb7f4d41598d4bf164e228407c [term 1 FOLLOWER]: Leader election vote request: Granting yes vote for candidate 1cfe860c1c814b99ae037dc8e4672dbf in term 1.
I20260709 14:45:12.416039   791 raft_consensus.cc:3060] T 9861fc0c822149779767663cd2f510bc P b4df9bcc11864f38b77e0857f12bf5d5 [term 0 FOLLOWER]: Advancing to term 1
I20260709 14:45:12.417007   532 leader_election.cc:304] T 7db87d3517f14fd896d36720748c0940 P 1cfe860c1c814b99ae037dc8e4672dbf [CANDIDATE]: Term 1 election: Election decided. Result: candidate won. Election summary: received 2 responses out of 3 voters: 2 yes votes; 0 no votes. yes voters: 1cfe860c1c814b99ae037dc8e4672dbf, e5ca14eb7f4d41598d4bf164e228407c; no voters: 
I20260709 14:45:12.406870   765 leader_election.cc:290] T 7db87d3517f14fd896d36720748c0940 P 1cfe860c1c814b99ae037dc8e4672dbf [CANDIDATE]: Term 1 election: Requested vote from peers e5ca14eb7f4d41598d4bf164e228407c (127.0.107.194:37297), b4df9bcc11864f38b77e0857f12bf5d5 (127.0.107.195:43987)
I20260709 14:45:12.417795   763 raft_consensus.cc:2804] T 7db87d3517f14fd896d36720748c0940 P 1cfe860c1c814b99ae037dc8e4672dbf [term 1 FOLLOWER]: Leader election won for term 1
I20260709 14:45:12.418241   763 raft_consensus.cc:697] T 7db87d3517f14fd896d36720748c0940 P 1cfe860c1c814b99ae037dc8e4672dbf [term 1 LEADER]: Becoming Leader. State: Replica: 1cfe860c1c814b99ae037dc8e4672dbf, State: Running, Role: LEADER
I20260709 14:45:12.419073   763 consensus_queue.cc:237] T 7db87d3517f14fd896d36720748c0940 P 1cfe860c1c814b99ae037dc8e4672dbf [LEADER]: Queue going to LEADER mode. State: All replicated index: 0, Majority replicated index: 0, Committed index: 0, Last appended: 0.0, Last appended by leader: 0, Current term: 1, Majority size: 2, State: 0, Mode: LEADER, active raft config: opid_index: -1 OBSOLETE_local: false peers { permanent_uuid: "1cfe860c1c814b99ae037dc8e4672dbf" member_type: VOTER last_known_addr { host: "127.0.107.193" port: 39009 } } peers { permanent_uuid: "e5ca14eb7f4d41598d4bf164e228407c" member_type: VOTER last_known_addr { host: "127.0.107.194" port: 37297 } } peers { permanent_uuid: "b4df9bcc11864f38b77e0857f12bf5d5" member_type: VOTER last_known_addr { host: "127.0.107.195" port: 43987 } }
I20260709 14:45:12.405642   760 raft_consensus.cc:359] T 331d5ba702454d96a81d14d2301c603c P e5ca14eb7f4d41598d4bf164e228407c [term 0 FOLLOWER]: Replica starting. Triggering 0 pending ops. Active config: opid_index: -1 OBSOLETE_local: false peers { permanent_uuid: "1cfe860c1c814b99ae037dc8e4672dbf" member_type: VOTER last_known_addr { host: "127.0.107.193" port: 39009 } } peers { permanent_uuid: "e5ca14eb7f4d41598d4bf164e228407c" member_type: VOTER last_known_addr { host: "127.0.107.194" port: 37297 } } peers { permanent_uuid: "b4df9bcc11864f38b77e0857f12bf5d5" member_type: VOTER last_known_addr { host: "127.0.107.195" port: 43987 } }
I20260709 14:45:12.420163   760 raft_consensus.cc:385] T 331d5ba702454d96a81d14d2301c603c P e5ca14eb7f4d41598d4bf164e228407c [term 0 FOLLOWER]: Consensus starting up: Expiring failure detector timer to make a prompt election more likely
I20260709 14:45:12.424585   760 raft_consensus.cc:740] T 331d5ba702454d96a81d14d2301c603c P e5ca14eb7f4d41598d4bf164e228407c [term 0 FOLLOWER]: Becoming Follower/Learner. State: Replica: e5ca14eb7f4d41598d4bf164e228407c, State: Initialized, Role: FOLLOWER
I20260709 14:45:12.428404   791 raft_consensus.cc:2749] T 9861fc0c822149779767663cd2f510bc P b4df9bcc11864f38b77e0857f12bf5d5 [term 1 FOLLOWER]: Leader pre-election lost for term 1. Reason: could not achieve majority
I20260709 14:45:12.429708   759 tablet_bootstrap.cc:492] T 32dc3e0d90c844aca868db257b8128ff P b4df9bcc11864f38b77e0857f12bf5d5: No bootstrap required, opened a new log
I20260709 14:45:12.429821   758 tablet_bootstrap.cc:492] T 331d5ba702454d96a81d14d2301c603c P 1cfe860c1c814b99ae037dc8e4672dbf: No bootstrap required, opened a new log
I20260709 14:45:12.430209   759 ts_tablet_manager.cc:1403] T 32dc3e0d90c844aca868db257b8128ff P b4df9bcc11864f38b77e0857f12bf5d5: Time spent bootstrapping tablet: real 0.056s	user 0.031s	sys 0.011s
I20260709 14:45:12.430483   758 ts_tablet_manager.cc:1403] T 331d5ba702454d96a81d14d2301c603c P 1cfe860c1c814b99ae037dc8e4672dbf: Time spent bootstrapping tablet: real 0.113s	user 0.021s	sys 0.005s
I20260709 14:45:12.429809   760 consensus_queue.cc:260] T 331d5ba702454d96a81d14d2301c603c P e5ca14eb7f4d41598d4bf164e228407c [NON_LEADER]: Queue going to NON_LEADER mode. State: All replicated index: 0, Majority replicated index: 0, Committed index: 0, Last appended: 0.0, Last appended by leader: 0, Current term: 0, Majority size: -1, State: 0, Mode: NON_LEADER, active raft config: opid_index: -1 OBSOLETE_local: false peers { permanent_uuid: "1cfe860c1c814b99ae037dc8e4672dbf" member_type: VOTER last_known_addr { host: "127.0.107.193" port: 39009 } } peers { permanent_uuid: "e5ca14eb7f4d41598d4bf164e228407c" member_type: VOTER last_known_addr { host: "127.0.107.194" port: 37297 } } peers { permanent_uuid: "b4df9bcc11864f38b77e0857f12bf5d5" member_type: VOTER last_known_addr { host: "127.0.107.195" port: 43987 } }
I20260709 14:45:12.432857   760 ts_tablet_manager.cc:1434] T 331d5ba702454d96a81d14d2301c603c P e5ca14eb7f4d41598d4bf164e228407c: Time spent starting tablet: real 0.040s	user 0.005s	sys 0.002s
I20260709 14:45:12.433660   760 tablet_bootstrap.cc:492] T 32dc3e0d90c844aca868db257b8128ff P e5ca14eb7f4d41598d4bf164e228407c: Bootstrap starting.
I20260709 14:45:12.434211   759 raft_consensus.cc:359] T 32dc3e0d90c844aca868db257b8128ff P b4df9bcc11864f38b77e0857f12bf5d5 [term 0 FOLLOWER]: Replica starting. Triggering 0 pending ops. Active config: opid_index: -1 OBSOLETE_local: false peers { permanent_uuid: "1cfe860c1c814b99ae037dc8e4672dbf" member_type: VOTER last_known_addr { host: "127.0.107.193" port: 39009 } } peers { permanent_uuid: "e5ca14eb7f4d41598d4bf164e228407c" member_type: VOTER last_known_addr { host: "127.0.107.194" port: 37297 } } peers { permanent_uuid: "b4df9bcc11864f38b77e0857f12bf5d5" member_type: VOTER last_known_addr { host: "127.0.107.195" port: 43987 } }
I20260709 14:45:12.436316   759 raft_consensus.cc:385] T 32dc3e0d90c844aca868db257b8128ff P b4df9bcc11864f38b77e0857f12bf5d5 [term 0 FOLLOWER]: Consensus starting up: Expiring failure detector timer to make a prompt election more likely
I20260709 14:45:12.436599   759 raft_consensus.cc:740] T 32dc3e0d90c844aca868db257b8128ff P b4df9bcc11864f38b77e0857f12bf5d5 [term 0 FOLLOWER]: Becoming Follower/Learner. State: Replica: b4df9bcc11864f38b77e0857f12bf5d5, State: Initialized, Role: FOLLOWER
I20260709 14:45:12.437260   759 consensus_queue.cc:260] T 32dc3e0d90c844aca868db257b8128ff P b4df9bcc11864f38b77e0857f12bf5d5 [NON_LEADER]: Queue going to NON_LEADER mode. State: All replicated index: 0, Majority replicated index: 0, Committed index: 0, Last appended: 0.0, Last appended by leader: 0, Current term: 0, Majority size: -1, State: 0, Mode: NON_LEADER, active raft config: opid_index: -1 OBSOLETE_local: false peers { permanent_uuid: "1cfe860c1c814b99ae037dc8e4672dbf" member_type: VOTER last_known_addr { host: "127.0.107.193" port: 39009 } } peers { permanent_uuid: "e5ca14eb7f4d41598d4bf164e228407c" member_type: VOTER last_known_addr { host: "127.0.107.194" port: 37297 } } peers { permanent_uuid: "b4df9bcc11864f38b77e0857f12bf5d5" member_type: VOTER last_known_addr { host: "127.0.107.195" port: 43987 } }
I20260709 14:45:12.439488   759 ts_tablet_manager.cc:1434] T 32dc3e0d90c844aca868db257b8128ff P b4df9bcc11864f38b77e0857f12bf5d5: Time spent starting tablet: real 0.009s	user 0.001s	sys 0.002s
I20260709 14:45:12.436035   758 raft_consensus.cc:359] T 331d5ba702454d96a81d14d2301c603c P 1cfe860c1c814b99ae037dc8e4672dbf [term 0 FOLLOWER]: Replica starting. Triggering 0 pending ops. Active config: opid_index: -1 OBSOLETE_local: false peers { permanent_uuid: "1cfe860c1c814b99ae037dc8e4672dbf" member_type: VOTER last_known_addr { host: "127.0.107.193" port: 39009 } } peers { permanent_uuid: "e5ca14eb7f4d41598d4bf164e228407c" member_type: VOTER last_known_addr { host: "127.0.107.194" port: 37297 } } peers { permanent_uuid: "b4df9bcc11864f38b77e0857f12bf5d5" member_type: VOTER last_known_addr { host: "127.0.107.195" port: 43987 } }
I20260709 14:45:12.440491   758 raft_consensus.cc:385] T 331d5ba702454d96a81d14d2301c603c P 1cfe860c1c814b99ae037dc8e4672dbf [term 0 FOLLOWER]: Consensus starting up: Expiring failure detector timer to make a prompt election more likely
I20260709 14:45:12.440749   758 raft_consensus.cc:740] T 331d5ba702454d96a81d14d2301c603c P 1cfe860c1c814b99ae037dc8e4672dbf [term 0 FOLLOWER]: Becoming Follower/Learner. State: Replica: 1cfe860c1c814b99ae037dc8e4672dbf, State: Initialized, Role: FOLLOWER
I20260709 14:45:12.441319   758 consensus_queue.cc:260] T 331d5ba702454d96a81d14d2301c603c P 1cfe860c1c814b99ae037dc8e4672dbf [NON_LEADER]: Queue going to NON_LEADER mode. State: All replicated index: 0, Majority replicated index: 0, Committed index: 0, Last appended: 0.0, Last appended by leader: 0, Current term: 0, Majority size: -1, State: 0, Mode: NON_LEADER, active raft config: opid_index: -1 OBSOLETE_local: false peers { permanent_uuid: "1cfe860c1c814b99ae037dc8e4672dbf" member_type: VOTER last_known_addr { host: "127.0.107.193" port: 39009 } } peers { permanent_uuid: "e5ca14eb7f4d41598d4bf164e228407c" member_type: VOTER last_known_addr { host: "127.0.107.194" port: 37297 } } peers { permanent_uuid: "b4df9bcc11864f38b77e0857f12bf5d5" member_type: VOTER last_known_addr { host: "127.0.107.195" port: 43987 } }
I20260709 14:45:12.451505   758 ts_tablet_manager.cc:1434] T 331d5ba702454d96a81d14d2301c603c P 1cfe860c1c814b99ae037dc8e4672dbf: Time spent starting tablet: real 0.021s	user 0.005s	sys 0.000s
W20260709 14:45:12.451810   529 outbound_call.cc:321] RPC callback for RPC call kudu.consensus.ConsensusService.UpdateConsensus -> {remote=127.0.107.195:43987, user_credentials={real_user=slave}} blocked reactor thread for 57310us
I20260709 14:45:12.452576   758 tablet_bootstrap.cc:492] T 32dc3e0d90c844aca868db257b8128ff P 1cfe860c1c814b99ae037dc8e4672dbf: Bootstrap starting.
I20260709 14:45:12.453307   715 tablet_service.cc:1917] Received RequestConsensusVote() RPC: tablet_id: "7db87d3517f14fd896d36720748c0940" candidate_uuid: "1cfe860c1c814b99ae037dc8e4672dbf" candidate_term: 1 candidate_status { last_received { term: 0 index: 0 } } ignore_live_leader: false dest_uuid: "b4df9bcc11864f38b77e0857f12bf5d5"
I20260709 14:45:12.453850   715 raft_consensus.cc:3060] T 7db87d3517f14fd896d36720748c0940 P b4df9bcc11864f38b77e0857f12bf5d5 [term 0 FOLLOWER]: Advancing to term 1
I20260709 14:45:12.451452   783 consensus_queue.cc:1048] T 9861fc0c822149779767663cd2f510bc P e5ca14eb7f4d41598d4bf164e228407c [LEADER]: Connected to new peer: Peer: permanent_uuid: "b4df9bcc11864f38b77e0857f12bf5d5" member_type: VOTER last_known_addr { host: "127.0.107.195" port: 43987 }, Status: LMP_MISMATCH, Last received: 0.0, Next index: 1, Last known committed idx: 0, Time since last communication: 0.003s
I20260709 14:45:12.457747   758 tablet_bootstrap.cc:654] T 32dc3e0d90c844aca868db257b8128ff P 1cfe860c1c814b99ae037dc8e4672dbf: Neither blocks nor log segments found. Creating new log.
I20260709 14:45:12.458030   462 catalog_manager.cc:5697] T 7db87d3517f14fd896d36720748c0940 P 1cfe860c1c814b99ae037dc8e4672dbf reported cstate change: term changed from 0 to 1, leader changed from <none> to 1cfe860c1c814b99ae037dc8e4672dbf (127.0.107.193). New cstate: current_term: 1 leader_uuid: "1cfe860c1c814b99ae037dc8e4672dbf" committed_config { opid_index: -1 OBSOLETE_local: false peers { permanent_uuid: "1cfe860c1c814b99ae037dc8e4672dbf" member_type: VOTER last_known_addr { host: "127.0.107.193" port: 39009 } health_report { overall_health: HEALTHY } } peers { permanent_uuid: "e5ca14eb7f4d41598d4bf164e228407c" member_type: VOTER last_known_addr { host: "127.0.107.194" port: 37297 } health_report { overall_health: UNKNOWN } } peers { permanent_uuid: "b4df9bcc11864f38b77e0857f12bf5d5" member_type: VOTER last_known_addr { host: "127.0.107.195" port: 43987 } health_report { overall_health: UNKNOWN } } }
I20260709 14:45:12.460361   760 tablet_bootstrap.cc:654] T 32dc3e0d90c844aca868db257b8128ff P e5ca14eb7f4d41598d4bf164e228407c: Neither blocks nor log segments found. Creating new log.
I20260709 14:45:12.459975   715 raft_consensus.cc:2468] T 7db87d3517f14fd896d36720748c0940 P b4df9bcc11864f38b77e0857f12bf5d5 [term 1 FOLLOWER]: Leader election vote request: Granting yes vote for candidate 1cfe860c1c814b99ae037dc8e4672dbf in term 1.
I20260709 14:45:12.471673   758 tablet_bootstrap.cc:492] T 32dc3e0d90c844aca868db257b8128ff P 1cfe860c1c814b99ae037dc8e4672dbf: No bootstrap required, opened a new log
I20260709 14:45:12.472168   758 ts_tablet_manager.cc:1403] T 32dc3e0d90c844aca868db257b8128ff P 1cfe860c1c814b99ae037dc8e4672dbf: Time spent bootstrapping tablet: real 0.020s	user 0.010s	sys 0.000s
I20260709 14:45:12.474812   758 raft_consensus.cc:359] T 32dc3e0d90c844aca868db257b8128ff P 1cfe860c1c814b99ae037dc8e4672dbf [term 0 FOLLOWER]: Replica starting. Triggering 0 pending ops. Active config: opid_index: -1 OBSOLETE_local: false peers { permanent_uuid: "1cfe860c1c814b99ae037dc8e4672dbf" member_type: VOTER last_known_addr { host: "127.0.107.193" port: 39009 } } peers { permanent_uuid: "e5ca14eb7f4d41598d4bf164e228407c" member_type: VOTER last_known_addr { host: "127.0.107.194" port: 37297 } } peers { permanent_uuid: "b4df9bcc11864f38b77e0857f12bf5d5" member_type: VOTER last_known_addr { host: "127.0.107.195" port: 43987 } }
I20260709 14:45:12.475525   758 raft_consensus.cc:385] T 32dc3e0d90c844aca868db257b8128ff P 1cfe860c1c814b99ae037dc8e4672dbf [term 0 FOLLOWER]: Consensus starting up: Expiring failure detector timer to make a prompt election more likely
I20260709 14:45:12.475791   758 raft_consensus.cc:740] T 32dc3e0d90c844aca868db257b8128ff P 1cfe860c1c814b99ae037dc8e4672dbf [term 0 FOLLOWER]: Becoming Follower/Learner. State: Replica: 1cfe860c1c814b99ae037dc8e4672dbf, State: Initialized, Role: FOLLOWER
I20260709 14:45:12.476620   758 consensus_queue.cc:260] T 32dc3e0d90c844aca868db257b8128ff P 1cfe860c1c814b99ae037dc8e4672dbf [NON_LEADER]: Queue going to NON_LEADER mode. State: All replicated index: 0, Majority replicated index: 0, Committed index: 0, Last appended: 0.0, Last appended by leader: 0, Current term: 0, Majority size: -1, State: 0, Mode: NON_LEADER, active raft config: opid_index: -1 OBSOLETE_local: false peers { permanent_uuid: "1cfe860c1c814b99ae037dc8e4672dbf" member_type: VOTER last_known_addr { host: "127.0.107.193" port: 39009 } } peers { permanent_uuid: "e5ca14eb7f4d41598d4bf164e228407c" member_type: VOTER last_known_addr { host: "127.0.107.194" port: 37297 } } peers { permanent_uuid: "b4df9bcc11864f38b77e0857f12bf5d5" member_type: VOTER last_known_addr { host: "127.0.107.195" port: 43987 } }
I20260709 14:45:12.478770   758 ts_tablet_manager.cc:1434] T 32dc3e0d90c844aca868db257b8128ff P 1cfe860c1c814b99ae037dc8e4672dbf: Time spent starting tablet: real 0.006s	user 0.004s	sys 0.000s
I20260709 14:45:12.487231   760 tablet_bootstrap.cc:492] T 32dc3e0d90c844aca868db257b8128ff P e5ca14eb7f4d41598d4bf164e228407c: No bootstrap required, opened a new log
I20260709 14:45:12.487670   760 ts_tablet_manager.cc:1403] T 32dc3e0d90c844aca868db257b8128ff P e5ca14eb7f4d41598d4bf164e228407c: Time spent bootstrapping tablet: real 0.054s	user 0.010s	sys 0.020s
I20260709 14:45:12.493408   767 consensus_queue.cc:1048] T 9861fc0c822149779767663cd2f510bc P e5ca14eb7f4d41598d4bf164e228407c [LEADER]: Connected to new peer: Peer: permanent_uuid: "1cfe860c1c814b99ae037dc8e4672dbf" member_type: VOTER last_known_addr { host: "127.0.107.193" port: 39009 }, Status: LMP_MISMATCH, Last received: 0.0, Next index: 1, Last known committed idx: 0, Time since last communication: 0.000s
I20260709 14:45:12.494810   760 raft_consensus.cc:359] T 32dc3e0d90c844aca868db257b8128ff P e5ca14eb7f4d41598d4bf164e228407c [term 0 FOLLOWER]: Replica starting. Triggering 0 pending ops. Active config: opid_index: -1 OBSOLETE_local: false peers { permanent_uuid: "1cfe860c1c814b99ae037dc8e4672dbf" member_type: VOTER last_known_addr { host: "127.0.107.193" port: 39009 } } peers { permanent_uuid: "e5ca14eb7f4d41598d4bf164e228407c" member_type: VOTER last_known_addr { host: "127.0.107.194" port: 37297 } } peers { permanent_uuid: "b4df9bcc11864f38b77e0857f12bf5d5" member_type: VOTER last_known_addr { host: "127.0.107.195" port: 43987 } }
I20260709 14:45:12.495129   791 raft_consensus.cc:493] T 331d5ba702454d96a81d14d2301c603c P b4df9bcc11864f38b77e0857f12bf5d5 [term 0 FOLLOWER]: Starting pre-election (no leader contacted us within the election timeout)
I20260709 14:45:12.495465   760 raft_consensus.cc:385] T 32dc3e0d90c844aca868db257b8128ff P e5ca14eb7f4d41598d4bf164e228407c [term 0 FOLLOWER]: Consensus starting up: Expiring failure detector timer to make a prompt election more likely
I20260709 14:45:12.495759   760 raft_consensus.cc:740] T 32dc3e0d90c844aca868db257b8128ff P e5ca14eb7f4d41598d4bf164e228407c [term 0 FOLLOWER]: Becoming Follower/Learner. State: Replica: e5ca14eb7f4d41598d4bf164e228407c, State: Initialized, Role: FOLLOWER
I20260709 14:45:12.495594   791 raft_consensus.cc:515] T 331d5ba702454d96a81d14d2301c603c P b4df9bcc11864f38b77e0857f12bf5d5 [term 0 FOLLOWER]: Starting pre-election with config: opid_index: -1 OBSOLETE_local: false peers { permanent_uuid: "1cfe860c1c814b99ae037dc8e4672dbf" member_type: VOTER last_known_addr { host: "127.0.107.193" port: 39009 } } peers { permanent_uuid: "e5ca14eb7f4d41598d4bf164e228407c" member_type: VOTER last_known_addr { host: "127.0.107.194" port: 37297 } } peers { permanent_uuid: "b4df9bcc11864f38b77e0857f12bf5d5" member_type: VOTER last_known_addr { host: "127.0.107.195" port: 43987 } }
I20260709 14:45:12.496419   760 consensus_queue.cc:260] T 32dc3e0d90c844aca868db257b8128ff P e5ca14eb7f4d41598d4bf164e228407c [NON_LEADER]: Queue going to NON_LEADER mode. State: All replicated index: 0, Majority replicated index: 0, Committed index: 0, Last appended: 0.0, Last appended by leader: 0, Current term: 0, Majority size: -1, State: 0, Mode: NON_LEADER, active raft config: opid_index: -1 OBSOLETE_local: false peers { permanent_uuid: "1cfe860c1c814b99ae037dc8e4672dbf" member_type: VOTER last_known_addr { host: "127.0.107.193" port: 39009 } } peers { permanent_uuid: "e5ca14eb7f4d41598d4bf164e228407c" member_type: VOTER last_known_addr { host: "127.0.107.194" port: 37297 } } peers { permanent_uuid: "b4df9bcc11864f38b77e0857f12bf5d5" member_type: VOTER last_known_addr { host: "127.0.107.195" port: 43987 } }
I20260709 14:45:12.497318   791 leader_election.cc:290] T 331d5ba702454d96a81d14d2301c603c P b4df9bcc11864f38b77e0857f12bf5d5 [CANDIDATE]: Term 1 pre-election: Requested pre-vote from peers 1cfe860c1c814b99ae037dc8e4672dbf (127.0.107.193:39009), e5ca14eb7f4d41598d4bf164e228407c (127.0.107.194:37297)
I20260709 14:45:12.497962   565 tablet_service.cc:1917] Received RequestConsensusVote() RPC: tablet_id: "331d5ba702454d96a81d14d2301c603c" candidate_uuid: "b4df9bcc11864f38b77e0857f12bf5d5" candidate_term: 1 candidate_status { last_received { term: 0 index: 0 } } ignore_live_leader: false dest_uuid: "1cfe860c1c814b99ae037dc8e4672dbf" is_pre_election: true
I20260709 14:45:12.498323   760 ts_tablet_manager.cc:1434] T 32dc3e0d90c844aca868db257b8128ff P e5ca14eb7f4d41598d4bf164e228407c: Time spent starting tablet: real 0.006s	user 0.004s	sys 0.000s
I20260709 14:45:12.498534   565 raft_consensus.cc:2468] T 331d5ba702454d96a81d14d2301c603c P 1cfe860c1c814b99ae037dc8e4672dbf [term 0 FOLLOWER]: Leader pre-election vote request: Granting yes vote for candidate b4df9bcc11864f38b77e0857f12bf5d5 in term 0.
I20260709 14:45:12.498739   641 tablet_service.cc:1917] Received RequestConsensusVote() RPC: tablet_id: "331d5ba702454d96a81d14d2301c603c" candidate_uuid: "b4df9bcc11864f38b77e0857f12bf5d5" candidate_term: 1 candidate_status { last_received { term: 0 index: 0 } } ignore_live_leader: false dest_uuid: "e5ca14eb7f4d41598d4bf164e228407c" is_pre_election: true
I20260709 14:45:12.499325   641 raft_consensus.cc:2468] T 331d5ba702454d96a81d14d2301c603c P e5ca14eb7f4d41598d4bf164e228407c [term 0 FOLLOWER]: Leader pre-election vote request: Granting yes vote for candidate b4df9bcc11864f38b77e0857f12bf5d5 in term 0.
I20260709 14:45:12.501111   813 raft_consensus.cc:493] T a7a10f5199d84aaaafba7c4899ae9ab1 P 1cfe860c1c814b99ae037dc8e4672dbf [term 0 FOLLOWER]: Starting pre-election (no leader contacted us within the election timeout)
I20260709 14:45:12.501601   679 leader_election.cc:304] T 331d5ba702454d96a81d14d2301c603c P b4df9bcc11864f38b77e0857f12bf5d5 [CANDIDATE]: Term 1 pre-election: Election decided. Result: candidate won. Election summary: received 2 responses out of 3 voters: 2 yes votes; 0 no votes. yes voters: 1cfe860c1c814b99ae037dc8e4672dbf, b4df9bcc11864f38b77e0857f12bf5d5; no voters: 
I20260709 14:45:12.501535   813 raft_consensus.cc:515] T a7a10f5199d84aaaafba7c4899ae9ab1 P 1cfe860c1c814b99ae037dc8e4672dbf [term 0 FOLLOWER]: Starting pre-election with config: opid_index: -1 OBSOLETE_local: false peers { permanent_uuid: "1cfe860c1c814b99ae037dc8e4672dbf" member_type: VOTER last_known_addr { host: "127.0.107.193" port: 39009 } } peers { permanent_uuid: "e5ca14eb7f4d41598d4bf164e228407c" member_type: VOTER last_known_addr { host: "127.0.107.194" port: 37297 } } peers { permanent_uuid: "b4df9bcc11864f38b77e0857f12bf5d5" member_type: VOTER last_known_addr { host: "127.0.107.195" port: 43987 } }
I20260709 14:45:12.502398   791 raft_consensus.cc:2804] T 331d5ba702454d96a81d14d2301c603c P b4df9bcc11864f38b77e0857f12bf5d5 [term 0 FOLLOWER]: Leader pre-election won for term 1
I20260709 14:45:12.503086   791 raft_consensus.cc:493] T 331d5ba702454d96a81d14d2301c603c P b4df9bcc11864f38b77e0857f12bf5d5 [term 0 FOLLOWER]: Starting leader election (no leader contacted us within the election timeout)
I20260709 14:45:12.505861   791 raft_consensus.cc:3060] T 331d5ba702454d96a81d14d2301c603c P b4df9bcc11864f38b77e0857f12bf5d5 [term 0 FOLLOWER]: Advancing to term 1
I20260709 14:45:12.506506   714 tablet_service.cc:1917] Received RequestConsensusVote() RPC: tablet_id: "a7a10f5199d84aaaafba7c4899ae9ab1" candidate_uuid: "1cfe860c1c814b99ae037dc8e4672dbf" candidate_term: 1 candidate_status { last_received { term: 0 index: 0 } } ignore_live_leader: false dest_uuid: "b4df9bcc11864f38b77e0857f12bf5d5" is_pre_election: true
I20260709 14:45:12.506778   813 leader_election.cc:290] T a7a10f5199d84aaaafba7c4899ae9ab1 P 1cfe860c1c814b99ae037dc8e4672dbf [CANDIDATE]: Term 1 pre-election: Requested pre-vote from peers e5ca14eb7f4d41598d4bf164e228407c (127.0.107.194:37297), b4df9bcc11864f38b77e0857f12bf5d5 (127.0.107.195:43987)
I20260709 14:45:12.507965   714 raft_consensus.cc:2468] T a7a10f5199d84aaaafba7c4899ae9ab1 P b4df9bcc11864f38b77e0857f12bf5d5 [term 0 FOLLOWER]: Leader pre-election vote request: Granting yes vote for candidate 1cfe860c1c814b99ae037dc8e4672dbf in term 0.
I20260709 14:45:12.506573   640 tablet_service.cc:1917] Received RequestConsensusVote() RPC: tablet_id: "a7a10f5199d84aaaafba7c4899ae9ab1" candidate_uuid: "1cfe860c1c814b99ae037dc8e4672dbf" candidate_term: 1 candidate_status { last_received { term: 0 index: 0 } } ignore_live_leader: false dest_uuid: "e5ca14eb7f4d41598d4bf164e228407c" is_pre_election: true
I20260709 14:45:12.509922   529 leader_election.cc:304] T a7a10f5199d84aaaafba7c4899ae9ab1 P 1cfe860c1c814b99ae037dc8e4672dbf [CANDIDATE]: Term 1 pre-election: Election decided. Result: candidate won. Election summary: received 2 responses out of 3 voters: 2 yes votes; 0 no votes. yes voters: 1cfe860c1c814b99ae037dc8e4672dbf, b4df9bcc11864f38b77e0857f12bf5d5; no voters: 
I20260709 14:45:12.509930   640 raft_consensus.cc:2468] T a7a10f5199d84aaaafba7c4899ae9ab1 P e5ca14eb7f4d41598d4bf164e228407c [term 0 FOLLOWER]: Leader pre-election vote request: Granting yes vote for candidate 1cfe860c1c814b99ae037dc8e4672dbf in term 0.
I20260709 14:45:12.511049   813 raft_consensus.cc:2804] T a7a10f5199d84aaaafba7c4899ae9ab1 P 1cfe860c1c814b99ae037dc8e4672dbf [term 0 FOLLOWER]: Leader pre-election won for term 1
I20260709 14:45:12.511449   813 raft_consensus.cc:493] T a7a10f5199d84aaaafba7c4899ae9ab1 P 1cfe860c1c814b99ae037dc8e4672dbf [term 0 FOLLOWER]: Starting leader election (no leader contacted us within the election timeout)
I20260709 14:45:12.511889   813 raft_consensus.cc:3060] T a7a10f5199d84aaaafba7c4899ae9ab1 P 1cfe860c1c814b99ae037dc8e4672dbf [term 0 FOLLOWER]: Advancing to term 1
I20260709 14:45:12.518000   791 raft_consensus.cc:515] T 331d5ba702454d96a81d14d2301c603c P b4df9bcc11864f38b77e0857f12bf5d5 [term 1 FOLLOWER]: Starting leader election with config: opid_index: -1 OBSOLETE_local: false peers { permanent_uuid: "1cfe860c1c814b99ae037dc8e4672dbf" member_type: VOTER last_known_addr { host: "127.0.107.193" port: 39009 } } peers { permanent_uuid: "e5ca14eb7f4d41598d4bf164e228407c" member_type: VOTER last_known_addr { host: "127.0.107.194" port: 37297 } } peers { permanent_uuid: "b4df9bcc11864f38b77e0857f12bf5d5" member_type: VOTER last_known_addr { host: "127.0.107.195" port: 43987 } }
I20260709 14:45:12.518290   813 raft_consensus.cc:515] T a7a10f5199d84aaaafba7c4899ae9ab1 P 1cfe860c1c814b99ae037dc8e4672dbf [term 1 FOLLOWER]: Starting leader election with config: opid_index: -1 OBSOLETE_local: false peers { permanent_uuid: "1cfe860c1c814b99ae037dc8e4672dbf" member_type: VOTER last_known_addr { host: "127.0.107.193" port: 39009 } } peers { permanent_uuid: "e5ca14eb7f4d41598d4bf164e228407c" member_type: VOTER last_known_addr { host: "127.0.107.194" port: 37297 } } peers { permanent_uuid: "b4df9bcc11864f38b77e0857f12bf5d5" member_type: VOTER last_known_addr { host: "127.0.107.195" port: 43987 } }
I20260709 14:45:12.520496   813 leader_election.cc:290] T a7a10f5199d84aaaafba7c4899ae9ab1 P 1cfe860c1c814b99ae037dc8e4672dbf [CANDIDATE]: Term 1 election: Requested vote from peers e5ca14eb7f4d41598d4bf164e228407c (127.0.107.194:37297), b4df9bcc11864f38b77e0857f12bf5d5 (127.0.107.195:43987)
I20260709 14:45:12.521652   714 tablet_service.cc:1917] Received RequestConsensusVote() RPC: tablet_id: "a7a10f5199d84aaaafba7c4899ae9ab1" candidate_uuid: "1cfe860c1c814b99ae037dc8e4672dbf" candidate_term: 1 candidate_status { last_received { term: 0 index: 0 } } ignore_live_leader: false dest_uuid: "b4df9bcc11864f38b77e0857f12bf5d5"
I20260709 14:45:12.522192   714 raft_consensus.cc:3060] T a7a10f5199d84aaaafba7c4899ae9ab1 P b4df9bcc11864f38b77e0857f12bf5d5 [term 0 FOLLOWER]: Advancing to term 1
I20260709 14:45:12.522581   640 tablet_service.cc:1917] Received RequestConsensusVote() RPC: tablet_id: "a7a10f5199d84aaaafba7c4899ae9ab1" candidate_uuid: "1cfe860c1c814b99ae037dc8e4672dbf" candidate_term: 1 candidate_status { last_received { term: 0 index: 0 } } ignore_live_leader: false dest_uuid: "e5ca14eb7f4d41598d4bf164e228407c"
I20260709 14:45:12.522945   640 raft_consensus.cc:3060] T a7a10f5199d84aaaafba7c4899ae9ab1 P e5ca14eb7f4d41598d4bf164e228407c [term 0 FOLLOWER]: Advancing to term 1
I20260709 14:45:12.529042   640 raft_consensus.cc:2468] T a7a10f5199d84aaaafba7c4899ae9ab1 P e5ca14eb7f4d41598d4bf164e228407c [term 1 FOLLOWER]: Leader election vote request: Granting yes vote for candidate 1cfe860c1c814b99ae037dc8e4672dbf in term 1.
I20260709 14:45:12.530210   532 leader_election.cc:304] T a7a10f5199d84aaaafba7c4899ae9ab1 P 1cfe860c1c814b99ae037dc8e4672dbf [CANDIDATE]: Term 1 election: Election decided. Result: candidate won. Election summary: received 2 responses out of 3 voters: 2 yes votes; 0 no votes. yes voters: 1cfe860c1c814b99ae037dc8e4672dbf, e5ca14eb7f4d41598d4bf164e228407c; no voters: 
I20260709 14:45:12.531078   791 leader_election.cc:290] T 331d5ba702454d96a81d14d2301c603c P b4df9bcc11864f38b77e0857f12bf5d5 [CANDIDATE]: Term 1 election: Requested vote from peers 1cfe860c1c814b99ae037dc8e4672dbf (127.0.107.193:39009), e5ca14eb7f4d41598d4bf164e228407c (127.0.107.194:37297)
I20260709 14:45:12.530980   564 tablet_service.cc:1917] Received RequestConsensusVote() RPC: tablet_id: "331d5ba702454d96a81d14d2301c603c" candidate_uuid: "b4df9bcc11864f38b77e0857f12bf5d5" candidate_term: 1 candidate_status { last_received { term: 0 index: 0 } } ignore_live_leader: false dest_uuid: "1cfe860c1c814b99ae037dc8e4672dbf"
I20260709 14:45:12.531507   813 raft_consensus.cc:2804] T a7a10f5199d84aaaafba7c4899ae9ab1 P 1cfe860c1c814b99ae037dc8e4672dbf [term 1 FOLLOWER]: Leader election won for term 1
I20260709 14:45:12.531597   564 raft_consensus.cc:3060] T 331d5ba702454d96a81d14d2301c603c P 1cfe860c1c814b99ae037dc8e4672dbf [term 0 FOLLOWER]: Advancing to term 1
I20260709 14:45:12.531267   641 tablet_service.cc:1917] Received RequestConsensusVote() RPC: tablet_id: "331d5ba702454d96a81d14d2301c603c" candidate_uuid: "b4df9bcc11864f38b77e0857f12bf5d5" candidate_term: 1 candidate_status { last_received { term: 0 index: 0 } } ignore_live_leader: false dest_uuid: "e5ca14eb7f4d41598d4bf164e228407c"
I20260709 14:45:12.531996   813 raft_consensus.cc:697] T a7a10f5199d84aaaafba7c4899ae9ab1 P 1cfe860c1c814b99ae037dc8e4672dbf [term 1 LEADER]: Becoming Leader. State: Replica: 1cfe860c1c814b99ae037dc8e4672dbf, State: Running, Role: LEADER
I20260709 14:45:12.532315   641 raft_consensus.cc:3060] T 331d5ba702454d96a81d14d2301c603c P e5ca14eb7f4d41598d4bf164e228407c [term 0 FOLLOWER]: Advancing to term 1
I20260709 14:45:12.532979   813 consensus_queue.cc:237] T a7a10f5199d84aaaafba7c4899ae9ab1 P 1cfe860c1c814b99ae037dc8e4672dbf [LEADER]: Queue going to LEADER mode. State: All replicated index: 0, Majority replicated index: 0, Committed index: 0, Last appended: 0.0, Last appended by leader: 0, Current term: 1, Majority size: 2, State: 0, Mode: LEADER, active raft config: opid_index: -1 OBSOLETE_local: false peers { permanent_uuid: "1cfe860c1c814b99ae037dc8e4672dbf" member_type: VOTER last_known_addr { host: "127.0.107.193" port: 39009 } } peers { permanent_uuid: "e5ca14eb7f4d41598d4bf164e228407c" member_type: VOTER last_known_addr { host: "127.0.107.194" port: 37297 } } peers { permanent_uuid: "b4df9bcc11864f38b77e0857f12bf5d5" member_type: VOTER last_known_addr { host: "127.0.107.195" port: 43987 } }
I20260709 14:45:12.537786   564 raft_consensus.cc:2468] T 331d5ba702454d96a81d14d2301c603c P 1cfe860c1c814b99ae037dc8e4672dbf [term 1 FOLLOWER]: Leader election vote request: Granting yes vote for candidate b4df9bcc11864f38b77e0857f12bf5d5 in term 1.
I20260709 14:45:12.538491   641 raft_consensus.cc:2468] T 331d5ba702454d96a81d14d2301c603c P e5ca14eb7f4d41598d4bf164e228407c [term 1 FOLLOWER]: Leader election vote request: Granting yes vote for candidate b4df9bcc11864f38b77e0857f12bf5d5 in term 1.
I20260709 14:45:12.538972   679 leader_election.cc:304] T 331d5ba702454d96a81d14d2301c603c P b4df9bcc11864f38b77e0857f12bf5d5 [CANDIDATE]: Term 1 election: Election decided. Result: candidate won. Election summary: received 2 responses out of 3 voters: 2 yes votes; 0 no votes. yes voters: 1cfe860c1c814b99ae037dc8e4672dbf, b4df9bcc11864f38b77e0857f12bf5d5; no voters: 
I20260709 14:45:12.529085   714 raft_consensus.cc:2468] T a7a10f5199d84aaaafba7c4899ae9ab1 P b4df9bcc11864f38b77e0857f12bf5d5 [term 1 FOLLOWER]: Leader election vote request: Granting yes vote for candidate 1cfe860c1c814b99ae037dc8e4672dbf in term 1.
I20260709 14:45:12.542096   791 raft_consensus.cc:2804] T 331d5ba702454d96a81d14d2301c603c P b4df9bcc11864f38b77e0857f12bf5d5 [term 1 FOLLOWER]: Leader election won for term 1
I20260709 14:45:12.542552   791 raft_consensus.cc:697] T 331d5ba702454d96a81d14d2301c603c P b4df9bcc11864f38b77e0857f12bf5d5 [term 1 LEADER]: Becoming Leader. State: Replica: b4df9bcc11864f38b77e0857f12bf5d5, State: Running, Role: LEADER
I20260709 14:45:12.543769   791 consensus_queue.cc:237] T 331d5ba702454d96a81d14d2301c603c P b4df9bcc11864f38b77e0857f12bf5d5 [LEADER]: Queue going to LEADER mode. State: All replicated index: 0, Majority replicated index: 0, Committed index: 0, Last appended: 0.0, Last appended by leader: 0, Current term: 1, Majority size: 2, State: 0, Mode: LEADER, active raft config: opid_index: -1 OBSOLETE_local: false peers { permanent_uuid: "1cfe860c1c814b99ae037dc8e4672dbf" member_type: VOTER last_known_addr { host: "127.0.107.193" port: 39009 } } peers { permanent_uuid: "e5ca14eb7f4d41598d4bf164e228407c" member_type: VOTER last_known_addr { host: "127.0.107.194" port: 37297 } } peers { permanent_uuid: "b4df9bcc11864f38b77e0857f12bf5d5" member_type: VOTER last_known_addr { host: "127.0.107.195" port: 43987 } }
I20260709 14:45:12.547211   463 catalog_manager.cc:5697] T a7a10f5199d84aaaafba7c4899ae9ab1 P 1cfe860c1c814b99ae037dc8e4672dbf reported cstate change: term changed from 0 to 1, leader changed from <none> to 1cfe860c1c814b99ae037dc8e4672dbf (127.0.107.193). New cstate: current_term: 1 leader_uuid: "1cfe860c1c814b99ae037dc8e4672dbf" committed_config { opid_index: -1 OBSOLETE_local: false peers { permanent_uuid: "1cfe860c1c814b99ae037dc8e4672dbf" member_type: VOTER last_known_addr { host: "127.0.107.193" port: 39009 } health_report { overall_health: HEALTHY } } peers { permanent_uuid: "e5ca14eb7f4d41598d4bf164e228407c" member_type: VOTER last_known_addr { host: "127.0.107.194" port: 37297 } health_report { overall_health: UNKNOWN } } peers { permanent_uuid: "b4df9bcc11864f38b77e0857f12bf5d5" member_type: VOTER last_known_addr { host: "127.0.107.195" port: 43987 } health_report { overall_health: UNKNOWN } } }
I20260709 14:45:12.552002   461 catalog_manager.cc:5697] T 331d5ba702454d96a81d14d2301c603c P b4df9bcc11864f38b77e0857f12bf5d5 reported cstate change: term changed from 0 to 1, leader changed from <none> to b4df9bcc11864f38b77e0857f12bf5d5 (127.0.107.195). New cstate: current_term: 1 leader_uuid: "b4df9bcc11864f38b77e0857f12bf5d5" committed_config { opid_index: -1 OBSOLETE_local: false peers { permanent_uuid: "1cfe860c1c814b99ae037dc8e4672dbf" member_type: VOTER last_known_addr { host: "127.0.107.193" port: 39009 } health_report { overall_health: UNKNOWN } } peers { permanent_uuid: "e5ca14eb7f4d41598d4bf164e228407c" member_type: VOTER last_known_addr { host: "127.0.107.194" port: 37297 } health_report { overall_health: UNKNOWN } } peers { permanent_uuid: "b4df9bcc11864f38b77e0857f12bf5d5" member_type: VOTER last_known_addr { host: "127.0.107.195" port: 43987 } health_report { overall_health: HEALTHY } } }
W20260709 14:45:12.567281   510 auto_rebalancer.cc:288] Could not retrieve cluster info: Service unavailable: Tablet not running
I20260709 14:45:12.644613   767 consensus_queue.cc:1048] T 6534b14cab8a467a883338283fbe52be P e5ca14eb7f4d41598d4bf164e228407c [LEADER]: Connected to new peer: Peer: permanent_uuid: "b4df9bcc11864f38b77e0857f12bf5d5" member_type: VOTER last_known_addr { host: "127.0.107.195" port: 43987 }, Status: LMP_MISMATCH, Last received: 0.0, Next index: 1, Last known committed idx: 0, Time since last communication: 0.000s
I20260709 14:45:12.652014   783 consensus_queue.cc:1048] T 6534b14cab8a467a883338283fbe52be P e5ca14eb7f4d41598d4bf164e228407c [LEADER]: Connected to new peer: Peer: permanent_uuid: "1cfe860c1c814b99ae037dc8e4672dbf" member_type: VOTER last_known_addr { host: "127.0.107.193" port: 39009 }, Status: LMP_MISMATCH, Last received: 0.0, Next index: 1, Last known committed idx: 0, Time since last communication: 0.000s
I20260709 14:45:12.728439   822 raft_consensus.cc:493] T 32dc3e0d90c844aca868db257b8128ff P e5ca14eb7f4d41598d4bf164e228407c [term 0 FOLLOWER]: Starting pre-election (no leader contacted us within the election timeout)
I20260709 14:45:12.728888   822 raft_consensus.cc:515] T 32dc3e0d90c844aca868db257b8128ff P e5ca14eb7f4d41598d4bf164e228407c [term 0 FOLLOWER]: Starting pre-election with config: opid_index: -1 OBSOLETE_local: false peers { permanent_uuid: "1cfe860c1c814b99ae037dc8e4672dbf" member_type: VOTER last_known_addr { host: "127.0.107.193" port: 39009 } } peers { permanent_uuid: "e5ca14eb7f4d41598d4bf164e228407c" member_type: VOTER last_known_addr { host: "127.0.107.194" port: 37297 } } peers { permanent_uuid: "b4df9bcc11864f38b77e0857f12bf5d5" member_type: VOTER last_known_addr { host: "127.0.107.195" port: 43987 } }
I20260709 14:45:12.731055   822 leader_election.cc:290] T 32dc3e0d90c844aca868db257b8128ff P e5ca14eb7f4d41598d4bf164e228407c [CANDIDATE]: Term 1 pre-election: Requested pre-vote from peers 1cfe860c1c814b99ae037dc8e4672dbf (127.0.107.193:39009), b4df9bcc11864f38b77e0857f12bf5d5 (127.0.107.195:43987)
I20260709 14:45:12.731850   564 tablet_service.cc:1917] Received RequestConsensusVote() RPC: tablet_id: "32dc3e0d90c844aca868db257b8128ff" candidate_uuid: "e5ca14eb7f4d41598d4bf164e228407c" candidate_term: 1 candidate_status { last_received { term: 0 index: 0 } } ignore_live_leader: false dest_uuid: "1cfe860c1c814b99ae037dc8e4672dbf" is_pre_election: true
I20260709 14:45:12.732247   714 tablet_service.cc:1917] Received RequestConsensusVote() RPC: tablet_id: "32dc3e0d90c844aca868db257b8128ff" candidate_uuid: "e5ca14eb7f4d41598d4bf164e228407c" candidate_term: 1 candidate_status { last_received { term: 0 index: 0 } } ignore_live_leader: false dest_uuid: "b4df9bcc11864f38b77e0857f12bf5d5" is_pre_election: true
I20260709 14:45:12.732511   564 raft_consensus.cc:2468] T 32dc3e0d90c844aca868db257b8128ff P 1cfe860c1c814b99ae037dc8e4672dbf [term 0 FOLLOWER]: Leader pre-election vote request: Granting yes vote for candidate e5ca14eb7f4d41598d4bf164e228407c in term 0.
I20260709 14:45:12.732827   714 raft_consensus.cc:2468] T 32dc3e0d90c844aca868db257b8128ff P b4df9bcc11864f38b77e0857f12bf5d5 [term 0 FOLLOWER]: Leader pre-election vote request: Granting yes vote for candidate e5ca14eb7f4d41598d4bf164e228407c in term 0.
I20260709 14:45:12.733652   605 leader_election.cc:304] T 32dc3e0d90c844aca868db257b8128ff P e5ca14eb7f4d41598d4bf164e228407c [CANDIDATE]: Term 1 pre-election: Election decided. Result: candidate won. Election summary: received 2 responses out of 3 voters: 2 yes votes; 0 no votes. yes voters: 1cfe860c1c814b99ae037dc8e4672dbf, e5ca14eb7f4d41598d4bf164e228407c; no voters: 
I20260709 14:45:12.734263   822 raft_consensus.cc:2804] T 32dc3e0d90c844aca868db257b8128ff P e5ca14eb7f4d41598d4bf164e228407c [term 0 FOLLOWER]: Leader pre-election won for term 1
I20260709 14:45:12.734566   822 raft_consensus.cc:493] T 32dc3e0d90c844aca868db257b8128ff P e5ca14eb7f4d41598d4bf164e228407c [term 0 FOLLOWER]: Starting leader election (no leader contacted us within the election timeout)
I20260709 14:45:12.734836   822 raft_consensus.cc:3060] T 32dc3e0d90c844aca868db257b8128ff P e5ca14eb7f4d41598d4bf164e228407c [term 0 FOLLOWER]: Advancing to term 1
I20260709 14:45:12.739172   822 raft_consensus.cc:515] T 32dc3e0d90c844aca868db257b8128ff P e5ca14eb7f4d41598d4bf164e228407c [term 1 FOLLOWER]: Starting leader election with config: opid_index: -1 OBSOLETE_local: false peers { permanent_uuid: "1cfe860c1c814b99ae037dc8e4672dbf" member_type: VOTER last_known_addr { host: "127.0.107.193" port: 39009 } } peers { permanent_uuid: "e5ca14eb7f4d41598d4bf164e228407c" member_type: VOTER last_known_addr { host: "127.0.107.194" port: 37297 } } peers { permanent_uuid: "b4df9bcc11864f38b77e0857f12bf5d5" member_type: VOTER last_known_addr { host: "127.0.107.195" port: 43987 } }
I20260709 14:45:12.740805   822 leader_election.cc:290] T 32dc3e0d90c844aca868db257b8128ff P e5ca14eb7f4d41598d4bf164e228407c [CANDIDATE]: Term 1 election: Requested vote from peers 1cfe860c1c814b99ae037dc8e4672dbf (127.0.107.193:39009), b4df9bcc11864f38b77e0857f12bf5d5 (127.0.107.195:43987)
I20260709 14:45:12.741532   564 tablet_service.cc:1917] Received RequestConsensusVote() RPC: tablet_id: "32dc3e0d90c844aca868db257b8128ff" candidate_uuid: "e5ca14eb7f4d41598d4bf164e228407c" candidate_term: 1 candidate_status { last_received { term: 0 index: 0 } } ignore_live_leader: false dest_uuid: "1cfe860c1c814b99ae037dc8e4672dbf"
