I20260709 14:52:32.529238  8795 consensus_queue.cc:260] T 890b6dabbe0a4340a47d6c743ef4adf3 P 27ff5926fc064fad9b77647ce4e31617 [NON_LEADER]: Queue going to NON_LEADER mode. State: All replicated index: 0, Majority replicated index: 0, Committed index: 0, Last appended: 0.0, Last appended by leader: 0, Current term: 0, Majority size: -1, State: 0, Mode: NON_LEADER, active raft config: opid_index: -1 OBSOLETE_local: false peers { permanent_uuid: "abf10feee729470b968b38d8cbcce2bb" member_type: VOTER last_known_addr { host: "127.8.68.129" port: 36513 } } peers { permanent_uuid: "bcd23f5e94e8498aa8ba480b9a0e7853" member_type: VOTER last_known_addr { host: "127.8.68.130" port: 44563 } } peers { permanent_uuid: "27ff5926fc064fad9b77647ce4e31617" member_type: VOTER last_known_addr { host: "127.8.68.131" port: 40947 } }
I20260709 14:52:32.533149  8805 raft_consensus.cc:3060] T 2a56265fd07444ed830d3308330dcaa7 P 27ff5926fc064fad9b77647ce4e31617 [term 0 FOLLOWER]: Advancing to term 1
I20260709 14:52:32.540041  8676 tablet_service.cc:1917] Received RequestConsensusVote() RPC: tablet_id: "2a56265fd07444ed830d3308330dcaa7" candidate_uuid: "27ff5926fc064fad9b77647ce4e31617" candidate_term: 1 candidate_status { last_received { term: 0 index: 0 } } ignore_live_leader: false dest_uuid: "bcd23f5e94e8498aa8ba480b9a0e7853" is_pre_election: true
I20260709 14:52:32.523102  8798 consensus_queue.cc:237] T b43fb9031f8c4d8b9137674612b0cd4e P bcd23f5e94e8498aa8ba480b9a0e7853 [LEADER]: Queue going to LEADER mode. State: All replicated index: 0, Majority replicated index: 0, Committed index: 0, Last appended: 0.0, Last appended by leader: 0, Current term: 1, Majority size: 2, State: 0, Mode: LEADER, active raft config: opid_index: -1 OBSOLETE_local: false peers { permanent_uuid: "abf10feee729470b968b38d8cbcce2bb" member_type: VOTER last_known_addr { host: "127.8.68.129" port: 36513 } } peers { permanent_uuid: "bcd23f5e94e8498aa8ba480b9a0e7853" member_type: VOTER last_known_addr { host: "127.8.68.130" port: 44563 } } peers { permanent_uuid: "27ff5926fc064fad9b77647ce4e31617" member_type: VOTER last_known_addr { host: "127.8.68.131" port: 40947 } }
I20260709 14:52:32.540357  8794 raft_consensus.cc:359] T f1d5b5e98cce4878b268d18aed3fd021 P abf10feee729470b968b38d8cbcce2bb [term 0 FOLLOWER]: Replica starting. Triggering 0 pending ops. Active config: opid_index: -1 OBSOLETE_local: false peers { permanent_uuid: "abf10feee729470b968b38d8cbcce2bb" member_type: VOTER last_known_addr { host: "127.8.68.129" port: 36513 } } peers { permanent_uuid: "bcd23f5e94e8498aa8ba480b9a0e7853" member_type: VOTER last_known_addr { host: "127.8.68.130" port: 44563 } } peers { permanent_uuid: "27ff5926fc064fad9b77647ce4e31617" member_type: VOTER last_known_addr { host: "127.8.68.131" port: 40947 } }
W20260709 14:52:32.542156  8714 leader_election.cc:343] T 2a56265fd07444ed830d3308330dcaa7 P 27ff5926fc064fad9b77647ce4e31617 [CANDIDATE]: Term 1 pre-election: Tablet error from VoteRequest() call to peer bcd23f5e94e8498aa8ba480b9a0e7853 (127.8.68.130:44563): Illegal state: must be running to vote when last-logged opid is not known
I20260709 14:52:32.542217  8794 raft_consensus.cc:385] T f1d5b5e98cce4878b268d18aed3fd021 P abf10feee729470b968b38d8cbcce2bb [term 0 FOLLOWER]: Consensus starting up: Expiring failure detector timer to make a prompt election more likely
I20260709 14:52:32.542719  8794 raft_consensus.cc:740] T f1d5b5e98cce4878b268d18aed3fd021 P abf10feee729470b968b38d8cbcce2bb [term 0 FOLLOWER]: Becoming Follower/Learner. State: Replica: abf10feee729470b968b38d8cbcce2bb, State: Initialized, Role: FOLLOWER
I20260709 14:52:32.543076  8675 tablet_service.cc:1917] Received RequestConsensusVote() RPC: tablet_id: "a13b76f874ec434d8c53e21121d74929" candidate_uuid: "27ff5926fc064fad9b77647ce4e31617" candidate_term: 1 candidate_status { last_received { term: 0 index: 0 } } ignore_live_leader: false dest_uuid: "bcd23f5e94e8498aa8ba480b9a0e7853" is_pre_election: true
I20260709 14:52:32.543910  8675 raft_consensus.cc:2468] T a13b76f874ec434d8c53e21121d74929 P bcd23f5e94e8498aa8ba480b9a0e7853 [term 0 FOLLOWER]: Leader pre-election vote request: Granting yes vote for candidate 27ff5926fc064fad9b77647ce4e31617 in term 0.
W20260709 14:52:32.534868  8639 leader_election.cc:343] T 5aadd085363e4261b655cb8c215a336e P bcd23f5e94e8498aa8ba480b9a0e7853 [CANDIDATE]: Term 1 pre-election: Tablet error from VoteRequest() call to peer 27ff5926fc064fad9b77647ce4e31617 (127.8.68.131:40947): Illegal state: must be running to vote when last-logged opid is not known
I20260709 14:52:32.542869  8805 raft_consensus.cc:515] T 2a56265fd07444ed830d3308330dcaa7 P 27ff5926fc064fad9b77647ce4e31617 [term 1 FOLLOWER]: Starting leader election with config: opid_index: -1 OBSOLETE_local: false peers { permanent_uuid: "abf10feee729470b968b38d8cbcce2bb" member_type: VOTER last_known_addr { host: "127.8.68.129" port: 36513 } } peers { permanent_uuid: "bcd23f5e94e8498aa8ba480b9a0e7853" member_type: VOTER last_known_addr { host: "127.8.68.130" port: 44563 } } peers { permanent_uuid: "27ff5926fc064fad9b77647ce4e31617" member_type: VOTER last_known_addr { host: "127.8.68.131" port: 40947 } }
I20260709 14:52:32.545815  8794 consensus_queue.cc:260] T f1d5b5e98cce4878b268d18aed3fd021 P abf10feee729470b968b38d8cbcce2bb [NON_LEADER]: Queue going to NON_LEADER mode. State: All replicated index: 0, Majority replicated index: 0, Committed index: 0, Last appended: 0.0, Last appended by leader: 0, Current term: 0, Majority size: -1, State: 0, Mode: NON_LEADER, active raft config: opid_index: -1 OBSOLETE_local: false peers { permanent_uuid: "abf10feee729470b968b38d8cbcce2bb" member_type: VOTER last_known_addr { host: "127.8.68.129" port: 36513 } } peers { permanent_uuid: "bcd23f5e94e8498aa8ba480b9a0e7853" member_type: VOTER last_known_addr { host: "127.8.68.130" port: 44563 } } peers { permanent_uuid: "27ff5926fc064fad9b77647ce4e31617" member_type: VOTER last_known_addr { host: "127.8.68.131" port: 40947 } }
I20260709 14:52:32.546389  8714 leader_election.cc:304] T a13b76f874ec434d8c53e21121d74929 P 27ff5926fc064fad9b77647ce4e31617 [CANDIDATE]: Term 1 pre-election: Election decided. Result: candidate won. Election summary: received 3 responses out of 3 voters: 2 yes votes; 1 no votes. yes voters: 27ff5926fc064fad9b77647ce4e31617, bcd23f5e94e8498aa8ba480b9a0e7853; no voters: abf10feee729470b968b38d8cbcce2bb
I20260709 14:52:32.549932  8600 tablet_service.cc:1917] Received RequestConsensusVote() RPC: tablet_id: "2a56265fd07444ed830d3308330dcaa7" candidate_uuid: "27ff5926fc064fad9b77647ce4e31617" candidate_term: 1 candidate_status { last_received { term: 0 index: 0 } } ignore_live_leader: false dest_uuid: "abf10feee729470b968b38d8cbcce2bb"
I20260709 14:52:32.549985  8805 leader_election.cc:290] T 2a56265fd07444ed830d3308330dcaa7 P 27ff5926fc064fad9b77647ce4e31617 [CANDIDATE]: Term 1 election: Requested vote from peers abf10feee729470b968b38d8cbcce2bb (127.8.68.129:36513), bcd23f5e94e8498aa8ba480b9a0e7853 (127.8.68.130:44563)
I20260709 14:52:32.550765  8600 raft_consensus.cc:3060] T 2a56265fd07444ed830d3308330dcaa7 P abf10feee729470b968b38d8cbcce2bb [term 0 FOLLOWER]: Advancing to term 1
I20260709 14:52:32.550894  8805 raft_consensus.cc:2804] T a13b76f874ec434d8c53e21121d74929 P 27ff5926fc064fad9b77647ce4e31617 [term 0 FOLLOWER]: Leader pre-election won for term 1
I20260709 14:52:32.551306  8805 raft_consensus.cc:493] T a13b76f874ec434d8c53e21121d74929 P 27ff5926fc064fad9b77647ce4e31617 [term 0 FOLLOWER]: Starting leader election (no leader contacted us within the election timeout)
I20260709 14:52:32.553122  8675 tablet_service.cc:1917] Received RequestConsensusVote() RPC: tablet_id: "2a56265fd07444ed830d3308330dcaa7" candidate_uuid: "27ff5926fc064fad9b77647ce4e31617" candidate_term: 1 candidate_status { last_received { term: 0 index: 0 } } ignore_live_leader: false dest_uuid: "bcd23f5e94e8498aa8ba480b9a0e7853"
I20260709 14:52:32.553138  8805 raft_consensus.cc:3060] T a13b76f874ec434d8c53e21121d74929 P 27ff5926fc064fad9b77647ce4e31617 [term 0 FOLLOWER]: Advancing to term 1
I20260709 14:52:32.556967  8795 ts_tablet_manager.cc:1434] T 890b6dabbe0a4340a47d6c743ef4adf3 P 27ff5926fc064fad9b77647ce4e31617: Time spent starting tablet: real 0.073s	user 0.012s	sys 0.014s
I20260709 14:52:32.557938  8795 tablet_bootstrap.cc:492] T f1d5b5e98cce4878b268d18aed3fd021 P 27ff5926fc064fad9b77647ce4e31617: Bootstrap starting.
I20260709 14:52:32.558897  8799 raft_consensus.cc:493] T f1d5b5e98cce4878b268d18aed3fd021 P abf10feee729470b968b38d8cbcce2bb [term 0 FOLLOWER]: Starting pre-election (no leader contacted us within the election timeout)
W20260709 14:52:32.559063  8714 leader_election.cc:343] T 2a56265fd07444ed830d3308330dcaa7 P 27ff5926fc064fad9b77647ce4e31617 [CANDIDATE]: Term 1 election: Tablet error from VoteRequest() call to peer bcd23f5e94e8498aa8ba480b9a0e7853 (127.8.68.130:44563): Illegal state: must be running to vote when last-logged opid is not known
I20260709 14:52:32.546774  8639 leader_election.cc:304] T 5aadd085363e4261b655cb8c215a336e P bcd23f5e94e8498aa8ba480b9a0e7853 [CANDIDATE]: Term 1 pre-election: Election decided. Result: candidate lost. Election summary: received 3 responses out of 3 voters: 1 yes votes; 2 no votes. yes voters: bcd23f5e94e8498aa8ba480b9a0e7853; no voters: 27ff5926fc064fad9b77647ce4e31617, abf10feee729470b968b38d8cbcce2bb
I20260709 14:52:32.559613  8799 raft_consensus.cc:515] T f1d5b5e98cce4878b268d18aed3fd021 P abf10feee729470b968b38d8cbcce2bb [term 0 FOLLOWER]: Starting pre-election with config: opid_index: -1 OBSOLETE_local: false peers { permanent_uuid: "abf10feee729470b968b38d8cbcce2bb" member_type: VOTER last_known_addr { host: "127.8.68.129" port: 36513 } } peers { permanent_uuid: "bcd23f5e94e8498aa8ba480b9a0e7853" member_type: VOTER last_known_addr { host: "127.8.68.130" port: 44563 } } peers { permanent_uuid: "27ff5926fc064fad9b77647ce4e31617" member_type: VOTER last_known_addr { host: "127.8.68.131" port: 40947 } }
I20260709 14:52:32.563652  8799 leader_election.cc:290] T f1d5b5e98cce4878b268d18aed3fd021 P abf10feee729470b968b38d8cbcce2bb [CANDIDATE]: Term 1 pre-election: Requested pre-vote from peers bcd23f5e94e8498aa8ba480b9a0e7853 (127.8.68.130:44563), 27ff5926fc064fad9b77647ce4e31617 (127.8.68.131:40947)
I20260709 14:52:32.564724  8794 ts_tablet_manager.cc:1434] T f1d5b5e98cce4878b268d18aed3fd021 P abf10feee729470b968b38d8cbcce2bb: Time spent starting tablet: real 0.096s	user 0.013s	sys 0.002s
I20260709 14:52:32.564697  8749 tablet_service.cc:1917] Received RequestConsensusVote() RPC: tablet_id: "f1d5b5e98cce4878b268d18aed3fd021" candidate_uuid: "abf10feee729470b968b38d8cbcce2bb" candidate_term: 1 candidate_status { last_received { term: 0 index: 0 } } ignore_live_leader: false dest_uuid: "27ff5926fc064fad9b77647ce4e31617" is_pre_election: true
I20260709 14:52:32.565171  8675 tablet_service.cc:1917] Received RequestConsensusVote() RPC: tablet_id: "f1d5b5e98cce4878b268d18aed3fd021" candidate_uuid: "abf10feee729470b968b38d8cbcce2bb" candidate_term: 1 candidate_status { last_received { term: 0 index: 0 } } ignore_live_leader: false dest_uuid: "bcd23f5e94e8498aa8ba480b9a0e7853" is_pre_election: true
I20260709 14:52:32.565796  8794 tablet_bootstrap.cc:492] T cdf8326f9da6499ea355907f8bc51900 P abf10feee729470b968b38d8cbcce2bb: Bootstrap starting.
I20260709 14:52:32.565950  8675 raft_consensus.cc:2468] T f1d5b5e98cce4878b268d18aed3fd021 P bcd23f5e94e8498aa8ba480b9a0e7853 [term 0 FOLLOWER]: Leader pre-election vote request: Granting yes vote for candidate abf10feee729470b968b38d8cbcce2bb in term 0.
W20260709 14:52:32.566193  8564 leader_election.cc:343] T f1d5b5e98cce4878b268d18aed3fd021 P abf10feee729470b968b38d8cbcce2bb [CANDIDATE]: Term 1 pre-election: Tablet error from VoteRequest() call to peer 27ff5926fc064fad9b77647ce4e31617 (127.8.68.131:40947): Illegal state: must be running to vote when last-logged opid is not known
I20260709 14:52:32.567570  8565 leader_election.cc:304] T f1d5b5e98cce4878b268d18aed3fd021 P abf10feee729470b968b38d8cbcce2bb [CANDIDATE]: Term 1 pre-election: Election decided. Result: candidate won. Election summary: received 3 responses out of 3 voters: 2 yes votes; 1 no votes. yes voters: abf10feee729470b968b38d8cbcce2bb, bcd23f5e94e8498aa8ba480b9a0e7853; no voters: 27ff5926fc064fad9b77647ce4e31617
I20260709 14:52:32.569964  8816 raft_consensus.cc:2749] T 5aadd085363e4261b655cb8c215a336e P bcd23f5e94e8498aa8ba480b9a0e7853 [term 0 FOLLOWER]: Leader pre-election lost for term 1. Reason: could not achieve majority
I20260709 14:52:32.570569  8799 raft_consensus.cc:2804] T f1d5b5e98cce4878b268d18aed3fd021 P abf10feee729470b968b38d8cbcce2bb [term 0 FOLLOWER]: Leader pre-election won for term 1
I20260709 14:52:32.570994  8799 raft_consensus.cc:493] T f1d5b5e98cce4878b268d18aed3fd021 P abf10feee729470b968b38d8cbcce2bb [term 0 FOLLOWER]: Starting leader election (no leader contacted us within the election timeout)
I20260709 14:52:32.571682  8799 raft_consensus.cc:3060] T f1d5b5e98cce4878b268d18aed3fd021 P abf10feee729470b968b38d8cbcce2bb [term 0 FOLLOWER]: Advancing to term 1
I20260709 14:52:32.575228  8600 raft_consensus.cc:2468] T 2a56265fd07444ed830d3308330dcaa7 P abf10feee729470b968b38d8cbcce2bb [term 1 FOLLOWER]: Leader election vote request: Granting yes vote for candidate 27ff5926fc064fad9b77647ce4e31617 in term 1.
I20260709 14:52:32.579698  8716 leader_election.cc:304] T 2a56265fd07444ed830d3308330dcaa7 P 27ff5926fc064fad9b77647ce4e31617 [CANDIDATE]: Term 1 election: Election decided. Result: candidate won. Election summary: received 3 responses out of 3 voters: 2 yes votes; 1 no votes. yes voters: 27ff5926fc064fad9b77647ce4e31617, abf10feee729470b968b38d8cbcce2bb; no voters: bcd23f5e94e8498aa8ba480b9a0e7853
I20260709 14:52:32.583441  8823 raft_consensus.cc:2804] T 2a56265fd07444ed830d3308330dcaa7 P 27ff5926fc064fad9b77647ce4e31617 [term 1 FOLLOWER]: Leader election won for term 1
I20260709 14:52:32.589462  8805 raft_consensus.cc:515] T a13b76f874ec434d8c53e21121d74929 P 27ff5926fc064fad9b77647ce4e31617 [term 1 FOLLOWER]: Starting leader election with config: opid_index: -1 OBSOLETE_local: false peers { permanent_uuid: "abf10feee729470b968b38d8cbcce2bb" member_type: VOTER last_known_addr { host: "127.8.68.129" port: 36513 } } peers { permanent_uuid: "bcd23f5e94e8498aa8ba480b9a0e7853" member_type: VOTER last_known_addr { host: "127.8.68.130" port: 44563 } } peers { permanent_uuid: "27ff5926fc064fad9b77647ce4e31617" member_type: VOTER last_known_addr { host: "127.8.68.131" port: 40947 } }
I20260709 14:52:32.591030  8495 catalog_manager.cc:5697] T b43fb9031f8c4d8b9137674612b0cd4e P bcd23f5e94e8498aa8ba480b9a0e7853 reported cstate change: term changed from 0 to 1, leader changed from <none> to bcd23f5e94e8498aa8ba480b9a0e7853 (127.8.68.130). New cstate: current_term: 1 leader_uuid: "bcd23f5e94e8498aa8ba480b9a0e7853" committed_config { opid_index: -1 OBSOLETE_local: false peers { permanent_uuid: "abf10feee729470b968b38d8cbcce2bb" member_type: VOTER last_known_addr { host: "127.8.68.129" port: 36513 } health_report { overall_health: UNKNOWN } } peers { permanent_uuid: "bcd23f5e94e8498aa8ba480b9a0e7853" member_type: VOTER last_known_addr { host: "127.8.68.130" port: 44563 } health_report { overall_health: HEALTHY } } peers { permanent_uuid: "27ff5926fc064fad9b77647ce4e31617" member_type: VOTER last_known_addr { host: "127.8.68.131" port: 40947 } health_report { overall_health: UNKNOWN } } }
I20260709 14:52:32.594935  8805 leader_election.cc:290] T a13b76f874ec434d8c53e21121d74929 P 27ff5926fc064fad9b77647ce4e31617 [CANDIDATE]: Term 1 election: Requested vote from peers abf10feee729470b968b38d8cbcce2bb (127.8.68.129:36513), bcd23f5e94e8498aa8ba480b9a0e7853 (127.8.68.130:44563)
I20260709 14:52:32.596469  8675 tablet_service.cc:1917] Received RequestConsensusVote() RPC: tablet_id: "a13b76f874ec434d8c53e21121d74929" candidate_uuid: "27ff5926fc064fad9b77647ce4e31617" candidate_term: 1 candidate_status { last_received { term: 0 index: 0 } } ignore_live_leader: false dest_uuid: "bcd23f5e94e8498aa8ba480b9a0e7853"
I20260709 14:52:32.597103  8600 tablet_service.cc:1917] Received RequestConsensusVote() RPC: tablet_id: "a13b76f874ec434d8c53e21121d74929" candidate_uuid: "27ff5926fc064fad9b77647ce4e31617" candidate_term: 1 candidate_status { last_received { term: 0 index: 0 } } ignore_live_leader: false dest_uuid: "abf10feee729470b968b38d8cbcce2bb"
I20260709 14:52:32.598647  8675 raft_consensus.cc:3060] T a13b76f874ec434d8c53e21121d74929 P bcd23f5e94e8498aa8ba480b9a0e7853 [term 0 FOLLOWER]: Advancing to term 1
I20260709 14:52:32.599573  8794 tablet_bootstrap.cc:654] T cdf8326f9da6499ea355907f8bc51900 P abf10feee729470b968b38d8cbcce2bb: Neither blocks nor log segments found. Creating new log.
W20260709 14:52:32.600759  8716 leader_election.cc:343] T a13b76f874ec434d8c53e21121d74929 P 27ff5926fc064fad9b77647ce4e31617 [CANDIDATE]: Term 1 election: Tablet error from VoteRequest() call to peer abf10feee729470b968b38d8cbcce2bb (127.8.68.129:36513): Illegal state: must be running to vote when last-logged opid is not known
I20260709 14:52:32.602972  8818 raft_consensus.cc:515] T 423b482c3ecb486c949dad8337341281 P bcd23f5e94e8498aa8ba480b9a0e7853 [term 1 FOLLOWER]: Starting leader election with config: opid_index: -1 OBSOLETE_local: false peers { permanent_uuid: "bcd23f5e94e8498aa8ba480b9a0e7853" member_type: VOTER last_known_addr { host: "127.8.68.130" port: 44563 } } peers { permanent_uuid: "27ff5926fc064fad9b77647ce4e31617" member_type: VOTER last_known_addr { host: "127.8.68.131" port: 40947 } } peers { permanent_uuid: "abf10feee729470b968b38d8cbcce2bb" member_type: VOTER last_known_addr { host: "127.8.68.129" port: 36513 } }
I20260709 14:52:32.601075  8823 raft_consensus.cc:697] T 2a56265fd07444ed830d3308330dcaa7 P 27ff5926fc064fad9b77647ce4e31617 [term 1 LEADER]: Becoming Leader. State: Replica: 27ff5926fc064fad9b77647ce4e31617, State: Running, Role: LEADER
I20260709 14:52:32.605171  8793 tablet_bootstrap.cc:654] T 52cd8257fd6f484b915bfe2814904356 P bcd23f5e94e8498aa8ba480b9a0e7853: Neither blocks nor log segments found. Creating new log.
I20260709 14:52:32.595638  8799 raft_consensus.cc:515] T f1d5b5e98cce4878b268d18aed3fd021 P abf10feee729470b968b38d8cbcce2bb [term 1 FOLLOWER]: Starting leader election with config: opid_index: -1 OBSOLETE_local: false peers { permanent_uuid: "abf10feee729470b968b38d8cbcce2bb" member_type: VOTER last_known_addr { host: "127.8.68.129" port: 36513 } } peers { permanent_uuid: "bcd23f5e94e8498aa8ba480b9a0e7853" member_type: VOTER last_known_addr { host: "127.8.68.130" port: 44563 } } peers { permanent_uuid: "27ff5926fc064fad9b77647ce4e31617" member_type: VOTER last_known_addr { host: "127.8.68.131" port: 40947 } }
I20260709 14:52:32.609155  8818 leader_election.cc:290] T 423b482c3ecb486c949dad8337341281 P bcd23f5e94e8498aa8ba480b9a0e7853 [CANDIDATE]: Term 1 election: Requested vote from peers 27ff5926fc064fad9b77647ce4e31617 (127.8.68.131:40947), abf10feee729470b968b38d8cbcce2bb (127.8.68.129:36513)
I20260709 14:52:32.609669  8749 tablet_service.cc:1917] Received RequestConsensusVote() RPC: tablet_id: "423b482c3ecb486c949dad8337341281" candidate_uuid: "bcd23f5e94e8498aa8ba480b9a0e7853" candidate_term: 1 candidate_status { last_received { term: 0 index: 0 } } ignore_live_leader: false dest_uuid: "27ff5926fc064fad9b77647ce4e31617"
I20260709 14:52:32.610482  8600 tablet_service.cc:1917] Received RequestConsensusVote() RPC: tablet_id: "423b482c3ecb486c949dad8337341281" candidate_uuid: "bcd23f5e94e8498aa8ba480b9a0e7853" candidate_term: 1 candidate_status { last_received { term: 0 index: 0 } } ignore_live_leader: false dest_uuid: "abf10feee729470b968b38d8cbcce2bb"
I20260709 14:52:32.610873  8799 leader_election.cc:290] T f1d5b5e98cce4878b268d18aed3fd021 P abf10feee729470b968b38d8cbcce2bb [CANDIDATE]: Term 1 election: Requested vote from peers bcd23f5e94e8498aa8ba480b9a0e7853 (127.8.68.130:44563), 27ff5926fc064fad9b77647ce4e31617 (127.8.68.131:40947)
I20260709 14:52:32.611131  8600 raft_consensus.cc:3060] T 423b482c3ecb486c949dad8337341281 P abf10feee729470b968b38d8cbcce2bb [term 0 FOLLOWER]: Advancing to term 1
W20260709 14:52:32.611106  8639 leader_election.cc:343] T 423b482c3ecb486c949dad8337341281 P bcd23f5e94e8498aa8ba480b9a0e7853 [CANDIDATE]: Term 1 election: Tablet error from VoteRequest() call to peer 27ff5926fc064fad9b77647ce4e31617 (127.8.68.131:40947): Illegal state: must be running to vote when last-logged opid is not known
I20260709 14:52:32.611640  8675 raft_consensus.cc:2468] T a13b76f874ec434d8c53e21121d74929 P bcd23f5e94e8498aa8ba480b9a0e7853 [term 1 FOLLOWER]: Leader election vote request: Granting yes vote for candidate 27ff5926fc064fad9b77647ce4e31617 in term 1.
I20260709 14:52:32.612149  8749 tablet_service.cc:1917] Received RequestConsensusVote() RPC: tablet_id: "f1d5b5e98cce4878b268d18aed3fd021" candidate_uuid: "abf10feee729470b968b38d8cbcce2bb" candidate_term: 1 candidate_status { last_received { term: 0 index: 0 } } ignore_live_leader: false dest_uuid: "27ff5926fc064fad9b77647ce4e31617"
W20260709 14:52:32.613453  8564 leader_election.cc:343] T f1d5b5e98cce4878b268d18aed3fd021 P abf10feee729470b968b38d8cbcce2bb [CANDIDATE]: Term 1 election: Tablet error from VoteRequest() call to peer 27ff5926fc064fad9b77647ce4e31617 (127.8.68.131:40947): Illegal state: must be running to vote when last-logged opid is not known
I20260709 14:52:32.613390  8714 leader_election.cc:304] T a13b76f874ec434d8c53e21121d74929 P 27ff5926fc064fad9b77647ce4e31617 [CANDIDATE]: Term 1 election: Election decided. Result: candidate won. Election summary: received 3 responses out of 3 voters: 2 yes votes; 1 no votes. yes voters: 27ff5926fc064fad9b77647ce4e31617, bcd23f5e94e8498aa8ba480b9a0e7853; no voters: abf10feee729470b968b38d8cbcce2bb
I20260709 14:52:32.606053  8823 consensus_queue.cc:237] T 2a56265fd07444ed830d3308330dcaa7 P 27ff5926fc064fad9b77647ce4e31617 [LEADER]: Queue going to LEADER mode. State: All replicated index: 0, Majority replicated index: 0, Committed index: 0, Last appended: 0.0, Last appended by leader: 0, Current term: 1, Majority size: 2, State: 0, Mode: LEADER, active raft config: opid_index: -1 OBSOLETE_local: false peers { permanent_uuid: "abf10feee729470b968b38d8cbcce2bb" member_type: VOTER last_known_addr { host: "127.8.68.129" port: 36513 } } peers { permanent_uuid: "bcd23f5e94e8498aa8ba480b9a0e7853" member_type: VOTER last_known_addr { host: "127.8.68.130" port: 44563 } } peers { permanent_uuid: "27ff5926fc064fad9b77647ce4e31617" member_type: VOTER last_known_addr { host: "127.8.68.131" port: 40947 } }
I20260709 14:52:32.616026  8825 raft_consensus.cc:2804] T a13b76f874ec434d8c53e21121d74929 P 27ff5926fc064fad9b77647ce4e31617 [term 1 FOLLOWER]: Leader election won for term 1
I20260709 14:52:32.615648  8676 tablet_service.cc:1917] Received RequestConsensusVote() RPC: tablet_id: "f1d5b5e98cce4878b268d18aed3fd021" candidate_uuid: "abf10feee729470b968b38d8cbcce2bb" candidate_term: 1 candidate_status { last_received { term: 0 index: 0 } } ignore_live_leader: false dest_uuid: "bcd23f5e94e8498aa8ba480b9a0e7853"
I20260709 14:52:32.616704  8825 raft_consensus.cc:697] T a13b76f874ec434d8c53e21121d74929 P 27ff5926fc064fad9b77647ce4e31617 [term 1 LEADER]: Becoming Leader. State: Replica: 27ff5926fc064fad9b77647ce4e31617, State: Running, Role: LEADER
I20260709 14:52:32.616901  8676 raft_consensus.cc:3060] T f1d5b5e98cce4878b268d18aed3fd021 P bcd23f5e94e8498aa8ba480b9a0e7853 [term 0 FOLLOWER]: Advancing to term 1
I20260709 14:52:32.621158  8795 tablet_bootstrap.cc:654] T f1d5b5e98cce4878b268d18aed3fd021 P 27ff5926fc064fad9b77647ce4e31617: Neither blocks nor log segments found. Creating new log.
I20260709 14:52:32.624365  8825 consensus_queue.cc:237] T a13b76f874ec434d8c53e21121d74929 P 27ff5926fc064fad9b77647ce4e31617 [LEADER]: Queue going to LEADER mode. State: All replicated index: 0, Majority replicated index: 0, Committed index: 0, Last appended: 0.0, Last appended by leader: 0, Current term: 1, Majority size: 2, State: 0, Mode: LEADER, active raft config: opid_index: -1 OBSOLETE_local: false peers { permanent_uuid: "abf10feee729470b968b38d8cbcce2bb" member_type: VOTER last_known_addr { host: "127.8.68.129" port: 36513 } } peers { permanent_uuid: "bcd23f5e94e8498aa8ba480b9a0e7853" member_type: VOTER last_known_addr { host: "127.8.68.130" port: 44563 } } peers { permanent_uuid: "27ff5926fc064fad9b77647ce4e31617" member_type: VOTER last_known_addr { host: "127.8.68.131" port: 40947 } }
I20260709 14:52:32.640671  8600 raft_consensus.cc:2468] T 423b482c3ecb486c949dad8337341281 P abf10feee729470b968b38d8cbcce2bb [term 1 FOLLOWER]: Leader election vote request: Granting yes vote for candidate bcd23f5e94e8498aa8ba480b9a0e7853 in term 1.
I20260709 14:52:32.656816  8642 leader_election.cc:304] T 423b482c3ecb486c949dad8337341281 P bcd23f5e94e8498aa8ba480b9a0e7853 [CANDIDATE]: Term 1 election: Election decided. Result: candidate won. Election summary: received 3 responses out of 3 voters: 2 yes votes; 1 no votes. yes voters: abf10feee729470b968b38d8cbcce2bb, bcd23f5e94e8498aa8ba480b9a0e7853; no voters: 27ff5926fc064fad9b77647ce4e31617
I20260709 14:52:32.657684  8818 raft_consensus.cc:2804] T 423b482c3ecb486c949dad8337341281 P bcd23f5e94e8498aa8ba480b9a0e7853 [term 1 FOLLOWER]: Leader election won for term 1
I20260709 14:52:32.659690  8676 raft_consensus.cc:2468] T f1d5b5e98cce4878b268d18aed3fd021 P bcd23f5e94e8498aa8ba480b9a0e7853 [term 1 FOLLOWER]: Leader election vote request: Granting yes vote for candidate abf10feee729470b968b38d8cbcce2bb in term 1.
I20260709 14:52:32.660820  8565 leader_election.cc:304] T f1d5b5e98cce4878b268d18aed3fd021 P abf10feee729470b968b38d8cbcce2bb [CANDIDATE]: Term 1 election: Election decided. Result: candidate won. Election summary: received 3 responses out of 3 voters: 2 yes votes; 1 no votes. yes voters: abf10feee729470b968b38d8cbcce2bb, bcd23f5e94e8498aa8ba480b9a0e7853; no voters: 27ff5926fc064fad9b77647ce4e31617
I20260709 14:52:32.658427  8818 raft_consensus.cc:697] T 423b482c3ecb486c949dad8337341281 P bcd23f5e94e8498aa8ba480b9a0e7853 [term 1 LEADER]: Becoming Leader. State: Replica: bcd23f5e94e8498aa8ba480b9a0e7853, State: Running, Role: LEADER
I20260709 14:52:32.663333  8799 raft_consensus.cc:2804] T f1d5b5e98cce4878b268d18aed3fd021 P abf10feee729470b968b38d8cbcce2bb [term 1 FOLLOWER]: Leader election won for term 1
I20260709 14:52:32.664561  8794 tablet_bootstrap.cc:492] T cdf8326f9da6499ea355907f8bc51900 P abf10feee729470b968b38d8cbcce2bb: No bootstrap required, opened a new log
I20260709 14:52:32.664263  8818 consensus_queue.cc:237] T 423b482c3ecb486c949dad8337341281 P bcd23f5e94e8498aa8ba480b9a0e7853 [LEADER]: Queue going to LEADER mode. State: All replicated index: 0, Majority replicated index: 0, Committed index: 0, Last appended: 0.0, Last appended by leader: 0, Current term: 1, Majority size: 2, State: 0, Mode: LEADER, active raft config: opid_index: -1 OBSOLETE_local: false peers { permanent_uuid: "bcd23f5e94e8498aa8ba480b9a0e7853" member_type: VOTER last_known_addr { host: "127.8.68.130" port: 44563 } } peers { permanent_uuid: "27ff5926fc064fad9b77647ce4e31617" member_type: VOTER last_known_addr { host: "127.8.68.131" port: 40947 } } peers { permanent_uuid: "abf10feee729470b968b38d8cbcce2bb" member_type: VOTER last_known_addr { host: "127.8.68.129" port: 36513 } }
I20260709 14:52:32.665045  8794 ts_tablet_manager.cc:1403] T cdf8326f9da6499ea355907f8bc51900 P abf10feee729470b968b38d8cbcce2bb: Time spent bootstrapping tablet: real 0.099s	user 0.016s	sys 0.014s
I20260709 14:52:32.664896  8799 raft_consensus.cc:697] T f1d5b5e98cce4878b268d18aed3fd021 P abf10feee729470b968b38d8cbcce2bb [term 1 LEADER]: Becoming Leader. State: Replica: abf10feee729470b968b38d8cbcce2bb, State: Running, Role: LEADER
I20260709 14:52:32.666255  8799 consensus_queue.cc:237] T f1d5b5e98cce4878b268d18aed3fd021 P abf10feee729470b968b38d8cbcce2bb [LEADER]: Queue going to LEADER mode. State: All replicated index: 0, Majority replicated index: 0, Committed index: 0, Last appended: 0.0, Last appended by leader: 0, Current term: 1, Majority size: 2, State: 0, Mode: LEADER, active raft config: opid_index: -1 OBSOLETE_local: false peers { permanent_uuid: "abf10feee729470b968b38d8cbcce2bb" member_type: VOTER last_known_addr { host: "127.8.68.129" port: 36513 } } peers { permanent_uuid: "bcd23f5e94e8498aa8ba480b9a0e7853" member_type: VOTER last_known_addr { host: "127.8.68.130" port: 44563 } } peers { permanent_uuid: "27ff5926fc064fad9b77647ce4e31617" member_type: VOTER last_known_addr { host: "127.8.68.131" port: 40947 } }
I20260709 14:52:32.677291  8793 tablet_bootstrap.cc:492] T 52cd8257fd6f484b915bfe2814904356 P bcd23f5e94e8498aa8ba480b9a0e7853: No bootstrap required, opened a new log
I20260709 14:52:32.678063  8793 ts_tablet_manager.cc:1403] T 52cd8257fd6f484b915bfe2814904356 P bcd23f5e94e8498aa8ba480b9a0e7853: Time spent bootstrapping tablet: real 0.155s	user 0.006s	sys 0.016s
I20260709 14:52:32.686439  8793 raft_consensus.cc:359] T 52cd8257fd6f484b915bfe2814904356 P bcd23f5e94e8498aa8ba480b9a0e7853 [term 0 FOLLOWER]: Replica starting. Triggering 0 pending ops. Active config: opid_index: -1 OBSOLETE_local: false peers { permanent_uuid: "abf10feee729470b968b38d8cbcce2bb" member_type: VOTER last_known_addr { host: "127.8.68.129" port: 36513 } } peers { permanent_uuid: "bcd23f5e94e8498aa8ba480b9a0e7853" member_type: VOTER last_known_addr { host: "127.8.68.130" port: 44563 } } peers { permanent_uuid: "27ff5926fc064fad9b77647ce4e31617" member_type: VOTER last_known_addr { host: "127.8.68.131" port: 40947 } }
I20260709 14:52:32.687178  8793 raft_consensus.cc:385] T 52cd8257fd6f484b915bfe2814904356 P bcd23f5e94e8498aa8ba480b9a0e7853 [term 0 FOLLOWER]: Consensus starting up: Expiring failure detector timer to make a prompt election more likely
I20260709 14:52:32.687500  8793 raft_consensus.cc:740] T 52cd8257fd6f484b915bfe2814904356 P bcd23f5e94e8498aa8ba480b9a0e7853 [term 0 FOLLOWER]: Becoming Follower/Learner. State: Replica: bcd23f5e94e8498aa8ba480b9a0e7853, State: Initialized, Role: FOLLOWER
I20260709 14:52:32.688088  8795 tablet_bootstrap.cc:492] T f1d5b5e98cce4878b268d18aed3fd021 P 27ff5926fc064fad9b77647ce4e31617: No bootstrap required, opened a new log
I20260709 14:52:32.687597  8794 raft_consensus.cc:359] T cdf8326f9da6499ea355907f8bc51900 P abf10feee729470b968b38d8cbcce2bb [term 0 FOLLOWER]: Replica starting. Triggering 0 pending ops. Active config: opid_index: -1 OBSOLETE_local: false peers { permanent_uuid: "abf10feee729470b968b38d8cbcce2bb" member_type: VOTER last_known_addr { host: "127.8.68.129" port: 36513 } } peers { permanent_uuid: "bcd23f5e94e8498aa8ba480b9a0e7853" member_type: VOTER last_known_addr { host: "127.8.68.130" port: 44563 } } peers { permanent_uuid: "27ff5926fc064fad9b77647ce4e31617" member_type: VOTER last_known_addr { host: "127.8.68.131" port: 40947 } }
I20260709 14:52:32.688570  8795 ts_tablet_manager.cc:1403] T f1d5b5e98cce4878b268d18aed3fd021 P 27ff5926fc064fad9b77647ce4e31617: Time spent bootstrapping tablet: real 0.131s	user 0.018s	sys 0.000s
I20260709 14:52:32.688410  8793 consensus_queue.cc:260] T 52cd8257fd6f484b915bfe2814904356 P bcd23f5e94e8498aa8ba480b9a0e7853 [NON_LEADER]: Queue going to NON_LEADER mode. State: All replicated index: 0, Majority replicated index: 0, Committed index: 0, Last appended: 0.0, Last appended by leader: 0, Current term: 0, Majority size: -1, State: 0, Mode: NON_LEADER, active raft config: opid_index: -1 OBSOLETE_local: false peers { permanent_uuid: "abf10feee729470b968b38d8cbcce2bb" member_type: VOTER last_known_addr { host: "127.8.68.129" port: 36513 } } peers { permanent_uuid: "bcd23f5e94e8498aa8ba480b9a0e7853" member_type: VOTER last_known_addr { host: "127.8.68.130" port: 44563 } } peers { permanent_uuid: "27ff5926fc064fad9b77647ce4e31617" member_type: VOTER last_known_addr { host: "127.8.68.131" port: 40947 } }
I20260709 14:52:32.688469  8794 raft_consensus.cc:385] T cdf8326f9da6499ea355907f8bc51900 P abf10feee729470b968b38d8cbcce2bb [term 0 FOLLOWER]: Consensus starting up: Expiring failure detector timer to make a prompt election more likely
I20260709 14:52:32.692502  8793 ts_tablet_manager.cc:1434] T 52cd8257fd6f484b915bfe2814904356 P bcd23f5e94e8498aa8ba480b9a0e7853: Time spent starting tablet: real 0.014s	user 0.005s	sys 0.003s
I20260709 14:52:32.693470  8793 tablet_bootstrap.cc:492] T 2a56265fd07444ed830d3308330dcaa7 P bcd23f5e94e8498aa8ba480b9a0e7853: Bootstrap starting.
I20260709 14:52:32.694975  8795 raft_consensus.cc:359] T f1d5b5e98cce4878b268d18aed3fd021 P 27ff5926fc064fad9b77647ce4e31617 [term 0 FOLLOWER]: Replica starting. Triggering 0 pending ops. Active config: opid_index: -1 OBSOLETE_local: false peers { permanent_uuid: "abf10feee729470b968b38d8cbcce2bb" member_type: VOTER last_known_addr { host: "127.8.68.129" port: 36513 } } peers { permanent_uuid: "bcd23f5e94e8498aa8ba480b9a0e7853" member_type: VOTER last_known_addr { host: "127.8.68.130" port: 44563 } } peers { permanent_uuid: "27ff5926fc064fad9b77647ce4e31617" member_type: VOTER last_known_addr { host: "127.8.68.131" port: 40947 } }
I20260709 14:52:32.695848  8795 raft_consensus.cc:385] T f1d5b5e98cce4878b268d18aed3fd021 P 27ff5926fc064fad9b77647ce4e31617 [term 0 FOLLOWER]: Consensus starting up: Expiring failure detector timer to make a prompt election more likely
I20260709 14:52:32.690740  8794 raft_consensus.cc:740] T cdf8326f9da6499ea355907f8bc51900 P abf10feee729470b968b38d8cbcce2bb [term 0 FOLLOWER]: Becoming Follower/Learner. State: Replica: abf10feee729470b968b38d8cbcce2bb, State: Initialized, Role: FOLLOWER
I20260709 14:52:32.696195  8795 raft_consensus.cc:740] T f1d5b5e98cce4878b268d18aed3fd021 P 27ff5926fc064fad9b77647ce4e31617 [term 0 FOLLOWER]: Becoming Follower/Learner. State: Replica: 27ff5926fc064fad9b77647ce4e31617, State: Initialized, Role: FOLLOWER
I20260709 14:52:32.697568  8794 consensus_queue.cc:260] T cdf8326f9da6499ea355907f8bc51900 P abf10feee729470b968b38d8cbcce2bb [NON_LEADER]: Queue going to NON_LEADER mode. State: All replicated index: 0, Majority replicated index: 0, Committed index: 0, Last appended: 0.0, Last appended by leader: 0, Current term: 0, Majority size: -1, State: 0, Mode: NON_LEADER, active raft config: opid_index: -1 OBSOLETE_local: false peers { permanent_uuid: "abf10feee729470b968b38d8cbcce2bb" member_type: VOTER last_known_addr { host: "127.8.68.129" port: 36513 } } peers { permanent_uuid: "bcd23f5e94e8498aa8ba480b9a0e7853" member_type: VOTER last_known_addr { host: "127.8.68.130" port: 44563 } } peers { permanent_uuid: "27ff5926fc064fad9b77647ce4e31617" member_type: VOTER last_known_addr { host: "127.8.68.131" port: 40947 } }
I20260709 14:52:32.697938  8795 consensus_queue.cc:260] T f1d5b5e98cce4878b268d18aed3fd021 P 27ff5926fc064fad9b77647ce4e31617 [NON_LEADER]: Queue going to NON_LEADER mode. State: All replicated index: 0, Majority replicated index: 0, Committed index: 0, Last appended: 0.0, Last appended by leader: 0, Current term: 0, Majority size: -1, State: 0, Mode: NON_LEADER, active raft config: opid_index: -1 OBSOLETE_local: false peers { permanent_uuid: "abf10feee729470b968b38d8cbcce2bb" member_type: VOTER last_known_addr { host: "127.8.68.129" port: 36513 } } peers { permanent_uuid: "bcd23f5e94e8498aa8ba480b9a0e7853" member_type: VOTER last_known_addr { host: "127.8.68.130" port: 44563 } } peers { permanent_uuid: "27ff5926fc064fad9b77647ce4e31617" member_type: VOTER last_known_addr { host: "127.8.68.131" port: 40947 } }
I20260709 14:52:32.700081  8794 ts_tablet_manager.cc:1434] T cdf8326f9da6499ea355907f8bc51900 P abf10feee729470b968b38d8cbcce2bb: Time spent starting tablet: real 0.034s	user 0.006s	sys 0.000s
I20260709 14:52:32.700361  8795 ts_tablet_manager.cc:1434] T f1d5b5e98cce4878b268d18aed3fd021 P 27ff5926fc064fad9b77647ce4e31617: Time spent starting tablet: real 0.011s	user 0.007s	sys 0.000s
I20260709 14:52:32.701042  8794 tablet_bootstrap.cc:492] T 890b6dabbe0a4340a47d6c743ef4adf3 P abf10feee729470b968b38d8cbcce2bb: Bootstrap starting.
I20260709 14:52:32.701298  8795 tablet_bootstrap.cc:492] T 5aadd085363e4261b655cb8c215a336e P 27ff5926fc064fad9b77647ce4e31617: Bootstrap starting.
I20260709 14:52:32.704727  8793 tablet_bootstrap.cc:654] T 2a56265fd07444ed830d3308330dcaa7 P bcd23f5e94e8498aa8ba480b9a0e7853: Neither blocks nor log segments found. Creating new log.
I20260709 14:52:32.706909  8823 raft_consensus.cc:493] T cdf8326f9da6499ea355907f8bc51900 P 27ff5926fc064fad9b77647ce4e31617 [term 0 FOLLOWER]: Starting pre-election (no leader contacted us within the election timeout)
I20260709 14:52:32.707407  8823 raft_consensus.cc:515] T cdf8326f9da6499ea355907f8bc51900 P 27ff5926fc064fad9b77647ce4e31617 [term 0 FOLLOWER]: Starting pre-election with config: opid_index: -1 OBSOLETE_local: false peers { permanent_uuid: "abf10feee729470b968b38d8cbcce2bb" member_type: VOTER last_known_addr { host: "127.8.68.129" port: 36513 } } peers { permanent_uuid: "bcd23f5e94e8498aa8ba480b9a0e7853" member_type: VOTER last_known_addr { host: "127.8.68.130" port: 44563 } } peers { permanent_uuid: "27ff5926fc064fad9b77647ce4e31617" member_type: VOTER last_known_addr { host: "127.8.68.131" port: 40947 } }
I20260709 14:52:32.710188  8823 leader_election.cc:290] T cdf8326f9da6499ea355907f8bc51900 P 27ff5926fc064fad9b77647ce4e31617 [CANDIDATE]: Term 1 pre-election: Requested pre-vote from peers abf10feee729470b968b38d8cbcce2bb (127.8.68.129:36513), bcd23f5e94e8498aa8ba480b9a0e7853 (127.8.68.130:44563)
I20260709 14:52:32.710489  8795 tablet_bootstrap.cc:654] T 5aadd085363e4261b655cb8c215a336e P 27ff5926fc064fad9b77647ce4e31617: Neither blocks nor log segments found. Creating new log.
I20260709 14:52:32.711345  8600 tablet_service.cc:1917] Received RequestConsensusVote() RPC: tablet_id: "cdf8326f9da6499ea355907f8bc51900" candidate_uuid: "27ff5926fc064fad9b77647ce4e31617" candidate_term: 1 candidate_status { last_received { term: 0 index: 0 } } ignore_live_leader: false dest_uuid: "abf10feee729470b968b38d8cbcce2bb" is_pre_election: true
I20260709 14:52:32.712007  8600 raft_consensus.cc:2468] T cdf8326f9da6499ea355907f8bc51900 P abf10feee729470b968b38d8cbcce2bb [term 0 FOLLOWER]: Leader pre-election vote request: Granting yes vote for candidate 27ff5926fc064fad9b77647ce4e31617 in term 0.
I20260709 14:52:32.714231  8495 catalog_manager.cc:5697] T 423b482c3ecb486c949dad8337341281 P bcd23f5e94e8498aa8ba480b9a0e7853 reported cstate change: term changed from 0 to 1, leader changed from <none> to bcd23f5e94e8498aa8ba480b9a0e7853 (127.8.68.130). New cstate: current_term: 1 leader_uuid: "bcd23f5e94e8498aa8ba480b9a0e7853" committed_config { opid_index: -1 OBSOLETE_local: false peers { permanent_uuid: "bcd23f5e94e8498aa8ba480b9a0e7853" member_type: VOTER last_known_addr { host: "127.8.68.130" port: 44563 } health_report { overall_health: HEALTHY } } peers { permanent_uuid: "27ff5926fc064fad9b77647ce4e31617" member_type: VOTER last_known_addr { host: "127.8.68.131" port: 40947 } health_report { overall_health: UNKNOWN } } peers { permanent_uuid: "abf10feee729470b968b38d8cbcce2bb" member_type: VOTER last_known_addr { host: "127.8.68.129" port: 36513 } health_report { overall_health: UNKNOWN } } }
I20260709 14:52:32.715516  8676 tablet_service.cc:1917] Received RequestConsensusVote() RPC: tablet_id: "cdf8326f9da6499ea355907f8bc51900" candidate_uuid: "27ff5926fc064fad9b77647ce4e31617" candidate_term: 1 candidate_status { last_received { term: 0 index: 0 } } ignore_live_leader: false dest_uuid: "bcd23f5e94e8498aa8ba480b9a0e7853" is_pre_election: true
I20260709 14:52:32.717151  8716 leader_election.cc:304] T cdf8326f9da6499ea355907f8bc51900 P 27ff5926fc064fad9b77647ce4e31617 [CANDIDATE]: Term 1 pre-election: Election decided. Result: candidate won. Election summary: received 2 responses out of 3 voters: 2 yes votes; 0 no votes. yes voters: 27ff5926fc064fad9b77647ce4e31617, abf10feee729470b968b38d8cbcce2bb; no voters: 
I20260709 14:52:32.718258  8823 raft_consensus.cc:2804] T cdf8326f9da6499ea355907f8bc51900 P 27ff5926fc064fad9b77647ce4e31617 [term 0 FOLLOWER]: Leader pre-election won for term 1
I20260709 14:52:32.718662  8823 raft_consensus.cc:493] T cdf8326f9da6499ea355907f8bc51900 P 27ff5926fc064fad9b77647ce4e31617 [term 0 FOLLOWER]: Starting leader election (no leader contacted us within the election timeout)
I20260709 14:52:32.719069  8823 raft_consensus.cc:3060] T cdf8326f9da6499ea355907f8bc51900 P 27ff5926fc064fad9b77647ce4e31617 [term 0 FOLLOWER]: Advancing to term 1
W20260709 14:52:32.723064  8714 leader_election.cc:343] T cdf8326f9da6499ea355907f8bc51900 P 27ff5926fc064fad9b77647ce4e31617 [CANDIDATE]: Term 1 pre-election: Tablet error from VoteRequest() call to peer bcd23f5e94e8498aa8ba480b9a0e7853 (127.8.68.130:44563): Illegal state: must be running to vote when last-logged opid is not known
I20260709 14:52:32.722486  8497 catalog_manager.cc:5697] T 2a56265fd07444ed830d3308330dcaa7 P 27ff5926fc064fad9b77647ce4e31617 reported cstate change: term changed from 0 to 1, leader changed from <none> to 27ff5926fc064fad9b77647ce4e31617 (127.8.68.131). New cstate: current_term: 1 leader_uuid: "27ff5926fc064fad9b77647ce4e31617" committed_config { opid_index: -1 OBSOLETE_local: false peers { permanent_uuid: "abf10feee729470b968b38d8cbcce2bb" member_type: VOTER last_known_addr { host: "127.8.68.129" port: 36513 } health_report { overall_health: UNKNOWN } } peers { permanent_uuid: "bcd23f5e94e8498aa8ba480b9a0e7853" member_type: VOTER last_known_addr { host: "127.8.68.130" port: 44563 } health_report { overall_health: UNKNOWN } } peers { permanent_uuid: "27ff5926fc064fad9b77647ce4e31617" member_type: VOTER last_known_addr { host: "127.8.68.131" port: 40947 } health_report { overall_health: HEALTHY } } }
I20260709 14:52:32.721390  8494 catalog_manager.cc:5697] T f1d5b5e98cce4878b268d18aed3fd021 P abf10feee729470b968b38d8cbcce2bb reported cstate change: term changed from 0 to 1, leader changed from <none> to abf10feee729470b968b38d8cbcce2bb (127.8.68.129). New cstate: current_term: 1 leader_uuid: "abf10feee729470b968b38d8cbcce2bb" committed_config { opid_index: -1 OBSOLETE_local: false peers { permanent_uuid: "abf10feee729470b968b38d8cbcce2bb" member_type: VOTER last_known_addr { host: "127.8.68.129" port: 36513 } health_report { overall_health: HEALTHY } } peers { permanent_uuid: "bcd23f5e94e8498aa8ba480b9a0e7853" member_type: VOTER last_known_addr { host: "127.8.68.130" port: 44563 } health_report { overall_health: UNKNOWN } } peers { permanent_uuid: "27ff5926fc064fad9b77647ce4e31617" member_type: VOTER last_known_addr { host: "127.8.68.131" port: 40947 } health_report { overall_health: UNKNOWN } } }
I20260709 14:52:32.732362  8823 raft_consensus.cc:515] T cdf8326f9da6499ea355907f8bc51900 P 27ff5926fc064fad9b77647ce4e31617 [term 1 FOLLOWER]: Starting leader election with config: opid_index: -1 OBSOLETE_local: false peers { permanent_uuid: "abf10feee729470b968b38d8cbcce2bb" member_type: VOTER last_known_addr { host: "127.8.68.129" port: 36513 } } peers { permanent_uuid: "bcd23f5e94e8498aa8ba480b9a0e7853" member_type: VOTER last_known_addr { host: "127.8.68.130" port: 44563 } } peers { permanent_uuid: "27ff5926fc064fad9b77647ce4e31617" member_type: VOTER last_known_addr { host: "127.8.68.131" port: 40947 } }
I20260709 14:52:32.747704  8823 leader_election.cc:290] T cdf8326f9da6499ea355907f8bc51900 P 27ff5926fc064fad9b77647ce4e31617 [CANDIDATE]: Term 1 election: Requested vote from peers abf10feee729470b968b38d8cbcce2bb (127.8.68.129:36513), bcd23f5e94e8498aa8ba480b9a0e7853 (127.8.68.130:44563)
I20260709 14:52:32.749205  8794 tablet_bootstrap.cc:654] T 890b6dabbe0a4340a47d6c743ef4adf3 P abf10feee729470b968b38d8cbcce2bb: Neither blocks nor log segments found. Creating new log.
I20260709 14:52:32.751873  8600 tablet_service.cc:1917] Received RequestConsensusVote() RPC: tablet_id: "cdf8326f9da6499ea355907f8bc51900" candidate_uuid: "27ff5926fc064fad9b77647ce4e31617" candidate_term: 1 candidate_status { last_received { term: 0 index: 0 } } ignore_live_leader: false dest_uuid: "abf10feee729470b968b38d8cbcce2bb"
I20260709 14:52:32.752635  8600 raft_consensus.cc:3060] T cdf8326f9da6499ea355907f8bc51900 P abf10feee729470b968b38d8cbcce2bb [term 0 FOLLOWER]: Advancing to term 1
I20260709 14:52:32.752511  8676 tablet_service.cc:1917] Received RequestConsensusVote() RPC: tablet_id: "cdf8326f9da6499ea355907f8bc51900" candidate_uuid: "27ff5926fc064fad9b77647ce4e31617" candidate_term: 1 candidate_status { last_received { term: 0 index: 0 } } ignore_live_leader: false dest_uuid: "bcd23f5e94e8498aa8ba480b9a0e7853"
W20260709 14:52:32.755541  8714 leader_election.cc:343] T cdf8326f9da6499ea355907f8bc51900 P 27ff5926fc064fad9b77647ce4e31617 [CANDIDATE]: Term 1 election: Tablet error from VoteRequest() call to peer bcd23f5e94e8498aa8ba480b9a0e7853 (127.8.68.130:44563): Illegal state: must be running to vote when last-logged opid is not known
I20260709 14:52:32.764202  8793 tablet_bootstrap.cc:492] T 2a56265fd07444ed830d3308330dcaa7 P bcd23f5e94e8498aa8ba480b9a0e7853: No bootstrap required, opened a new log
I20260709 14:52:32.764894  8793 ts_tablet_manager.cc:1403] T 2a56265fd07444ed830d3308330dcaa7 P bcd23f5e94e8498aa8ba480b9a0e7853: Time spent bootstrapping tablet: real 0.072s	user 0.011s	sys 0.018s
I20260709 14:52:32.761693  8497 catalog_manager.cc:5697] T a13b76f874ec434d8c53e21121d74929 P 27ff5926fc064fad9b77647ce4e31617 reported cstate change: term changed from 0 to 1, leader changed from <none> to 27ff5926fc064fad9b77647ce4e31617 (127.8.68.131). New cstate: current_term: 1 leader_uuid: "27ff5926fc064fad9b77647ce4e31617" committed_config { opid_index: -1 OBSOLETE_local: false peers { permanent_uuid: "abf10feee729470b968b38d8cbcce2bb" member_type: VOTER last_known_addr { host: "127.8.68.129" port: 36513 } health_report { overall_health: UNKNOWN } } peers { permanent_uuid: "bcd23f5e94e8498aa8ba480b9a0e7853" member_type: VOTER last_known_addr { host: "127.8.68.130" port: 44563 } health_report { overall_health: UNKNOWN } } peers { permanent_uuid: "27ff5926fc064fad9b77647ce4e31617" member_type: VOTER last_known_addr { host: "127.8.68.131" port: 40947 } health_report { overall_health: HEALTHY } } }
I20260709 14:52:32.768839  8793 raft_consensus.cc:359] T 2a56265fd07444ed830d3308330dcaa7 P bcd23f5e94e8498aa8ba480b9a0e7853 [term 0 FOLLOWER]: Replica starting. Triggering 0 pending ops. Active config: opid_index: -1 OBSOLETE_local: false peers { permanent_uuid: "abf10feee729470b968b38d8cbcce2bb" member_type: VOTER last_known_addr { host: "127.8.68.129" port: 36513 } } peers { permanent_uuid: "bcd23f5e94e8498aa8ba480b9a0e7853" member_type: VOTER last_known_addr { host: "127.8.68.130" port: 44563 } } peers { permanent_uuid: "27ff5926fc064fad9b77647ce4e31617" member_type: VOTER last_known_addr { host: "127.8.68.131" port: 40947 } }
I20260709 14:52:32.769694  8793 raft_consensus.cc:385] T 2a56265fd07444ed830d3308330dcaa7 P bcd23f5e94e8498aa8ba480b9a0e7853 [term 0 FOLLOWER]: Consensus starting up: Expiring failure detector timer to make a prompt election more likely
I20260709 14:52:32.770064  8793 raft_consensus.cc:740] T 2a56265fd07444ed830d3308330dcaa7 P bcd23f5e94e8498aa8ba480b9a0e7853 [term 0 FOLLOWER]: Becoming Follower/Learner. State: Replica: bcd23f5e94e8498aa8ba480b9a0e7853, State: Initialized, Role: FOLLOWER
I20260709 14:52:32.761687  8600 raft_consensus.cc:2468] T cdf8326f9da6499ea355907f8bc51900 P abf10feee729470b968b38d8cbcce2bb [term 1 FOLLOWER]: Leader election vote request: Granting yes vote for candidate 27ff5926fc064fad9b77647ce4e31617 in term 1.
I20260709 14:52:32.771592  8793 consensus_queue.cc:260] T 2a56265fd07444ed830d3308330dcaa7 P bcd23f5e94e8498aa8ba480b9a0e7853 [NON_LEADER]: Queue going to NON_LEADER mode. State: All replicated index: 0, Majority replicated index: 0, Committed index: 0, Last appended: 0.0, Last appended by leader: 0, Current term: 0, Majority size: -1, State: 0, Mode: NON_LEADER, active raft config: opid_index: -1 OBSOLETE_local: false peers { permanent_uuid: "abf10feee729470b968b38d8cbcce2bb" member_type: VOTER last_known_addr { host: "127.8.68.129" port: 36513 } } peers { permanent_uuid: "bcd23f5e94e8498aa8ba480b9a0e7853" member_type: VOTER last_known_addr { host: "127.8.68.130" port: 44563 } } peers { permanent_uuid: "27ff5926fc064fad9b77647ce4e31617" member_type: VOTER last_known_addr { host: "127.8.68.131" port: 40947 } }
I20260709 14:52:32.773974  8795 tablet_bootstrap.cc:492] T 5aadd085363e4261b655cb8c215a336e P 27ff5926fc064fad9b77647ce4e31617: No bootstrap required, opened a new log
I20260709 14:52:32.774461  8795 ts_tablet_manager.cc:1403] T 5aadd085363e4261b655cb8c215a336e P 27ff5926fc064fad9b77647ce4e31617: Time spent bootstrapping tablet: real 0.073s	user 0.026s	sys 0.042s
I20260709 14:52:32.775535  8716 leader_election.cc:304] T cdf8326f9da6499ea355907f8bc51900 P 27ff5926fc064fad9b77647ce4e31617 [CANDIDATE]: Term 1 election: Election decided. Result: candidate won. Election summary: received 3 responses out of 3 voters: 2 yes votes; 1 no votes. yes voters: 27ff5926fc064fad9b77647ce4e31617, abf10feee729470b968b38d8cbcce2bb; no voters: bcd23f5e94e8498aa8ba480b9a0e7853
I20260709 14:52:32.775815  8823 raft_consensus.cc:493] T 890b6dabbe0a4340a47d6c743ef4adf3 P 27ff5926fc064fad9b77647ce4e31617 [term 0 FOLLOWER]: Starting pre-election (no leader contacted us within the election timeout)
I20260709 14:52:32.776304  8825 raft_consensus.cc:2804] T cdf8326f9da6499ea355907f8bc51900 P 27ff5926fc064fad9b77647ce4e31617 [term 1 FOLLOWER]: Leader election won for term 1
