I20260709 14:52:43.132355  9243 raft_consensus.cc:2468] T 478d5130ab354badadc42390ac295f25 P 8a172c75eeb8464ba8aa0f6d53925544 [term 1 FOLLOWER]: Leader election vote request: Granting yes vote for candidate f8d19dc7c612448fa5e0a15f8a7a437a in term 1.
I20260709 14:52:43.132403  9288 raft_consensus.cc:493] T 9e1bf2f525fc41b4bf47c37f2967bad6 P e5ef142ea87c45ef8cb1437198d753d7 [term 0 FOLLOWER]: Starting pre-election (no leader contacted us within the election timeout)
I20260709 14:52:43.133088  9288 raft_consensus.cc:515] T 9e1bf2f525fc41b4bf47c37f2967bad6 P e5ef142ea87c45ef8cb1437198d753d7 [term 0 FOLLOWER]: Starting pre-election with config: opid_index: -1 OBSOLETE_local: false peers { permanent_uuid: "e5ef142ea87c45ef8cb1437198d753d7" member_type: VOTER last_known_addr { host: "127.8.68.129" port: 39311 } } peers { permanent_uuid: "f8d19dc7c612448fa5e0a15f8a7a437a" member_type: VOTER last_known_addr { host: "127.8.68.130" port: 45619 } } peers { permanent_uuid: "8a172c75eeb8464ba8aa0f6d53925544" member_type: VOTER last_known_addr { host: "127.8.68.131" port: 38985 } }
I20260709 14:52:43.133657  9135 leader_election.cc:304] T 478d5130ab354badadc42390ac295f25 P f8d19dc7c612448fa5e0a15f8a7a437a [CANDIDATE]: Term 1 election: Election decided. Result: candidate won. Election summary: received 2 responses out of 3 voters: 2 yes votes; 0 no votes. yes voters: 8a172c75eeb8464ba8aa0f6d53925544, f8d19dc7c612448fa5e0a15f8a7a437a; no voters: 
I20260709 14:52:43.136191  9094 tablet_service.cc:1917] Received RequestConsensusVote() RPC: tablet_id: "478d5130ab354badadc42390ac295f25" candidate_uuid: "f8d19dc7c612448fa5e0a15f8a7a437a" candidate_term: 1 candidate_status { last_received { term: 0 index: 0 } } ignore_live_leader: false dest_uuid: "e5ef142ea87c45ef8cb1437198d753d7"
I20260709 14:52:43.136868  9284 tablet_bootstrap.cc:654] T cc65887ef01a4353a3930478bc1dfb6c P f8d19dc7c612448fa5e0a15f8a7a437a: Neither blocks nor log segments found. Creating new log.
I20260709 14:52:43.137149  9292 leader_election.cc:290] T 478d5130ab354badadc42390ac295f25 P f8d19dc7c612448fa5e0a15f8a7a437a [CANDIDATE]: Term 1 election: Requested vote from peers 8a172c75eeb8464ba8aa0f6d53925544 (127.8.68.131:38985), e5ef142ea87c45ef8cb1437198d753d7 (127.8.68.129:39311)
I20260709 14:52:43.137753  9292 raft_consensus.cc:2804] T 478d5130ab354badadc42390ac295f25 P f8d19dc7c612448fa5e0a15f8a7a437a [term 1 FOLLOWER]: Leader election won for term 1
I20260709 14:52:43.138398  9292 raft_consensus.cc:697] T 478d5130ab354badadc42390ac295f25 P f8d19dc7c612448fa5e0a15f8a7a437a [term 1 LEADER]: Becoming Leader. State: Replica: f8d19dc7c612448fa5e0a15f8a7a437a, State: Running, Role: LEADER
I20260709 14:52:43.139281  9292 consensus_queue.cc:237] T 478d5130ab354badadc42390ac295f25 P f8d19dc7c612448fa5e0a15f8a7a437a [LEADER]: Queue going to LEADER mode. State: All replicated index: 0, Majority replicated index: 0, Committed index: 0, Last appended: 0.0, Last appended by leader: 0, Current term: 1, Majority size: 2, State: 0, Mode: LEADER, active raft config: opid_index: -1 OBSOLETE_local: false peers { permanent_uuid: "8a172c75eeb8464ba8aa0f6d53925544" member_type: VOTER last_known_addr { host: "127.8.68.131" port: 38985 } } peers { permanent_uuid: "f8d19dc7c612448fa5e0a15f8a7a437a" member_type: VOTER last_known_addr { host: "127.8.68.130" port: 45619 } } peers { permanent_uuid: "e5ef142ea87c45ef8cb1437198d753d7" member_type: VOTER last_known_addr { host: "127.8.68.129" port: 39311 } }
I20260709 14:52:43.143226  9288 leader_election.cc:290] T 9e1bf2f525fc41b4bf47c37f2967bad6 P e5ef142ea87c45ef8cb1437198d753d7 [CANDIDATE]: Term 1 pre-election: Requested pre-vote from peers f8d19dc7c612448fa5e0a15f8a7a437a (127.8.68.130:45619), 8a172c75eeb8464ba8aa0f6d53925544 (127.8.68.131:38985)
I20260709 14:52:43.143870  9288 raft_consensus.cc:493] T c887f1b05f2449c98381ea5a8b56e0a9 P e5ef142ea87c45ef8cb1437198d753d7 [term 0 FOLLOWER]: Starting pre-election (no leader contacted us within the election timeout)
I20260709 14:52:43.144393  9288 raft_consensus.cc:515] T c887f1b05f2449c98381ea5a8b56e0a9 P e5ef142ea87c45ef8cb1437198d753d7 [term 0 FOLLOWER]: Starting pre-election with config: opid_index: -1 OBSOLETE_local: false peers { permanent_uuid: "e5ef142ea87c45ef8cb1437198d753d7" member_type: VOTER last_known_addr { host: "127.8.68.129" port: 39311 } } peers { permanent_uuid: "f8d19dc7c612448fa5e0a15f8a7a437a" member_type: VOTER last_known_addr { host: "127.8.68.130" port: 45619 } } peers { permanent_uuid: "8a172c75eeb8464ba8aa0f6d53925544" member_type: VOTER last_known_addr { host: "127.8.68.131" port: 38985 } }
I20260709 14:52:43.149842  9284 tablet_bootstrap.cc:492] T cc65887ef01a4353a3930478bc1dfb6c P f8d19dc7c612448fa5e0a15f8a7a437a: No bootstrap required, opened a new log
I20260709 14:52:43.150434  9284 ts_tablet_manager.cc:1403] T cc65887ef01a4353a3930478bc1dfb6c P f8d19dc7c612448fa5e0a15f8a7a437a: Time spent bootstrapping tablet: real 0.020s	user 0.009s	sys 0.009s
I20260709 14:52:43.153921  9284 raft_consensus.cc:359] T cc65887ef01a4353a3930478bc1dfb6c P f8d19dc7c612448fa5e0a15f8a7a437a [term 0 FOLLOWER]: Replica starting. Triggering 0 pending ops. Active config: opid_index: -1 OBSOLETE_local: false peers { permanent_uuid: "e5ef142ea87c45ef8cb1437198d753d7" member_type: VOTER last_known_addr { host: "127.8.68.129" port: 39311 } } peers { permanent_uuid: "f8d19dc7c612448fa5e0a15f8a7a437a" member_type: VOTER last_known_addr { host: "127.8.68.130" port: 45619 } } peers { permanent_uuid: "8a172c75eeb8464ba8aa0f6d53925544" member_type: VOTER last_known_addr { host: "127.8.68.131" port: 38985 } }
I20260709 14:52:43.154717  9284 raft_consensus.cc:385] T cc65887ef01a4353a3930478bc1dfb6c P f8d19dc7c612448fa5e0a15f8a7a437a [term 0 FOLLOWER]: Consensus starting up: Expiring failure detector timer to make a prompt election more likely
I20260709 14:52:43.154997  9284 raft_consensus.cc:740] T cc65887ef01a4353a3930478bc1dfb6c P f8d19dc7c612448fa5e0a15f8a7a437a [term 0 FOLLOWER]: Becoming Follower/Learner. State: Replica: f8d19dc7c612448fa5e0a15f8a7a437a, State: Initialized, Role: FOLLOWER
I20260709 14:52:43.155961  9284 consensus_queue.cc:260] T cc65887ef01a4353a3930478bc1dfb6c P f8d19dc7c612448fa5e0a15f8a7a437a [NON_LEADER]: Queue going to NON_LEADER mode. State: All replicated index: 0, Majority replicated index: 0, Committed index: 0, Last appended: 0.0, Last appended by leader: 0, Current term: 0, Majority size: -1, State: 0, Mode: NON_LEADER, active raft config: opid_index: -1 OBSOLETE_local: false peers { permanent_uuid: "e5ef142ea87c45ef8cb1437198d753d7" member_type: VOTER last_known_addr { host: "127.8.68.129" port: 39311 } } peers { permanent_uuid: "f8d19dc7c612448fa5e0a15f8a7a437a" member_type: VOTER last_known_addr { host: "127.8.68.130" port: 45619 } } peers { permanent_uuid: "8a172c75eeb8464ba8aa0f6d53925544" member_type: VOTER last_known_addr { host: "127.8.68.131" port: 38985 } }
I20260709 14:52:43.157785  9284 ts_tablet_manager.cc:1434] T cc65887ef01a4353a3930478bc1dfb6c P f8d19dc7c612448fa5e0a15f8a7a437a: Time spent starting tablet: real 0.007s	user 0.006s	sys 0.000s
I20260709 14:52:43.158710  9284 tablet_bootstrap.cc:492] T e39420629b504f2f8674046cdc4b5542 P f8d19dc7c612448fa5e0a15f8a7a437a: Bootstrap starting.
I20260709 14:52:43.158826  9288 leader_election.cc:290] T c887f1b05f2449c98381ea5a8b56e0a9 P e5ef142ea87c45ef8cb1437198d753d7 [CANDIDATE]: Term 1 pre-election: Requested pre-vote from peers f8d19dc7c612448fa5e0a15f8a7a437a (127.8.68.130:45619), 8a172c75eeb8464ba8aa0f6d53925544 (127.8.68.131:38985)
W20260709 14:52:43.164173  9132 leader_election.cc:343] T 478d5130ab354badadc42390ac295f25 P f8d19dc7c612448fa5e0a15f8a7a437a [CANDIDATE]: Term 1 election: Tablet error from VoteRequest() call to peer e5ef142ea87c45ef8cb1437198d753d7 (127.8.68.129:39311): Illegal state: must be running to vote when last-logged opid is not known
I20260709 14:52:43.165548  9283 tablet_bootstrap.cc:492] T c887f1b05f2449c98381ea5a8b56e0a9 P 8a172c75eeb8464ba8aa0f6d53925544: No bootstrap required, opened a new log
I20260709 14:52:43.166113  9283 ts_tablet_manager.cc:1403] T c887f1b05f2449c98381ea5a8b56e0a9 P 8a172c75eeb8464ba8aa0f6d53925544: Time spent bootstrapping tablet: real 0.119s	user 0.009s	sys 0.003s
I20260709 14:52:43.166239  9284 tablet_bootstrap.cc:654] T e39420629b504f2f8674046cdc4b5542 P f8d19dc7c612448fa5e0a15f8a7a437a: Neither blocks nor log segments found. Creating new log.
I20260709 14:52:43.169404  9283 raft_consensus.cc:359] T c887f1b05f2449c98381ea5a8b56e0a9 P 8a172c75eeb8464ba8aa0f6d53925544 [term 0 FOLLOWER]: Replica starting. Triggering 0 pending ops. Active config: opid_index: -1 OBSOLETE_local: false peers { permanent_uuid: "e5ef142ea87c45ef8cb1437198d753d7" member_type: VOTER last_known_addr { host: "127.8.68.129" port: 39311 } } peers { permanent_uuid: "f8d19dc7c612448fa5e0a15f8a7a437a" member_type: VOTER last_known_addr { host: "127.8.68.130" port: 45619 } } peers { permanent_uuid: "8a172c75eeb8464ba8aa0f6d53925544" member_type: VOTER last_known_addr { host: "127.8.68.131" port: 38985 } }
I20260709 14:52:43.171765  9283 raft_consensus.cc:385] T c887f1b05f2449c98381ea5a8b56e0a9 P 8a172c75eeb8464ba8aa0f6d53925544 [term 0 FOLLOWER]: Consensus starting up: Expiring failure detector timer to make a prompt election more likely
I20260709 14:52:43.172227  9283 raft_consensus.cc:740] T c887f1b05f2449c98381ea5a8b56e0a9 P 8a172c75eeb8464ba8aa0f6d53925544 [term 0 FOLLOWER]: Becoming Follower/Learner. State: Replica: 8a172c75eeb8464ba8aa0f6d53925544, State: Initialized, Role: FOLLOWER
I20260709 14:52:43.173007  9285 tablet_bootstrap.cc:492] T cc65887ef01a4353a3930478bc1dfb6c P e5ef142ea87c45ef8cb1437198d753d7: No bootstrap required, opened a new log
I20260709 14:52:43.173481  9285 ts_tablet_manager.cc:1403] T cc65887ef01a4353a3930478bc1dfb6c P e5ef142ea87c45ef8cb1437198d753d7: Time spent bootstrapping tablet: real 0.073s	user 0.022s	sys 0.048s
I20260709 14:52:43.173189  9283 consensus_queue.cc:260] T c887f1b05f2449c98381ea5a8b56e0a9 P 8a172c75eeb8464ba8aa0f6d53925544 [NON_LEADER]: Queue going to NON_LEADER mode. State: All replicated index: 0, Majority replicated index: 0, Committed index: 0, Last appended: 0.0, Last appended by leader: 0, Current term: 0, Majority size: -1, State: 0, Mode: NON_LEADER, active raft config: opid_index: -1 OBSOLETE_local: false peers { permanent_uuid: "e5ef142ea87c45ef8cb1437198d753d7" member_type: VOTER last_known_addr { host: "127.8.68.129" port: 39311 } } peers { permanent_uuid: "f8d19dc7c612448fa5e0a15f8a7a437a" member_type: VOTER last_known_addr { host: "127.8.68.130" port: 45619 } } peers { permanent_uuid: "8a172c75eeb8464ba8aa0f6d53925544" member_type: VOTER last_known_addr { host: "127.8.68.131" port: 38985 } }
I20260709 14:52:43.176213  9283 ts_tablet_manager.cc:1434] T c887f1b05f2449c98381ea5a8b56e0a9 P 8a172c75eeb8464ba8aa0f6d53925544: Time spent starting tablet: real 0.010s	user 0.006s	sys 0.000s
I20260709 14:52:43.176441  9285 raft_consensus.cc:359] T cc65887ef01a4353a3930478bc1dfb6c P e5ef142ea87c45ef8cb1437198d753d7 [term 0 FOLLOWER]: Replica starting. Triggering 0 pending ops. Active config: opid_index: -1 OBSOLETE_local: false peers { permanent_uuid: "e5ef142ea87c45ef8cb1437198d753d7" member_type: VOTER last_known_addr { host: "127.8.68.129" port: 39311 } } peers { permanent_uuid: "f8d19dc7c612448fa5e0a15f8a7a437a" member_type: VOTER last_known_addr { host: "127.8.68.130" port: 45619 } } peers { permanent_uuid: "8a172c75eeb8464ba8aa0f6d53925544" member_type: VOTER last_known_addr { host: "127.8.68.131" port: 38985 } }
I20260709 14:52:43.177160  9285 raft_consensus.cc:385] T cc65887ef01a4353a3930478bc1dfb6c P e5ef142ea87c45ef8cb1437198d753d7 [term 0 FOLLOWER]: Consensus starting up: Expiring failure detector timer to make a prompt election more likely
I20260709 14:52:43.177448  9285 raft_consensus.cc:740] T cc65887ef01a4353a3930478bc1dfb6c P e5ef142ea87c45ef8cb1437198d753d7 [term 0 FOLLOWER]: Becoming Follower/Learner. State: Replica: e5ef142ea87c45ef8cb1437198d753d7, State: Initialized, Role: FOLLOWER
I20260709 14:52:43.177548  9283 tablet_bootstrap.cc:492] T 99e3f5e550f242b4843fe0855d2971f9 P 8a172c75eeb8464ba8aa0f6d53925544: Bootstrap starting.
I20260709 14:52:43.178288  9285 consensus_queue.cc:260] T cc65887ef01a4353a3930478bc1dfb6c P e5ef142ea87c45ef8cb1437198d753d7 [NON_LEADER]: Queue going to NON_LEADER mode. State: All replicated index: 0, Majority replicated index: 0, Committed index: 0, Last appended: 0.0, Last appended by leader: 0, Current term: 0, Majority size: -1, State: 0, Mode: NON_LEADER, active raft config: opid_index: -1 OBSOLETE_local: false peers { permanent_uuid: "e5ef142ea87c45ef8cb1437198d753d7" member_type: VOTER last_known_addr { host: "127.8.68.129" port: 39311 } } peers { permanent_uuid: "f8d19dc7c612448fa5e0a15f8a7a437a" member_type: VOTER last_known_addr { host: "127.8.68.130" port: 45619 } } peers { permanent_uuid: "8a172c75eeb8464ba8aa0f6d53925544" member_type: VOTER last_known_addr { host: "127.8.68.131" port: 38985 } }
I20260709 14:52:43.180749  9285 ts_tablet_manager.cc:1434] T cc65887ef01a4353a3930478bc1dfb6c P e5ef142ea87c45ef8cb1437198d753d7: Time spent starting tablet: real 0.007s	user 0.006s	sys 0.002s
I20260709 14:52:43.181669  9285 tablet_bootstrap.cc:492] T 478d5130ab354badadc42390ac295f25 P e5ef142ea87c45ef8cb1437198d753d7: Bootstrap starting.
I20260709 14:52:43.186369  9283 tablet_bootstrap.cc:654] T 99e3f5e550f242b4843fe0855d2971f9 P 8a172c75eeb8464ba8aa0f6d53925544: Neither blocks nor log segments found. Creating new log.
I20260709 14:52:43.187696  9285 tablet_bootstrap.cc:654] T 478d5130ab354badadc42390ac295f25 P e5ef142ea87c45ef8cb1437198d753d7: Neither blocks nor log segments found. Creating new log.
I20260709 14:52:43.199326  9283 tablet_bootstrap.cc:492] T 99e3f5e550f242b4843fe0855d2971f9 P 8a172c75eeb8464ba8aa0f6d53925544: No bootstrap required, opened a new log
I20260709 14:52:43.200013  9283 ts_tablet_manager.cc:1403] T 99e3f5e550f242b4843fe0855d2971f9 P 8a172c75eeb8464ba8aa0f6d53925544: Time spent bootstrapping tablet: real 0.023s	user 0.013s	sys 0.008s
I20260709 14:52:43.203661  9283 raft_consensus.cc:359] T 99e3f5e550f242b4843fe0855d2971f9 P 8a172c75eeb8464ba8aa0f6d53925544 [term 0 FOLLOWER]: Replica starting. Triggering 0 pending ops. Active config: opid_index: -1 OBSOLETE_local: false peers { permanent_uuid: "e5ef142ea87c45ef8cb1437198d753d7" member_type: VOTER last_known_addr { host: "127.8.68.129" port: 39311 } } peers { permanent_uuid: "f8d19dc7c612448fa5e0a15f8a7a437a" member_type: VOTER last_known_addr { host: "127.8.68.130" port: 45619 } } peers { permanent_uuid: "8a172c75eeb8464ba8aa0f6d53925544" member_type: VOTER last_known_addr { host: "127.8.68.131" port: 38985 } }
I20260709 14:52:43.204483  9288 raft_consensus.cc:493] T cc65887ef01a4353a3930478bc1dfb6c P e5ef142ea87c45ef8cb1437198d753d7 [term 0 FOLLOWER]: Starting pre-election (no leader contacted us within the election timeout)
I20260709 14:52:43.204684  9283 raft_consensus.cc:385] T 99e3f5e550f242b4843fe0855d2971f9 P 8a172c75eeb8464ba8aa0f6d53925544 [term 0 FOLLOWER]: Consensus starting up: Expiring failure detector timer to make a prompt election more likely
I20260709 14:52:43.205010  9288 raft_consensus.cc:515] T cc65887ef01a4353a3930478bc1dfb6c P e5ef142ea87c45ef8cb1437198d753d7 [term 0 FOLLOWER]: Starting pre-election with config: opid_index: -1 OBSOLETE_local: false peers { permanent_uuid: "e5ef142ea87c45ef8cb1437198d753d7" member_type: VOTER last_known_addr { host: "127.8.68.129" port: 39311 } } peers { permanent_uuid: "f8d19dc7c612448fa5e0a15f8a7a437a" member_type: VOTER last_known_addr { host: "127.8.68.130" port: 45619 } } peers { permanent_uuid: "8a172c75eeb8464ba8aa0f6d53925544" member_type: VOTER last_known_addr { host: "127.8.68.131" port: 38985 } }
I20260709 14:52:43.205277  9283 raft_consensus.cc:740] T 99e3f5e550f242b4843fe0855d2971f9 P 8a172c75eeb8464ba8aa0f6d53925544 [term 0 FOLLOWER]: Becoming Follower/Learner. State: Replica: 8a172c75eeb8464ba8aa0f6d53925544, State: Initialized, Role: FOLLOWER
I20260709 14:52:43.207114  9288 leader_election.cc:290] T cc65887ef01a4353a3930478bc1dfb6c P e5ef142ea87c45ef8cb1437198d753d7 [CANDIDATE]: Term 1 pre-election: Requested pre-vote from peers f8d19dc7c612448fa5e0a15f8a7a437a (127.8.68.130:45619), 8a172c75eeb8464ba8aa0f6d53925544 (127.8.68.131:38985)
I20260709 14:52:43.206545  9283 consensus_queue.cc:260] T 99e3f5e550f242b4843fe0855d2971f9 P 8a172c75eeb8464ba8aa0f6d53925544 [NON_LEADER]: Queue going to NON_LEADER mode. State: All replicated index: 0, Majority replicated index: 0, Committed index: 0, Last appended: 0.0, Last appended by leader: 0, Current term: 0, Majority size: -1, State: 0, Mode: NON_LEADER, active raft config: opid_index: -1 OBSOLETE_local: false peers { permanent_uuid: "e5ef142ea87c45ef8cb1437198d753d7" member_type: VOTER last_known_addr { host: "127.8.68.129" port: 39311 } } peers { permanent_uuid: "f8d19dc7c612448fa5e0a15f8a7a437a" member_type: VOTER last_known_addr { host: "127.8.68.130" port: 45619 } } peers { permanent_uuid: "8a172c75eeb8464ba8aa0f6d53925544" member_type: VOTER last_known_addr { host: "127.8.68.131" port: 38985 } }
I20260709 14:52:43.212399  9283 ts_tablet_manager.cc:1434] T 99e3f5e550f242b4843fe0855d2971f9 P 8a172c75eeb8464ba8aa0f6d53925544: Time spent starting tablet: real 0.012s	user 0.007s	sys 0.000s
I20260709 14:52:43.213526  9283 tablet_bootstrap.cc:492] T 4366ce7344084b6c831439fa7ae08fdc P 8a172c75eeb8464ba8aa0f6d53925544: Bootstrap starting.
I20260709 14:52:43.221809  9283 tablet_bootstrap.cc:654] T 4366ce7344084b6c831439fa7ae08fdc P 8a172c75eeb8464ba8aa0f6d53925544: Neither blocks nor log segments found. Creating new log.
I20260709 14:52:43.209062  8991 catalog_manager.cc:5697] T 478d5130ab354badadc42390ac295f25 P f8d19dc7c612448fa5e0a15f8a7a437a reported cstate change: term changed from 0 to 1, leader changed from <none> to f8d19dc7c612448fa5e0a15f8a7a437a (127.8.68.130). New cstate: current_term: 1 leader_uuid: "f8d19dc7c612448fa5e0a15f8a7a437a" committed_config { opid_index: -1 OBSOLETE_local: false peers { permanent_uuid: "8a172c75eeb8464ba8aa0f6d53925544" member_type: VOTER last_known_addr { host: "127.8.68.131" port: 38985 } health_report { overall_health: UNKNOWN } } peers { permanent_uuid: "f8d19dc7c612448fa5e0a15f8a7a437a" member_type: VOTER last_known_addr { host: "127.8.68.130" port: 45619 } health_report { overall_health: HEALTHY } } peers { permanent_uuid: "e5ef142ea87c45ef8cb1437198d753d7" member_type: VOTER last_known_addr { host: "127.8.68.129" port: 39311 } health_report { overall_health: UNKNOWN } } }
I20260709 14:52:43.234189  9292 raft_consensus.cc:493] T 99e3f5e550f242b4843fe0855d2971f9 P f8d19dc7c612448fa5e0a15f8a7a437a [term 0 FOLLOWER]: Starting pre-election (no leader contacted us within the election timeout)
I20260709 14:52:43.234865  9292 raft_consensus.cc:515] T 99e3f5e550f242b4843fe0855d2971f9 P f8d19dc7c612448fa5e0a15f8a7a437a [term 0 FOLLOWER]: Starting pre-election with config: opid_index: -1 OBSOLETE_local: false peers { permanent_uuid: "e5ef142ea87c45ef8cb1437198d753d7" member_type: VOTER last_known_addr { host: "127.8.68.129" port: 39311 } } peers { permanent_uuid: "f8d19dc7c612448fa5e0a15f8a7a437a" member_type: VOTER last_known_addr { host: "127.8.68.130" port: 45619 } } peers { permanent_uuid: "8a172c75eeb8464ba8aa0f6d53925544" member_type: VOTER last_known_addr { host: "127.8.68.131" port: 38985 } }
I20260709 14:52:43.239427  9243 tablet_service.cc:1917] Received RequestConsensusVote() RPC: tablet_id: "99e3f5e550f242b4843fe0855d2971f9" candidate_uuid: "f8d19dc7c612448fa5e0a15f8a7a437a" candidate_term: 1 candidate_status { last_received { term: 0 index: 0 } } ignore_live_leader: false dest_uuid: "8a172c75eeb8464ba8aa0f6d53925544" is_pre_election: true
I20260709 14:52:43.240257  9243 raft_consensus.cc:2468] T 99e3f5e550f242b4843fe0855d2971f9 P 8a172c75eeb8464ba8aa0f6d53925544 [term 0 FOLLOWER]: Leader pre-election vote request: Granting yes vote for candidate f8d19dc7c612448fa5e0a15f8a7a437a in term 0.
I20260709 14:52:43.241919  9135 leader_election.cc:304] T 99e3f5e550f242b4843fe0855d2971f9 P f8d19dc7c612448fa5e0a15f8a7a437a [CANDIDATE]: Term 1 pre-election: Election decided. Result: candidate won. Election summary: received 2 responses out of 3 voters: 2 yes votes; 0 no votes. yes voters: 8a172c75eeb8464ba8aa0f6d53925544, f8d19dc7c612448fa5e0a15f8a7a437a; no voters: 
I20260709 14:52:43.242988  9299 raft_consensus.cc:2804] T 99e3f5e550f242b4843fe0855d2971f9 P f8d19dc7c612448fa5e0a15f8a7a437a [term 0 FOLLOWER]: Leader pre-election won for term 1
I20260709 14:52:43.243350  9299 raft_consensus.cc:493] T 99e3f5e550f242b4843fe0855d2971f9 P f8d19dc7c612448fa5e0a15f8a7a437a [term 0 FOLLOWER]: Starting leader election (no leader contacted us within the election timeout)
I20260709 14:52:43.243664  9299 raft_consensus.cc:3060] T 99e3f5e550f242b4843fe0855d2971f9 P f8d19dc7c612448fa5e0a15f8a7a437a [term 0 FOLLOWER]: Advancing to term 1
I20260709 14:52:43.243866  9292 leader_election.cc:290] T 99e3f5e550f242b4843fe0855d2971f9 P f8d19dc7c612448fa5e0a15f8a7a437a [CANDIDATE]: Term 1 pre-election: Requested pre-vote from peers e5ef142ea87c45ef8cb1437198d753d7 (127.8.68.129:39311), 8a172c75eeb8464ba8aa0f6d53925544 (127.8.68.131:38985)
I20260709 14:52:43.244946  9283 tablet_bootstrap.cc:492] T 4366ce7344084b6c831439fa7ae08fdc P 8a172c75eeb8464ba8aa0f6d53925544: No bootstrap required, opened a new log
I20260709 14:52:43.245463  9283 ts_tablet_manager.cc:1403] T 4366ce7344084b6c831439fa7ae08fdc P 8a172c75eeb8464ba8aa0f6d53925544: Time spent bootstrapping tablet: real 0.032s	user 0.017s	sys 0.003s
I20260709 14:52:43.245445  9242 tablet_service.cc:1917] Received RequestConsensusVote() RPC: tablet_id: "c887f1b05f2449c98381ea5a8b56e0a9" candidate_uuid: "e5ef142ea87c45ef8cb1437198d753d7" candidate_term: 1 candidate_status { last_received { term: 0 index: 0 } } ignore_live_leader: false dest_uuid: "8a172c75eeb8464ba8aa0f6d53925544" is_pre_election: true
I20260709 14:52:43.245705  9243 tablet_service.cc:1917] Received RequestConsensusVote() RPC: tablet_id: "9e1bf2f525fc41b4bf47c37f2967bad6" candidate_uuid: "e5ef142ea87c45ef8cb1437198d753d7" candidate_term: 1 candidate_status { last_received { term: 0 index: 0 } } ignore_live_leader: false dest_uuid: "8a172c75eeb8464ba8aa0f6d53925544" is_pre_election: true
I20260709 14:52:43.246253  9242 raft_consensus.cc:2468] T c887f1b05f2449c98381ea5a8b56e0a9 P 8a172c75eeb8464ba8aa0f6d53925544 [term 0 FOLLOWER]: Leader pre-election vote request: Granting yes vote for candidate e5ef142ea87c45ef8cb1437198d753d7 in term 0.
I20260709 14:52:43.246424  9241 tablet_service.cc:1917] Received RequestConsensusVote() RPC: tablet_id: "cc65887ef01a4353a3930478bc1dfb6c" candidate_uuid: "e5ef142ea87c45ef8cb1437198d753d7" candidate_term: 1 candidate_status { last_received { term: 0 index: 0 } } ignore_live_leader: false dest_uuid: "8a172c75eeb8464ba8aa0f6d53925544" is_pre_election: true
W20260709 14:52:43.247473  9060 leader_election.cc:343] T 9e1bf2f525fc41b4bf47c37f2967bad6 P e5ef142ea87c45ef8cb1437198d753d7 [CANDIDATE]: Term 1 pre-election: Tablet error from VoteRequest() call to peer 8a172c75eeb8464ba8aa0f6d53925544 (127.8.68.131:38985): Illegal state: must be running to vote when last-logged opid is not known
I20260709 14:52:43.248359  9060 leader_election.cc:304] T c887f1b05f2449c98381ea5a8b56e0a9 P e5ef142ea87c45ef8cb1437198d753d7 [CANDIDATE]: Term 1 pre-election: Election decided. Result: candidate won. Election summary: received 2 responses out of 3 voters: 2 yes votes; 0 no votes. yes voters: 8a172c75eeb8464ba8aa0f6d53925544, e5ef142ea87c45ef8cb1437198d753d7; no voters: 
I20260709 14:52:43.249821  9288 raft_consensus.cc:2804] T c887f1b05f2449c98381ea5a8b56e0a9 P e5ef142ea87c45ef8cb1437198d753d7 [term 0 FOLLOWER]: Leader pre-election won for term 1
I20260709 14:52:43.243667  9094 tablet_service.cc:1917] Received RequestConsensusVote() RPC: tablet_id: "99e3f5e550f242b4843fe0855d2971f9" candidate_uuid: "f8d19dc7c612448fa5e0a15f8a7a437a" candidate_term: 1 candidate_status { last_received { term: 0 index: 0 } } ignore_live_leader: false dest_uuid: "e5ef142ea87c45ef8cb1437198d753d7" is_pre_election: true
I20260709 14:52:43.249887  9283 raft_consensus.cc:359] T 4366ce7344084b6c831439fa7ae08fdc P 8a172c75eeb8464ba8aa0f6d53925544 [term 0 FOLLOWER]: Replica starting. Triggering 0 pending ops. Active config: opid_index: -1 OBSOLETE_local: false peers { permanent_uuid: "e5ef142ea87c45ef8cb1437198d753d7" member_type: VOTER last_known_addr { host: "127.8.68.129" port: 39311 } } peers { permanent_uuid: "f8d19dc7c612448fa5e0a15f8a7a437a" member_type: VOTER last_known_addr { host: "127.8.68.130" port: 45619 } } peers { permanent_uuid: "8a172c75eeb8464ba8aa0f6d53925544" member_type: VOTER last_known_addr { host: "127.8.68.131" port: 38985 } }
I20260709 14:52:43.250478  9288 raft_consensus.cc:493] T c887f1b05f2449c98381ea5a8b56e0a9 P e5ef142ea87c45ef8cb1437198d753d7 [term 0 FOLLOWER]: Starting leader election (no leader contacted us within the election timeout)
I20260709 14:52:43.250948  9283 raft_consensus.cc:385] T 4366ce7344084b6c831439fa7ae08fdc P 8a172c75eeb8464ba8aa0f6d53925544 [term 0 FOLLOWER]: Consensus starting up: Expiring failure detector timer to make a prompt election more likely
I20260709 14:52:43.250998  9288 raft_consensus.cc:3060] T c887f1b05f2449c98381ea5a8b56e0a9 P e5ef142ea87c45ef8cb1437198d753d7 [term 0 FOLLOWER]: Advancing to term 1
W20260709 14:52:43.251492  9132 leader_election.cc:343] T 99e3f5e550f242b4843fe0855d2971f9 P f8d19dc7c612448fa5e0a15f8a7a437a [CANDIDATE]: Term 1 pre-election: Tablet error from VoteRequest() call to peer e5ef142ea87c45ef8cb1437198d753d7 (127.8.68.129:39311): Illegal state: must be running to vote when last-logged opid is not known
I20260709 14:52:43.251498  9283 raft_consensus.cc:740] T 4366ce7344084b6c831439fa7ae08fdc P 8a172c75eeb8464ba8aa0f6d53925544 [term 0 FOLLOWER]: Becoming Follower/Learner. State: Replica: 8a172c75eeb8464ba8aa0f6d53925544, State: Initialized, Role: FOLLOWER
I20260709 14:52:43.252568  9283 consensus_queue.cc:260] T 4366ce7344084b6c831439fa7ae08fdc P 8a172c75eeb8464ba8aa0f6d53925544 [NON_LEADER]: Queue going to NON_LEADER mode. State: All replicated index: 0, Majority replicated index: 0, Committed index: 0, Last appended: 0.0, Last appended by leader: 0, Current term: 0, Majority size: -1, State: 0, Mode: NON_LEADER, active raft config: opid_index: -1 OBSOLETE_local: false peers { permanent_uuid: "e5ef142ea87c45ef8cb1437198d753d7" member_type: VOTER last_known_addr { host: "127.8.68.129" port: 39311 } } peers { permanent_uuid: "f8d19dc7c612448fa5e0a15f8a7a437a" member_type: VOTER last_known_addr { host: "127.8.68.130" port: 45619 } } peers { permanent_uuid: "8a172c75eeb8464ba8aa0f6d53925544" member_type: VOTER last_known_addr { host: "127.8.68.131" port: 38985 } }
I20260709 14:52:43.253151  9299 raft_consensus.cc:515] T 99e3f5e550f242b4843fe0855d2971f9 P f8d19dc7c612448fa5e0a15f8a7a437a [term 1 FOLLOWER]: Starting leader election with config: opid_index: -1 OBSOLETE_local: false peers { permanent_uuid: "e5ef142ea87c45ef8cb1437198d753d7" member_type: VOTER last_known_addr { host: "127.8.68.129" port: 39311 } } peers { permanent_uuid: "f8d19dc7c612448fa5e0a15f8a7a437a" member_type: VOTER last_known_addr { host: "127.8.68.130" port: 45619 } } peers { permanent_uuid: "8a172c75eeb8464ba8aa0f6d53925544" member_type: VOTER last_known_addr { host: "127.8.68.131" port: 38985 } }
W20260709 14:52:43.254411  9060 leader_election.cc:343] T cc65887ef01a4353a3930478bc1dfb6c P e5ef142ea87c45ef8cb1437198d753d7 [CANDIDATE]: Term 1 pre-election: Tablet error from VoteRequest() call to peer 8a172c75eeb8464ba8aa0f6d53925544 (127.8.68.131:38985): Illegal state: must be running to vote when last-logged opid is not known
I20260709 14:52:43.255203  9283 ts_tablet_manager.cc:1434] T 4366ce7344084b6c831439fa7ae08fdc P 8a172c75eeb8464ba8aa0f6d53925544: Time spent starting tablet: real 0.008s	user 0.006s	sys 0.000s
I20260709 14:52:43.255807  9094 tablet_service.cc:1917] Received RequestConsensusVote() RPC: tablet_id: "99e3f5e550f242b4843fe0855d2971f9" candidate_uuid: "f8d19dc7c612448fa5e0a15f8a7a437a" candidate_term: 1 candidate_status { last_received { term: 0 index: 0 } } ignore_live_leader: false dest_uuid: "e5ef142ea87c45ef8cb1437198d753d7"
I20260709 14:52:43.256245  9283 tablet_bootstrap.cc:492] T cc65887ef01a4353a3930478bc1dfb6c P 8a172c75eeb8464ba8aa0f6d53925544: Bootstrap starting.
I20260709 14:52:43.256377  9299 leader_election.cc:290] T 99e3f5e550f242b4843fe0855d2971f9 P f8d19dc7c612448fa5e0a15f8a7a437a [CANDIDATE]: Term 1 election: Requested vote from peers e5ef142ea87c45ef8cb1437198d753d7 (127.8.68.129:39311), 8a172c75eeb8464ba8aa0f6d53925544 (127.8.68.131:38985)
I20260709 14:52:43.256883  9241 tablet_service.cc:1917] Received RequestConsensusVote() RPC: tablet_id: "99e3f5e550f242b4843fe0855d2971f9" candidate_uuid: "f8d19dc7c612448fa5e0a15f8a7a437a" candidate_term: 1 candidate_status { last_received { term: 0 index: 0 } } ignore_live_leader: false dest_uuid: "8a172c75eeb8464ba8aa0f6d53925544"
I20260709 14:52:43.257442  9241 raft_consensus.cc:3060] T 99e3f5e550f242b4843fe0855d2971f9 P 8a172c75eeb8464ba8aa0f6d53925544 [term 0 FOLLOWER]: Advancing to term 1
I20260709 14:52:43.258881  9288 raft_consensus.cc:515] T c887f1b05f2449c98381ea5a8b56e0a9 P e5ef142ea87c45ef8cb1437198d753d7 [term 1 FOLLOWER]: Starting leader election with config: opid_index: -1 OBSOLETE_local: false peers { permanent_uuid: "e5ef142ea87c45ef8cb1437198d753d7" member_type: VOTER last_known_addr { host: "127.8.68.129" port: 39311 } } peers { permanent_uuid: "f8d19dc7c612448fa5e0a15f8a7a437a" member_type: VOTER last_known_addr { host: "127.8.68.130" port: 45619 } } peers { permanent_uuid: "8a172c75eeb8464ba8aa0f6d53925544" member_type: VOTER last_known_addr { host: "127.8.68.131" port: 38985 } }
I20260709 14:52:43.260816  9288 leader_election.cc:290] T c887f1b05f2449c98381ea5a8b56e0a9 P e5ef142ea87c45ef8cb1437198d753d7 [CANDIDATE]: Term 1 election: Requested vote from peers f8d19dc7c612448fa5e0a15f8a7a437a (127.8.68.130:45619), 8a172c75eeb8464ba8aa0f6d53925544 (127.8.68.131:38985)
I20260709 14:52:43.263872  9241 raft_consensus.cc:2468] T 99e3f5e550f242b4843fe0855d2971f9 P 8a172c75eeb8464ba8aa0f6d53925544 [term 1 FOLLOWER]: Leader election vote request: Granting yes vote for candidate f8d19dc7c612448fa5e0a15f8a7a437a in term 1.
I20260709 14:52:43.264938  9135 leader_election.cc:304] T 99e3f5e550f242b4843fe0855d2971f9 P f8d19dc7c612448fa5e0a15f8a7a437a [CANDIDATE]: Term 1 election: Election decided. Result: candidate won. Election summary: received 2 responses out of 3 voters: 2 yes votes; 0 no votes. yes voters: 8a172c75eeb8464ba8aa0f6d53925544, f8d19dc7c612448fa5e0a15f8a7a437a; no voters: 
W20260709 14:52:43.266916  9132 leader_election.cc:343] T 99e3f5e550f242b4843fe0855d2971f9 P f8d19dc7c612448fa5e0a15f8a7a437a [CANDIDATE]: Term 1 election: Tablet error from VoteRequest() call to peer e5ef142ea87c45ef8cb1437198d753d7 (127.8.68.129:39311): Illegal state: must be running to vote when last-logged opid is not known
I20260709 14:52:43.268801  9284 tablet_bootstrap.cc:492] T e39420629b504f2f8674046cdc4b5542 P f8d19dc7c612448fa5e0a15f8a7a437a: No bootstrap required, opened a new log
I20260709 14:52:43.269330  9284 ts_tablet_manager.cc:1403] T e39420629b504f2f8674046cdc4b5542 P f8d19dc7c612448fa5e0a15f8a7a437a: Time spent bootstrapping tablet: real 0.111s	user 0.020s	sys 0.069s
I20260709 14:52:43.269512  9169 tablet_service.cc:1917] Received RequestConsensusVote() RPC: tablet_id: "9e1bf2f525fc41b4bf47c37f2967bad6" candidate_uuid: "e5ef142ea87c45ef8cb1437198d753d7" candidate_term: 1 candidate_status { last_received { term: 0 index: 0 } } ignore_live_leader: false dest_uuid: "f8d19dc7c612448fa5e0a15f8a7a437a" is_pre_election: true
I20260709 14:52:43.269381  9285 tablet_bootstrap.cc:492] T 478d5130ab354badadc42390ac295f25 P e5ef142ea87c45ef8cb1437198d753d7: No bootstrap required, opened a new log
I20260709 14:52:43.270565  9285 ts_tablet_manager.cc:1403] T 478d5130ab354badadc42390ac295f25 P e5ef142ea87c45ef8cb1437198d753d7: Time spent bootstrapping tablet: real 0.089s	user 0.040s	sys 0.028s
I20260709 14:52:43.270874  9168 tablet_service.cc:1917] Received RequestConsensusVote() RPC: tablet_id: "c887f1b05f2449c98381ea5a8b56e0a9" candidate_uuid: "e5ef142ea87c45ef8cb1437198d753d7" candidate_term: 1 candidate_status { last_received { term: 0 index: 0 } } ignore_live_leader: false dest_uuid: "f8d19dc7c612448fa5e0a15f8a7a437a" is_pre_election: true
I20260709 14:52:43.271513  9168 raft_consensus.cc:2468] T c887f1b05f2449c98381ea5a8b56e0a9 P f8d19dc7c612448fa5e0a15f8a7a437a [term 0 FOLLOWER]: Leader pre-election vote request: Granting yes vote for candidate e5ef142ea87c45ef8cb1437198d753d7 in term 0.
I20260709 14:52:43.272060  9283 tablet_bootstrap.cc:654] T cc65887ef01a4353a3930478bc1dfb6c P 8a172c75eeb8464ba8aa0f6d53925544: Neither blocks nor log segments found. Creating new log.
I20260709 14:52:43.272490  9167 tablet_service.cc:1917] Received RequestConsensusVote() RPC: tablet_id: "cc65887ef01a4353a3930478bc1dfb6c" candidate_uuid: "e5ef142ea87c45ef8cb1437198d753d7" candidate_term: 1 candidate_status { last_received { term: 0 index: 0 } } ignore_live_leader: false dest_uuid: "f8d19dc7c612448fa5e0a15f8a7a437a" is_pre_election: true
I20260709 14:52:43.272784  9284 raft_consensus.cc:359] T e39420629b504f2f8674046cdc4b5542 P f8d19dc7c612448fa5e0a15f8a7a437a [term 0 FOLLOWER]: Replica starting. Triggering 0 pending ops. Active config: opid_index: -1 OBSOLETE_local: false peers { permanent_uuid: "e5ef142ea87c45ef8cb1437198d753d7" member_type: VOTER last_known_addr { host: "127.8.68.129" port: 39311 } } peers { permanent_uuid: "f8d19dc7c612448fa5e0a15f8a7a437a" member_type: VOTER last_known_addr { host: "127.8.68.130" port: 45619 } } peers { permanent_uuid: "8a172c75eeb8464ba8aa0f6d53925544" member_type: VOTER last_known_addr { host: "127.8.68.131" port: 38985 } }
I20260709 14:52:43.273577  9284 raft_consensus.cc:385] T e39420629b504f2f8674046cdc4b5542 P f8d19dc7c612448fa5e0a15f8a7a437a [term 0 FOLLOWER]: Consensus starting up: Expiring failure detector timer to make a prompt election more likely
I20260709 14:52:43.273900  9284 raft_consensus.cc:740] T e39420629b504f2f8674046cdc4b5542 P f8d19dc7c612448fa5e0a15f8a7a437a [term 0 FOLLOWER]: Becoming Follower/Learner. State: Replica: f8d19dc7c612448fa5e0a15f8a7a437a, State: Initialized, Role: FOLLOWER
I20260709 14:52:43.273957  9166 tablet_service.cc:1917] Received RequestConsensusVote() RPC: tablet_id: "c887f1b05f2449c98381ea5a8b56e0a9" candidate_uuid: "e5ef142ea87c45ef8cb1437198d753d7" candidate_term: 1 candidate_status { last_received { term: 0 index: 0 } } ignore_live_leader: false dest_uuid: "f8d19dc7c612448fa5e0a15f8a7a437a"
I20260709 14:52:43.274649  9166 raft_consensus.cc:3060] T c887f1b05f2449c98381ea5a8b56e0a9 P f8d19dc7c612448fa5e0a15f8a7a437a [term 0 FOLLOWER]: Advancing to term 1
I20260709 14:52:43.274677  9284 consensus_queue.cc:260] T e39420629b504f2f8674046cdc4b5542 P f8d19dc7c612448fa5e0a15f8a7a437a [NON_LEADER]: Queue going to NON_LEADER mode. State: All replicated index: 0, Majority replicated index: 0, Committed index: 0, Last appended: 0.0, Last appended by leader: 0, Current term: 0, Majority size: -1, State: 0, Mode: NON_LEADER, active raft config: opid_index: -1 OBSOLETE_local: false peers { permanent_uuid: "e5ef142ea87c45ef8cb1437198d753d7" member_type: VOTER last_known_addr { host: "127.8.68.129" port: 39311 } } peers { permanent_uuid: "f8d19dc7c612448fa5e0a15f8a7a437a" member_type: VOTER last_known_addr { host: "127.8.68.130" port: 45619 } } peers { permanent_uuid: "8a172c75eeb8464ba8aa0f6d53925544" member_type: VOTER last_known_addr { host: "127.8.68.131" port: 38985 } }
I20260709 14:52:43.275166  9285 raft_consensus.cc:359] T 478d5130ab354badadc42390ac295f25 P e5ef142ea87c45ef8cb1437198d753d7 [term 0 FOLLOWER]: Replica starting. Triggering 0 pending ops. Active config: opid_index: -1 OBSOLETE_local: false peers { permanent_uuid: "8a172c75eeb8464ba8aa0f6d53925544" member_type: VOTER last_known_addr { host: "127.8.68.131" port: 38985 } } peers { permanent_uuid: "f8d19dc7c612448fa5e0a15f8a7a437a" member_type: VOTER last_known_addr { host: "127.8.68.130" port: 45619 } } peers { permanent_uuid: "e5ef142ea87c45ef8cb1437198d753d7" member_type: VOTER last_known_addr { host: "127.8.68.129" port: 39311 } }
I20260709 14:52:43.273133  9167 raft_consensus.cc:2468] T cc65887ef01a4353a3930478bc1dfb6c P f8d19dc7c612448fa5e0a15f8a7a437a [term 0 FOLLOWER]: Leader pre-election vote request: Granting yes vote for candidate e5ef142ea87c45ef8cb1437198d753d7 in term 0.
I20260709 14:52:43.276177  9292 raft_consensus.cc:2804] T 99e3f5e550f242b4843fe0855d2971f9 P f8d19dc7c612448fa5e0a15f8a7a437a [term 1 FOLLOWER]: Leader election won for term 1
I20260709 14:52:43.277598  9284 ts_tablet_manager.cc:1434] T e39420629b504f2f8674046cdc4b5542 P f8d19dc7c612448fa5e0a15f8a7a437a: Time spent starting tablet: real 0.008s	user 0.008s	sys 0.000s
I20260709 14:52:43.276228  9285 raft_consensus.cc:385] T 478d5130ab354badadc42390ac295f25 P e5ef142ea87c45ef8cb1437198d753d7 [term 0 FOLLOWER]: Consensus starting up: Expiring failure detector timer to make a prompt election more likely
I20260709 14:52:43.288784  9292 raft_consensus.cc:697] T 99e3f5e550f242b4843fe0855d2971f9 P f8d19dc7c612448fa5e0a15f8a7a437a [term 1 LEADER]: Becoming Leader. State: Replica: f8d19dc7c612448fa5e0a15f8a7a437a, State: Running, Role: LEADER
I20260709 14:52:43.288877  9285 raft_consensus.cc:740] T 478d5130ab354badadc42390ac295f25 P e5ef142ea87c45ef8cb1437198d753d7 [term 0 FOLLOWER]: Becoming Follower/Learner. State: Replica: e5ef142ea87c45ef8cb1437198d753d7, State: Initialized, Role: FOLLOWER
I20260709 14:52:43.289409  9284 tablet_bootstrap.cc:492] T 1f1906146a07456cbcd7160c24eb7625 P f8d19dc7c612448fa5e0a15f8a7a437a: Bootstrap starting.
W20260709 14:52:43.279209  9057 leader_election.cc:343] T 9e1bf2f525fc41b4bf47c37f2967bad6 P e5ef142ea87c45ef8cb1437198d753d7 [CANDIDATE]: Term 1 pre-election: Tablet error from VoteRequest() call to peer f8d19dc7c612448fa5e0a15f8a7a437a (127.8.68.130:45619): Illegal state: must be running to vote when last-logged opid is not known
I20260709 14:52:43.289678  9292 consensus_queue.cc:237] T 99e3f5e550f242b4843fe0855d2971f9 P f8d19dc7c612448fa5e0a15f8a7a437a [LEADER]: Queue going to LEADER mode. State: All replicated index: 0, Majority replicated index: 0, Committed index: 0, Last appended: 0.0, Last appended by leader: 0, Current term: 1, Majority size: 2, State: 0, Mode: LEADER, active raft config: opid_index: -1 OBSOLETE_local: false peers { permanent_uuid: "e5ef142ea87c45ef8cb1437198d753d7" member_type: VOTER last_known_addr { host: "127.8.68.129" port: 39311 } } peers { permanent_uuid: "f8d19dc7c612448fa5e0a15f8a7a437a" member_type: VOTER last_known_addr { host: "127.8.68.130" port: 45619 } } peers { permanent_uuid: "8a172c75eeb8464ba8aa0f6d53925544" member_type: VOTER last_known_addr { host: "127.8.68.131" port: 38985 } }
I20260709 14:52:43.289947  9285 consensus_queue.cc:260] T 478d5130ab354badadc42390ac295f25 P e5ef142ea87c45ef8cb1437198d753d7 [NON_LEADER]: Queue going to NON_LEADER mode. State: All replicated index: 0, Majority replicated index: 0, Committed index: 0, Last appended: 0.0, Last appended by leader: 0, Current term: 0, Majority size: -1, State: 0, Mode: NON_LEADER, active raft config: opid_index: -1 OBSOLETE_local: false peers { permanent_uuid: "8a172c75eeb8464ba8aa0f6d53925544" member_type: VOTER last_known_addr { host: "127.8.68.131" port: 38985 } } peers { permanent_uuid: "f8d19dc7c612448fa5e0a15f8a7a437a" member_type: VOTER last_known_addr { host: "127.8.68.130" port: 45619 } } peers { permanent_uuid: "e5ef142ea87c45ef8cb1437198d753d7" member_type: VOTER last_known_addr { host: "127.8.68.129" port: 39311 } }
I20260709 14:52:43.289958  9057 leader_election.cc:304] T 9e1bf2f525fc41b4bf47c37f2967bad6 P e5ef142ea87c45ef8cb1437198d753d7 [CANDIDATE]: Term 1 pre-election: Election decided. Result: candidate lost. Election summary: received 3 responses out of 3 voters: 1 yes votes; 2 no votes. yes voters: e5ef142ea87c45ef8cb1437198d753d7; no voters: 8a172c75eeb8464ba8aa0f6d53925544, f8d19dc7c612448fa5e0a15f8a7a437a
I20260709 14:52:43.292054  9288 raft_consensus.cc:2749] T 9e1bf2f525fc41b4bf47c37f2967bad6 P e5ef142ea87c45ef8cb1437198d753d7 [term 0 FOLLOWER]: Leader pre-election lost for term 1. Reason: could not achieve majority
I20260709 14:52:43.293828  9057 leader_election.cc:304] T cc65887ef01a4353a3930478bc1dfb6c P e5ef142ea87c45ef8cb1437198d753d7 [CANDIDATE]: Term 1 pre-election: Election decided. Result: candidate won. Election summary: received 3 responses out of 3 voters: 2 yes votes; 1 no votes. yes voters: e5ef142ea87c45ef8cb1437198d753d7, f8d19dc7c612448fa5e0a15f8a7a437a; no voters: 8a172c75eeb8464ba8aa0f6d53925544
I20260709 14:52:43.281399  9242 tablet_service.cc:1917] Received RequestConsensusVote() RPC: tablet_id: "c887f1b05f2449c98381ea5a8b56e0a9" candidate_uuid: "e5ef142ea87c45ef8cb1437198d753d7" candidate_term: 1 candidate_status { last_received { term: 0 index: 0 } } ignore_live_leader: false dest_uuid: "8a172c75eeb8464ba8aa0f6d53925544"
I20260709 14:52:43.295156  9242 raft_consensus.cc:3060] T c887f1b05f2449c98381ea5a8b56e0a9 P 8a172c75eeb8464ba8aa0f6d53925544 [term 0 FOLLOWER]: Advancing to term 1
I20260709 14:52:43.295795  9285 ts_tablet_manager.cc:1434] T 478d5130ab354badadc42390ac295f25 P e5ef142ea87c45ef8cb1437198d753d7: Time spent starting tablet: real 0.025s	user 0.009s	sys 0.004s
I20260709 14:52:43.297345  9285 tablet_bootstrap.cc:492] T c59d69e12aaa4b4b9ed5b82b38be4b9b P e5ef142ea87c45ef8cb1437198d753d7: Bootstrap starting.
I20260709 14:52:43.307226  9283 tablet_bootstrap.cc:492] T cc65887ef01a4353a3930478bc1dfb6c P 8a172c75eeb8464ba8aa0f6d53925544: No bootstrap required, opened a new log
I20260709 14:52:43.308142  9283 ts_tablet_manager.cc:1403] T cc65887ef01a4353a3930478bc1dfb6c P 8a172c75eeb8464ba8aa0f6d53925544: Time spent bootstrapping tablet: real 0.052s	user 0.016s	sys 0.001s
I20260709 14:52:43.296375  9284 tablet_bootstrap.cc:654] T 1f1906146a07456cbcd7160c24eb7625 P f8d19dc7c612448fa5e0a15f8a7a437a: Neither blocks nor log segments found. Creating new log.
I20260709 14:52:43.302196  9288 raft_consensus.cc:2804] T cc65887ef01a4353a3930478bc1dfb6c P e5ef142ea87c45ef8cb1437198d753d7 [term 0 FOLLOWER]: Leader pre-election won for term 1
I20260709 14:52:43.311951  9288 raft_consensus.cc:493] T cc65887ef01a4353a3930478bc1dfb6c P e5ef142ea87c45ef8cb1437198d753d7 [term 0 FOLLOWER]: Starting leader election (no leader contacted us within the election timeout)
I20260709 14:52:43.312318  9288 raft_consensus.cc:3060] T cc65887ef01a4353a3930478bc1dfb6c P e5ef142ea87c45ef8cb1437198d753d7 [term 0 FOLLOWER]: Advancing to term 1
I20260709 14:52:43.313917  9285 tablet_bootstrap.cc:654] T c59d69e12aaa4b4b9ed5b82b38be4b9b P e5ef142ea87c45ef8cb1437198d753d7: Neither blocks nor log segments found. Creating new log.
I20260709 14:52:43.304808  9166 raft_consensus.cc:2468] T c887f1b05f2449c98381ea5a8b56e0a9 P f8d19dc7c612448fa5e0a15f8a7a437a [term 1 FOLLOWER]: Leader election vote request: Granting yes vote for candidate e5ef142ea87c45ef8cb1437198d753d7 in term 1.
I20260709 14:52:43.317261  8992 catalog_manager.cc:5697] T 99e3f5e550f242b4843fe0855d2971f9 P f8d19dc7c612448fa5e0a15f8a7a437a reported cstate change: term changed from 0 to 1, leader changed from <none> to f8d19dc7c612448fa5e0a15f8a7a437a (127.8.68.130). New cstate: current_term: 1 leader_uuid: "f8d19dc7c612448fa5e0a15f8a7a437a" committed_config { opid_index: -1 OBSOLETE_local: false peers { permanent_uuid: "e5ef142ea87c45ef8cb1437198d753d7" member_type: VOTER last_known_addr { host: "127.8.68.129" port: 39311 } health_report { overall_health: UNKNOWN } } peers { permanent_uuid: "f8d19dc7c612448fa5e0a15f8a7a437a" member_type: VOTER last_known_addr { host: "127.8.68.130" port: 45619 } health_report { overall_health: HEALTHY } } peers { permanent_uuid: "8a172c75eeb8464ba8aa0f6d53925544" member_type: VOTER last_known_addr { host: "127.8.68.131" port: 38985 } health_report { overall_health: UNKNOWN } } }
I20260709 14:52:43.318861  9057 leader_election.cc:304] T c887f1b05f2449c98381ea5a8b56e0a9 P e5ef142ea87c45ef8cb1437198d753d7 [CANDIDATE]: Term 1 election: Election decided. Result: candidate won. Election summary: received 2 responses out of 3 voters: 2 yes votes; 0 no votes. yes voters: e5ef142ea87c45ef8cb1437198d753d7, f8d19dc7c612448fa5e0a15f8a7a437a; no voters: 
I20260709 14:52:43.320039  9304 raft_consensus.cc:2804] T c887f1b05f2449c98381ea5a8b56e0a9 P e5ef142ea87c45ef8cb1437198d753d7 [term 1 FOLLOWER]: Leader election won for term 1
W20260709 14:52:43.306447  9040 auto_rebalancer.cc:288] Could not retrieve cluster info: Service unavailable: Tablet not running
I20260709 14:52:43.307201  9242 raft_consensus.cc:2468] T c887f1b05f2449c98381ea5a8b56e0a9 P 8a172c75eeb8464ba8aa0f6d53925544 [term 1 FOLLOWER]: Leader election vote request: Granting yes vote for candidate e5ef142ea87c45ef8cb1437198d753d7 in term 1.
I20260709 14:52:43.327581  9283 raft_consensus.cc:359] T cc65887ef01a4353a3930478bc1dfb6c P 8a172c75eeb8464ba8aa0f6d53925544 [term 0 FOLLOWER]: Replica starting. Triggering 0 pending ops. Active config: opid_index: -1 OBSOLETE_local: false peers { permanent_uuid: "e5ef142ea87c45ef8cb1437198d753d7" member_type: VOTER last_known_addr { host: "127.8.68.129" port: 39311 } } peers { permanent_uuid: "f8d19dc7c612448fa5e0a15f8a7a437a" member_type: VOTER last_known_addr { host: "127.8.68.130" port: 45619 } } peers { permanent_uuid: "8a172c75eeb8464ba8aa0f6d53925544" member_type: VOTER last_known_addr { host: "127.8.68.131" port: 38985 } }
I20260709 14:52:43.328284  9283 raft_consensus.cc:385] T cc65887ef01a4353a3930478bc1dfb6c P 8a172c75eeb8464ba8aa0f6d53925544 [term 0 FOLLOWER]: Consensus starting up: Expiring failure detector timer to make a prompt election more likely
I20260709 14:52:43.330392  9288 raft_consensus.cc:515] T cc65887ef01a4353a3930478bc1dfb6c P e5ef142ea87c45ef8cb1437198d753d7 [term 1 FOLLOWER]: Starting leader election with config: opid_index: -1 OBSOLETE_local: false peers { permanent_uuid: "e5ef142ea87c45ef8cb1437198d753d7" member_type: VOTER last_known_addr { host: "127.8.68.129" port: 39311 } } peers { permanent_uuid: "f8d19dc7c612448fa5e0a15f8a7a437a" member_type: VOTER last_known_addr { host: "127.8.68.130" port: 45619 } } peers { permanent_uuid: "8a172c75eeb8464ba8aa0f6d53925544" member_type: VOTER last_known_addr { host: "127.8.68.131" port: 38985 } }
I20260709 14:52:43.330899  9284 tablet_bootstrap.cc:492] T 1f1906146a07456cbcd7160c24eb7625 P f8d19dc7c612448fa5e0a15f8a7a437a: No bootstrap required, opened a new log
I20260709 14:52:43.331637  9284 ts_tablet_manager.cc:1403] T 1f1906146a07456cbcd7160c24eb7625 P f8d19dc7c612448fa5e0a15f8a7a437a: Time spent bootstrapping tablet: real 0.042s	user 0.005s	sys 0.007s
I20260709 14:52:43.333094  9166 tablet_service.cc:1917] Received RequestConsensusVote() RPC: tablet_id: "cc65887ef01a4353a3930478bc1dfb6c" candidate_uuid: "e5ef142ea87c45ef8cb1437198d753d7" candidate_term: 1 candidate_status { last_received { term: 0 index: 0 } } ignore_live_leader: false dest_uuid: "f8d19dc7c612448fa5e0a15f8a7a437a"
I20260709 14:52:43.333657  9166 raft_consensus.cc:3060] T cc65887ef01a4353a3930478bc1dfb6c P f8d19dc7c612448fa5e0a15f8a7a437a [term 0 FOLLOWER]: Advancing to term 1
I20260709 14:52:43.334450  9242 tablet_service.cc:1917] Received RequestConsensusVote() RPC: tablet_id: "cc65887ef01a4353a3930478bc1dfb6c" candidate_uuid: "e5ef142ea87c45ef8cb1437198d753d7" candidate_term: 1 candidate_status { last_received { term: 0 index: 0 } } ignore_live_leader: false dest_uuid: "8a172c75eeb8464ba8aa0f6d53925544"
I20260709 14:52:43.336066  9304 raft_consensus.cc:697] T c887f1b05f2449c98381ea5a8b56e0a9 P e5ef142ea87c45ef8cb1437198d753d7 [term 1 LEADER]: Becoming Leader. State: Replica: e5ef142ea87c45ef8cb1437198d753d7, State: Running, Role: LEADER
I20260709 14:52:43.336928  9304 consensus_queue.cc:237] T c887f1b05f2449c98381ea5a8b56e0a9 P e5ef142ea87c45ef8cb1437198d753d7 [LEADER]: Queue going to LEADER mode. State: All replicated index: 0, Majority replicated index: 0, Committed index: 0, Last appended: 0.0, Last appended by leader: 0, Current term: 1, Majority size: 2, State: 0, Mode: LEADER, active raft config: opid_index: -1 OBSOLETE_local: false peers { permanent_uuid: "e5ef142ea87c45ef8cb1437198d753d7" member_type: VOTER last_known_addr { host: "127.8.68.129" port: 39311 } } peers { permanent_uuid: "f8d19dc7c612448fa5e0a15f8a7a437a" member_type: VOTER last_known_addr { host: "127.8.68.130" port: 45619 } } peers { permanent_uuid: "8a172c75eeb8464ba8aa0f6d53925544" member_type: VOTER last_known_addr { host: "127.8.68.131" port: 38985 } }
I20260709 14:52:43.335670  9284 raft_consensus.cc:359] T 1f1906146a07456cbcd7160c24eb7625 P f8d19dc7c612448fa5e0a15f8a7a437a [term 0 FOLLOWER]: Replica starting. Triggering 0 pending ops. Active config: opid_index: -1 OBSOLETE_local: false peers { permanent_uuid: "e5ef142ea87c45ef8cb1437198d753d7" member_type: VOTER last_known_addr { host: "127.8.68.129" port: 39311 } } peers { permanent_uuid: "f8d19dc7c612448fa5e0a15f8a7a437a" member_type: VOTER last_known_addr { host: "127.8.68.130" port: 45619 } } peers { permanent_uuid: "8a172c75eeb8464ba8aa0f6d53925544" member_type: VOTER last_known_addr { host: "127.8.68.131" port: 38985 } }
I20260709 14:52:43.338088  9284 raft_consensus.cc:385] T 1f1906146a07456cbcd7160c24eb7625 P f8d19dc7c612448fa5e0a15f8a7a437a [term 0 FOLLOWER]: Consensus starting up: Expiring failure detector timer to make a prompt election more likely
