I20260709 14:52:55.159778 10766 tablet_bootstrap.cc:492] T 64dfc62f222b4f5581d55e634c64ff02 P 14986bf873c44c09b52653303d60520c: Bootstrap starting.
I20260709 14:52:55.162070 10764 raft_consensus.cc:740] T 79d498a8ddad42bb8e71ac71ef46ab9b P 433ab0fee94d42f7b9421c69c129a48d [term 0 FOLLOWER]: Becoming Follower/Learner. State: Replica: 433ab0fee94d42f7b9421c69c129a48d, State: Initialized, Role: FOLLOWER
I20260709 14:52:55.162740 10764 consensus_queue.cc:260] T 79d498a8ddad42bb8e71ac71ef46ab9b P 433ab0fee94d42f7b9421c69c129a48d [NON_LEADER]: Queue going to NON_LEADER mode. State: All replicated index: 0, Majority replicated index: 0, Committed index: 0, Last appended: 0.0, Last appended by leader: 0, Current term: 0, Majority size: -1, State: 0, Mode: NON_LEADER, active raft config: opid_index: -1 OBSOLETE_local: false peers { permanent_uuid: "76a2b0a0198e479ca82394030e008bf9" member_type: VOTER last_known_addr { host: "127.9.55.65" port: 37367 } } peers { permanent_uuid: "14986bf873c44c09b52653303d60520c" member_type: VOTER last_known_addr { host: "127.9.55.66" port: 36181 } } peers { permanent_uuid: "433ab0fee94d42f7b9421c69c129a48d" member_type: VOTER last_known_addr { host: "127.9.55.67" port: 35483 } }
I20260709 14:52:55.164448 10764 ts_tablet_manager.cc:1434] T 79d498a8ddad42bb8e71ac71ef46ab9b P 433ab0fee94d42f7b9421c69c129a48d: Time spent starting tablet: real 0.010s	user 0.003s	sys 0.002s
I20260709 14:52:55.165266 10766 tablet_bootstrap.cc:654] T 64dfc62f222b4f5581d55e634c64ff02 P 14986bf873c44c09b52653303d60520c: Neither blocks nor log segments found. Creating new log.
I20260709 14:52:55.165833 10764 tablet_bootstrap.cc:492] T 269fd16defad4d62861a53122c4c6ba5 P 433ab0fee94d42f7b9421c69c129a48d: Bootstrap starting.
I20260709 14:52:55.174481 10764 tablet_bootstrap.cc:654] T 269fd16defad4d62861a53122c4c6ba5 P 433ab0fee94d42f7b9421c69c129a48d: Neither blocks nor log segments found. Creating new log.
I20260709 14:52:55.176829 10766 tablet_bootstrap.cc:492] T 64dfc62f222b4f5581d55e634c64ff02 P 14986bf873c44c09b52653303d60520c: No bootstrap required, opened a new log
I20260709 14:52:55.177250 10766 ts_tablet_manager.cc:1403] T 64dfc62f222b4f5581d55e634c64ff02 P 14986bf873c44c09b52653303d60520c: Time spent bootstrapping tablet: real 0.018s	user 0.008s	sys 0.007s
I20260709 14:52:55.179726 10766 raft_consensus.cc:359] T 64dfc62f222b4f5581d55e634c64ff02 P 14986bf873c44c09b52653303d60520c [term 0 FOLLOWER]: Replica starting. Triggering 0 pending ops. Active config: opid_index: -1 OBSOLETE_local: false peers { permanent_uuid: "76a2b0a0198e479ca82394030e008bf9" member_type: VOTER last_known_addr { host: "127.9.55.65" port: 37367 } } peers { permanent_uuid: "14986bf873c44c09b52653303d60520c" member_type: VOTER last_known_addr { host: "127.9.55.66" port: 36181 } } peers { permanent_uuid: "433ab0fee94d42f7b9421c69c129a48d" member_type: VOTER last_known_addr { host: "127.9.55.67" port: 35483 } }
I20260709 14:52:55.180709 10766 raft_consensus.cc:385] T 64dfc62f222b4f5581d55e634c64ff02 P 14986bf873c44c09b52653303d60520c [term 0 FOLLOWER]: Consensus starting up: Expiring failure detector timer to make a prompt election more likely
I20260709 14:52:55.181020 10766 raft_consensus.cc:740] T 64dfc62f222b4f5581d55e634c64ff02 P 14986bf873c44c09b52653303d60520c [term 0 FOLLOWER]: Becoming Follower/Learner. State: Replica: 14986bf873c44c09b52653303d60520c, State: Initialized, Role: FOLLOWER
I20260709 14:52:55.181573 10765 tablet_bootstrap.cc:654] T d9ec6c07c3104d0bad6671ba1c95f754 P 76a2b0a0198e479ca82394030e008bf9: Neither blocks nor log segments found. Creating new log.
I20260709 14:52:55.181792 10766 consensus_queue.cc:260] T 64dfc62f222b4f5581d55e634c64ff02 P 14986bf873c44c09b52653303d60520c [NON_LEADER]: Queue going to NON_LEADER mode. State: All replicated index: 0, Majority replicated index: 0, Committed index: 0, Last appended: 0.0, Last appended by leader: 0, Current term: 0, Majority size: -1, State: 0, Mode: NON_LEADER, active raft config: opid_index: -1 OBSOLETE_local: false peers { permanent_uuid: "76a2b0a0198e479ca82394030e008bf9" member_type: VOTER last_known_addr { host: "127.9.55.65" port: 37367 } } peers { permanent_uuid: "14986bf873c44c09b52653303d60520c" member_type: VOTER last_known_addr { host: "127.9.55.66" port: 36181 } } peers { permanent_uuid: "433ab0fee94d42f7b9421c69c129a48d" member_type: VOTER last_known_addr { host: "127.9.55.67" port: 35483 } }
I20260709 14:52:55.185163 10920 raft_consensus.cc:493] T aadf42042f644a1a8beecfd96d4f2f11 P 433ab0fee94d42f7b9421c69c129a48d [term 0 FOLLOWER]: Starting pre-election (no leader contacted us within the election timeout)
I20260709 14:52:55.186066 10920 raft_consensus.cc:515] T aadf42042f644a1a8beecfd96d4f2f11 P 433ab0fee94d42f7b9421c69c129a48d [term 0 FOLLOWER]: Starting pre-election with config: opid_index: -1 OBSOLETE_local: false peers { permanent_uuid: "76a2b0a0198e479ca82394030e008bf9" member_type: VOTER last_known_addr { host: "127.9.55.65" port: 37367 } } peers { permanent_uuid: "14986bf873c44c09b52653303d60520c" member_type: VOTER last_known_addr { host: "127.9.55.66" port: 36181 } } peers { permanent_uuid: "433ab0fee94d42f7b9421c69c129a48d" member_type: VOTER last_known_addr { host: "127.9.55.67" port: 35483 } }
I20260709 14:52:55.185555 10766 ts_tablet_manager.cc:1434] T 64dfc62f222b4f5581d55e634c64ff02 P 14986bf873c44c09b52653303d60520c: Time spent starting tablet: real 0.008s	user 0.007s	sys 0.000s
I20260709 14:52:55.188124 10920 leader_election.cc:290] T aadf42042f644a1a8beecfd96d4f2f11 P 433ab0fee94d42f7b9421c69c129a48d [CANDIDATE]: Term 1 pre-election: Requested pre-vote from peers 76a2b0a0198e479ca82394030e008bf9 (127.9.55.65:37367), 14986bf873c44c09b52653303d60520c (127.9.55.66:36181)
I20260709 14:52:55.188750 10572 tablet_service.cc:1917] Received RequestConsensusVote() RPC: tablet_id: "aadf42042f644a1a8beecfd96d4f2f11" candidate_uuid: "433ab0fee94d42f7b9421c69c129a48d" candidate_term: 1 candidate_status { last_received { term: 0 index: 0 } } ignore_live_leader: false dest_uuid: "76a2b0a0198e479ca82394030e008bf9" is_pre_election: true
I20260709 14:52:55.190303 10765 tablet_bootstrap.cc:492] T d9ec6c07c3104d0bad6671ba1c95f754 P 76a2b0a0198e479ca82394030e008bf9: No bootstrap required, opened a new log
W20260709 14:52:55.190225 10687 leader_election.cc:343] T aadf42042f644a1a8beecfd96d4f2f11 P 433ab0fee94d42f7b9421c69c129a48d [CANDIDATE]: Term 1 pre-election: Tablet error from VoteRequest() call to peer 76a2b0a0198e479ca82394030e008bf9 (127.9.55.65:37367): Illegal state: must be running to vote when last-logged opid is not known
I20260709 14:52:55.190852 10766 tablet_bootstrap.cc:492] T 19a9b1f8da2649269c7b57a563de9dd8 P 14986bf873c44c09b52653303d60520c: Bootstrap starting.
I20260709 14:52:55.191051 10764 tablet_bootstrap.cc:492] T 269fd16defad4d62861a53122c4c6ba5 P 433ab0fee94d42f7b9421c69c129a48d: No bootstrap required, opened a new log
I20260709 14:52:55.191512 10764 ts_tablet_manager.cc:1403] T 269fd16defad4d62861a53122c4c6ba5 P 433ab0fee94d42f7b9421c69c129a48d: Time spent bootstrapping tablet: real 0.026s	user 0.007s	sys 0.009s
I20260709 14:52:55.190820 10765 ts_tablet_manager.cc:1403] T d9ec6c07c3104d0bad6671ba1c95f754 P 76a2b0a0198e479ca82394030e008bf9: Time spent bootstrapping tablet: real 0.039s	user 0.010s	sys 0.000s
I20260709 14:52:55.194065 10764 raft_consensus.cc:359] T 269fd16defad4d62861a53122c4c6ba5 P 433ab0fee94d42f7b9421c69c129a48d [term 0 FOLLOWER]: Replica starting. Triggering 0 pending ops. Active config: opid_index: -1 OBSOLETE_local: false peers { permanent_uuid: "76a2b0a0198e479ca82394030e008bf9" member_type: VOTER last_known_addr { host: "127.9.55.65" port: 37367 } } peers { permanent_uuid: "14986bf873c44c09b52653303d60520c" member_type: VOTER last_known_addr { host: "127.9.55.66" port: 36181 } } peers { permanent_uuid: "433ab0fee94d42f7b9421c69c129a48d" member_type: VOTER last_known_addr { host: "127.9.55.67" port: 35483 } }
I20260709 14:52:55.196317 10764 raft_consensus.cc:385] T 269fd16defad4d62861a53122c4c6ba5 P 433ab0fee94d42f7b9421c69c129a48d [term 0 FOLLOWER]: Consensus starting up: Expiring failure detector timer to make a prompt election more likely
I20260709 14:52:55.196568 10764 raft_consensus.cc:740] T 269fd16defad4d62861a53122c4c6ba5 P 433ab0fee94d42f7b9421c69c129a48d [term 0 FOLLOWER]: Becoming Follower/Learner. State: Replica: 433ab0fee94d42f7b9421c69c129a48d, State: Initialized, Role: FOLLOWER
I20260709 14:52:55.197327 10766 tablet_bootstrap.cc:654] T 19a9b1f8da2649269c7b57a563de9dd8 P 14986bf873c44c09b52653303d60520c: Neither blocks nor log segments found. Creating new log.
I20260709 14:52:55.197198 10764 consensus_queue.cc:260] T 269fd16defad4d62861a53122c4c6ba5 P 433ab0fee94d42f7b9421c69c129a48d [NON_LEADER]: Queue going to NON_LEADER mode. State: All replicated index: 0, Majority replicated index: 0, Committed index: 0, Last appended: 0.0, Last appended by leader: 0, Current term: 0, Majority size: -1, State: 0, Mode: NON_LEADER, active raft config: opid_index: -1 OBSOLETE_local: false peers { permanent_uuid: "76a2b0a0198e479ca82394030e008bf9" member_type: VOTER last_known_addr { host: "127.9.55.65" port: 37367 } } peers { permanent_uuid: "14986bf873c44c09b52653303d60520c" member_type: VOTER last_known_addr { host: "127.9.55.66" port: 36181 } } peers { permanent_uuid: "433ab0fee94d42f7b9421c69c129a48d" member_type: VOTER last_known_addr { host: "127.9.55.67" port: 35483 } }
I20260709 14:52:55.197757 10649 tablet_service.cc:1917] Received RequestConsensusVote() RPC: tablet_id: "aadf42042f644a1a8beecfd96d4f2f11" candidate_uuid: "433ab0fee94d42f7b9421c69c129a48d" candidate_term: 1 candidate_status { last_received { term: 0 index: 0 } } ignore_live_leader: false dest_uuid: "14986bf873c44c09b52653303d60520c" is_pre_election: true
I20260709 14:52:55.198357 10649 raft_consensus.cc:2468] T aadf42042f644a1a8beecfd96d4f2f11 P 14986bf873c44c09b52653303d60520c [term 0 FOLLOWER]: Leader pre-election vote request: Granting yes vote for candidate 433ab0fee94d42f7b9421c69c129a48d in term 0.
I20260709 14:52:55.198815 10764 ts_tablet_manager.cc:1434] T 269fd16defad4d62861a53122c4c6ba5 P 433ab0fee94d42f7b9421c69c129a48d: Time spent starting tablet: real 0.007s	user 0.005s	sys 0.000s
I20260709 14:52:55.199497 10688 leader_election.cc:304] T aadf42042f644a1a8beecfd96d4f2f11 P 433ab0fee94d42f7b9421c69c129a48d [CANDIDATE]: Term 1 pre-election: Election decided. Result: candidate won. Election summary: received 3 responses out of 3 voters: 2 yes votes; 1 no votes. yes voters: 14986bf873c44c09b52653303d60520c, 433ab0fee94d42f7b9421c69c129a48d; no voters: 76a2b0a0198e479ca82394030e008bf9
I20260709 14:52:55.200690 10992 raft_consensus.cc:2804] T aadf42042f644a1a8beecfd96d4f2f11 P 433ab0fee94d42f7b9421c69c129a48d [term 0 FOLLOWER]: Leader pre-election won for term 1
I20260709 14:52:55.201030 10992 raft_consensus.cc:493] T aadf42042f644a1a8beecfd96d4f2f11 P 433ab0fee94d42f7b9421c69c129a48d [term 0 FOLLOWER]: Starting leader election (no leader contacted us within the election timeout)
I20260709 14:52:55.201404 10992 raft_consensus.cc:3060] T aadf42042f644a1a8beecfd96d4f2f11 P 433ab0fee94d42f7b9421c69c129a48d [term 0 FOLLOWER]: Advancing to term 1
I20260709 14:52:55.203532 10920 raft_consensus.cc:493] T e8d8e1d6b8eb43228861de4ae62f6bdb P 433ab0fee94d42f7b9421c69c129a48d [term 0 FOLLOWER]: Starting pre-election (no leader contacted us within the election timeout)
I20260709 14:52:55.204435 10920 raft_consensus.cc:515] T e8d8e1d6b8eb43228861de4ae62f6bdb P 433ab0fee94d42f7b9421c69c129a48d [term 0 FOLLOWER]: Starting pre-election with config: opid_index: -1 OBSOLETE_local: false peers { permanent_uuid: "76a2b0a0198e479ca82394030e008bf9" member_type: VOTER last_known_addr { host: "127.9.55.65" port: 37367 } } peers { permanent_uuid: "14986bf873c44c09b52653303d60520c" member_type: VOTER last_known_addr { host: "127.9.55.66" port: 36181 } } peers { permanent_uuid: "433ab0fee94d42f7b9421c69c129a48d" member_type: VOTER last_known_addr { host: "127.9.55.67" port: 35483 } }
I20260709 14:52:55.207564 10572 tablet_service.cc:1917] Received RequestConsensusVote() RPC: tablet_id: "e8d8e1d6b8eb43228861de4ae62f6bdb" candidate_uuid: "433ab0fee94d42f7b9421c69c129a48d" candidate_term: 1 candidate_status { last_received { term: 0 index: 0 } } ignore_live_leader: false dest_uuid: "76a2b0a0198e479ca82394030e008bf9" is_pre_election: true
I20260709 14:52:55.207763 10920 leader_election.cc:290] T e8d8e1d6b8eb43228861de4ae62f6bdb P 433ab0fee94d42f7b9421c69c129a48d [CANDIDATE]: Term 1 pre-election: Requested pre-vote from peers 76a2b0a0198e479ca82394030e008bf9 (127.9.55.65:37367), 14986bf873c44c09b52653303d60520c (127.9.55.66:36181)
W20260709 14:52:55.208845 10687 leader_election.cc:343] T e8d8e1d6b8eb43228861de4ae62f6bdb P 433ab0fee94d42f7b9421c69c129a48d [CANDIDATE]: Term 1 pre-election: Tablet error from VoteRequest() call to peer 76a2b0a0198e479ca82394030e008bf9 (127.9.55.65:37367): Illegal state: must be running to vote when last-logged opid is not known
I20260709 14:52:55.211369 10765 raft_consensus.cc:359] T d9ec6c07c3104d0bad6671ba1c95f754 P 76a2b0a0198e479ca82394030e008bf9 [term 0 FOLLOWER]: Replica starting. Triggering 0 pending ops. Active config: opid_index: -1 OBSOLETE_local: false peers { permanent_uuid: "76a2b0a0198e479ca82394030e008bf9" member_type: VOTER last_known_addr { host: "127.9.55.65" port: 37367 } } peers { permanent_uuid: "14986bf873c44c09b52653303d60520c" member_type: VOTER last_known_addr { host: "127.9.55.66" port: 36181 } } peers { permanent_uuid: "433ab0fee94d42f7b9421c69c129a48d" member_type: VOTER last_known_addr { host: "127.9.55.67" port: 35483 } }
I20260709 14:52:55.212092 10765 raft_consensus.cc:385] T d9ec6c07c3104d0bad6671ba1c95f754 P 76a2b0a0198e479ca82394030e008bf9 [term 0 FOLLOWER]: Consensus starting up: Expiring failure detector timer to make a prompt election more likely
I20260709 14:52:55.212358 10765 raft_consensus.cc:740] T d9ec6c07c3104d0bad6671ba1c95f754 P 76a2b0a0198e479ca82394030e008bf9 [term 0 FOLLOWER]: Becoming Follower/Learner. State: Replica: 76a2b0a0198e479ca82394030e008bf9, State: Initialized, Role: FOLLOWER
I20260709 14:52:55.212695 10766 tablet_bootstrap.cc:492] T 19a9b1f8da2649269c7b57a563de9dd8 P 14986bf873c44c09b52653303d60520c: No bootstrap required, opened a new log
I20260709 14:52:55.213347 10649 tablet_service.cc:1917] Received RequestConsensusVote() RPC: tablet_id: "e8d8e1d6b8eb43228861de4ae62f6bdb" candidate_uuid: "433ab0fee94d42f7b9421c69c129a48d" candidate_term: 1 candidate_status { last_received { term: 0 index: 0 } } ignore_live_leader: false dest_uuid: "14986bf873c44c09b52653303d60520c" is_pre_election: true
I20260709 14:52:55.214313 10766 ts_tablet_manager.cc:1403] T 19a9b1f8da2649269c7b57a563de9dd8 P 14986bf873c44c09b52653303d60520c: Time spent bootstrapping tablet: real 0.024s	user 0.015s	sys 0.002s
W20260709 14:52:55.214574 10688 leader_election.cc:343] T e8d8e1d6b8eb43228861de4ae62f6bdb P 433ab0fee94d42f7b9421c69c129a48d [CANDIDATE]: Term 1 pre-election: Tablet error from VoteRequest() call to peer 14986bf873c44c09b52653303d60520c (127.9.55.66:36181): Illegal state: must be running to vote when last-logged opid is not known
I20260709 14:52:55.214984 10688 leader_election.cc:304] T e8d8e1d6b8eb43228861de4ae62f6bdb P 433ab0fee94d42f7b9421c69c129a48d [CANDIDATE]: Term 1 pre-election: Election decided. Result: candidate lost. Election summary: received 3 responses out of 3 voters: 1 yes votes; 2 no votes. yes voters: 433ab0fee94d42f7b9421c69c129a48d; no voters: 14986bf873c44c09b52653303d60520c, 76a2b0a0198e479ca82394030e008bf9
I20260709 14:52:55.216984 10766 raft_consensus.cc:359] T 19a9b1f8da2649269c7b57a563de9dd8 P 14986bf873c44c09b52653303d60520c [term 0 FOLLOWER]: Replica starting. Triggering 0 pending ops. Active config: opid_index: -1 OBSOLETE_local: false peers { permanent_uuid: "76a2b0a0198e479ca82394030e008bf9" member_type: VOTER last_known_addr { host: "127.9.55.65" port: 37367 } } peers { permanent_uuid: "14986bf873c44c09b52653303d60520c" member_type: VOTER last_known_addr { host: "127.9.55.66" port: 36181 } } peers { permanent_uuid: "433ab0fee94d42f7b9421c69c129a48d" member_type: VOTER last_known_addr { host: "127.9.55.67" port: 35483 } }
I20260709 14:52:55.217772 10766 raft_consensus.cc:385] T 19a9b1f8da2649269c7b57a563de9dd8 P 14986bf873c44c09b52653303d60520c [term 0 FOLLOWER]: Consensus starting up: Expiring failure detector timer to make a prompt election more likely
I20260709 14:52:55.218084 10766 raft_consensus.cc:740] T 19a9b1f8da2649269c7b57a563de9dd8 P 14986bf873c44c09b52653303d60520c [term 0 FOLLOWER]: Becoming Follower/Learner. State: Replica: 14986bf873c44c09b52653303d60520c, State: Initialized, Role: FOLLOWER
I20260709 14:52:55.218737 10766 consensus_queue.cc:260] T 19a9b1f8da2649269c7b57a563de9dd8 P 14986bf873c44c09b52653303d60520c [NON_LEADER]: Queue going to NON_LEADER mode. State: All replicated index: 0, Majority replicated index: 0, Committed index: 0, Last appended: 0.0, Last appended by leader: 0, Current term: 0, Majority size: -1, State: 0, Mode: NON_LEADER, active raft config: opid_index: -1 OBSOLETE_local: false peers { permanent_uuid: "76a2b0a0198e479ca82394030e008bf9" member_type: VOTER last_known_addr { host: "127.9.55.65" port: 37367 } } peers { permanent_uuid: "14986bf873c44c09b52653303d60520c" member_type: VOTER last_known_addr { host: "127.9.55.66" port: 36181 } } peers { permanent_uuid: "433ab0fee94d42f7b9421c69c129a48d" member_type: VOTER last_known_addr { host: "127.9.55.67" port: 35483 } }
I20260709 14:52:55.220168 10992 raft_consensus.cc:515] T aadf42042f644a1a8beecfd96d4f2f11 P 433ab0fee94d42f7b9421c69c129a48d [term 1 FOLLOWER]: Starting leader election with config: opid_index: -1 OBSOLETE_local: false peers { permanent_uuid: "76a2b0a0198e479ca82394030e008bf9" member_type: VOTER last_known_addr { host: "127.9.55.65" port: 37367 } } peers { permanent_uuid: "14986bf873c44c09b52653303d60520c" member_type: VOTER last_known_addr { host: "127.9.55.66" port: 36181 } } peers { permanent_uuid: "433ab0fee94d42f7b9421c69c129a48d" member_type: VOTER last_known_addr { host: "127.9.55.67" port: 35483 } }
I20260709 14:52:55.220395 10765 consensus_queue.cc:260] T d9ec6c07c3104d0bad6671ba1c95f754 P 76a2b0a0198e479ca82394030e008bf9 [NON_LEADER]: Queue going to NON_LEADER mode. State: All replicated index: 0, Majority replicated index: 0, Committed index: 0, Last appended: 0.0, Last appended by leader: 0, Current term: 0, Majority size: -1, State: 0, Mode: NON_LEADER, active raft config: opid_index: -1 OBSOLETE_local: false peers { permanent_uuid: "76a2b0a0198e479ca82394030e008bf9" member_type: VOTER last_known_addr { host: "127.9.55.65" port: 37367 } } peers { permanent_uuid: "14986bf873c44c09b52653303d60520c" member_type: VOTER last_known_addr { host: "127.9.55.66" port: 36181 } } peers { permanent_uuid: "433ab0fee94d42f7b9421c69c129a48d" member_type: VOTER last_known_addr { host: "127.9.55.67" port: 35483 } }
I20260709 14:52:55.220953 10766 ts_tablet_manager.cc:1434] T 19a9b1f8da2649269c7b57a563de9dd8 P 14986bf873c44c09b52653303d60520c: Time spent starting tablet: real 0.006s	user 0.004s	sys 0.002s
I20260709 14:52:55.221750 10920 raft_consensus.cc:2749] T e8d8e1d6b8eb43228861de4ae62f6bdb P 433ab0fee94d42f7b9421c69c129a48d [term 0 FOLLOWER]: Leader pre-election lost for term 1. Reason: could not achieve majority
I20260709 14:52:55.226660 10920 raft_consensus.cc:493] T 3de1e320b24d4e1f8b25c1a9a6f8dc37 P 433ab0fee94d42f7b9421c69c129a48d [term 0 FOLLOWER]: Starting pre-election (no leader contacted us within the election timeout)
I20260709 14:52:55.227272 10766 tablet_bootstrap.cc:492] T e8d8e1d6b8eb43228861de4ae62f6bdb P 14986bf873c44c09b52653303d60520c: Bootstrap starting.
I20260709 14:52:55.227217 10920 raft_consensus.cc:515] T 3de1e320b24d4e1f8b25c1a9a6f8dc37 P 433ab0fee94d42f7b9421c69c129a48d [term 0 FOLLOWER]: Starting pre-election with config: opid_index: -1 OBSOLETE_local: false peers { permanent_uuid: "76a2b0a0198e479ca82394030e008bf9" member_type: VOTER last_known_addr { host: "127.9.55.65" port: 37367 } } peers { permanent_uuid: "14986bf873c44c09b52653303d60520c" member_type: VOTER last_known_addr { host: "127.9.55.66" port: 36181 } } peers { permanent_uuid: "433ab0fee94d42f7b9421c69c129a48d" member_type: VOTER last_known_addr { host: "127.9.55.67" port: 35483 } }
I20260709 14:52:55.226660 10765 ts_tablet_manager.cc:1434] T d9ec6c07c3104d0bad6671ba1c95f754 P 76a2b0a0198e479ca82394030e008bf9: Time spent starting tablet: real 0.034s	user 0.005s	sys 0.000s
I20260709 14:52:55.230499 10572 tablet_service.cc:1917] Received RequestConsensusVote() RPC: tablet_id: "3de1e320b24d4e1f8b25c1a9a6f8dc37" candidate_uuid: "433ab0fee94d42f7b9421c69c129a48d" candidate_term: 1 candidate_status { last_received { term: 0 index: 0 } } ignore_live_leader: false dest_uuid: "76a2b0a0198e479ca82394030e008bf9" is_pre_election: true
I20260709 14:52:55.232366 10765 tablet_bootstrap.cc:492] T aadf42042f644a1a8beecfd96d4f2f11 P 76a2b0a0198e479ca82394030e008bf9: Bootstrap starting.
I20260709 14:52:55.234431 10932 raft_consensus.cc:493] T 79d498a8ddad42bb8e71ac71ef46ab9b P 14986bf873c44c09b52653303d60520c [term 0 FOLLOWER]: Starting pre-election (no leader contacted us within the election timeout)
I20260709 14:52:55.235859 10764 tablet_bootstrap.cc:492] T 64dfc62f222b4f5581d55e634c64ff02 P 433ab0fee94d42f7b9421c69c129a48d: Bootstrap starting.
I20260709 14:52:55.240108 10572 tablet_service.cc:1917] Received RequestConsensusVote() RPC: tablet_id: "aadf42042f644a1a8beecfd96d4f2f11" candidate_uuid: "433ab0fee94d42f7b9421c69c129a48d" candidate_term: 1 candidate_status { last_received { term: 0 index: 0 } } ignore_live_leader: false dest_uuid: "76a2b0a0198e479ca82394030e008bf9"
I20260709 14:52:55.234930 10932 raft_consensus.cc:515] T 79d498a8ddad42bb8e71ac71ef46ab9b P 14986bf873c44c09b52653303d60520c [term 0 FOLLOWER]: Starting pre-election with config: opid_index: -1 OBSOLETE_local: false peers { permanent_uuid: "76a2b0a0198e479ca82394030e008bf9" member_type: VOTER last_known_addr { host: "127.9.55.65" port: 37367 } } peers { permanent_uuid: "14986bf873c44c09b52653303d60520c" member_type: VOTER last_known_addr { host: "127.9.55.66" port: 36181 } } peers { permanent_uuid: "433ab0fee94d42f7b9421c69c129a48d" member_type: VOTER last_known_addr { host: "127.9.55.67" port: 35483 } }
I20260709 14:52:55.233577 11040 raft_consensus.cc:493] T d9ec6c07c3104d0bad6671ba1c95f754 P 76a2b0a0198e479ca82394030e008bf9 [term 0 FOLLOWER]: Starting pre-election (no leader contacted us within the election timeout)
I20260709 14:52:55.243448 10932 leader_election.cc:290] T 79d498a8ddad42bb8e71ac71ef46ab9b P 14986bf873c44c09b52653303d60520c [CANDIDATE]: Term 1 pre-election: Requested pre-vote from peers 76a2b0a0198e479ca82394030e008bf9 (127.9.55.65:37367), 433ab0fee94d42f7b9421c69c129a48d (127.9.55.67:35483)
I20260709 14:52:55.243324 11040 raft_consensus.cc:515] T d9ec6c07c3104d0bad6671ba1c95f754 P 76a2b0a0198e479ca82394030e008bf9 [term 0 FOLLOWER]: Starting pre-election with config: opid_index: -1 OBSOLETE_local: false peers { permanent_uuid: "76a2b0a0198e479ca82394030e008bf9" member_type: VOTER last_known_addr { host: "127.9.55.65" port: 37367 } } peers { permanent_uuid: "14986bf873c44c09b52653303d60520c" member_type: VOTER last_known_addr { host: "127.9.55.66" port: 36181 } } peers { permanent_uuid: "433ab0fee94d42f7b9421c69c129a48d" member_type: VOTER last_known_addr { host: "127.9.55.67" port: 35483 } }
I20260709 14:52:55.247210 10720 tablet_service.cc:1917] Received RequestConsensusVote() RPC: tablet_id: "79d498a8ddad42bb8e71ac71ef46ab9b" candidate_uuid: "14986bf873c44c09b52653303d60520c" candidate_term: 1 candidate_status { last_received { term: 0 index: 0 } } ignore_live_leader: false dest_uuid: "433ab0fee94d42f7b9421c69c129a48d" is_pre_election: true
I20260709 14:52:55.247815 10720 raft_consensus.cc:2468] T 79d498a8ddad42bb8e71ac71ef46ab9b P 433ab0fee94d42f7b9421c69c129a48d [term 0 FOLLOWER]: Leader pre-election vote request: Granting yes vote for candidate 14986bf873c44c09b52653303d60520c in term 0.
W20260709 14:52:55.248703 10687 leader_election.cc:343] T 3de1e320b24d4e1f8b25c1a9a6f8dc37 P 433ab0fee94d42f7b9421c69c129a48d [CANDIDATE]: Term 1 pre-election: Tablet error from VoteRequest() call to peer 76a2b0a0198e479ca82394030e008bf9 (127.9.55.65:37367): Illegal state: must be running to vote when last-logged opid is not known
I20260709 14:52:55.248534 11045 consensus_queue.cc:1048] T d9ec6c07c3104d0bad6671ba1c95f754 P 433ab0fee94d42f7b9421c69c129a48d [LEADER]: Connected to new peer: Peer: permanent_uuid: "14986bf873c44c09b52653303d60520c" member_type: VOTER last_known_addr { host: "127.9.55.66" port: 36181 }, Status: LMP_MISMATCH, Last received: 0.0, Next index: 1, Last known committed idx: 0, Time since last communication: 0.000s
W20260709 14:52:55.249328 10687 leader_election.cc:343] T aadf42042f644a1a8beecfd96d4f2f11 P 433ab0fee94d42f7b9421c69c129a48d [CANDIDATE]: Term 1 election: Tablet error from VoteRequest() call to peer 76a2b0a0198e479ca82394030e008bf9 (127.9.55.65:37367): Illegal state: must be running to vote when last-logged opid is not known
I20260709 14:52:55.251062 11040 leader_election.cc:290] T d9ec6c07c3104d0bad6671ba1c95f754 P 76a2b0a0198e479ca82394030e008bf9 [CANDIDATE]: Term 1 pre-election: Requested pre-vote from peers 14986bf873c44c09b52653303d60520c (127.9.55.66:36181), 433ab0fee94d42f7b9421c69c129a48d (127.9.55.67:35483)
I20260709 14:52:55.251983 10649 tablet_service.cc:1917] Received RequestConsensusVote() RPC: tablet_id: "d9ec6c07c3104d0bad6671ba1c95f754" candidate_uuid: "76a2b0a0198e479ca82394030e008bf9" candidate_term: 1 candidate_status { last_received { term: 0 index: 0 } } ignore_live_leader: false dest_uuid: "14986bf873c44c09b52653303d60520c" is_pre_election: true
I20260709 14:52:55.252743 10649 raft_consensus.cc:2393] T d9ec6c07c3104d0bad6671ba1c95f754 P 14986bf873c44c09b52653303d60520c [term 1 FOLLOWER]: Leader pre-election vote request: Denying vote to candidate 76a2b0a0198e479ca82394030e008bf9 in current term 1: Already voted for candidate 433ab0fee94d42f7b9421c69c129a48d in this term.
I20260709 14:52:55.254060 10719 tablet_service.cc:1917] Received RequestConsensusVote() RPC: tablet_id: "d9ec6c07c3104d0bad6671ba1c95f754" candidate_uuid: "76a2b0a0198e479ca82394030e008bf9" candidate_term: 1 candidate_status { last_received { term: 0 index: 0 } } ignore_live_leader: false dest_uuid: "433ab0fee94d42f7b9421c69c129a48d" is_pre_election: true
I20260709 14:52:55.256609 10541 leader_election.cc:304] T d9ec6c07c3104d0bad6671ba1c95f754 P 76a2b0a0198e479ca82394030e008bf9 [CANDIDATE]: Term 1 pre-election: Election decided. Result: candidate lost. Election summary: received 3 responses out of 3 voters: 1 yes votes; 2 no votes. yes voters: 76a2b0a0198e479ca82394030e008bf9; no voters: 14986bf873c44c09b52653303d60520c, 433ab0fee94d42f7b9421c69c129a48d
I20260709 14:52:55.254211 10572 tablet_service.cc:1917] Received RequestConsensusVote() RPC: tablet_id: "79d498a8ddad42bb8e71ac71ef46ab9b" candidate_uuid: "14986bf873c44c09b52653303d60520c" candidate_term: 1 candidate_status { last_received { term: 0 index: 0 } } ignore_live_leader: false dest_uuid: "76a2b0a0198e479ca82394030e008bf9" is_pre_election: true
I20260709 14:52:55.258067 10992 leader_election.cc:290] T aadf42042f644a1a8beecfd96d4f2f11 P 433ab0fee94d42f7b9421c69c129a48d [CANDIDATE]: Term 1 election: Requested vote from peers 76a2b0a0198e479ca82394030e008bf9 (127.9.55.65:37367), 14986bf873c44c09b52653303d60520c (127.9.55.66:36181)
I20260709 14:52:55.258371 11040 raft_consensus.cc:3060] T d9ec6c07c3104d0bad6671ba1c95f754 P 76a2b0a0198e479ca82394030e008bf9 [term 0 FOLLOWER]: Advancing to term 1
W20260709 14:52:55.258589 10613 leader_election.cc:343] T 79d498a8ddad42bb8e71ac71ef46ab9b P 14986bf873c44c09b52653303d60520c [CANDIDATE]: Term 1 pre-election: Tablet error from VoteRequest() call to peer 76a2b0a0198e479ca82394030e008bf9 (127.9.55.65:37367): Illegal state: must be running to vote when last-logged opid is not known
I20260709 14:52:55.263391 10649 tablet_service.cc:1917] Received RequestConsensusVote() RPC: tablet_id: "aadf42042f644a1a8beecfd96d4f2f11" candidate_uuid: "433ab0fee94d42f7b9421c69c129a48d" candidate_term: 1 candidate_status { last_received { term: 0 index: 0 } } ignore_live_leader: false dest_uuid: "14986bf873c44c09b52653303d60520c"
I20260709 14:52:55.264010 10649 raft_consensus.cc:3060] T aadf42042f644a1a8beecfd96d4f2f11 P 14986bf873c44c09b52653303d60520c [term 0 FOLLOWER]: Advancing to term 1
I20260709 14:52:55.265923 10764 tablet_bootstrap.cc:654] T 64dfc62f222b4f5581d55e634c64ff02 P 433ab0fee94d42f7b9421c69c129a48d: Neither blocks nor log segments found. Creating new log.
I20260709 14:52:55.266032 10920 leader_election.cc:290] T 3de1e320b24d4e1f8b25c1a9a6f8dc37 P 433ab0fee94d42f7b9421c69c129a48d [CANDIDATE]: Term 1 pre-election: Requested pre-vote from peers 76a2b0a0198e479ca82394030e008bf9 (127.9.55.65:37367), 14986bf873c44c09b52653303d60520c (127.9.55.66:36181)
I20260709 14:52:55.267092 10616 leader_election.cc:304] T 79d498a8ddad42bb8e71ac71ef46ab9b P 14986bf873c44c09b52653303d60520c [CANDIDATE]: Term 1 pre-election: Election decided. Result: candidate won. Election summary: received 3 responses out of 3 voters: 2 yes votes; 1 no votes. yes voters: 14986bf873c44c09b52653303d60520c, 433ab0fee94d42f7b9421c69c129a48d; no voters: 76a2b0a0198e479ca82394030e008bf9
I20260709 14:52:55.268095 10932 raft_consensus.cc:2804] T 79d498a8ddad42bb8e71ac71ef46ab9b P 14986bf873c44c09b52653303d60520c [term 0 FOLLOWER]: Leader pre-election won for term 1
I20260709 14:52:55.268428 10932 raft_consensus.cc:493] T 79d498a8ddad42bb8e71ac71ef46ab9b P 14986bf873c44c09b52653303d60520c [term 0 FOLLOWER]: Starting leader election (no leader contacted us within the election timeout)
I20260709 14:52:55.268736 10932 raft_consensus.cc:3060] T 79d498a8ddad42bb8e71ac71ef46ab9b P 14986bf873c44c09b52653303d60520c [term 0 FOLLOWER]: Advancing to term 1
I20260709 14:52:55.275067 10932 raft_consensus.cc:515] T 79d498a8ddad42bb8e71ac71ef46ab9b P 14986bf873c44c09b52653303d60520c [term 1 FOLLOWER]: Starting leader election with config: opid_index: -1 OBSOLETE_local: false peers { permanent_uuid: "76a2b0a0198e479ca82394030e008bf9" member_type: VOTER last_known_addr { host: "127.9.55.65" port: 37367 } } peers { permanent_uuid: "14986bf873c44c09b52653303d60520c" member_type: VOTER last_known_addr { host: "127.9.55.66" port: 36181 } } peers { permanent_uuid: "433ab0fee94d42f7b9421c69c129a48d" member_type: VOTER last_known_addr { host: "127.9.55.67" port: 35483 } }
I20260709 14:52:55.276021 10766 tablet_bootstrap.cc:654] T e8d8e1d6b8eb43228861de4ae62f6bdb P 14986bf873c44c09b52653303d60520c: Neither blocks nor log segments found. Creating new log.
I20260709 14:52:55.278498 10646 tablet_service.cc:1917] Received RequestConsensusVote() RPC: tablet_id: "3de1e320b24d4e1f8b25c1a9a6f8dc37" candidate_uuid: "433ab0fee94d42f7b9421c69c129a48d" candidate_term: 1 candidate_status { last_received { term: 0 index: 0 } } ignore_live_leader: false dest_uuid: "14986bf873c44c09b52653303d60520c" is_pre_election: true
I20260709 14:52:55.279397 10646 raft_consensus.cc:2468] T 3de1e320b24d4e1f8b25c1a9a6f8dc37 P 14986bf873c44c09b52653303d60520c [term 0 FOLLOWER]: Leader pre-election vote request: Granting yes vote for candidate 433ab0fee94d42f7b9421c69c129a48d in term 0.
I20260709 14:52:55.283694 10572 tablet_service.cc:1917] Received RequestConsensusVote() RPC: tablet_id: "79d498a8ddad42bb8e71ac71ef46ab9b" candidate_uuid: "14986bf873c44c09b52653303d60520c" candidate_term: 1 candidate_status { last_received { term: 0 index: 0 } } ignore_live_leader: false dest_uuid: "76a2b0a0198e479ca82394030e008bf9"
I20260709 14:52:55.286703 10765 tablet_bootstrap.cc:654] T aadf42042f644a1a8beecfd96d4f2f11 P 76a2b0a0198e479ca82394030e008bf9: Neither blocks nor log segments found. Creating new log.
W20260709 14:52:55.287613 10613 leader_election.cc:343] T 79d498a8ddad42bb8e71ac71ef46ab9b P 14986bf873c44c09b52653303d60520c [CANDIDATE]: Term 1 election: Tablet error from VoteRequest() call to peer 76a2b0a0198e479ca82394030e008bf9 (127.9.55.65:37367): Illegal state: must be running to vote when last-logged opid is not known
I20260709 14:52:55.290423 10688 leader_election.cc:304] T 3de1e320b24d4e1f8b25c1a9a6f8dc37 P 433ab0fee94d42f7b9421c69c129a48d [CANDIDATE]: Term 1 pre-election: Election decided. Result: candidate won. Election summary: received 3 responses out of 3 voters: 2 yes votes; 1 no votes. yes voters: 14986bf873c44c09b52653303d60520c, 433ab0fee94d42f7b9421c69c129a48d; no voters: 76a2b0a0198e479ca82394030e008bf9
I20260709 14:52:55.292163 10873 raft_consensus.cc:2804] T 3de1e320b24d4e1f8b25c1a9a6f8dc37 P 433ab0fee94d42f7b9421c69c129a48d [term 0 FOLLOWER]: Leader pre-election won for term 1
I20260709 14:52:55.292670 10873 raft_consensus.cc:493] T 3de1e320b24d4e1f8b25c1a9a6f8dc37 P 433ab0fee94d42f7b9421c69c129a48d [term 0 FOLLOWER]: Starting leader election (no leader contacted us within the election timeout)
I20260709 14:52:55.293097 10873 raft_consensus.cc:3060] T 3de1e320b24d4e1f8b25c1a9a6f8dc37 P 433ab0fee94d42f7b9421c69c129a48d [term 0 FOLLOWER]: Advancing to term 1
I20260709 14:52:55.294221 11024 raft_consensus.cc:493] T 269fd16defad4d62861a53122c4c6ba5 P 433ab0fee94d42f7b9421c69c129a48d [term 0 FOLLOWER]: Starting pre-election (no leader contacted us within the election timeout)
I20260709 14:52:55.294674 11024 raft_consensus.cc:515] T 269fd16defad4d62861a53122c4c6ba5 P 433ab0fee94d42f7b9421c69c129a48d [term 0 FOLLOWER]: Starting pre-election with config: opid_index: -1 OBSOLETE_local: false peers { permanent_uuid: "76a2b0a0198e479ca82394030e008bf9" member_type: VOTER last_known_addr { host: "127.9.55.65" port: 37367 } } peers { permanent_uuid: "14986bf873c44c09b52653303d60520c" member_type: VOTER last_known_addr { host: "127.9.55.66" port: 36181 } } peers { permanent_uuid: "433ab0fee94d42f7b9421c69c129a48d" member_type: VOTER last_known_addr { host: "127.9.55.67" port: 35483 } }
I20260709 14:52:55.300457 10920 consensus_queue.cc:1048] T 7aed23e587db4ab1bf0ffee8d55e3e6a P 433ab0fee94d42f7b9421c69c129a48d [LEADER]: Connected to new peer: Peer: permanent_uuid: "14986bf873c44c09b52653303d60520c" member_type: VOTER last_known_addr { host: "127.9.55.66" port: 36181 }, Status: LMP_MISMATCH, Last received: 0.0, Next index: 1, Last known committed idx: 0, Time since last communication: 0.000s
I20260709 14:52:55.301132 11024 leader_election.cc:290] T 269fd16defad4d62861a53122c4c6ba5 P 433ab0fee94d42f7b9421c69c129a48d [CANDIDATE]: Term 1 pre-election: Requested pre-vote from peers 76a2b0a0198e479ca82394030e008bf9 (127.9.55.65:37367), 14986bf873c44c09b52653303d60520c (127.9.55.66:36181)
I20260709 14:52:55.301429 10764 tablet_bootstrap.cc:492] T 64dfc62f222b4f5581d55e634c64ff02 P 433ab0fee94d42f7b9421c69c129a48d: No bootstrap required, opened a new log
I20260709 14:52:55.301911 10764 ts_tablet_manager.cc:1403] T 64dfc62f222b4f5581d55e634c64ff02 P 433ab0fee94d42f7b9421c69c129a48d: Time spent bootstrapping tablet: real 0.069s	user 0.019s	sys 0.023s
I20260709 14:52:55.304392 10649 raft_consensus.cc:2468] T aadf42042f644a1a8beecfd96d4f2f11 P 14986bf873c44c09b52653303d60520c [term 1 FOLLOWER]: Leader election vote request: Granting yes vote for candidate 433ab0fee94d42f7b9421c69c129a48d in term 1.
I20260709 14:52:55.304929 10644 tablet_service.cc:1917] Received RequestConsensusVote() RPC: tablet_id: "269fd16defad4d62861a53122c4c6ba5" candidate_uuid: "433ab0fee94d42f7b9421c69c129a48d" candidate_term: 1 candidate_status { last_received { term: 0 index: 0 } } ignore_live_leader: false dest_uuid: "14986bf873c44c09b52653303d60520c" is_pre_election: true
I20260709 14:52:55.313684 10688 leader_election.cc:304] T aadf42042f644a1a8beecfd96d4f2f11 P 433ab0fee94d42f7b9421c69c129a48d [CANDIDATE]: Term 1 election: Election decided. Result: candidate won. Election summary: received 3 responses out of 3 voters: 2 yes votes; 1 no votes. yes voters: 14986bf873c44c09b52653303d60520c, 433ab0fee94d42f7b9421c69c129a48d; no voters: 76a2b0a0198e479ca82394030e008bf9
W20260709 14:52:55.315065 10688 leader_election.cc:343] T 269fd16defad4d62861a53122c4c6ba5 P 433ab0fee94d42f7b9421c69c129a48d [CANDIDATE]: Term 1 pre-election: Tablet error from VoteRequest() call to peer 14986bf873c44c09b52653303d60520c (127.9.55.66:36181): Illegal state: must be running to vote when last-logged opid is not known
I20260709 14:52:55.317364 11040 raft_consensus.cc:2749] T d9ec6c07c3104d0bad6671ba1c95f754 P 76a2b0a0198e479ca82394030e008bf9 [term 1 FOLLOWER]: Leader pre-election lost for term 1. Reason: could not achieve majority
I20260709 14:52:55.318075 11044 raft_consensus.cc:493] T f0c51f0ce2234bb28d8dad30568ac239 P 14986bf873c44c09b52653303d60520c [term 0 FOLLOWER]: Starting pre-election (no leader contacted us within the election timeout)
I20260709 14:52:55.318614 11044 raft_consensus.cc:515] T f0c51f0ce2234bb28d8dad30568ac239 P 14986bf873c44c09b52653303d60520c [term 0 FOLLOWER]: Starting pre-election with config: opid_index: -1 OBSOLETE_local: false peers { permanent_uuid: "76a2b0a0198e479ca82394030e008bf9" member_type: VOTER last_known_addr { host: "127.9.55.65" port: 37367 } } peers { permanent_uuid: "14986bf873c44c09b52653303d60520c" member_type: VOTER last_known_addr { host: "127.9.55.66" port: 36181 } } peers { permanent_uuid: "433ab0fee94d42f7b9421c69c129a48d" member_type: VOTER last_known_addr { host: "127.9.55.67" port: 35483 } }
I20260709 14:52:55.302394 10932 leader_election.cc:290] T 79d498a8ddad42bb8e71ac71ef46ab9b P 14986bf873c44c09b52653303d60520c [CANDIDATE]: Term 1 election: Requested vote from peers 76a2b0a0198e479ca82394030e008bf9 (127.9.55.65:37367), 433ab0fee94d42f7b9421c69c129a48d (127.9.55.67:35483)
I20260709 14:52:55.332410 10572 tablet_service.cc:1917] Received RequestConsensusVote() RPC: tablet_id: "269fd16defad4d62861a53122c4c6ba5" candidate_uuid: "433ab0fee94d42f7b9421c69c129a48d" candidate_term: 1 candidate_status { last_received { term: 0 index: 0 } } ignore_live_leader: false dest_uuid: "76a2b0a0198e479ca82394030e008bf9" is_pre_election: true
I20260709 14:52:55.302228 10720 tablet_service.cc:1917] Received RequestConsensusVote() RPC: tablet_id: "79d498a8ddad42bb8e71ac71ef46ab9b" candidate_uuid: "14986bf873c44c09b52653303d60520c" candidate_term: 1 candidate_status { last_received { term: 0 index: 0 } } ignore_live_leader: false dest_uuid: "433ab0fee94d42f7b9421c69c129a48d"
I20260709 14:52:55.350549 10764 raft_consensus.cc:359] T 64dfc62f222b4f5581d55e634c64ff02 P 433ab0fee94d42f7b9421c69c129a48d [term 0 FOLLOWER]: Replica starting. Triggering 0 pending ops. Active config: opid_index: -1 OBSOLETE_local: false peers { permanent_uuid: "76a2b0a0198e479ca82394030e008bf9" member_type: VOTER last_known_addr { host: "127.9.55.65" port: 37367 } } peers { permanent_uuid: "14986bf873c44c09b52653303d60520c" member_type: VOTER last_known_addr { host: "127.9.55.66" port: 36181 } } peers { permanent_uuid: "433ab0fee94d42f7b9421c69c129a48d" member_type: VOTER last_known_addr { host: "127.9.55.67" port: 35483 } }
I20260709 14:52:55.354671 10764 raft_consensus.cc:385] T 64dfc62f222b4f5581d55e634c64ff02 P 433ab0fee94d42f7b9421c69c129a48d [term 0 FOLLOWER]: Consensus starting up: Expiring failure detector timer to make a prompt election more likely
I20260709 14:52:55.354938 10764 raft_consensus.cc:740] T 64dfc62f222b4f5581d55e634c64ff02 P 433ab0fee94d42f7b9421c69c129a48d [term 0 FOLLOWER]: Becoming Follower/Learner. State: Replica: 433ab0fee94d42f7b9421c69c129a48d, State: Initialized, Role: FOLLOWER
I20260709 14:52:55.355581 10766 tablet_bootstrap.cc:492] T e8d8e1d6b8eb43228861de4ae62f6bdb P 14986bf873c44c09b52653303d60520c: No bootstrap required, opened a new log
I20260709 14:52:55.356033 10766 ts_tablet_manager.cc:1403] T e8d8e1d6b8eb43228861de4ae62f6bdb P 14986bf873c44c09b52653303d60520c: Time spent bootstrapping tablet: real 0.129s	user 0.018s	sys 0.017s
I20260709 14:52:55.321826 10920 raft_consensus.cc:2804] T aadf42042f644a1a8beecfd96d4f2f11 P 433ab0fee94d42f7b9421c69c129a48d [term 1 FOLLOWER]: Leader election won for term 1
I20260709 14:52:55.357883 11044 leader_election.cc:290] T f0c51f0ce2234bb28d8dad30568ac239 P 14986bf873c44c09b52653303d60520c [CANDIDATE]: Term 1 pre-election: Requested pre-vote from peers 76a2b0a0198e479ca82394030e008bf9 (127.9.55.65:37367), 433ab0fee94d42f7b9421c69c129a48d (127.9.55.67:35483)
W20260709 14:52:55.358117 10687 leader_election.cc:343] T 269fd16defad4d62861a53122c4c6ba5 P 433ab0fee94d42f7b9421c69c129a48d [CANDIDATE]: Term 1 pre-election: Tablet error from VoteRequest() call to peer 76a2b0a0198e479ca82394030e008bf9 (127.9.55.65:37367): Illegal state: must be running to vote when last-logged opid is not known
I20260709 14:52:55.358788 10720 raft_consensus.cc:3060] T 79d498a8ddad42bb8e71ac71ef46ab9b P 433ab0fee94d42f7b9421c69c129a48d [term 0 FOLLOWER]: Advancing to term 1
I20260709 14:52:55.359202 10687 leader_election.cc:304] T 269fd16defad4d62861a53122c4c6ba5 P 433ab0fee94d42f7b9421c69c129a48d [CANDIDATE]: Term 1 pre-election: Election decided. Result: candidate lost. Election summary: received 3 responses out of 3 voters: 1 yes votes; 2 no votes. yes voters: 433ab0fee94d42f7b9421c69c129a48d; no voters: 14986bf873c44c09b52653303d60520c, 76a2b0a0198e479ca82394030e008bf9
I20260709 14:52:55.359889 10766 raft_consensus.cc:359] T e8d8e1d6b8eb43228861de4ae62f6bdb P 14986bf873c44c09b52653303d60520c [term 0 FOLLOWER]: Replica starting. Triggering 0 pending ops. Active config: opid_index: -1 OBSOLETE_local: false peers { permanent_uuid: "76a2b0a0198e479ca82394030e008bf9" member_type: VOTER last_known_addr { host: "127.9.55.65" port: 37367 } } peers { permanent_uuid: "14986bf873c44c09b52653303d60520c" member_type: VOTER last_known_addr { host: "127.9.55.66" port: 36181 } } peers { permanent_uuid: "433ab0fee94d42f7b9421c69c129a48d" member_type: VOTER last_known_addr { host: "127.9.55.67" port: 35483 } }
I20260709 14:52:55.360582 10766 raft_consensus.cc:385] T e8d8e1d6b8eb43228861de4ae62f6bdb P 14986bf873c44c09b52653303d60520c [term 0 FOLLOWER]: Consensus starting up: Expiring failure detector timer to make a prompt election more likely
I20260709 14:52:55.360888 10766 raft_consensus.cc:740] T e8d8e1d6b8eb43228861de4ae62f6bdb P 14986bf873c44c09b52653303d60520c [term 0 FOLLOWER]: Becoming Follower/Learner. State: Replica: 14986bf873c44c09b52653303d60520c, State: Initialized, Role: FOLLOWER
I20260709 14:52:55.361518 10766 consensus_queue.cc:260] T e8d8e1d6b8eb43228861de4ae62f6bdb P 14986bf873c44c09b52653303d60520c [NON_LEADER]: Queue going to NON_LEADER mode. State: All replicated index: 0, Majority replicated index: 0, Committed index: 0, Last appended: 0.0, Last appended by leader: 0, Current term: 0, Majority size: -1, State: 0, Mode: NON_LEADER, active raft config: opid_index: -1 OBSOLETE_local: false peers { permanent_uuid: "76a2b0a0198e479ca82394030e008bf9" member_type: VOTER last_known_addr { host: "127.9.55.65" port: 37367 } } peers { permanent_uuid: "14986bf873c44c09b52653303d60520c" member_type: VOTER last_known_addr { host: "127.9.55.66" port: 36181 } } peers { permanent_uuid: "433ab0fee94d42f7b9421c69c129a48d" member_type: VOTER last_known_addr { host: "127.9.55.67" port: 35483 } }
I20260709 14:52:55.342311 10567 tablet_service.cc:1917] Received RequestConsensusVote() RPC: tablet_id: "f0c51f0ce2234bb28d8dad30568ac239" candidate_uuid: "14986bf873c44c09b52653303d60520c" candidate_term: 1 candidate_status { last_received { term: 0 index: 0 } } ignore_live_leader: false dest_uuid: "76a2b0a0198e479ca82394030e008bf9" is_pre_election: true
I20260709 14:52:55.355598 10764 consensus_queue.cc:260] T 64dfc62f222b4f5581d55e634c64ff02 P 433ab0fee94d42f7b9421c69c129a48d [NON_LEADER]: Queue going to NON_LEADER mode. State: All replicated index: 0, Majority replicated index: 0, Committed index: 0, Last appended: 0.0, Last appended by leader: 0, Current term: 0, Majority size: -1, State: 0, Mode: NON_LEADER, active raft config: opid_index: -1 OBSOLETE_local: false peers { permanent_uuid: "76a2b0a0198e479ca82394030e008bf9" member_type: VOTER last_known_addr { host: "127.9.55.65" port: 37367 } } peers { permanent_uuid: "14986bf873c44c09b52653303d60520c" member_type: VOTER last_known_addr { host: "127.9.55.66" port: 36181 } } peers { permanent_uuid: "433ab0fee94d42f7b9421c69c129a48d" member_type: VOTER last_known_addr { host: "127.9.55.67" port: 35483 } }
I20260709 14:52:55.366662 10764 ts_tablet_manager.cc:1434] T 64dfc62f222b4f5581d55e634c64ff02 P 433ab0fee94d42f7b9421c69c129a48d: Time spent starting tablet: real 0.064s	user 0.007s	sys 0.001s
I20260709 14:52:55.367590 10764 tablet_bootstrap.cc:492] T 19a9b1f8da2649269c7b57a563de9dd8 P 433ab0fee94d42f7b9421c69c129a48d: Bootstrap starting.
I20260709 14:52:55.365450 11045 raft_consensus.cc:2749] T 269fd16defad4d62861a53122c4c6ba5 P 433ab0fee94d42f7b9421c69c129a48d [term 0 FOLLOWER]: Leader pre-election lost for term 1. Reason: could not achieve majority
I20260709 14:52:55.366662 10766 ts_tablet_manager.cc:1434] T e8d8e1d6b8eb43228861de4ae62f6bdb P 14986bf873c44c09b52653303d60520c: Time spent starting tablet: real 0.010s	user 0.006s	sys 0.000s
I20260709 14:52:55.371737 10766 tablet_bootstrap.cc:492] T 269fd16defad4d62861a53122c4c6ba5 P 14986bf873c44c09b52653303d60520c: Bootstrap starting.
I20260709 14:52:55.358680 10920 raft_consensus.cc:697] T aadf42042f644a1a8beecfd96d4f2f11 P 433ab0fee94d42f7b9421c69c129a48d [term 1 LEADER]: Becoming Leader. State: Replica: 433ab0fee94d42f7b9421c69c129a48d, State: Running, Role: LEADER
W20260709 14:52:55.376027 10613 leader_election.cc:343] T f0c51f0ce2234bb28d8dad30568ac239 P 14986bf873c44c09b52653303d60520c [CANDIDATE]: Term 1 pre-election: Tablet error from VoteRequest() call to peer 76a2b0a0198e479ca82394030e008bf9 (127.9.55.65:37367): Illegal state: must be running to vote when last-logged opid is not known
I20260709 14:52:55.372762 10719 tablet_service.cc:1917] Received RequestConsensusVote() RPC: tablet_id: "f0c51f0ce2234bb28d8dad30568ac239" candidate_uuid: "14986bf873c44c09b52653303d60520c" candidate_term: 1 candidate_status { last_received { term: 0 index: 0 } } ignore_live_leader: false dest_uuid: "433ab0fee94d42f7b9421c69c129a48d" is_pre_election: true
I20260709 14:52:55.330262 10873 raft_consensus.cc:515] T 3de1e320b24d4e1f8b25c1a9a6f8dc37 P 433ab0fee94d42f7b9421c69c129a48d [term 1 FOLLOWER]: Starting leader election with config: opid_index: -1 OBSOLETE_local: false peers { permanent_uuid: "76a2b0a0198e479ca82394030e008bf9" member_type: VOTER last_known_addr { host: "127.9.55.65" port: 37367 } } peers { permanent_uuid: "14986bf873c44c09b52653303d60520c" member_type: VOTER last_known_addr { host: "127.9.55.66" port: 36181 } } peers { permanent_uuid: "433ab0fee94d42f7b9421c69c129a48d" member_type: VOTER last_known_addr { host: "127.9.55.67" port: 35483 } }
I20260709 14:52:55.377754 10719 raft_consensus.cc:2468] T f0c51f0ce2234bb28d8dad30568ac239 P 433ab0fee94d42f7b9421c69c129a48d [term 0 FOLLOWER]: Leader pre-election vote request: Granting yes vote for candidate 14986bf873c44c09b52653303d60520c in term 0.
I20260709 14:52:55.372821 10938 raft_consensus.cc:493] T 7aed23e587db4ab1bf0ffee8d55e3e6a P 76a2b0a0198e479ca82394030e008bf9 [term 0 FOLLOWER]: Starting pre-election (no leader contacted us within the election timeout)
I20260709 14:52:55.378355 10938 raft_consensus.cc:515] T 7aed23e587db4ab1bf0ffee8d55e3e6a P 76a2b0a0198e479ca82394030e008bf9 [term 0 FOLLOWER]: Starting pre-election with config: opid_index: -1 OBSOLETE_local: false peers { permanent_uuid: "76a2b0a0198e479ca82394030e008bf9" member_type: VOTER last_known_addr { host: "127.9.55.65" port: 37367 } } peers { permanent_uuid: "14986bf873c44c09b52653303d60520c" member_type: VOTER last_known_addr { host: "127.9.55.66" port: 36181 } } peers { permanent_uuid: "433ab0fee94d42f7b9421c69c129a48d" member_type: VOTER last_known_addr { host: "127.9.55.67" port: 35483 } }
I20260709 14:52:55.379969 10616 leader_election.cc:304] T f0c51f0ce2234bb28d8dad30568ac239 P 14986bf873c44c09b52653303d60520c [CANDIDATE]: Term 1 pre-election: Election decided. Result: candidate won. Election summary: received 3 responses out of 3 voters: 2 yes votes; 1 no votes. yes voters: 14986bf873c44c09b52653303d60520c, 433ab0fee94d42f7b9421c69c129a48d; no voters: 76a2b0a0198e479ca82394030e008bf9
I20260709 14:52:55.381243 10860 raft_consensus.cc:2804] T f0c51f0ce2234bb28d8dad30568ac239 P 14986bf873c44c09b52653303d60520c [term 0 FOLLOWER]: Leader pre-election won for term 1
I20260709 14:52:55.381649 10860 raft_consensus.cc:493] T f0c51f0ce2234bb28d8dad30568ac239 P 14986bf873c44c09b52653303d60520c [term 0 FOLLOWER]: Starting leader election (no leader contacted us within the election timeout)
I20260709 14:52:55.381749 10938 leader_election.cc:290] T 7aed23e587db4ab1bf0ffee8d55e3e6a P 76a2b0a0198e479ca82394030e008bf9 [CANDIDATE]: Term 1 pre-election: Requested pre-vote from peers 14986bf873c44c09b52653303d60520c (127.9.55.66:36181), 433ab0fee94d42f7b9421c69c129a48d (127.9.55.67:35483)
I20260709 14:52:55.382023 10860 raft_consensus.cc:3060] T f0c51f0ce2234bb28d8dad30568ac239 P 14986bf873c44c09b52653303d60520c [term 0 FOLLOWER]: Advancing to term 1
I20260709 14:52:55.381265 10873 leader_election.cc:290] T 3de1e320b24d4e1f8b25c1a9a6f8dc37 P 433ab0fee94d42f7b9421c69c129a48d [CANDIDATE]: Term 1 election: Requested vote from peers 76a2b0a0198e479ca82394030e008bf9 (127.9.55.65:37367), 14986bf873c44c09b52653303d60520c (127.9.55.66:36181)
I20260709 14:52:55.384063 10765 tablet_bootstrap.cc:492] T aadf42042f644a1a8beecfd96d4f2f11 P 76a2b0a0198e479ca82394030e008bf9: No bootstrap required, opened a new log
