I20260709 14:46:03.005666  1635 raft_consensus.cc:2468] T b416d4e24ec2478d8007b83b58260d25 P a91898e4881d47379606e851c3b233f5 [term 1 FOLLOWER]: Leader election vote request: Granting yes vote for candidate 43ccc7f6939b4a07a44ec0bbe9d9212a in term 1.
I20260709 14:46:03.005920  1905 leader_election.cc:290] T 5fbbf2a00b1b41c794c847e554f2a438 P d297bf0db7154a9dbab027dd918e0bb9 [CANDIDATE]: Term 1 pre-election: Requested pre-vote from peers a91898e4881d47379606e851c3b233f5 (127.0.107.194:40875), 43ccc7f6939b4a07a44ec0bbe9d9212a (127.0.107.195:41329)
I20260709 14:46:03.007954  1753 tablet_bootstrap.cc:492] T 574978e447d34b0ebc11b65e0ebb7a52 P d297bf0db7154a9dbab027dd918e0bb9: No bootstrap required, opened a new log
I20260709 14:46:03.008417  1753 ts_tablet_manager.cc:1403] T 574978e447d34b0ebc11b65e0ebb7a52 P d297bf0db7154a9dbab027dd918e0bb9: Time spent bootstrapping tablet: real 0.162s	user 0.029s	sys 0.077s
I20260709 14:46:03.009846  1634 tablet_service.cc:1917] Received RequestConsensusVote() RPC: tablet_id: "5fbbf2a00b1b41c794c847e554f2a438" candidate_uuid: "d297bf0db7154a9dbab027dd918e0bb9" candidate_term: 1 candidate_status { last_received { term: 0 index: 0 } } ignore_live_leader: false dest_uuid: "a91898e4881d47379606e851c3b233f5" is_pre_election: true
I20260709 14:46:03.013916  1752 ts_tablet_manager.cc:1434] T 488946330011488e83c0b2de182cd879 P 43ccc7f6939b4a07a44ec0bbe9d9212a: Time spent starting tablet: real 0.100s	user 0.007s	sys 0.002s
I20260709 14:46:03.018821  1562 tablet_service.cc:1917] Received RequestConsensusVote() RPC: tablet_id: "574978e447d34b0ebc11b65e0ebb7a52" candidate_uuid: "43ccc7f6939b4a07a44ec0bbe9d9212a" candidate_term: 1 candidate_status { last_received { term: 0 index: 0 } } ignore_live_leader: false dest_uuid: "d297bf0db7154a9dbab027dd918e0bb9" is_pre_election: true
I20260709 14:46:03.021096  1752 tablet_bootstrap.cc:492] T 57f1d295bbd94e82aefc2a8491b260a4 P 43ccc7f6939b4a07a44ec0bbe9d9212a: Bootstrap starting.
I20260709 14:46:03.022784  1753 raft_consensus.cc:359] T 574978e447d34b0ebc11b65e0ebb7a52 P d297bf0db7154a9dbab027dd918e0bb9 [term 0 FOLLOWER]: Replica starting. Triggering 0 pending ops. Active config: opid_index: -1 OBSOLETE_local: false peers { permanent_uuid: "d297bf0db7154a9dbab027dd918e0bb9" member_type: VOTER last_known_addr { host: "127.0.107.193" port: 43233 } } peers { permanent_uuid: "a91898e4881d47379606e851c3b233f5" member_type: VOTER last_known_addr { host: "127.0.107.194" port: 40875 } } peers { permanent_uuid: "43ccc7f6939b4a07a44ec0bbe9d9212a" member_type: VOTER last_known_addr { host: "127.0.107.195" port: 41329 } }
I20260709 14:46:03.026881  1753 raft_consensus.cc:385] T 574978e447d34b0ebc11b65e0ebb7a52 P d297bf0db7154a9dbab027dd918e0bb9 [term 0 FOLLOWER]: Consensus starting up: Expiring failure detector timer to make a prompt election more likely
I20260709 14:46:03.027216  1753 raft_consensus.cc:740] T 574978e447d34b0ebc11b65e0ebb7a52 P d297bf0db7154a9dbab027dd918e0bb9 [term 0 FOLLOWER]: Becoming Follower/Learner. State: Replica: d297bf0db7154a9dbab027dd918e0bb9, State: Initialized, Role: FOLLOWER
I20260709 14:46:03.027868  1753 consensus_queue.cc:260] T 574978e447d34b0ebc11b65e0ebb7a52 P d297bf0db7154a9dbab027dd918e0bb9 [NON_LEADER]: Queue going to NON_LEADER mode. State: All replicated index: 0, Majority replicated index: 0, Committed index: 0, Last appended: 0.0, Last appended by leader: 0, Current term: 0, Majority size: -1, State: 0, Mode: NON_LEADER, active raft config: opid_index: -1 OBSOLETE_local: false peers { permanent_uuid: "d297bf0db7154a9dbab027dd918e0bb9" member_type: VOTER last_known_addr { host: "127.0.107.193" port: 43233 } } peers { permanent_uuid: "a91898e4881d47379606e851c3b233f5" member_type: VOTER last_known_addr { host: "127.0.107.194" port: 40875 } } peers { permanent_uuid: "43ccc7f6939b4a07a44ec0bbe9d9212a" member_type: VOTER last_known_addr { host: "127.0.107.195" port: 41329 } }
I20260709 14:46:03.020855  1634 raft_consensus.cc:2393] T 5fbbf2a00b1b41c794c847e554f2a438 P a91898e4881d47379606e851c3b233f5 [term 1 FOLLOWER]: Leader pre-election vote request: Denying vote to candidate d297bf0db7154a9dbab027dd918e0bb9 in current term 1: Already voted for candidate 43ccc7f6939b4a07a44ec0bbe9d9212a in this term.
W20260709 14:46:03.033210  1676 leader_election.cc:343] T 574978e447d34b0ebc11b65e0ebb7a52 P 43ccc7f6939b4a07a44ec0bbe9d9212a [CANDIDATE]: Term 1 pre-election: Tablet error from VoteRequest() call to peer d297bf0db7154a9dbab027dd918e0bb9 (127.0.107.193:43233): Illegal state: must be running to vote when last-logged opid is not known
I20260709 14:46:03.033573  1636 tablet_service.cc:1917] Received RequestConsensusVote() RPC: tablet_id: "574978e447d34b0ebc11b65e0ebb7a52" candidate_uuid: "43ccc7f6939b4a07a44ec0bbe9d9212a" candidate_term: 1 candidate_status { last_received { term: 0 index: 0 } } ignore_live_leader: false dest_uuid: "a91898e4881d47379606e851c3b233f5" is_pre_election: true
I20260709 14:46:03.034524  1636 raft_consensus.cc:2468] T 574978e447d34b0ebc11b65e0ebb7a52 P a91898e4881d47379606e851c3b233f5 [term 0 FOLLOWER]: Leader pre-election vote request: Granting yes vote for candidate 43ccc7f6939b4a07a44ec0bbe9d9212a in term 0.
I20260709 14:46:03.035754  1675 leader_election.cc:304] T b416d4e24ec2478d8007b83b58260d25 P 43ccc7f6939b4a07a44ec0bbe9d9212a [CANDIDATE]: Term 1 election: Election decided. Result: candidate won. Election summary: received 2 responses out of 3 voters: 2 yes votes; 0 no votes. yes voters: 43ccc7f6939b4a07a44ec0bbe9d9212a, a91898e4881d47379606e851c3b233f5; no voters: 
I20260709 14:46:03.038219  1946 raft_consensus.cc:2804] T b416d4e24ec2478d8007b83b58260d25 P 43ccc7f6939b4a07a44ec0bbe9d9212a [term 1 FOLLOWER]: Leader election won for term 1
I20260709 14:46:03.038884  1946 raft_consensus.cc:697] T b416d4e24ec2478d8007b83b58260d25 P 43ccc7f6939b4a07a44ec0bbe9d9212a [term 1 LEADER]: Becoming Leader. State: Replica: 43ccc7f6939b4a07a44ec0bbe9d9212a, State: Running, Role: LEADER
I20260709 14:46:03.040167  1946 consensus_queue.cc:237] T b416d4e24ec2478d8007b83b58260d25 P 43ccc7f6939b4a07a44ec0bbe9d9212a [LEADER]: Queue going to LEADER mode. State: All replicated index: 0, Majority replicated index: 0, Committed index: 0, Last appended: 0.0, Last appended by leader: 0, Current term: 1, Majority size: 2, State: 0, Mode: LEADER, active raft config: opid_index: -1 OBSOLETE_local: false peers { permanent_uuid: "d297bf0db7154a9dbab027dd918e0bb9" member_type: VOTER last_known_addr { host: "127.0.107.193" port: 43233 } } peers { permanent_uuid: "a91898e4881d47379606e851c3b233f5" member_type: VOTER last_known_addr { host: "127.0.107.194" port: 40875 } } peers { permanent_uuid: "43ccc7f6939b4a07a44ec0bbe9d9212a" member_type: VOTER last_known_addr { host: "127.0.107.195" port: 41329 } }
I20260709 14:46:03.042738  1560 raft_consensus.cc:2468] T b416d4e24ec2478d8007b83b58260d25 P d297bf0db7154a9dbab027dd918e0bb9 [term 1 FOLLOWER]: Leader election vote request: Granting yes vote for candidate 43ccc7f6939b4a07a44ec0bbe9d9212a in term 1.
I20260709 14:46:03.038084  1675 leader_election.cc:304] T 574978e447d34b0ebc11b65e0ebb7a52 P 43ccc7f6939b4a07a44ec0bbe9d9212a [CANDIDATE]: Term 1 pre-election: Election decided. Result: candidate won. Election summary: received 3 responses out of 3 voters: 2 yes votes; 1 no votes. yes voters: 43ccc7f6939b4a07a44ec0bbe9d9212a, a91898e4881d47379606e851c3b233f5; no voters: d297bf0db7154a9dbab027dd918e0bb9
I20260709 14:46:03.044260  1902 raft_consensus.cc:2804] T 574978e447d34b0ebc11b65e0ebb7a52 P 43ccc7f6939b4a07a44ec0bbe9d9212a [term 0 FOLLOWER]: Leader pre-election won for term 1
I20260709 14:46:03.044667  1902 raft_consensus.cc:493] T 574978e447d34b0ebc11b65e0ebb7a52 P 43ccc7f6939b4a07a44ec0bbe9d9212a [term 0 FOLLOWER]: Starting leader election (no leader contacted us within the election timeout)
I20260709 14:46:03.045297  1902 raft_consensus.cc:3060] T 574978e447d34b0ebc11b65e0ebb7a52 P 43ccc7f6939b4a07a44ec0bbe9d9212a [term 0 FOLLOWER]: Advancing to term 1
I20260709 14:46:03.046190  1753 ts_tablet_manager.cc:1434] T 574978e447d34b0ebc11b65e0ebb7a52 P d297bf0db7154a9dbab027dd918e0bb9: Time spent starting tablet: real 0.037s	user 0.004s	sys 0.003s
I20260709 14:46:03.047714  1751 tablet_bootstrap.cc:654] T 489f3c862dfe41798756f6ebb1ca109b P a91898e4881d47379606e851c3b233f5: Neither blocks nor log segments found. Creating new log.
I20260709 14:46:03.049183  1753 tablet_bootstrap.cc:492] T 488946330011488e83c0b2de182cd879 P d297bf0db7154a9dbab027dd918e0bb9: Bootstrap starting.
I20260709 14:46:03.063149  1902 raft_consensus.cc:515] T 574978e447d34b0ebc11b65e0ebb7a52 P 43ccc7f6939b4a07a44ec0bbe9d9212a [term 1 FOLLOWER]: Starting leader election with config: opid_index: -1 OBSOLETE_local: false peers { permanent_uuid: "d297bf0db7154a9dbab027dd918e0bb9" member_type: VOTER last_known_addr { host: "127.0.107.193" port: 43233 } } peers { permanent_uuid: "a91898e4881d47379606e851c3b233f5" member_type: VOTER last_known_addr { host: "127.0.107.194" port: 40875 } } peers { permanent_uuid: "43ccc7f6939b4a07a44ec0bbe9d9212a" member_type: VOTER last_known_addr { host: "127.0.107.195" port: 41329 } }
I20260709 14:46:03.063498  1460 catalog_manager.cc:5697] T b416d4e24ec2478d8007b83b58260d25 P 43ccc7f6939b4a07a44ec0bbe9d9212a reported cstate change: term changed from 0 to 1, leader changed from <none> to 43ccc7f6939b4a07a44ec0bbe9d9212a (127.0.107.195). New cstate: current_term: 1 leader_uuid: "43ccc7f6939b4a07a44ec0bbe9d9212a" committed_config { opid_index: -1 OBSOLETE_local: false peers { permanent_uuid: "d297bf0db7154a9dbab027dd918e0bb9" member_type: VOTER last_known_addr { host: "127.0.107.193" port: 43233 } health_report { overall_health: UNKNOWN } } peers { permanent_uuid: "a91898e4881d47379606e851c3b233f5" member_type: VOTER last_known_addr { host: "127.0.107.194" port: 40875 } health_report { overall_health: UNKNOWN } } peers { permanent_uuid: "43ccc7f6939b4a07a44ec0bbe9d9212a" member_type: VOTER last_known_addr { host: "127.0.107.195" port: 41329 } health_report { overall_health: HEALTHY } } }
I20260709 14:46:03.069587  1752 tablet_bootstrap.cc:654] T 57f1d295bbd94e82aefc2a8491b260a4 P 43ccc7f6939b4a07a44ec0bbe9d9212a: Neither blocks nor log segments found. Creating new log.
I20260709 14:46:03.071389  1902 leader_election.cc:290] T 574978e447d34b0ebc11b65e0ebb7a52 P 43ccc7f6939b4a07a44ec0bbe9d9212a [CANDIDATE]: Term 1 election: Requested vote from peers d297bf0db7154a9dbab027dd918e0bb9 (127.0.107.193:43233), a91898e4881d47379606e851c3b233f5 (127.0.107.194:40875)
I20260709 14:46:03.071534  1560 tablet_service.cc:1917] Received RequestConsensusVote() RPC: tablet_id: "574978e447d34b0ebc11b65e0ebb7a52" candidate_uuid: "43ccc7f6939b4a07a44ec0bbe9d9212a" candidate_term: 1 candidate_status { last_received { term: 0 index: 0 } } ignore_live_leader: false dest_uuid: "d297bf0db7154a9dbab027dd918e0bb9"
I20260709 14:46:03.072428  1560 raft_consensus.cc:3060] T 574978e447d34b0ebc11b65e0ebb7a52 P d297bf0db7154a9dbab027dd918e0bb9 [term 0 FOLLOWER]: Advancing to term 1
I20260709 14:46:03.076836  1753 tablet_bootstrap.cc:654] T 488946330011488e83c0b2de182cd879 P d297bf0db7154a9dbab027dd918e0bb9: Neither blocks nor log segments found. Creating new log.
I20260709 14:46:03.085785  1560 raft_consensus.cc:2468] T 574978e447d34b0ebc11b65e0ebb7a52 P d297bf0db7154a9dbab027dd918e0bb9 [term 1 FOLLOWER]: Leader election vote request: Granting yes vote for candidate 43ccc7f6939b4a07a44ec0bbe9d9212a in term 1.
I20260709 14:46:03.091928  1676 leader_election.cc:304] T 574978e447d34b0ebc11b65e0ebb7a52 P 43ccc7f6939b4a07a44ec0bbe9d9212a [CANDIDATE]: Term 1 election: Election decided. Result: candidate won. Election summary: received 2 responses out of 3 voters: 2 yes votes; 0 no votes. yes voters: 43ccc7f6939b4a07a44ec0bbe9d9212a, d297bf0db7154a9dbab027dd918e0bb9; no voters: 
I20260709 14:46:03.092944  1902 raft_consensus.cc:2804] T 574978e447d34b0ebc11b65e0ebb7a52 P 43ccc7f6939b4a07a44ec0bbe9d9212a [term 1 FOLLOWER]: Leader election won for term 1
I20260709 14:46:03.093582  1902 raft_consensus.cc:697] T 574978e447d34b0ebc11b65e0ebb7a52 P 43ccc7f6939b4a07a44ec0bbe9d9212a [term 1 LEADER]: Becoming Leader. State: Replica: 43ccc7f6939b4a07a44ec0bbe9d9212a, State: Running, Role: LEADER
I20260709 14:46:03.094944  1902 consensus_queue.cc:237] T 574978e447d34b0ebc11b65e0ebb7a52 P 43ccc7f6939b4a07a44ec0bbe9d9212a [LEADER]: Queue going to LEADER mode. State: All replicated index: 0, Majority replicated index: 0, Committed index: 0, Last appended: 0.0, Last appended by leader: 0, Current term: 1, Majority size: 2, State: 0, Mode: LEADER, active raft config: opid_index: -1 OBSOLETE_local: false peers { permanent_uuid: "d297bf0db7154a9dbab027dd918e0bb9" member_type: VOTER last_known_addr { host: "127.0.107.193" port: 43233 } } peers { permanent_uuid: "a91898e4881d47379606e851c3b233f5" member_type: VOTER last_known_addr { host: "127.0.107.194" port: 40875 } } peers { permanent_uuid: "43ccc7f6939b4a07a44ec0bbe9d9212a" member_type: VOTER last_known_addr { host: "127.0.107.195" port: 41329 } }
I20260709 14:46:03.087217  1708 tablet_service.cc:1917] Received RequestConsensusVote() RPC: tablet_id: "5fbbf2a00b1b41c794c847e554f2a438" candidate_uuid: "d297bf0db7154a9dbab027dd918e0bb9" candidate_term: 1 candidate_status { last_received { term: 0 index: 0 } } ignore_live_leader: false dest_uuid: "43ccc7f6939b4a07a44ec0bbe9d9212a" is_pre_election: true
I20260709 14:46:03.090344  1635 tablet_service.cc:1917] Received RequestConsensusVote() RPC: tablet_id: "574978e447d34b0ebc11b65e0ebb7a52" candidate_uuid: "43ccc7f6939b4a07a44ec0bbe9d9212a" candidate_term: 1 candidate_status { last_received { term: 0 index: 0 } } ignore_live_leader: false dest_uuid: "a91898e4881d47379606e851c3b233f5"
I20260709 14:46:03.098454  1635 raft_consensus.cc:3060] T 574978e447d34b0ebc11b65e0ebb7a52 P a91898e4881d47379606e851c3b233f5 [term 0 FOLLOWER]: Advancing to term 1
I20260709 14:46:03.102432  1921 raft_consensus.cc:493] T b13e8b387d194b0aa75b787926076421 P a91898e4881d47379606e851c3b233f5 [term 0 FOLLOWER]: Starting pre-election (no leader contacted us within the election timeout)
I20260709 14:46:03.103111  1751 tablet_bootstrap.cc:492] T 489f3c862dfe41798756f6ebb1ca109b P a91898e4881d47379606e851c3b233f5: No bootstrap required, opened a new log
I20260709 14:46:03.103036  1921 raft_consensus.cc:515] T b13e8b387d194b0aa75b787926076421 P a91898e4881d47379606e851c3b233f5 [term 0 FOLLOWER]: Starting pre-election with config: opid_index: -1 OBSOLETE_local: false peers { permanent_uuid: "d297bf0db7154a9dbab027dd918e0bb9" member_type: VOTER last_known_addr { host: "127.0.107.193" port: 43233 } } peers { permanent_uuid: "a91898e4881d47379606e851c3b233f5" member_type: VOTER last_known_addr { host: "127.0.107.194" port: 40875 } } peers { permanent_uuid: "43ccc7f6939b4a07a44ec0bbe9d9212a" member_type: VOTER last_known_addr { host: "127.0.107.195" port: 41329 } }
I20260709 14:46:03.103652  1751 ts_tablet_manager.cc:1403] T 489f3c862dfe41798756f6ebb1ca109b P a91898e4881d47379606e851c3b233f5: Time spent bootstrapping tablet: real 0.150s	user 0.021s	sys 0.012s
I20260709 14:46:03.105623  1921 leader_election.cc:290] T b13e8b387d194b0aa75b787926076421 P a91898e4881d47379606e851c3b233f5 [CANDIDATE]: Term 1 pre-election: Requested pre-vote from peers d297bf0db7154a9dbab027dd918e0bb9 (127.0.107.193:43233), 43ccc7f6939b4a07a44ec0bbe9d9212a (127.0.107.195:41329)
I20260709 14:46:03.107839  1527 leader_election.cc:304] T 5fbbf2a00b1b41c794c847e554f2a438 P d297bf0db7154a9dbab027dd918e0bb9 [CANDIDATE]: Term 1 pre-election: Election decided. Result: candidate lost. Election summary: received 3 responses out of 3 voters: 1 yes votes; 2 no votes. yes voters: d297bf0db7154a9dbab027dd918e0bb9; no voters: 43ccc7f6939b4a07a44ec0bbe9d9212a, a91898e4881d47379606e851c3b233f5
I20260709 14:46:03.110303  1868 raft_consensus.cc:3060] T 5fbbf2a00b1b41c794c847e554f2a438 P d297bf0db7154a9dbab027dd918e0bb9 [term 0 FOLLOWER]: Advancing to term 1
I20260709 14:46:03.110833  1560 tablet_service.cc:1917] Received RequestConsensusVote() RPC: tablet_id: "b13e8b387d194b0aa75b787926076421" candidate_uuid: "a91898e4881d47379606e851c3b233f5" candidate_term: 1 candidate_status { last_received { term: 0 index: 0 } } ignore_live_leader: false dest_uuid: "d297bf0db7154a9dbab027dd918e0bb9" is_pre_election: true
I20260709 14:46:03.111577  1708 tablet_service.cc:1917] Received RequestConsensusVote() RPC: tablet_id: "b13e8b387d194b0aa75b787926076421" candidate_uuid: "a91898e4881d47379606e851c3b233f5" candidate_term: 1 candidate_status { last_received { term: 0 index: 0 } } ignore_live_leader: false dest_uuid: "43ccc7f6939b4a07a44ec0bbe9d9212a" is_pre_election: true
W20260709 14:46:03.112597  1602 leader_election.cc:343] T b13e8b387d194b0aa75b787926076421 P a91898e4881d47379606e851c3b233f5 [CANDIDATE]: Term 1 pre-election: Tablet error from VoteRequest() call to peer d297bf0db7154a9dbab027dd918e0bb9 (127.0.107.193:43233): Illegal state: must be running to vote when last-logged opid is not known
W20260709 14:46:03.113385  1602 leader_election.cc:343] T b13e8b387d194b0aa75b787926076421 P a91898e4881d47379606e851c3b233f5 [CANDIDATE]: Term 1 pre-election: Tablet error from VoteRequest() call to peer 43ccc7f6939b4a07a44ec0bbe9d9212a (127.0.107.195:41329): Illegal state: must be running to vote when last-logged opid is not known
I20260709 14:46:03.113777  1602 leader_election.cc:304] T b13e8b387d194b0aa75b787926076421 P a91898e4881d47379606e851c3b233f5 [CANDIDATE]: Term 1 pre-election: Election decided. Result: candidate lost. Election summary: received 3 responses out of 3 voters: 1 yes votes; 2 no votes. yes voters: a91898e4881d47379606e851c3b233f5; no voters: 43ccc7f6939b4a07a44ec0bbe9d9212a, d297bf0db7154a9dbab027dd918e0bb9
I20260709 14:46:03.118603  1868 raft_consensus.cc:2749] T 5fbbf2a00b1b41c794c847e554f2a438 P d297bf0db7154a9dbab027dd918e0bb9 [term 1 FOLLOWER]: Leader pre-election lost for term 1. Reason: could not achieve majority
I20260709 14:46:03.115342  1921 raft_consensus.cc:2749] T b13e8b387d194b0aa75b787926076421 P a91898e4881d47379606e851c3b233f5 [term 0 FOLLOWER]: Leader pre-election lost for term 1. Reason: could not achieve majority
I20260709 14:46:03.121045  1635 raft_consensus.cc:2468] T 574978e447d34b0ebc11b65e0ebb7a52 P a91898e4881d47379606e851c3b233f5 [term 1 FOLLOWER]: Leader election vote request: Granting yes vote for candidate 43ccc7f6939b4a07a44ec0bbe9d9212a in term 1.
I20260709 14:46:03.110299  1751 raft_consensus.cc:359] T 489f3c862dfe41798756f6ebb1ca109b P a91898e4881d47379606e851c3b233f5 [term 0 FOLLOWER]: Replica starting. Triggering 0 pending ops. Active config: opid_index: -1 OBSOLETE_local: false peers { permanent_uuid: "d297bf0db7154a9dbab027dd918e0bb9" member_type: VOTER last_known_addr { host: "127.0.107.193" port: 43233 } } peers { permanent_uuid: "a91898e4881d47379606e851c3b233f5" member_type: VOTER last_known_addr { host: "127.0.107.194" port: 40875 } } peers { permanent_uuid: "43ccc7f6939b4a07a44ec0bbe9d9212a" member_type: VOTER last_known_addr { host: "127.0.107.195" port: 41329 } }
I20260709 14:46:03.130784  1751 raft_consensus.cc:385] T 489f3c862dfe41798756f6ebb1ca109b P a91898e4881d47379606e851c3b233f5 [term 0 FOLLOWER]: Consensus starting up: Expiring failure detector timer to make a prompt election more likely
I20260709 14:46:03.131230  1751 raft_consensus.cc:740] T 489f3c862dfe41798756f6ebb1ca109b P a91898e4881d47379606e851c3b233f5 [term 0 FOLLOWER]: Becoming Follower/Learner. State: Replica: a91898e4881d47379606e851c3b233f5, State: Initialized, Role: FOLLOWER
I20260709 14:46:03.135828  1751 consensus_queue.cc:260] T 489f3c862dfe41798756f6ebb1ca109b P a91898e4881d47379606e851c3b233f5 [NON_LEADER]: Queue going to NON_LEADER mode. State: All replicated index: 0, Majority replicated index: 0, Committed index: 0, Last appended: 0.0, Last appended by leader: 0, Current term: 0, Majority size: -1, State: 0, Mode: NON_LEADER, active raft config: opid_index: -1 OBSOLETE_local: false peers { permanent_uuid: "d297bf0db7154a9dbab027dd918e0bb9" member_type: VOTER last_known_addr { host: "127.0.107.193" port: 43233 } } peers { permanent_uuid: "a91898e4881d47379606e851c3b233f5" member_type: VOTER last_known_addr { host: "127.0.107.194" port: 40875 } } peers { permanent_uuid: "43ccc7f6939b4a07a44ec0bbe9d9212a" member_type: VOTER last_known_addr { host: "127.0.107.195" port: 41329 } }
I20260709 14:46:03.143460  1751 ts_tablet_manager.cc:1434] T 489f3c862dfe41798756f6ebb1ca109b P a91898e4881d47379606e851c3b233f5: Time spent starting tablet: real 0.039s	user 0.009s	sys 0.000s
I20260709 14:46:03.141213  1459 catalog_manager.cc:5697] T 574978e447d34b0ebc11b65e0ebb7a52 P 43ccc7f6939b4a07a44ec0bbe9d9212a reported cstate change: term changed from 0 to 1, leader changed from <none> to 43ccc7f6939b4a07a44ec0bbe9d9212a (127.0.107.195). New cstate: current_term: 1 leader_uuid: "43ccc7f6939b4a07a44ec0bbe9d9212a" committed_config { opid_index: -1 OBSOLETE_local: false peers { permanent_uuid: "d297bf0db7154a9dbab027dd918e0bb9" member_type: VOTER last_known_addr { host: "127.0.107.193" port: 43233 } health_report { overall_health: UNKNOWN } } peers { permanent_uuid: "a91898e4881d47379606e851c3b233f5" member_type: VOTER last_known_addr { host: "127.0.107.194" port: 40875 } health_report { overall_health: UNKNOWN } } peers { permanent_uuid: "43ccc7f6939b4a07a44ec0bbe9d9212a" member_type: VOTER last_known_addr { host: "127.0.107.195" port: 41329 } health_report { overall_health: HEALTHY } } }
I20260709 14:46:03.144704  1751 tablet_bootstrap.cc:492] T 7c108f3aaaf44145b3d654980c7a91aa P a91898e4881d47379606e851c3b233f5: Bootstrap starting.
I20260709 14:46:03.149883  1753 tablet_bootstrap.cc:492] T 488946330011488e83c0b2de182cd879 P d297bf0db7154a9dbab027dd918e0bb9: No bootstrap required, opened a new log
I20260709 14:46:03.150545  1753 ts_tablet_manager.cc:1403] T 488946330011488e83c0b2de182cd879 P d297bf0db7154a9dbab027dd918e0bb9: Time spent bootstrapping tablet: real 0.103s	user 0.034s	sys 0.027s
I20260709 14:46:03.152328  1751 tablet_bootstrap.cc:654] T 7c108f3aaaf44145b3d654980c7a91aa P a91898e4881d47379606e851c3b233f5: Neither blocks nor log segments found. Creating new log.
I20260709 14:46:03.155772  1753 raft_consensus.cc:359] T 488946330011488e83c0b2de182cd879 P d297bf0db7154a9dbab027dd918e0bb9 [term 0 FOLLOWER]: Replica starting. Triggering 0 pending ops. Active config: opid_index: -1 OBSOLETE_local: false peers { permanent_uuid: "d297bf0db7154a9dbab027dd918e0bb9" member_type: VOTER last_known_addr { host: "127.0.107.193" port: 43233 } } peers { permanent_uuid: "a91898e4881d47379606e851c3b233f5" member_type: VOTER last_known_addr { host: "127.0.107.194" port: 40875 } } peers { permanent_uuid: "43ccc7f6939b4a07a44ec0bbe9d9212a" member_type: VOTER last_known_addr { host: "127.0.107.195" port: 41329 } }
I20260709 14:46:03.156746  1753 raft_consensus.cc:385] T 488946330011488e83c0b2de182cd879 P d297bf0db7154a9dbab027dd918e0bb9 [term 0 FOLLOWER]: Consensus starting up: Expiring failure detector timer to make a prompt election more likely
I20260709 14:46:03.157100  1753 raft_consensus.cc:740] T 488946330011488e83c0b2de182cd879 P d297bf0db7154a9dbab027dd918e0bb9 [term 0 FOLLOWER]: Becoming Follower/Learner. State: Replica: d297bf0db7154a9dbab027dd918e0bb9, State: Initialized, Role: FOLLOWER
I20260709 14:46:03.157892  1753 consensus_queue.cc:260] T 488946330011488e83c0b2de182cd879 P d297bf0db7154a9dbab027dd918e0bb9 [NON_LEADER]: Queue going to NON_LEADER mode. State: All replicated index: 0, Majority replicated index: 0, Committed index: 0, Last appended: 0.0, Last appended by leader: 0, Current term: 0, Majority size: -1, State: 0, Mode: NON_LEADER, active raft config: opid_index: -1 OBSOLETE_local: false peers { permanent_uuid: "d297bf0db7154a9dbab027dd918e0bb9" member_type: VOTER last_known_addr { host: "127.0.107.193" port: 43233 } } peers { permanent_uuid: "a91898e4881d47379606e851c3b233f5" member_type: VOTER last_known_addr { host: "127.0.107.194" port: 40875 } } peers { permanent_uuid: "43ccc7f6939b4a07a44ec0bbe9d9212a" member_type: VOTER last_known_addr { host: "127.0.107.195" port: 41329 } }
I20260709 14:46:03.160054  1753 ts_tablet_manager.cc:1434] T 488946330011488e83c0b2de182cd879 P d297bf0db7154a9dbab027dd918e0bb9: Time spent starting tablet: real 0.009s	user 0.005s	sys 0.000s
I20260709 14:46:03.161336  1753 tablet_bootstrap.cc:492] T 57f1d295bbd94e82aefc2a8491b260a4 P d297bf0db7154a9dbab027dd918e0bb9: Bootstrap starting.
I20260709 14:46:03.173449  1753 tablet_bootstrap.cc:654] T 57f1d295bbd94e82aefc2a8491b260a4 P d297bf0db7154a9dbab027dd918e0bb9: Neither blocks nor log segments found. Creating new log.
I20260709 14:46:03.184003  1751 tablet_bootstrap.cc:492] T 7c108f3aaaf44145b3d654980c7a91aa P a91898e4881d47379606e851c3b233f5: No bootstrap required, opened a new log
I20260709 14:46:03.184513  1751 ts_tablet_manager.cc:1403] T 7c108f3aaaf44145b3d654980c7a91aa P a91898e4881d47379606e851c3b233f5: Time spent bootstrapping tablet: real 0.040s	user 0.015s	sys 0.016s
I20260709 14:46:03.188334  1752 tablet_bootstrap.cc:492] T 57f1d295bbd94e82aefc2a8491b260a4 P 43ccc7f6939b4a07a44ec0bbe9d9212a: No bootstrap required, opened a new log
I20260709 14:46:03.188848  1752 ts_tablet_manager.cc:1403] T 57f1d295bbd94e82aefc2a8491b260a4 P 43ccc7f6939b4a07a44ec0bbe9d9212a: Time spent bootstrapping tablet: real 0.172s	user 0.013s	sys 0.020s
I20260709 14:46:03.188602  1751 raft_consensus.cc:359] T 7c108f3aaaf44145b3d654980c7a91aa P a91898e4881d47379606e851c3b233f5 [term 0 FOLLOWER]: Replica starting. Triggering 0 pending ops. Active config: opid_index: -1 OBSOLETE_local: false peers { permanent_uuid: "d297bf0db7154a9dbab027dd918e0bb9" member_type: VOTER last_known_addr { host: "127.0.107.193" port: 43233 } } peers { permanent_uuid: "a91898e4881d47379606e851c3b233f5" member_type: VOTER last_known_addr { host: "127.0.107.194" port: 40875 } } peers { permanent_uuid: "43ccc7f6939b4a07a44ec0bbe9d9212a" member_type: VOTER last_known_addr { host: "127.0.107.195" port: 41329 } }
I20260709 14:46:03.189477  1751 raft_consensus.cc:385] T 7c108f3aaaf44145b3d654980c7a91aa P a91898e4881d47379606e851c3b233f5 [term 0 FOLLOWER]: Consensus starting up: Expiring failure detector timer to make a prompt election more likely
I20260709 14:46:03.189782  1751 raft_consensus.cc:740] T 7c108f3aaaf44145b3d654980c7a91aa P a91898e4881d47379606e851c3b233f5 [term 0 FOLLOWER]: Becoming Follower/Learner. State: Replica: a91898e4881d47379606e851c3b233f5, State: Initialized, Role: FOLLOWER
I20260709 14:46:03.190459  1751 consensus_queue.cc:260] T 7c108f3aaaf44145b3d654980c7a91aa P a91898e4881d47379606e851c3b233f5 [NON_LEADER]: Queue going to NON_LEADER mode. State: All replicated index: 0, Majority replicated index: 0, Committed index: 0, Last appended: 0.0, Last appended by leader: 0, Current term: 0, Majority size: -1, State: 0, Mode: NON_LEADER, active raft config: opid_index: -1 OBSOLETE_local: false peers { permanent_uuid: "d297bf0db7154a9dbab027dd918e0bb9" member_type: VOTER last_known_addr { host: "127.0.107.193" port: 43233 } } peers { permanent_uuid: "a91898e4881d47379606e851c3b233f5" member_type: VOTER last_known_addr { host: "127.0.107.194" port: 40875 } } peers { permanent_uuid: "43ccc7f6939b4a07a44ec0bbe9d9212a" member_type: VOTER last_known_addr { host: "127.0.107.195" port: 41329 } }
I20260709 14:46:03.191478  1752 raft_consensus.cc:359] T 57f1d295bbd94e82aefc2a8491b260a4 P 43ccc7f6939b4a07a44ec0bbe9d9212a [term 0 FOLLOWER]: Replica starting. Triggering 0 pending ops. Active config: opid_index: -1 OBSOLETE_local: false peers { permanent_uuid: "d297bf0db7154a9dbab027dd918e0bb9" member_type: VOTER last_known_addr { host: "127.0.107.193" port: 43233 } } peers { permanent_uuid: "a91898e4881d47379606e851c3b233f5" member_type: VOTER last_known_addr { host: "127.0.107.194" port: 40875 } } peers { permanent_uuid: "43ccc7f6939b4a07a44ec0bbe9d9212a" member_type: VOTER last_known_addr { host: "127.0.107.195" port: 41329 } }
I20260709 14:46:03.192643  1751 ts_tablet_manager.cc:1434] T 7c108f3aaaf44145b3d654980c7a91aa P a91898e4881d47379606e851c3b233f5: Time spent starting tablet: real 0.008s	user 0.005s	sys 0.001s
I20260709 14:46:03.192615  1752 raft_consensus.cc:385] T 57f1d295bbd94e82aefc2a8491b260a4 P 43ccc7f6939b4a07a44ec0bbe9d9212a [term 0 FOLLOWER]: Consensus starting up: Expiring failure detector timer to make a prompt election more likely
I20260709 14:46:03.193392  1752 raft_consensus.cc:740] T 57f1d295bbd94e82aefc2a8491b260a4 P 43ccc7f6939b4a07a44ec0bbe9d9212a [term 0 FOLLOWER]: Becoming Follower/Learner. State: Replica: 43ccc7f6939b4a07a44ec0bbe9d9212a, State: Initialized, Role: FOLLOWER
I20260709 14:46:03.194900  1751 tablet_bootstrap.cc:492] T 12a7c0d23fa2445b803a8dec869680b9 P a91898e4881d47379606e851c3b233f5: Bootstrap starting.
I20260709 14:46:03.193974  1752 consensus_queue.cc:260] T 57f1d295bbd94e82aefc2a8491b260a4 P 43ccc7f6939b4a07a44ec0bbe9d9212a [NON_LEADER]: Queue going to NON_LEADER mode. State: All replicated index: 0, Majority replicated index: 0, Committed index: 0, Last appended: 0.0, Last appended by leader: 0, Current term: 0, Majority size: -1, State: 0, Mode: NON_LEADER, active raft config: opid_index: -1 OBSOLETE_local: false peers { permanent_uuid: "d297bf0db7154a9dbab027dd918e0bb9" member_type: VOTER last_known_addr { host: "127.0.107.193" port: 43233 } } peers { permanent_uuid: "a91898e4881d47379606e851c3b233f5" member_type: VOTER last_known_addr { host: "127.0.107.194" port: 40875 } } peers { permanent_uuid: "43ccc7f6939b4a07a44ec0bbe9d9212a" member_type: VOTER last_known_addr { host: "127.0.107.195" port: 41329 } }
I20260709 14:46:03.197100  1753 tablet_bootstrap.cc:492] T 57f1d295bbd94e82aefc2a8491b260a4 P d297bf0db7154a9dbab027dd918e0bb9: No bootstrap required, opened a new log
I20260709 14:46:03.197400  1752 ts_tablet_manager.cc:1434] T 57f1d295bbd94e82aefc2a8491b260a4 P 43ccc7f6939b4a07a44ec0bbe9d9212a: Time spent starting tablet: real 0.008s	user 0.007s	sys 0.000s
I20260709 14:46:03.197723  1753 ts_tablet_manager.cc:1403] T 57f1d295bbd94e82aefc2a8491b260a4 P d297bf0db7154a9dbab027dd918e0bb9: Time spent bootstrapping tablet: real 0.037s	user 0.013s	sys 0.014s
I20260709 14:46:03.200976  1753 raft_consensus.cc:359] T 57f1d295bbd94e82aefc2a8491b260a4 P d297bf0db7154a9dbab027dd918e0bb9 [term 0 FOLLOWER]: Replica starting. Triggering 0 pending ops. Active config: opid_index: -1 OBSOLETE_local: false peers { permanent_uuid: "d297bf0db7154a9dbab027dd918e0bb9" member_type: VOTER last_known_addr { host: "127.0.107.193" port: 43233 } } peers { permanent_uuid: "a91898e4881d47379606e851c3b233f5" member_type: VOTER last_known_addr { host: "127.0.107.194" port: 40875 } } peers { permanent_uuid: "43ccc7f6939b4a07a44ec0bbe9d9212a" member_type: VOTER last_known_addr { host: "127.0.107.195" port: 41329 } }
I20260709 14:46:03.201785  1753 raft_consensus.cc:385] T 57f1d295bbd94e82aefc2a8491b260a4 P d297bf0db7154a9dbab027dd918e0bb9 [term 0 FOLLOWER]: Consensus starting up: Expiring failure detector timer to make a prompt election more likely
I20260709 14:46:03.202174  1753 raft_consensus.cc:740] T 57f1d295bbd94e82aefc2a8491b260a4 P d297bf0db7154a9dbab027dd918e0bb9 [term 0 FOLLOWER]: Becoming Follower/Learner. State: Replica: d297bf0db7154a9dbab027dd918e0bb9, State: Initialized, Role: FOLLOWER
I20260709 14:46:03.202060  1921 consensus_queue.cc:1048] T 5838c022683a48e6aaeb64f40183d073 P a91898e4881d47379606e851c3b233f5 [LEADER]: Connected to new peer: Peer: permanent_uuid: "43ccc7f6939b4a07a44ec0bbe9d9212a" member_type: VOTER last_known_addr { host: "127.0.107.195" port: 41329 }, Status: LMP_MISMATCH, Last received: 0.0, Next index: 1, Last known committed idx: 0, Time since last communication: 0.000s
I20260709 14:46:03.203437  1751 tablet_bootstrap.cc:654] T 12a7c0d23fa2445b803a8dec869680b9 P a91898e4881d47379606e851c3b233f5: Neither blocks nor log segments found. Creating new log.
I20260709 14:46:03.203014  1753 consensus_queue.cc:260] T 57f1d295bbd94e82aefc2a8491b260a4 P d297bf0db7154a9dbab027dd918e0bb9 [NON_LEADER]: Queue going to NON_LEADER mode. State: All replicated index: 0, Majority replicated index: 0, Committed index: 0, Last appended: 0.0, Last appended by leader: 0, Current term: 0, Majority size: -1, State: 0, Mode: NON_LEADER, active raft config: opid_index: -1 OBSOLETE_local: false peers { permanent_uuid: "d297bf0db7154a9dbab027dd918e0bb9" member_type: VOTER last_known_addr { host: "127.0.107.193" port: 43233 } } peers { permanent_uuid: "a91898e4881d47379606e851c3b233f5" member_type: VOTER last_known_addr { host: "127.0.107.194" port: 40875 } } peers { permanent_uuid: "43ccc7f6939b4a07a44ec0bbe9d9212a" member_type: VOTER last_known_addr { host: "127.0.107.195" port: 41329 } }
I20260709 14:46:03.205376  1753 ts_tablet_manager.cc:1434] T 57f1d295bbd94e82aefc2a8491b260a4 P d297bf0db7154a9dbab027dd918e0bb9: Time spent starting tablet: real 0.007s	user 0.005s	sys 0.000s
I20260709 14:46:03.206738  1753 tablet_bootstrap.cc:492] T 30e76e9fc12b4bf2af9ee48e8b6d7a09 P d297bf0db7154a9dbab027dd918e0bb9: Bootstrap starting.
I20260709 14:46:03.213662  1753 tablet_bootstrap.cc:654] T 30e76e9fc12b4bf2af9ee48e8b6d7a09 P d297bf0db7154a9dbab027dd918e0bb9: Neither blocks nor log segments found. Creating new log.
I20260709 14:46:03.243661  1751 tablet_bootstrap.cc:492] T 12a7c0d23fa2445b803a8dec869680b9 P a91898e4881d47379606e851c3b233f5: No bootstrap required, opened a new log
I20260709 14:46:03.244184  1751 ts_tablet_manager.cc:1403] T 12a7c0d23fa2445b803a8dec869680b9 P a91898e4881d47379606e851c3b233f5: Time spent bootstrapping tablet: real 0.050s	user 0.008s	sys 0.011s
I20260709 14:46:03.246964  1751 raft_consensus.cc:359] T 12a7c0d23fa2445b803a8dec869680b9 P a91898e4881d47379606e851c3b233f5 [term 0 FOLLOWER]: Replica starting. Triggering 0 pending ops. Active config: opid_index: -1 OBSOLETE_local: false peers { permanent_uuid: "d297bf0db7154a9dbab027dd918e0bb9" member_type: VOTER last_known_addr { host: "127.0.107.193" port: 43233 } } peers { permanent_uuid: "a91898e4881d47379606e851c3b233f5" member_type: VOTER last_known_addr { host: "127.0.107.194" port: 40875 } } peers { permanent_uuid: "43ccc7f6939b4a07a44ec0bbe9d9212a" member_type: VOTER last_known_addr { host: "127.0.107.195" port: 41329 } }
I20260709 14:46:03.247663  1751 raft_consensus.cc:385] T 12a7c0d23fa2445b803a8dec869680b9 P a91898e4881d47379606e851c3b233f5 [term 0 FOLLOWER]: Consensus starting up: Expiring failure detector timer to make a prompt election more likely
I20260709 14:46:03.247931  1751 raft_consensus.cc:740] T 12a7c0d23fa2445b803a8dec869680b9 P a91898e4881d47379606e851c3b233f5 [term 0 FOLLOWER]: Becoming Follower/Learner. State: Replica: a91898e4881d47379606e851c3b233f5, State: Initialized, Role: FOLLOWER
I20260709 14:46:03.249372  1751 consensus_queue.cc:260] T 12a7c0d23fa2445b803a8dec869680b9 P a91898e4881d47379606e851c3b233f5 [NON_LEADER]: Queue going to NON_LEADER mode. State: All replicated index: 0, Majority replicated index: 0, Committed index: 0, Last appended: 0.0, Last appended by leader: 0, Current term: 0, Majority size: -1, State: 0, Mode: NON_LEADER, active raft config: opid_index: -1 OBSOLETE_local: false peers { permanent_uuid: "d297bf0db7154a9dbab027dd918e0bb9" member_type: VOTER last_known_addr { host: "127.0.107.193" port: 43233 } } peers { permanent_uuid: "a91898e4881d47379606e851c3b233f5" member_type: VOTER last_known_addr { host: "127.0.107.194" port: 40875 } } peers { permanent_uuid: "43ccc7f6939b4a07a44ec0bbe9d9212a" member_type: VOTER last_known_addr { host: "127.0.107.195" port: 41329 } }
I20260709 14:46:03.251494  1751 ts_tablet_manager.cc:1434] T 12a7c0d23fa2445b803a8dec869680b9 P a91898e4881d47379606e851c3b233f5: Time spent starting tablet: real 0.007s	user 0.007s	sys 0.000s
I20260709 14:46:03.261382  1751 tablet_bootstrap.cc:492] T 0d0edd1e53e84b7fa116e40f54a5fea7 P a91898e4881d47379606e851c3b233f5: Bootstrap starting.
I20260709 14:46:03.262269  1868 raft_consensus.cc:493] T 57f1d295bbd94e82aefc2a8491b260a4 P d297bf0db7154a9dbab027dd918e0bb9 [term 0 FOLLOWER]: Starting pre-election (no leader contacted us within the election timeout)
I20260709 14:46:03.262876  1868 raft_consensus.cc:515] T 57f1d295bbd94e82aefc2a8491b260a4 P d297bf0db7154a9dbab027dd918e0bb9 [term 0 FOLLOWER]: Starting pre-election with config: opid_index: -1 OBSOLETE_local: false peers { permanent_uuid: "d297bf0db7154a9dbab027dd918e0bb9" member_type: VOTER last_known_addr { host: "127.0.107.193" port: 43233 } } peers { permanent_uuid: "a91898e4881d47379606e851c3b233f5" member_type: VOTER last_known_addr { host: "127.0.107.194" port: 40875 } } peers { permanent_uuid: "43ccc7f6939b4a07a44ec0bbe9d9212a" member_type: VOTER last_known_addr { host: "127.0.107.195" port: 41329 } }
I20260709 14:46:03.266294  1752 tablet_bootstrap.cc:492] T 30e76e9fc12b4bf2af9ee48e8b6d7a09 P 43ccc7f6939b4a07a44ec0bbe9d9212a: Bootstrap starting.
I20260709 14:46:03.272284  1751 tablet_bootstrap.cc:654] T 0d0edd1e53e84b7fa116e40f54a5fea7 P a91898e4881d47379606e851c3b233f5: Neither blocks nor log segments found. Creating new log.
W20260709 14:46:03.276069  1508 auto_rebalancer.cc:288] Could not retrieve cluster info: Service unavailable: Tablet not running
I20260709 14:46:03.283854  1868 leader_election.cc:290] T 57f1d295bbd94e82aefc2a8491b260a4 P d297bf0db7154a9dbab027dd918e0bb9 [CANDIDATE]: Term 1 pre-election: Requested pre-vote from peers a91898e4881d47379606e851c3b233f5 (127.0.107.194:40875), 43ccc7f6939b4a07a44ec0bbe9d9212a (127.0.107.195:41329)
I20260709 14:46:03.284919  1636 tablet_service.cc:1917] Received RequestConsensusVote() RPC: tablet_id: "57f1d295bbd94e82aefc2a8491b260a4" candidate_uuid: "d297bf0db7154a9dbab027dd918e0bb9" candidate_term: 1 candidate_status { last_received { term: 0 index: 0 } } ignore_live_leader: false dest_uuid: "a91898e4881d47379606e851c3b233f5" is_pre_election: true
I20260709 14:46:03.285665  1636 raft_consensus.cc:2468] T 57f1d295bbd94e82aefc2a8491b260a4 P a91898e4881d47379606e851c3b233f5 [term 0 FOLLOWER]: Leader pre-election vote request: Granting yes vote for candidate d297bf0db7154a9dbab027dd918e0bb9 in term 0.
I20260709 14:46:03.289240  1710 tablet_service.cc:1917] Received RequestConsensusVote() RPC: tablet_id: "57f1d295bbd94e82aefc2a8491b260a4" candidate_uuid: "d297bf0db7154a9dbab027dd918e0bb9" candidate_term: 1 candidate_status { last_received { term: 0 index: 0 } } ignore_live_leader: false dest_uuid: "43ccc7f6939b4a07a44ec0bbe9d9212a" is_pre_election: true
I20260709 14:46:03.293691  1526 leader_election.cc:304] T 57f1d295bbd94e82aefc2a8491b260a4 P d297bf0db7154a9dbab027dd918e0bb9 [CANDIDATE]: Term 1 pre-election: Election decided. Result: candidate won. Election summary: received 2 responses out of 3 voters: 2 yes votes; 0 no votes. yes voters: a91898e4881d47379606e851c3b233f5, d297bf0db7154a9dbab027dd918e0bb9; no voters: 
I20260709 14:46:03.296185  1710 raft_consensus.cc:2468] T 57f1d295bbd94e82aefc2a8491b260a4 P 43ccc7f6939b4a07a44ec0bbe9d9212a [term 0 FOLLOWER]: Leader pre-election vote request: Granting yes vote for candidate d297bf0db7154a9dbab027dd918e0bb9 in term 0.
I20260709 14:46:03.297592  1873 consensus_queue.cc:1048] T 5838c022683a48e6aaeb64f40183d073 P a91898e4881d47379606e851c3b233f5 [LEADER]: Connected to new peer: Peer: permanent_uuid: "d297bf0db7154a9dbab027dd918e0bb9" member_type: VOTER last_known_addr { host: "127.0.107.193" port: 43233 }, Status: LMP_MISMATCH, Last received: 0.0, Next index: 1, Last known committed idx: 0, Time since last communication: 0.001s
I20260709 14:46:03.295929  1874 raft_consensus.cc:493] T 488946330011488e83c0b2de182cd879 P a91898e4881d47379606e851c3b233f5 [term 0 FOLLOWER]: Starting pre-election (no leader contacted us within the election timeout)
I20260709 14:46:03.303854  1869 raft_consensus.cc:2804] T 57f1d295bbd94e82aefc2a8491b260a4 P d297bf0db7154a9dbab027dd918e0bb9 [term 0 FOLLOWER]: Leader pre-election won for term 1
I20260709 14:46:03.300976  1874 raft_consensus.cc:515] T 488946330011488e83c0b2de182cd879 P a91898e4881d47379606e851c3b233f5 [term 0 FOLLOWER]: Starting pre-election with config: opid_index: -1 OBSOLETE_local: false peers { permanent_uuid: "d297bf0db7154a9dbab027dd918e0bb9" member_type: VOTER last_known_addr { host: "127.0.107.193" port: 43233 } } peers { permanent_uuid: "a91898e4881d47379606e851c3b233f5" member_type: VOTER last_known_addr { host: "127.0.107.194" port: 40875 } } peers { permanent_uuid: "43ccc7f6939b4a07a44ec0bbe9d9212a" member_type: VOTER last_known_addr { host: "127.0.107.195" port: 41329 } }
I20260709 14:46:03.310086  1874 leader_election.cc:290] T 488946330011488e83c0b2de182cd879 P a91898e4881d47379606e851c3b233f5 [CANDIDATE]: Term 1 pre-election: Requested pre-vote from peers d297bf0db7154a9dbab027dd918e0bb9 (127.0.107.193:43233), 43ccc7f6939b4a07a44ec0bbe9d9212a (127.0.107.195:41329)
I20260709 14:46:03.307824  1869 raft_consensus.cc:493] T 57f1d295bbd94e82aefc2a8491b260a4 P d297bf0db7154a9dbab027dd918e0bb9 [term 0 FOLLOWER]: Starting leader election (no leader contacted us within the election timeout)
I20260709 14:46:03.312462  1869 raft_consensus.cc:3060] T 57f1d295bbd94e82aefc2a8491b260a4 P d297bf0db7154a9dbab027dd918e0bb9 [term 0 FOLLOWER]: Advancing to term 1
I20260709 14:46:03.316982  1798 raft_consensus.cc:493] T 7c108f3aaaf44145b3d654980c7a91aa P a91898e4881d47379606e851c3b233f5 [term 0 FOLLOWER]: Starting pre-election (no leader contacted us within the election timeout)
I20260709 14:46:03.317538  1798 raft_consensus.cc:515] T 7c108f3aaaf44145b3d654980c7a91aa P a91898e4881d47379606e851c3b233f5 [term 0 FOLLOWER]: Starting pre-election with config: opid_index: -1 OBSOLETE_local: false peers { permanent_uuid: "d297bf0db7154a9dbab027dd918e0bb9" member_type: VOTER last_known_addr { host: "127.0.107.193" port: 43233 } } peers { permanent_uuid: "a91898e4881d47379606e851c3b233f5" member_type: VOTER last_known_addr { host: "127.0.107.194" port: 40875 } } peers { permanent_uuid: "43ccc7f6939b4a07a44ec0bbe9d9212a" member_type: VOTER last_known_addr { host: "127.0.107.195" port: 41329 } }
I20260709 14:46:03.318892  1710 tablet_service.cc:1917] Received RequestConsensusVote() RPC: tablet_id: "488946330011488e83c0b2de182cd879" candidate_uuid: "a91898e4881d47379606e851c3b233f5" candidate_term: 1 candidate_status { last_received { term: 0 index: 0 } } ignore_live_leader: false dest_uuid: "43ccc7f6939b4a07a44ec0bbe9d9212a" is_pre_election: true
I20260709 14:46:03.320152  1798 leader_election.cc:290] T 7c108f3aaaf44145b3d654980c7a91aa P a91898e4881d47379606e851c3b233f5 [CANDIDATE]: Term 1 pre-election: Requested pre-vote from peers d297bf0db7154a9dbab027dd918e0bb9 (127.0.107.193:43233), 43ccc7f6939b4a07a44ec0bbe9d9212a (127.0.107.195:41329)
I20260709 14:46:03.323607  1751 tablet_bootstrap.cc:492] T 0d0edd1e53e84b7fa116e40f54a5fea7 P a91898e4881d47379606e851c3b233f5: No bootstrap required, opened a new log
I20260709 14:46:03.326763  1753 tablet_bootstrap.cc:492] T 30e76e9fc12b4bf2af9ee48e8b6d7a09 P d297bf0db7154a9dbab027dd918e0bb9: No bootstrap required, opened a new log
I20260709 14:46:03.326956  1751 ts_tablet_manager.cc:1403] T 0d0edd1e53e84b7fa116e40f54a5fea7 P a91898e4881d47379606e851c3b233f5: Time spent bootstrapping tablet: real 0.066s	user 0.015s	sys 0.022s
I20260709 14:46:03.327265  1753 ts_tablet_manager.cc:1403] T 30e76e9fc12b4bf2af9ee48e8b6d7a09 P d297bf0db7154a9dbab027dd918e0bb9: Time spent bootstrapping tablet: real 0.121s	user 0.023s	sys 0.049s
I20260709 14:46:03.324932  1752 tablet_bootstrap.cc:654] T 30e76e9fc12b4bf2af9ee48e8b6d7a09 P 43ccc7f6939b4a07a44ec0bbe9d9212a: Neither blocks nor log segments found. Creating new log.
I20260709 14:46:03.330144  1708 tablet_service.cc:1917] Received RequestConsensusVote() RPC: tablet_id: "7c108f3aaaf44145b3d654980c7a91aa" candidate_uuid: "a91898e4881d47379606e851c3b233f5" candidate_term: 1 candidate_status { last_received { term: 0 index: 0 } } ignore_live_leader: false dest_uuid: "43ccc7f6939b4a07a44ec0bbe9d9212a" is_pre_election: true
W20260709 14:46:03.331945  1602 leader_election.cc:343] T 7c108f3aaaf44145b3d654980c7a91aa P a91898e4881d47379606e851c3b233f5 [CANDIDATE]: Term 1 pre-election: Tablet error from VoteRequest() call to peer 43ccc7f6939b4a07a44ec0bbe9d9212a (127.0.107.195:41329): Illegal state: must be running to vote when last-logged opid is not known
I20260709 14:46:03.332499  1710 raft_consensus.cc:2468] T 488946330011488e83c0b2de182cd879 P 43ccc7f6939b4a07a44ec0bbe9d9212a [term 0 FOLLOWER]: Leader pre-election vote request: Granting yes vote for candidate a91898e4881d47379606e851c3b233f5 in term 0.
I20260709 14:46:03.334152  1562 tablet_service.cc:1917] Received RequestConsensusVote() RPC: tablet_id: "488946330011488e83c0b2de182cd879" candidate_uuid: "a91898e4881d47379606e851c3b233f5" candidate_term: 1 candidate_status { last_received { term: 0 index: 0 } } ignore_live_leader: false dest_uuid: "d297bf0db7154a9dbab027dd918e0bb9" is_pre_election: true
I20260709 14:46:03.334860  1562 raft_consensus.cc:2468] T 488946330011488e83c0b2de182cd879 P d297bf0db7154a9dbab027dd918e0bb9 [term 0 FOLLOWER]: Leader pre-election vote request: Granting yes vote for candidate a91898e4881d47379606e851c3b233f5 in term 0.
I20260709 14:46:03.336196  1602 leader_election.cc:304] T 488946330011488e83c0b2de182cd879 P a91898e4881d47379606e851c3b233f5 [CANDIDATE]: Term 1 pre-election: Election decided. Result: candidate won. Election summary: received 2 responses out of 3 voters: 2 yes votes; 0 no votes. yes voters: 43ccc7f6939b4a07a44ec0bbe9d9212a, a91898e4881d47379606e851c3b233f5; no voters: 
I20260709 14:46:03.335981  1751 raft_consensus.cc:359] T 0d0edd1e53e84b7fa116e40f54a5fea7 P a91898e4881d47379606e851c3b233f5 [term 0 FOLLOWER]: Replica starting. Triggering 0 pending ops. Active config: opid_index: -1 OBSOLETE_local: false peers { permanent_uuid: "d297bf0db7154a9dbab027dd918e0bb9" member_type: VOTER last_known_addr { host: "127.0.107.193" port: 43233 } } peers { permanent_uuid: "a91898e4881d47379606e851c3b233f5" member_type: VOTER last_known_addr { host: "127.0.107.194" port: 40875 } } peers { permanent_uuid: "43ccc7f6939b4a07a44ec0bbe9d9212a" member_type: VOTER last_known_addr { host: "127.0.107.195" port: 41329 } }
I20260709 14:46:03.337500  1751 raft_consensus.cc:385] T 0d0edd1e53e84b7fa116e40f54a5fea7 P a91898e4881d47379606e851c3b233f5 [term 0 FOLLOWER]: Consensus starting up: Expiring failure detector timer to make a prompt election more likely
I20260709 14:46:03.337939  1751 raft_consensus.cc:740] T 0d0edd1e53e84b7fa116e40f54a5fea7 P a91898e4881d47379606e851c3b233f5 [term 0 FOLLOWER]: Becoming Follower/Learner. State: Replica: a91898e4881d47379606e851c3b233f5, State: Initialized, Role: FOLLOWER
I20260709 14:46:03.338661  1562 tablet_service.cc:1917] Received RequestConsensusVote() RPC: tablet_id: "7c108f3aaaf44145b3d654980c7a91aa" candidate_uuid: "a91898e4881d47379606e851c3b233f5" candidate_term: 1 candidate_status { last_received { term: 0 index: 0 } } ignore_live_leader: false dest_uuid: "d297bf0db7154a9dbab027dd918e0bb9" is_pre_election: true
I20260709 14:46:03.338897  1751 consensus_queue.cc:260] T 0d0edd1e53e84b7fa116e40f54a5fea7 P a91898e4881d47379606e851c3b233f5 [NON_LEADER]: Queue going to NON_LEADER mode. State: All replicated index: 0, Majority replicated index: 0, Committed index: 0, Last appended: 0.0, Last appended by leader: 0, Current term: 0, Majority size: -1, State: 0, Mode: NON_LEADER, active raft config: opid_index: -1 OBSOLETE_local: false peers { permanent_uuid: "d297bf0db7154a9dbab027dd918e0bb9" member_type: VOTER last_known_addr { host: "127.0.107.193" port: 43233 } } peers { permanent_uuid: "a91898e4881d47379606e851c3b233f5" member_type: VOTER last_known_addr { host: "127.0.107.194" port: 40875 } } peers { permanent_uuid: "43ccc7f6939b4a07a44ec0bbe9d9212a" member_type: VOTER last_known_addr { host: "127.0.107.195" port: 41329 } }
I20260709 14:46:03.337019  1798 raft_consensus.cc:2804] T 488946330011488e83c0b2de182cd879 P a91898e4881d47379606e851c3b233f5 [term 0 FOLLOWER]: Leader pre-election won for term 1
I20260709 14:46:03.339963  1798 raft_consensus.cc:493] T 488946330011488e83c0b2de182cd879 P a91898e4881d47379606e851c3b233f5 [term 0 FOLLOWER]: Starting leader election (no leader contacted us within the election timeout)
I20260709 14:46:03.340356  1798 raft_consensus.cc:3060] T 488946330011488e83c0b2de182cd879 P a91898e4881d47379606e851c3b233f5 [term 0 FOLLOWER]: Advancing to term 1
I20260709 14:46:03.341034  1751 ts_tablet_manager.cc:1434] T 0d0edd1e53e84b7fa116e40f54a5fea7 P a91898e4881d47379606e851c3b233f5: Time spent starting tablet: real 0.014s	user 0.005s	sys 0.000s
I20260709 14:46:03.344499  1751 tablet_bootstrap.cc:492] T 621a9d38c8e448178c08d6a8a57e6d31 P a91898e4881d47379606e851c3b233f5: Bootstrap starting.
I20260709 14:46:03.348971  1753 raft_consensus.cc:359] T 30e76e9fc12b4bf2af9ee48e8b6d7a09 P d297bf0db7154a9dbab027dd918e0bb9 [term 0 FOLLOWER]: Replica starting. Triggering 0 pending ops. Active config: opid_index: -1 OBSOLETE_local: false peers { permanent_uuid: "d297bf0db7154a9dbab027dd918e0bb9" member_type: VOTER last_known_addr { host: "127.0.107.193" port: 43233 } } peers { permanent_uuid: "a91898e4881d47379606e851c3b233f5" member_type: VOTER last_known_addr { host: "127.0.107.194" port: 40875 } } peers { permanent_uuid: "43ccc7f6939b4a07a44ec0bbe9d9212a" member_type: VOTER last_known_addr { host: "127.0.107.195" port: 41329 } }
I20260709 14:46:03.349932  1753 raft_consensus.cc:385] T 30e76e9fc12b4bf2af9ee48e8b6d7a09 P d297bf0db7154a9dbab027dd918e0bb9 [term 0 FOLLOWER]: Consensus starting up: Expiring failure detector timer to make a prompt election more likely
