I20260709 14:52:31.854434 16511 tablet_service.cc:1917] Received RequestConsensusVote() RPC: tablet_id: "715e5d9ae7924a149023e37fa84788b5" candidate_uuid: "6c004ff11fbd40c697b95fda13feb3e6" candidate_term: 1 candidate_status { last_received { term: 0 index: 0 } } ignore_live_leader: false dest_uuid: "e63c19cb093a4ff88c7c19a2d36cc33a" is_pre_election: true
I20260709 14:52:31.855054 16511 raft_consensus.cc:2468] T 715e5d9ae7924a149023e37fa84788b5 P e63c19cb093a4ff88c7c19a2d36cc33a [term 0 FOLLOWER]: Leader pre-election vote request: Granting yes vote for candidate 6c004ff11fbd40c697b95fda13feb3e6 in term 0.
I20260709 14:52:31.857103 16643 raft_consensus.cc:515] T 4a6775d277e945f5bb74cbfeb0838d2c P 6c004ff11fbd40c697b95fda13feb3e6 [term 1 FOLLOWER]: Starting leader election with config: opid_index: -1 OBSOLETE_local: false peers { permanent_uuid: "bf73cc0235614316a00c4c0c8b8bf7d4" member_type: VOTER last_known_addr { host: "127.14.250.1" port: 40769 } } peers { permanent_uuid: "e63c19cb093a4ff88c7c19a2d36cc33a" member_type: VOTER last_known_addr { host: "127.14.250.2" port: 33791 } } peers { permanent_uuid: "6c004ff11fbd40c697b95fda13feb3e6" member_type: VOTER last_known_addr { host: "127.14.250.3" port: 41307 } }
I20260709 14:52:31.859056 16588 tablet_service.cc:1917] Received RequestConsensusVote() RPC: tablet_id: "8a3d2c87219d4e1ab8563a72bb4f5fef" candidate_uuid: "bf73cc0235614316a00c4c0c8b8bf7d4" candidate_term: 1 candidate_status { last_received { term: 0 index: 0 } } ignore_live_leader: false dest_uuid: "6c004ff11fbd40c697b95fda13feb3e6" is_pre_election: true
I20260709 14:52:31.859400 16439 tablet_service.cc:1917] Received RequestConsensusVote() RPC: tablet_id: "715e5d9ae7924a149023e37fa84788b5" candidate_uuid: "6c004ff11fbd40c697b95fda13feb3e6" candidate_term: 1 candidate_status { last_received { term: 0 index: 0 } } ignore_live_leader: false dest_uuid: "bf73cc0235614316a00c4c0c8b8bf7d4" is_pre_election: true
I20260709 14:52:31.861788 16633 tablet_bootstrap.cc:492] T 04b11caf0d2a420eadb4549e784a0408 P 6c004ff11fbd40c697b95fda13feb3e6: No bootstrap required, opened a new log
I20260709 14:52:31.861747 16439 raft_consensus.cc:2468] T 715e5d9ae7924a149023e37fa84788b5 P bf73cc0235614316a00c4c0c8b8bf7d4 [term 0 FOLLOWER]: Leader pre-election vote request: Granting yes vote for candidate 6c004ff11fbd40c697b95fda13feb3e6 in term 0.
I20260709 14:52:31.862376 16633 ts_tablet_manager.cc:1403] T 04b11caf0d2a420eadb4549e784a0408 P 6c004ff11fbd40c697b95fda13feb3e6: Time spent bootstrapping tablet: real 0.386s	user 0.040s	sys 0.036s
I20260709 14:52:31.865240 16438 tablet_service.cc:1917] Received RequestConsensusVote() RPC: tablet_id: "715e5d9ae7924a149023e37fa84788b5" candidate_uuid: "e63c19cb093a4ff88c7c19a2d36cc33a" candidate_term: 1 candidate_status { last_received { term: 0 index: 0 } } ignore_live_leader: false dest_uuid: "bf73cc0235614316a00c4c0c8b8bf7d4" is_pre_election: true
I20260709 14:52:31.865960 16438 raft_consensus.cc:2468] T 715e5d9ae7924a149023e37fa84788b5 P bf73cc0235614316a00c4c0c8b8bf7d4 [term 0 FOLLOWER]: Leader pre-election vote request: Granting yes vote for candidate e63c19cb093a4ff88c7c19a2d36cc33a in term 0.
I20260709 14:52:31.875041 16438 tablet_service.cc:1917] Received RequestConsensusVote() RPC: tablet_id: "846322edbcca4ceca71378655bedc630" candidate_uuid: "e63c19cb093a4ff88c7c19a2d36cc33a" candidate_term: 1 candidate_status { last_received { term: 0 index: 0 } } ignore_live_leader: false dest_uuid: "bf73cc0235614316a00c4c0c8b8bf7d4"
I20260709 14:52:31.880967 16588 tablet_service.cc:1917] Received RequestConsensusVote() RPC: tablet_id: "04b11caf0d2a420eadb4549e784a0408" candidate_uuid: "e63c19cb093a4ff88c7c19a2d36cc33a" candidate_term: 1 candidate_status { last_received { term: 0 index: 0 } } ignore_live_leader: false dest_uuid: "6c004ff11fbd40c697b95fda13feb3e6"
I20260709 14:52:31.882845 16584 tablet_service.cc:1917] Received RequestConsensusVote() RPC: tablet_id: "715e5d9ae7924a149023e37fa84788b5" candidate_uuid: "e63c19cb093a4ff88c7c19a2d36cc33a" candidate_term: 1 candidate_status { last_received { term: 0 index: 0 } } ignore_live_leader: false dest_uuid: "6c004ff11fbd40c697b95fda13feb3e6" is_pre_election: true
W20260709 14:52:31.883325 16552 leader_election.cc:343] T fc6f1945ed85468d8e0db19abe50515f P 6c004ff11fbd40c697b95fda13feb3e6 [CANDIDATE]: Term 1 pre-election: Tablet error from VoteRequest() call to peer e63c19cb093a4ff88c7c19a2d36cc33a (127.14.250.2:33791): Illegal state: must be running to vote when last-logged opid is not known
I20260709 14:52:31.884019 16552 leader_election.cc:304] T fc6f1945ed85468d8e0db19abe50515f P 6c004ff11fbd40c697b95fda13feb3e6 [CANDIDATE]: Term 1 pre-election: Election decided. Result: candidate lost. Election summary: received 3 responses out of 3 voters: 1 yes votes; 2 no votes. yes voters: 6c004ff11fbd40c697b95fda13feb3e6; no voters: bf73cc0235614316a00c4c0c8b8bf7d4, e63c19cb093a4ff88c7c19a2d36cc33a
I20260709 14:52:31.884352 16583 tablet_service.cc:1917] Received RequestConsensusVote() RPC: tablet_id: "846322edbcca4ceca71378655bedc630" candidate_uuid: "e63c19cb093a4ff88c7c19a2d36cc33a" candidate_term: 1 candidate_status { last_received { term: 0 index: 0 } } ignore_live_leader: false dest_uuid: "6c004ff11fbd40c697b95fda13feb3e6"
I20260709 14:52:31.883482 16584 raft_consensus.cc:2468] T 715e5d9ae7924a149023e37fa84788b5 P 6c004ff11fbd40c697b95fda13feb3e6 [term 0 FOLLOWER]: Leader pre-election vote request: Granting yes vote for candidate e63c19cb093a4ff88c7c19a2d36cc33a in term 0.
I20260709 14:52:31.889016 16582 tablet_service.cc:1917] Received RequestConsensusVote() RPC: tablet_id: "78e423fbd27445c2b81b39e749f31568" candidate_uuid: "e63c19cb093a4ff88c7c19a2d36cc33a" candidate_term: 1 candidate_status { last_received { term: 0 index: 0 } } ignore_live_leader: false dest_uuid: "6c004ff11fbd40c697b95fda13feb3e6" is_pre_election: true
I20260709 14:52:31.893105 16438 raft_consensus.cc:3060] T 846322edbcca4ceca71378655bedc630 P bf73cc0235614316a00c4c0c8b8bf7d4 [term 0 FOLLOWER]: Advancing to term 1
I20260709 14:52:31.893388 16437 tablet_service.cc:1917] Received RequestConsensusVote() RPC: tablet_id: "78e423fbd27445c2b81b39e749f31568" candidate_uuid: "e63c19cb093a4ff88c7c19a2d36cc33a" candidate_term: 1 candidate_status { last_received { term: 0 index: 0 } } ignore_live_leader: false dest_uuid: "bf73cc0235614316a00c4c0c8b8bf7d4" is_pre_election: true
W20260709 14:52:31.892968 16403 leader_election.cc:343] T 8a3d2c87219d4e1ab8563a72bb4f5fef P bf73cc0235614316a00c4c0c8b8bf7d4 [CANDIDATE]: Term 1 pre-election: Tablet error from VoteRequest() call to peer 6c004ff11fbd40c697b95fda13feb3e6 (127.14.250.3:41307): Illegal state: must be running to vote when last-logged opid is not known
I20260709 14:52:31.898937 16629 raft_consensus.cc:359] T 4e0dd0502a3947f39ea0883b63f261b9 P e63c19cb093a4ff88c7c19a2d36cc33a [term 0 FOLLOWER]: Replica starting. Triggering 0 pending ops. Active config: opid_index: -1 OBSOLETE_local: false peers { permanent_uuid: "bf73cc0235614316a00c4c0c8b8bf7d4" member_type: VOTER last_known_addr { host: "127.14.250.1" port: 40769 } } peers { permanent_uuid: "e63c19cb093a4ff88c7c19a2d36cc33a" member_type: VOTER last_known_addr { host: "127.14.250.2" port: 33791 } } peers { permanent_uuid: "6c004ff11fbd40c697b95fda13feb3e6" member_type: VOTER last_known_addr { host: "127.14.250.3" port: 41307 } }
I20260709 14:52:31.899462 16643 leader_election.cc:290] T 4a6775d277e945f5bb74cbfeb0838d2c P 6c004ff11fbd40c697b95fda13feb3e6 [CANDIDATE]: Term 1 election: Requested vote from peers bf73cc0235614316a00c4c0c8b8bf7d4 (127.14.250.1:40769), e63c19cb093a4ff88c7c19a2d36cc33a (127.14.250.2:33791)
I20260709 14:52:31.901525 16792 raft_consensus.cc:2749] T fc6f1945ed85468d8e0db19abe50515f P 6c004ff11fbd40c697b95fda13feb3e6 [term 1 FOLLOWER]: Leader pre-election lost for term 1. Reason: could not achieve majority
I20260709 14:52:31.902307 16403 leader_election.cc:304] T 8a3d2c87219d4e1ab8563a72bb4f5fef P bf73cc0235614316a00c4c0c8b8bf7d4 [CANDIDATE]: Term 1 pre-election: Election decided. Result: candidate lost. Election summary: received 3 responses out of 3 voters: 1 yes votes; 2 no votes. yes voters: bf73cc0235614316a00c4c0c8b8bf7d4; no voters: 6c004ff11fbd40c697b95fda13feb3e6, e63c19cb093a4ff88c7c19a2d36cc33a
I20260709 14:52:31.903082 16759 raft_consensus.cc:2749] T 8a3d2c87219d4e1ab8563a72bb4f5fef P bf73cc0235614316a00c4c0c8b8bf7d4 [term 0 FOLLOWER]: Leader pre-election lost for term 1. Reason: could not achieve majority
I20260709 14:52:31.900920 16629 raft_consensus.cc:385] T 4e0dd0502a3947f39ea0883b63f261b9 P e63c19cb093a4ff88c7c19a2d36cc33a [term 0 FOLLOWER]: Consensus starting up: Expiring failure detector timer to make a prompt election more likely
I20260709 14:52:31.903573 16631 consensus_queue.cc:260] T 41fa307aa174458f902c4206b6292811 P bf73cc0235614316a00c4c0c8b8bf7d4 [NON_LEADER]: Queue going to NON_LEADER mode. State: All replicated index: 0, Majority replicated index: 0, Committed index: 0, Last appended: 0.0, Last appended by leader: 0, Current term: 0, Majority size: -1, State: 0, Mode: NON_LEADER, active raft config: opid_index: -1 OBSOLETE_local: false peers { permanent_uuid: "bf73cc0235614316a00c4c0c8b8bf7d4" member_type: VOTER last_known_addr { host: "127.14.250.1" port: 40769 } } peers { permanent_uuid: "e63c19cb093a4ff88c7c19a2d36cc33a" member_type: VOTER last_known_addr { host: "127.14.250.2" port: 33791 } } peers { permanent_uuid: "6c004ff11fbd40c697b95fda13feb3e6" member_type: VOTER last_known_addr { host: "127.14.250.3" port: 41307 } }
I20260709 14:52:31.904038 16629 raft_consensus.cc:740] T 4e0dd0502a3947f39ea0883b63f261b9 P e63c19cb093a4ff88c7c19a2d36cc33a [term 0 FOLLOWER]: Becoming Follower/Learner. State: Replica: e63c19cb093a4ff88c7c19a2d36cc33a, State: Initialized, Role: FOLLOWER
I20260709 14:52:31.905215 16629 consensus_queue.cc:260] T 4e0dd0502a3947f39ea0883b63f261b9 P e63c19cb093a4ff88c7c19a2d36cc33a [NON_LEADER]: Queue going to NON_LEADER mode. State: All replicated index: 0, Majority replicated index: 0, Committed index: 0, Last appended: 0.0, Last appended by leader: 0, Current term: 0, Majority size: -1, State: 0, Mode: NON_LEADER, active raft config: opid_index: -1 OBSOLETE_local: false peers { permanent_uuid: "bf73cc0235614316a00c4c0c8b8bf7d4" member_type: VOTER last_known_addr { host: "127.14.250.1" port: 40769 } } peers { permanent_uuid: "e63c19cb093a4ff88c7c19a2d36cc33a" member_type: VOTER last_known_addr { host: "127.14.250.2" port: 33791 } } peers { permanent_uuid: "6c004ff11fbd40c697b95fda13feb3e6" member_type: VOTER last_known_addr { host: "127.14.250.3" port: 41307 } }
I20260709 14:52:31.908728 16633 raft_consensus.cc:359] T 04b11caf0d2a420eadb4549e784a0408 P 6c004ff11fbd40c697b95fda13feb3e6 [term 0 FOLLOWER]: Replica starting. Triggering 0 pending ops. Active config: opid_index: -1 OBSOLETE_local: false peers { permanent_uuid: "bf73cc0235614316a00c4c0c8b8bf7d4" member_type: VOTER last_known_addr { host: "127.14.250.1" port: 40769 } } peers { permanent_uuid: "e63c19cb093a4ff88c7c19a2d36cc33a" member_type: VOTER last_known_addr { host: "127.14.250.2" port: 33791 } } peers { permanent_uuid: "6c004ff11fbd40c697b95fda13feb3e6" member_type: VOTER last_known_addr { host: "127.14.250.3" port: 41307 } }
I20260709 14:52:31.909523 16633 raft_consensus.cc:385] T 04b11caf0d2a420eadb4549e784a0408 P 6c004ff11fbd40c697b95fda13feb3e6 [term 0 FOLLOWER]: Consensus starting up: Expiring failure detector timer to make a prompt election more likely
I20260709 14:52:31.909790 16633 raft_consensus.cc:740] T 04b11caf0d2a420eadb4549e784a0408 P 6c004ff11fbd40c697b95fda13feb3e6 [term 0 FOLLOWER]: Becoming Follower/Learner. State: Replica: 6c004ff11fbd40c697b95fda13feb3e6, State: Initialized, Role: FOLLOWER
I20260709 14:52:31.910393 16633 consensus_queue.cc:260] T 04b11caf0d2a420eadb4549e784a0408 P 6c004ff11fbd40c697b95fda13feb3e6 [NON_LEADER]: Queue going to NON_LEADER mode. State: All replicated index: 0, Majority replicated index: 0, Committed index: 0, Last appended: 0.0, Last appended by leader: 0, Current term: 0, Majority size: -1, State: 0, Mode: NON_LEADER, active raft config: opid_index: -1 OBSOLETE_local: false peers { permanent_uuid: "bf73cc0235614316a00c4c0c8b8bf7d4" member_type: VOTER last_known_addr { host: "127.14.250.1" port: 40769 } } peers { permanent_uuid: "e63c19cb093a4ff88c7c19a2d36cc33a" member_type: VOTER last_known_addr { host: "127.14.250.2" port: 33791 } } peers { permanent_uuid: "6c004ff11fbd40c697b95fda13feb3e6" member_type: VOTER last_known_addr { host: "127.14.250.3" port: 41307 } }
I20260709 14:52:31.910693 16438 raft_consensus.cc:2468] T 846322edbcca4ceca71378655bedc630 P bf73cc0235614316a00c4c0c8b8bf7d4 [term 1 FOLLOWER]: Leader election vote request: Granting yes vote for candidate e63c19cb093a4ff88c7c19a2d36cc33a in term 1.
I20260709 14:52:31.911203 16588 raft_consensus.cc:3060] T 04b11caf0d2a420eadb4549e784a0408 P 6c004ff11fbd40c697b95fda13feb3e6 [term 0 FOLLOWER]: Advancing to term 1
I20260709 14:52:31.904816 16686 consensus_queue.cc:1048] T 830d34a08fd04194bb9291e0ea990f8d P 6c004ff11fbd40c697b95fda13feb3e6 [LEADER]: Connected to new peer: Peer: permanent_uuid: "e63c19cb093a4ff88c7c19a2d36cc33a" member_type: VOTER last_known_addr { host: "127.14.250.2" port: 33791 }, Status: LMP_MISMATCH, Last received: 0.0, Next index: 1, Last known committed idx: 0, Time since last communication: 0.007s
I20260709 14:52:31.916179 16629 ts_tablet_manager.cc:1434] T 4e0dd0502a3947f39ea0883b63f261b9 P e63c19cb093a4ff88c7c19a2d36cc33a: Time spent starting tablet: real 0.090s	user 0.004s	sys 0.003s
I20260709 14:52:31.918299 16629 tablet_bootstrap.cc:492] T fc6f1945ed85468d8e0db19abe50515f P e63c19cb093a4ff88c7c19a2d36cc33a: Bootstrap starting.
I20260709 14:52:31.919209 16631 ts_tablet_manager.cc:1434] T 41fa307aa174458f902c4206b6292811 P bf73cc0235614316a00c4c0c8b8bf7d4: Time spent starting tablet: real 0.163s	user 0.013s	sys 0.000s
I20260709 14:52:31.920118 16631 tablet_bootstrap.cc:492] T 867a4c5f9f84497a8eb4ad7cea025293 P bf73cc0235614316a00c4c0c8b8bf7d4: Bootstrap starting.
I20260709 14:52:31.921742 16782 raft_consensus.cc:493] T 4c43c55145e744189b186530b7642505 P e63c19cb093a4ff88c7c19a2d36cc33a [term 1 FOLLOWER]: Starting pre-election (no leader contacted us within the election timeout)
I20260709 14:52:31.921914 16552 leader_election.cc:304] T 715e5d9ae7924a149023e37fa84788b5 P 6c004ff11fbd40c697b95fda13feb3e6 [CANDIDATE]: Term 1 pre-election: Election decided. Result: candidate won. Election summary: received 2 responses out of 3 voters: 2 yes votes; 0 no votes. yes voters: 6c004ff11fbd40c697b95fda13feb3e6, e63c19cb093a4ff88c7c19a2d36cc33a; no voters: 
I20260709 14:52:31.922307 16782 raft_consensus.cc:515] T 4c43c55145e744189b186530b7642505 P e63c19cb093a4ff88c7c19a2d36cc33a [term 1 FOLLOWER]: Starting pre-election with config: opid_index: -1 OBSOLETE_local: false peers { permanent_uuid: "bf73cc0235614316a00c4c0c8b8bf7d4" member_type: VOTER last_known_addr { host: "127.14.250.1" port: 40769 } } peers { permanent_uuid: "e63c19cb093a4ff88c7c19a2d36cc33a" member_type: VOTER last_known_addr { host: "127.14.250.2" port: 33791 } } peers { permanent_uuid: "6c004ff11fbd40c697b95fda13feb3e6" member_type: VOTER last_known_addr { host: "127.14.250.3" port: 41307 } }
I20260709 14:52:31.906633 16664 consensus_queue.cc:1048] T 4c43c55145e744189b186530b7642505 P bf73cc0235614316a00c4c0c8b8bf7d4 [LEADER]: Connected to new peer: Peer: permanent_uuid: "e63c19cb093a4ff88c7c19a2d36cc33a" member_type: VOTER last_known_addr { host: "127.14.250.2" port: 33791 }, Status: LMP_MISMATCH, Last received: 0.0, Next index: 1, Last known committed idx: 0, Time since last communication: 0.015s
I20260709 14:52:31.925001 16643 raft_consensus.cc:2804] T 715e5d9ae7924a149023e37fa84788b5 P 6c004ff11fbd40c697b95fda13feb3e6 [term 0 FOLLOWER]: Leader pre-election won for term 1
I20260709 14:52:31.925458 16643 raft_consensus.cc:493] T 715e5d9ae7924a149023e37fa84788b5 P 6c004ff11fbd40c697b95fda13feb3e6 [term 0 FOLLOWER]: Starting leader election (no leader contacted us within the election timeout)
I20260709 14:52:31.925925 16643 raft_consensus.cc:3060] T 715e5d9ae7924a149023e37fa84788b5 P 6c004ff11fbd40c697b95fda13feb3e6 [term 0 FOLLOWER]: Advancing to term 1
I20260709 14:52:31.928306 16335 catalog_manager.cc:5697] T fc6f1945ed85468d8e0db19abe50515f P bf73cc0235614316a00c4c0c8b8bf7d4 reported cstate change: term changed from 0 to 1, leader changed from <none> to bf73cc0235614316a00c4c0c8b8bf7d4 (127.14.250.1). New cstate: current_term: 1 leader_uuid: "bf73cc0235614316a00c4c0c8b8bf7d4" committed_config { opid_index: -1 OBSOLETE_local: false peers { permanent_uuid: "bf73cc0235614316a00c4c0c8b8bf7d4" member_type: VOTER last_known_addr { host: "127.14.250.1" port: 40769 } health_report { overall_health: HEALTHY } } peers { permanent_uuid: "e63c19cb093a4ff88c7c19a2d36cc33a" member_type: VOTER last_known_addr { host: "127.14.250.2" port: 33791 } health_report { overall_health: UNKNOWN } } peers { permanent_uuid: "6c004ff11fbd40c697b95fda13feb3e6" member_type: VOTER last_known_addr { host: "127.14.250.3" port: 41307 } health_report { overall_health: UNKNOWN } } }
I20260709 14:52:31.932926 16478 leader_election.cc:304] T 04b11caf0d2a420eadb4549e784a0408 P e63c19cb093a4ff88c7c19a2d36cc33a [CANDIDATE]: Term 1 election: Election decided. Result: candidate won. Election summary: received 2 responses out of 3 voters: 2 yes votes; 0 no votes. yes voters: bf73cc0235614316a00c4c0c8b8bf7d4, e63c19cb093a4ff88c7c19a2d36cc33a; no voters: 
I20260709 14:52:31.934448 16782 leader_election.cc:290] T 4c43c55145e744189b186530b7642505 P e63c19cb093a4ff88c7c19a2d36cc33a [CANDIDATE]: Term 2 pre-election: Requested pre-vote from peers bf73cc0235614316a00c4c0c8b8bf7d4 (127.14.250.1:40769), 6c004ff11fbd40c697b95fda13feb3e6 (127.14.250.3:41307)
I20260709 14:52:31.935609 16588 raft_consensus.cc:2468] T 04b11caf0d2a420eadb4549e784a0408 P 6c004ff11fbd40c697b95fda13feb3e6 [term 1 FOLLOWER]: Leader election vote request: Granting yes vote for candidate e63c19cb093a4ff88c7c19a2d36cc33a in term 1.
I20260709 14:52:31.933125 16438 tablet_service.cc:1917] Received RequestConsensusVote() RPC: tablet_id: "4a6775d277e945f5bb74cbfeb0838d2c" candidate_uuid: "6c004ff11fbd40c697b95fda13feb3e6" candidate_term: 1 candidate_status { last_received { term: 0 index: 0 } } ignore_live_leader: false dest_uuid: "bf73cc0235614316a00c4c0c8b8bf7d4"
I20260709 14:52:31.944032 16438 raft_consensus.cc:3060] T 4a6775d277e945f5bb74cbfeb0838d2c P bf73cc0235614316a00c4c0c8b8bf7d4 [term 0 FOLLOWER]: Advancing to term 1
I20260709 14:52:31.944828 16633 ts_tablet_manager.cc:1434] T 04b11caf0d2a420eadb4549e784a0408 P 6c004ff11fbd40c697b95fda13feb3e6: Time spent starting tablet: real 0.082s	user 0.006s	sys 0.002s
I20260709 14:52:31.946265 16633 tablet_bootstrap.cc:492] T 846322edbcca4ceca71378655bedc630 P 6c004ff11fbd40c697b95fda13feb3e6: Bootstrap starting.
I20260709 14:52:31.946215 16782 raft_consensus.cc:2804] T 04b11caf0d2a420eadb4549e784a0408 P e63c19cb093a4ff88c7c19a2d36cc33a [term 1 FOLLOWER]: Leader election won for term 1
I20260709 14:52:31.946496 16512 tablet_service.cc:1917] Received RequestConsensusVote() RPC: tablet_id: "4a6775d277e945f5bb74cbfeb0838d2c" candidate_uuid: "6c004ff11fbd40c697b95fda13feb3e6" candidate_term: 1 candidate_status { last_received { term: 0 index: 0 } } ignore_live_leader: false dest_uuid: "e63c19cb093a4ff88c7c19a2d36cc33a"
I20260709 14:52:31.947034 16782 raft_consensus.cc:697] T 04b11caf0d2a420eadb4549e784a0408 P e63c19cb093a4ff88c7c19a2d36cc33a [term 1 LEADER]: Becoming Leader. State: Replica: e63c19cb093a4ff88c7c19a2d36cc33a, State: Running, Role: LEADER
I20260709 14:52:31.947897 16782 consensus_queue.cc:237] T 04b11caf0d2a420eadb4549e784a0408 P e63c19cb093a4ff88c7c19a2d36cc33a [LEADER]: Queue going to LEADER mode. State: All replicated index: 0, Majority replicated index: 0, Committed index: 0, Last appended: 0.0, Last appended by leader: 0, Current term: 1, Majority size: 2, State: 0, Mode: LEADER, active raft config: opid_index: -1 OBSOLETE_local: false peers { permanent_uuid: "bf73cc0235614316a00c4c0c8b8bf7d4" member_type: VOTER last_known_addr { host: "127.14.250.1" port: 40769 } } peers { permanent_uuid: "e63c19cb093a4ff88c7c19a2d36cc33a" member_type: VOTER last_known_addr { host: "127.14.250.2" port: 33791 } } peers { permanent_uuid: "6c004ff11fbd40c697b95fda13feb3e6" member_type: VOTER last_known_addr { host: "127.14.250.3" port: 41307 } }
I20260709 14:52:31.959240 16643 raft_consensus.cc:515] T 715e5d9ae7924a149023e37fa84788b5 P 6c004ff11fbd40c697b95fda13feb3e6 [term 1 FOLLOWER]: Starting leader election with config: opid_index: -1 OBSOLETE_local: false peers { permanent_uuid: "bf73cc0235614316a00c4c0c8b8bf7d4" member_type: VOTER last_known_addr { host: "127.14.250.1" port: 40769 } } peers { permanent_uuid: "e63c19cb093a4ff88c7c19a2d36cc33a" member_type: VOTER last_known_addr { host: "127.14.250.2" port: 33791 } } peers { permanent_uuid: "6c004ff11fbd40c697b95fda13feb3e6" member_type: VOTER last_known_addr { host: "127.14.250.3" port: 41307 } }
I20260709 14:52:31.955925 16478 leader_election.cc:304] T 715e5d9ae7924a149023e37fa84788b5 P e63c19cb093a4ff88c7c19a2d36cc33a [CANDIDATE]: Term 1 pre-election: Election decided. Result: candidate won. Election summary: received 2 responses out of 3 voters: 2 yes votes; 0 no votes. yes voters: bf73cc0235614316a00c4c0c8b8bf7d4, e63c19cb093a4ff88c7c19a2d36cc33a; no voters: 
I20260709 14:52:31.967659 16632 raft_consensus.cc:2804] T 715e5d9ae7924a149023e37fa84788b5 P e63c19cb093a4ff88c7c19a2d36cc33a [term 0 FOLLOWER]: Leader pre-election won for term 1
I20260709 14:52:31.968058 16632 raft_consensus.cc:493] T 715e5d9ae7924a149023e37fa84788b5 P e63c19cb093a4ff88c7c19a2d36cc33a [term 0 FOLLOWER]: Starting leader election (no leader contacted us within the election timeout)
I20260709 14:52:31.968379 16632 raft_consensus.cc:3060] T 715e5d9ae7924a149023e37fa84788b5 P e63c19cb093a4ff88c7c19a2d36cc33a [term 0 FOLLOWER]: Advancing to term 1
I20260709 14:52:31.973786 16437 tablet_service.cc:1917] Received RequestConsensusVote() RPC: tablet_id: "715e5d9ae7924a149023e37fa84788b5" candidate_uuid: "6c004ff11fbd40c697b95fda13feb3e6" candidate_term: 1 candidate_status { last_received { term: 0 index: 0 } } ignore_live_leader: false dest_uuid: "bf73cc0235614316a00c4c0c8b8bf7d4"
I20260709 14:52:31.974905 16437 raft_consensus.cc:3060] T 715e5d9ae7924a149023e37fa84788b5 P bf73cc0235614316a00c4c0c8b8bf7d4 [term 0 FOLLOWER]: Advancing to term 1
W20260709 14:52:31.975601 16552 leader_election.cc:343] T 4a6775d277e945f5bb74cbfeb0838d2c P 6c004ff11fbd40c697b95fda13feb3e6 [CANDIDATE]: Term 1 election: Tablet error from VoteRequest() call to peer e63c19cb093a4ff88c7c19a2d36cc33a (127.14.250.2:33791): Illegal state: must be running to vote when last-logged opid is not known
I20260709 14:52:31.975853 16632 raft_consensus.cc:515] T 715e5d9ae7924a149023e37fa84788b5 P e63c19cb093a4ff88c7c19a2d36cc33a [term 1 FOLLOWER]: Starting leader election with config: opid_index: -1 OBSOLETE_local: false peers { permanent_uuid: "bf73cc0235614316a00c4c0c8b8bf7d4" member_type: VOTER last_known_addr { host: "127.14.250.1" port: 40769 } } peers { permanent_uuid: "e63c19cb093a4ff88c7c19a2d36cc33a" member_type: VOTER last_known_addr { host: "127.14.250.2" port: 33791 } } peers { permanent_uuid: "6c004ff11fbd40c697b95fda13feb3e6" member_type: VOTER last_known_addr { host: "127.14.250.3" port: 41307 } }
I20260709 14:52:31.982534 16631 tablet_bootstrap.cc:654] T 867a4c5f9f84497a8eb4ad7cea025293 P bf73cc0235614316a00c4c0c8b8bf7d4: Neither blocks nor log segments found. Creating new log.
I20260709 14:52:31.968374 16643 leader_election.cc:290] T 715e5d9ae7924a149023e37fa84788b5 P 6c004ff11fbd40c697b95fda13feb3e6 [CANDIDATE]: Term 1 election: Requested vote from peers bf73cc0235614316a00c4c0c8b8bf7d4 (127.14.250.1:40769), e63c19cb093a4ff88c7c19a2d36cc33a (127.14.250.2:33791)
I20260709 14:52:31.981904 16791 consensus_queue.cc:1048] T 5a7cf595483b450d8ec7e246d3d5a6df P 6c004ff11fbd40c697b95fda13feb3e6 [LEADER]: Connected to new peer: Peer: permanent_uuid: "e63c19cb093a4ff88c7c19a2d36cc33a" member_type: VOTER last_known_addr { host: "127.14.250.2" port: 33791 }, Status: LMP_MISMATCH, Last received: 0.0, Next index: 1, Last known committed idx: 0, Time since last communication: 0.001s
I20260709 14:52:31.983661 16511 tablet_service.cc:1917] Received RequestConsensusVote() RPC: tablet_id: "715e5d9ae7924a149023e37fa84788b5" candidate_uuid: "6c004ff11fbd40c697b95fda13feb3e6" candidate_term: 1 candidate_status { last_received { term: 0 index: 0 } } ignore_live_leader: false dest_uuid: "e63c19cb093a4ff88c7c19a2d36cc33a"
I20260709 14:52:31.984444 16511 raft_consensus.cc:2393] T 715e5d9ae7924a149023e37fa84788b5 P e63c19cb093a4ff88c7c19a2d36cc33a [term 1 FOLLOWER]: Leader election vote request: Denying vote to candidate 6c004ff11fbd40c697b95fda13feb3e6 in current term 1: Already voted for candidate e63c19cb093a4ff88c7c19a2d36cc33a in this term.
I20260709 14:52:31.984637 16632 leader_election.cc:290] T 715e5d9ae7924a149023e37fa84788b5 P e63c19cb093a4ff88c7c19a2d36cc33a [CANDIDATE]: Term 1 election: Requested vote from peers bf73cc0235614316a00c4c0c8b8bf7d4 (127.14.250.1:40769), 6c004ff11fbd40c697b95fda13feb3e6 (127.14.250.3:41307)
I20260709 14:52:31.984843 16633 tablet_bootstrap.cc:654] T 846322edbcca4ceca71378655bedc630 P 6c004ff11fbd40c697b95fda13feb3e6: Neither blocks nor log segments found. Creating new log.
I20260709 14:52:31.985672 16335 catalog_manager.cc:5697] T e80396af2dd649c4b6c6919d0918f32a P bf73cc0235614316a00c4c0c8b8bf7d4 reported cstate change: term changed from 0 to 1, leader changed from <none> to bf73cc0235614316a00c4c0c8b8bf7d4 (127.14.250.1). New cstate: current_term: 1 leader_uuid: "bf73cc0235614316a00c4c0c8b8bf7d4" committed_config { opid_index: -1 OBSOLETE_local: false peers { permanent_uuid: "bf73cc0235614316a00c4c0c8b8bf7d4" member_type: VOTER last_known_addr { host: "127.14.250.1" port: 40769 } health_report { overall_health: HEALTHY } } peers { permanent_uuid: "e63c19cb093a4ff88c7c19a2d36cc33a" member_type: VOTER last_known_addr { host: "127.14.250.2" port: 33791 } health_report { overall_health: UNKNOWN } } peers { permanent_uuid: "6c004ff11fbd40c697b95fda13feb3e6" member_type: VOTER last_known_addr { host: "127.14.250.3" port: 41307 } health_report { overall_health: UNKNOWN } } }
I20260709 14:52:31.988431 16629 tablet_bootstrap.cc:654] T fc6f1945ed85468d8e0db19abe50515f P e63c19cb093a4ff88c7c19a2d36cc33a: Neither blocks nor log segments found. Creating new log.
I20260709 14:52:31.989360 16437 raft_consensus.cc:2468] T 715e5d9ae7924a149023e37fa84788b5 P bf73cc0235614316a00c4c0c8b8bf7d4 [term 1 FOLLOWER]: Leader election vote request: Granting yes vote for candidate 6c004ff11fbd40c697b95fda13feb3e6 in term 1.
I20260709 14:52:31.992694 16800 raft_consensus.cc:493] T 41fa307aa174458f902c4206b6292811 P bf73cc0235614316a00c4c0c8b8bf7d4 [term 0 FOLLOWER]: Starting pre-election (no leader contacted us within the election timeout)
W20260709 14:52:31.989014 16478 leader_election.cc:343] T 78e423fbd27445c2b81b39e749f31568 P e63c19cb093a4ff88c7c19a2d36cc33a [CANDIDATE]: Term 1 pre-election: Tablet error from VoteRequest() call to peer bf73cc0235614316a00c4c0c8b8bf7d4 (127.14.250.1:40769): Illegal state: must be running to vote when last-logged opid is not known
I20260709 14:52:31.996968 16478 leader_election.cc:304] T 846322edbcca4ceca71378655bedc630 P e63c19cb093a4ff88c7c19a2d36cc33a [CANDIDATE]: Term 1 election: Election decided. Result: candidate won. Election summary: received 2 responses out of 3 voters: 2 yes votes; 0 no votes. yes voters: bf73cc0235614316a00c4c0c8b8bf7d4, e63c19cb093a4ff88c7c19a2d36cc33a; no voters: 
I20260709 14:52:31.999373 16438 raft_consensus.cc:2468] T 4a6775d277e945f5bb74cbfeb0838d2c P bf73cc0235614316a00c4c0c8b8bf7d4 [term 1 FOLLOWER]: Leader election vote request: Granting yes vote for candidate 6c004ff11fbd40c697b95fda13feb3e6 in term 1.
I20260709 14:52:32.000064 16632 raft_consensus.cc:2804] T 846322edbcca4ceca71378655bedc630 P e63c19cb093a4ff88c7c19a2d36cc33a [term 1 FOLLOWER]: Leader election won for term 1
I20260709 14:52:32.009145 16632 raft_consensus.cc:697] T 846322edbcca4ceca71378655bedc630 P e63c19cb093a4ff88c7c19a2d36cc33a [term 1 LEADER]: Becoming Leader. State: Replica: e63c19cb093a4ff88c7c19a2d36cc33a, State: Running, Role: LEADER
I20260709 14:52:32.009981 16632 consensus_queue.cc:237] T 846322edbcca4ceca71378655bedc630 P e63c19cb093a4ff88c7c19a2d36cc33a [LEADER]: Queue going to LEADER mode. State: All replicated index: 0, Majority replicated index: 0, Committed index: 0, Last appended: 0.0, Last appended by leader: 0, Current term: 1, Majority size: 2, State: 0, Mode: LEADER, active raft config: opid_index: -1 OBSOLETE_local: false peers { permanent_uuid: "bf73cc0235614316a00c4c0c8b8bf7d4" member_type: VOTER last_known_addr { host: "127.14.250.1" port: 40769 } } peers { permanent_uuid: "e63c19cb093a4ff88c7c19a2d36cc33a" member_type: VOTER last_known_addr { host: "127.14.250.2" port: 33791 } } peers { permanent_uuid: "6c004ff11fbd40c697b95fda13feb3e6" member_type: VOTER last_known_addr { host: "127.14.250.3" port: 41307 } }
I20260709 14:52:32.014046 16437 tablet_service.cc:1917] Received RequestConsensusVote() RPC: tablet_id: "4c43c55145e744189b186530b7642505" candidate_uuid: "e63c19cb093a4ff88c7c19a2d36cc33a" candidate_term: 2 candidate_status { last_received { term: 0 index: 0 } } ignore_live_leader: false dest_uuid: "bf73cc0235614316a00c4c0c8b8bf7d4" is_pre_election: true
I20260709 14:52:31.999766 16800 raft_consensus.cc:515] T 41fa307aa174458f902c4206b6292811 P bf73cc0235614316a00c4c0c8b8bf7d4 [term 0 FOLLOWER]: Starting pre-election with config: opid_index: -1 OBSOLETE_local: false peers { permanent_uuid: "bf73cc0235614316a00c4c0c8b8bf7d4" member_type: VOTER last_known_addr { host: "127.14.250.1" port: 40769 } } peers { permanent_uuid: "e63c19cb093a4ff88c7c19a2d36cc33a" member_type: VOTER last_known_addr { host: "127.14.250.2" port: 33791 } } peers { permanent_uuid: "6c004ff11fbd40c697b95fda13feb3e6" member_type: VOTER last_known_addr { host: "127.14.250.3" port: 41307 } }
I20260709 14:52:32.021899 16552 leader_election.cc:304] T 715e5d9ae7924a149023e37fa84788b5 P 6c004ff11fbd40c697b95fda13feb3e6 [CANDIDATE]: Term 1 election: Election decided. Result: candidate won. Election summary: received 2 responses out of 3 voters: 2 yes votes; 0 no votes. yes voters: 6c004ff11fbd40c697b95fda13feb3e6, bf73cc0235614316a00c4c0c8b8bf7d4; no voters: 
I20260709 14:52:32.022644 16643 raft_consensus.cc:2804] T 715e5d9ae7924a149023e37fa84788b5 P 6c004ff11fbd40c697b95fda13feb3e6 [term 1 FOLLOWER]: Leader election won for term 1
I20260709 14:52:32.026633 16643 raft_consensus.cc:697] T 715e5d9ae7924a149023e37fa84788b5 P 6c004ff11fbd40c697b95fda13feb3e6 [term 1 LEADER]: Becoming Leader. State: Replica: 6c004ff11fbd40c697b95fda13feb3e6, State: Running, Role: LEADER
I20260709 14:52:32.029552 16438 tablet_service.cc:1917] Received RequestConsensusVote() RPC: tablet_id: "715e5d9ae7924a149023e37fa84788b5" candidate_uuid: "e63c19cb093a4ff88c7c19a2d36cc33a" candidate_term: 1 candidate_status { last_received { term: 0 index: 0 } } ignore_live_leader: false dest_uuid: "bf73cc0235614316a00c4c0c8b8bf7d4"
I20260709 14:52:32.029910 16643 consensus_queue.cc:237] T 715e5d9ae7924a149023e37fa84788b5 P 6c004ff11fbd40c697b95fda13feb3e6 [LEADER]: Queue going to LEADER mode. State: All replicated index: 0, Majority replicated index: 0, Committed index: 0, Last appended: 0.0, Last appended by leader: 0, Current term: 1, Majority size: 2, State: 0, Mode: LEADER, active raft config: opid_index: -1 OBSOLETE_local: false peers { permanent_uuid: "bf73cc0235614316a00c4c0c8b8bf7d4" member_type: VOTER last_known_addr { host: "127.14.250.1" port: 40769 } } peers { permanent_uuid: "e63c19cb093a4ff88c7c19a2d36cc33a" member_type: VOTER last_known_addr { host: "127.14.250.2" port: 33791 } } peers { permanent_uuid: "6c004ff11fbd40c697b95fda13feb3e6" member_type: VOTER last_known_addr { host: "127.14.250.3" port: 41307 } }
I20260709 14:52:32.030562 16438 raft_consensus.cc:2393] T 715e5d9ae7924a149023e37fa84788b5 P bf73cc0235614316a00c4c0c8b8bf7d4 [term 1 FOLLOWER]: Leader election vote request: Denying vote to candidate e63c19cb093a4ff88c7c19a2d36cc33a in current term 1: Already voted for candidate 6c004ff11fbd40c697b95fda13feb3e6 in this term.
I20260709 14:52:32.039561 16631 tablet_bootstrap.cc:492] T 867a4c5f9f84497a8eb4ad7cea025293 P bf73cc0235614316a00c4c0c8b8bf7d4: No bootstrap required, opened a new log
I20260709 14:52:32.039620 16800 leader_election.cc:290] T 41fa307aa174458f902c4206b6292811 P bf73cc0235614316a00c4c0c8b8bf7d4 [CANDIDATE]: Term 1 pre-election: Requested pre-vote from peers e63c19cb093a4ff88c7c19a2d36cc33a (127.14.250.2:33791), 6c004ff11fbd40c697b95fda13feb3e6 (127.14.250.3:41307)
I20260709 14:52:32.040104 16631 ts_tablet_manager.cc:1403] T 867a4c5f9f84497a8eb4ad7cea025293 P bf73cc0235614316a00c4c0c8b8bf7d4: Time spent bootstrapping tablet: real 0.120s	user 0.015s	sys 0.025s
I20260709 14:52:32.042050 16631 raft_consensus.cc:359] T 867a4c5f9f84497a8eb4ad7cea025293 P bf73cc0235614316a00c4c0c8b8bf7d4 [term 0 FOLLOWER]: Replica starting. Triggering 0 pending ops. Active config: opid_index: -1 OBSOLETE_local: false peers { permanent_uuid: "bf73cc0235614316a00c4c0c8b8bf7d4" member_type: VOTER last_known_addr { host: "127.14.250.1" port: 40769 } } peers { permanent_uuid: "e63c19cb093a4ff88c7c19a2d36cc33a" member_type: VOTER last_known_addr { host: "127.14.250.2" port: 33791 } } peers { permanent_uuid: "6c004ff11fbd40c697b95fda13feb3e6" member_type: VOTER last_known_addr { host: "127.14.250.3" port: 41307 } }
I20260709 14:52:32.042461 16631 raft_consensus.cc:385] T 867a4c5f9f84497a8eb4ad7cea025293 P bf73cc0235614316a00c4c0c8b8bf7d4 [term 0 FOLLOWER]: Consensus starting up: Expiring failure detector timer to make a prompt election more likely
I20260709 14:52:32.042658 16631 raft_consensus.cc:740] T 867a4c5f9f84497a8eb4ad7cea025293 P bf73cc0235614316a00c4c0c8b8bf7d4 [term 0 FOLLOWER]: Becoming Follower/Learner. State: Replica: bf73cc0235614316a00c4c0c8b8bf7d4, State: Initialized, Role: FOLLOWER
I20260709 14:52:32.043704 16588 tablet_service.cc:1917] Received RequestConsensusVote() RPC: tablet_id: "41fa307aa174458f902c4206b6292811" candidate_uuid: "bf73cc0235614316a00c4c0c8b8bf7d4" candidate_term: 1 candidate_status { last_received { term: 0 index: 0 } } ignore_live_leader: false dest_uuid: "6c004ff11fbd40c697b95fda13feb3e6" is_pre_election: true
W20260709 14:52:32.045118 16403 leader_election.cc:343] T 41fa307aa174458f902c4206b6292811 P bf73cc0235614316a00c4c0c8b8bf7d4 [CANDIDATE]: Term 1 pre-election: Tablet error from VoteRequest() call to peer 6c004ff11fbd40c697b95fda13feb3e6 (127.14.250.3:41307): Illegal state: must be running to vote when last-logged opid is not known
I20260709 14:52:32.043088 16631 consensus_queue.cc:260] T 867a4c5f9f84497a8eb4ad7cea025293 P bf73cc0235614316a00c4c0c8b8bf7d4 [NON_LEADER]: Queue going to NON_LEADER mode. State: All replicated index: 0, Majority replicated index: 0, Committed index: 0, Last appended: 0.0, Last appended by leader: 0, Current term: 0, Majority size: -1, State: 0, Mode: NON_LEADER, active raft config: opid_index: -1 OBSOLETE_local: false peers { permanent_uuid: "bf73cc0235614316a00c4c0c8b8bf7d4" member_type: VOTER last_known_addr { host: "127.14.250.1" port: 40769 } } peers { permanent_uuid: "e63c19cb093a4ff88c7c19a2d36cc33a" member_type: VOTER last_known_addr { host: "127.14.250.2" port: 33791 } } peers { permanent_uuid: "6c004ff11fbd40c697b95fda13feb3e6" member_type: VOTER last_known_addr { host: "127.14.250.3" port: 41307 } }
I20260709 14:52:32.047222 16631 ts_tablet_manager.cc:1434] T 867a4c5f9f84497a8eb4ad7cea025293 P bf73cc0235614316a00c4c0c8b8bf7d4: Time spent starting tablet: real 0.007s	user 0.004s	sys 0.000s
I20260709 14:52:32.052969 16510 tablet_service.cc:1917] Received RequestConsensusVote() RPC: tablet_id: "41fa307aa174458f902c4206b6292811" candidate_uuid: "bf73cc0235614316a00c4c0c8b8bf7d4" candidate_term: 1 candidate_status { last_received { term: 0 index: 0 } } ignore_live_leader: false dest_uuid: "e63c19cb093a4ff88c7c19a2d36cc33a" is_pre_election: true
I20260709 14:52:32.053606 16510 raft_consensus.cc:2468] T 41fa307aa174458f902c4206b6292811 P e63c19cb093a4ff88c7c19a2d36cc33a [term 0 FOLLOWER]: Leader pre-election vote request: Granting yes vote for candidate bf73cc0235614316a00c4c0c8b8bf7d4 in term 0.
I20260709 14:52:32.027227 16552 leader_election.cc:304] T 4a6775d277e945f5bb74cbfeb0838d2c P 6c004ff11fbd40c697b95fda13feb3e6 [CANDIDATE]: Term 1 election: Election decided. Result: candidate won. Election summary: received 3 responses out of 3 voters: 2 yes votes; 1 no votes. yes voters: 6c004ff11fbd40c697b95fda13feb3e6, bf73cc0235614316a00c4c0c8b8bf7d4; no voters: e63c19cb093a4ff88c7c19a2d36cc33a
I20260709 14:52:32.056839 16631 tablet_bootstrap.cc:492] T 06b41fb5f81848789491701b350a18e7 P bf73cc0235614316a00c4c0c8b8bf7d4: Bootstrap starting.
I20260709 14:52:32.060437 16800 raft_consensus.cc:493] T 867a4c5f9f84497a8eb4ad7cea025293 P bf73cc0235614316a00c4c0c8b8bf7d4 [term 0 FOLLOWER]: Starting pre-election (no leader contacted us within the election timeout)
I20260709 14:52:32.055579 16791 raft_consensus.cc:2804] T 4a6775d277e945f5bb74cbfeb0838d2c P 6c004ff11fbd40c697b95fda13feb3e6 [term 1 FOLLOWER]: Leader election won for term 1
I20260709 14:52:32.068701 16791 raft_consensus.cc:697] T 4a6775d277e945f5bb74cbfeb0838d2c P 6c004ff11fbd40c697b95fda13feb3e6 [term 1 LEADER]: Becoming Leader. State: Replica: 6c004ff11fbd40c697b95fda13feb3e6, State: Running, Role: LEADER
I20260709 14:52:32.069613 16791 consensus_queue.cc:237] T 4a6775d277e945f5bb74cbfeb0838d2c P 6c004ff11fbd40c697b95fda13feb3e6 [LEADER]: Queue going to LEADER mode. State: All replicated index: 0, Majority replicated index: 0, Committed index: 0, Last appended: 0.0, Last appended by leader: 0, Current term: 1, Majority size: 2, State: 0, Mode: LEADER, active raft config: opid_index: -1 OBSOLETE_local: false peers { permanent_uuid: "bf73cc0235614316a00c4c0c8b8bf7d4" member_type: VOTER last_known_addr { host: "127.14.250.1" port: 40769 } } peers { permanent_uuid: "e63c19cb093a4ff88c7c19a2d36cc33a" member_type: VOTER last_known_addr { host: "127.14.250.2" port: 33791 } } peers { permanent_uuid: "6c004ff11fbd40c697b95fda13feb3e6" member_type: VOTER last_known_addr { host: "127.14.250.3" port: 41307 } }
W20260709 14:52:32.080879 16386 auto_rebalancer.cc:288] Could not retrieve cluster info: Service unavailable: Tablet not running
I20260709 14:52:32.091058 16588 tablet_service.cc:1917] Received RequestConsensusVote() RPC: tablet_id: "4c43c55145e744189b186530b7642505" candidate_uuid: "e63c19cb093a4ff88c7c19a2d36cc33a" candidate_term: 2 candidate_status { last_received { term: 0 index: 0 } } ignore_live_leader: false dest_uuid: "6c004ff11fbd40c697b95fda13feb3e6" is_pre_election: true
W20260709 14:52:32.092613 16478 leader_election.cc:343] T 846322edbcca4ceca71378655bedc630 P e63c19cb093a4ff88c7c19a2d36cc33a [CANDIDATE]: Term 1 election: Tablet error from VoteRequest() call to peer 6c004ff11fbd40c697b95fda13feb3e6 (127.14.250.3:41307): Illegal state: must be running to vote when last-logged opid is not known
I20260709 14:52:32.092924 16588 tablet_service.cc:1917] Received RequestConsensusVote() RPC: tablet_id: "715e5d9ae7924a149023e37fa84788b5" candidate_uuid: "e63c19cb093a4ff88c7c19a2d36cc33a" candidate_term: 1 candidate_status { last_received { term: 0 index: 0 } } ignore_live_leader: false dest_uuid: "6c004ff11fbd40c697b95fda13feb3e6"
W20260709 14:52:32.094902 16478 leader_election.cc:343] T 78e423fbd27445c2b81b39e749f31568 P e63c19cb093a4ff88c7c19a2d36cc33a [CANDIDATE]: Term 1 pre-election: Tablet error from VoteRequest() call to peer 6c004ff11fbd40c697b95fda13feb3e6 (127.14.250.3:41307): Illegal state: must be running to vote when last-logged opid is not known
I20260709 14:52:32.096024 16478 leader_election.cc:304] T 78e423fbd27445c2b81b39e749f31568 P e63c19cb093a4ff88c7c19a2d36cc33a [CANDIDATE]: Term 1 pre-election: Election decided. Result: candidate lost. Election summary: received 3 responses out of 3 voters: 1 yes votes; 2 no votes. yes voters: e63c19cb093a4ff88c7c19a2d36cc33a; no voters: 6c004ff11fbd40c697b95fda13feb3e6, bf73cc0235614316a00c4c0c8b8bf7d4
I20260709 14:52:32.072009 16800 raft_consensus.cc:515] T 867a4c5f9f84497a8eb4ad7cea025293 P bf73cc0235614316a00c4c0c8b8bf7d4 [term 0 FOLLOWER]: Starting pre-election with config: opid_index: -1 OBSOLETE_local: false peers { permanent_uuid: "bf73cc0235614316a00c4c0c8b8bf7d4" member_type: VOTER last_known_addr { host: "127.14.250.1" port: 40769 } } peers { permanent_uuid: "e63c19cb093a4ff88c7c19a2d36cc33a" member_type: VOTER last_known_addr { host: "127.14.250.2" port: 33791 } } peers { permanent_uuid: "6c004ff11fbd40c697b95fda13feb3e6" member_type: VOTER last_known_addr { host: "127.14.250.3" port: 41307 } }
I20260709 14:52:32.096751 16782 raft_consensus.cc:2749] T 78e423fbd27445c2b81b39e749f31568 P e63c19cb093a4ff88c7c19a2d36cc33a [term 0 FOLLOWER]: Leader pre-election lost for term 1. Reason: could not achieve majority
I20260709 14:52:32.096815 16796 consensus_queue.cc:1048] T 5a7cf595483b450d8ec7e246d3d5a6df P 6c004ff11fbd40c697b95fda13feb3e6 [LEADER]: Connected to new peer: Peer: permanent_uuid: "bf73cc0235614316a00c4c0c8b8bf7d4" member_type: VOTER last_known_addr { host: "127.14.250.1" port: 40769 }, Status: LMP_MISMATCH, Last received: 0.0, Next index: 1, Last known committed idx: 0, Time since last communication: 0.004s
I20260709 14:52:32.105911 16403 leader_election.cc:304] T 41fa307aa174458f902c4206b6292811 P bf73cc0235614316a00c4c0c8b8bf7d4 [CANDIDATE]: Term 1 pre-election: Election decided. Result: candidate won. Election summary: received 3 responses out of 3 voters: 2 yes votes; 1 no votes. yes voters: bf73cc0235614316a00c4c0c8b8bf7d4, e63c19cb093a4ff88c7c19a2d36cc33a; no voters: 6c004ff11fbd40c697b95fda13feb3e6
I20260709 14:52:32.107535 16759 raft_consensus.cc:2804] T 41fa307aa174458f902c4206b6292811 P bf73cc0235614316a00c4c0c8b8bf7d4 [term 0 FOLLOWER]: Leader pre-election won for term 1
I20260709 14:52:32.108039 16759 raft_consensus.cc:493] T 41fa307aa174458f902c4206b6292811 P bf73cc0235614316a00c4c0c8b8bf7d4 [term 0 FOLLOWER]: Starting leader election (no leader contacted us within the election timeout)
I20260709 14:52:32.108022 16798 consensus_queue.cc:1048] T fc6f1945ed85468d8e0db19abe50515f P bf73cc0235614316a00c4c0c8b8bf7d4 [LEADER]: Connected to new peer: Peer: permanent_uuid: "6c004ff11fbd40c697b95fda13feb3e6" member_type: VOTER last_known_addr { host: "127.14.250.3" port: 41307 }, Status: LMP_MISMATCH, Last received: 0.0, Next index: 1, Last known committed idx: 0, Time since last communication: 0.001s
I20260709 14:52:32.108583 16759 raft_consensus.cc:3060] T 41fa307aa174458f902c4206b6292811 P bf73cc0235614316a00c4c0c8b8bf7d4 [term 0 FOLLOWER]: Advancing to term 1
W20260709 14:52:32.111155 16403 consensus_peers.cc:597] T fc6f1945ed85468d8e0db19abe50515f P bf73cc0235614316a00c4c0c8b8bf7d4 -> Peer e63c19cb093a4ff88c7c19a2d36cc33a (127.14.250.2:33791): Couldn't send request to peer e63c19cb093a4ff88c7c19a2d36cc33a. Error code: TABLET_NOT_RUNNING (12). Status: Illegal state: Tablet not RUNNING: BOOTSTRAPPING. This is attempt 1: this message will repeat every 5th retry.
I20260709 14:52:32.115659 16759 raft_consensus.cc:515] T 41fa307aa174458f902c4206b6292811 P bf73cc0235614316a00c4c0c8b8bf7d4 [term 1 FOLLOWER]: Starting leader election with config: opid_index: -1 OBSOLETE_local: false peers { permanent_uuid: "bf73cc0235614316a00c4c0c8b8bf7d4" member_type: VOTER last_known_addr { host: "127.14.250.1" port: 40769 } } peers { permanent_uuid: "e63c19cb093a4ff88c7c19a2d36cc33a" member_type: VOTER last_known_addr { host: "127.14.250.2" port: 33791 } } peers { permanent_uuid: "6c004ff11fbd40c697b95fda13feb3e6" member_type: VOTER last_known_addr { host: "127.14.250.3" port: 41307 } }
I20260709 14:52:32.119526 16800 leader_election.cc:290] T 867a4c5f9f84497a8eb4ad7cea025293 P bf73cc0235614316a00c4c0c8b8bf7d4 [CANDIDATE]: Term 1 pre-election: Requested pre-vote from peers e63c19cb093a4ff88c7c19a2d36cc33a (127.14.250.2:33791), 6c004ff11fbd40c697b95fda13feb3e6 (127.14.250.3:41307)
I20260709 14:52:32.120070 16759 leader_election.cc:290] T 41fa307aa174458f902c4206b6292811 P bf73cc0235614316a00c4c0c8b8bf7d4 [CANDIDATE]: Term 1 election: Requested vote from peers e63c19cb093a4ff88c7c19a2d36cc33a (127.14.250.2:33791), 6c004ff11fbd40c697b95fda13feb3e6 (127.14.250.3:41307)
I20260709 14:52:32.120529 16586 tablet_service.cc:1917] Received RequestConsensusVote() RPC: tablet_id: "867a4c5f9f84497a8eb4ad7cea025293" candidate_uuid: "bf73cc0235614316a00c4c0c8b8bf7d4" candidate_term: 1 candidate_status { last_received { term: 0 index: 0 } } ignore_live_leader: false dest_uuid: "6c004ff11fbd40c697b95fda13feb3e6" is_pre_election: true
I20260709 14:52:32.121227 16629 tablet_bootstrap.cc:492] T fc6f1945ed85468d8e0db19abe50515f P e63c19cb093a4ff88c7c19a2d36cc33a: No bootstrap required, opened a new log
I20260709 14:52:32.121599 16629 ts_tablet_manager.cc:1403] T fc6f1945ed85468d8e0db19abe50515f P e63c19cb093a4ff88c7c19a2d36cc33a: Time spent bootstrapping tablet: real 0.205s	user 0.019s	sys 0.012s
I20260709 14:52:32.122924 16586 tablet_service.cc:1917] Received RequestConsensusVote() RPC: tablet_id: "41fa307aa174458f902c4206b6292811" candidate_uuid: "bf73cc0235614316a00c4c0c8b8bf7d4" candidate_term: 1 candidate_status { last_received { term: 0 index: 0 } } ignore_live_leader: false dest_uuid: "6c004ff11fbd40c697b95fda13feb3e6"
I20260709 14:52:32.123443 16629 raft_consensus.cc:359] T fc6f1945ed85468d8e0db19abe50515f P e63c19cb093a4ff88c7c19a2d36cc33a [term 0 FOLLOWER]: Replica starting. Triggering 0 pending ops. Active config: opid_index: -1 OBSOLETE_local: false peers { permanent_uuid: "bf73cc0235614316a00c4c0c8b8bf7d4" member_type: VOTER last_known_addr { host: "127.14.250.1" port: 40769 } } peers { permanent_uuid: "e63c19cb093a4ff88c7c19a2d36cc33a" member_type: VOTER last_known_addr { host: "127.14.250.2" port: 33791 } } peers { permanent_uuid: "6c004ff11fbd40c697b95fda13feb3e6" member_type: VOTER last_known_addr { host: "127.14.250.3" port: 41307 } }
I20260709 14:52:32.123960 16629 raft_consensus.cc:385] T fc6f1945ed85468d8e0db19abe50515f P e63c19cb093a4ff88c7c19a2d36cc33a [term 0 FOLLOWER]: Consensus starting up: Expiring failure detector timer to make a prompt election more likely
I20260709 14:52:32.124176 16629 raft_consensus.cc:740] T fc6f1945ed85468d8e0db19abe50515f P e63c19cb093a4ff88c7c19a2d36cc33a [term 0 FOLLOWER]: Becoming Follower/Learner. State: Replica: e63c19cb093a4ff88c7c19a2d36cc33a, State: Initialized, Role: FOLLOWER
I20260709 14:52:32.112396 16633 tablet_bootstrap.cc:492] T 846322edbcca4ceca71378655bedc630 P 6c004ff11fbd40c697b95fda13feb3e6: No bootstrap required, opened a new log
W20260709 14:52:32.124845 16403 leader_election.cc:343] T 41fa307aa174458f902c4206b6292811 P bf73cc0235614316a00c4c0c8b8bf7d4 [CANDIDATE]: Term 1 election: Tablet error from VoteRequest() call to peer 6c004ff11fbd40c697b95fda13feb3e6 (127.14.250.3:41307): Illegal state: must be running to vote when last-logged opid is not known
I20260709 14:52:32.125079 16633 ts_tablet_manager.cc:1403] T 846322edbcca4ceca71378655bedc630 P 6c004ff11fbd40c697b95fda13feb3e6: Time spent bootstrapping tablet: real 0.179s	user 0.012s	sys 0.009s
I20260709 14:52:32.124758 16629 consensus_queue.cc:260] T fc6f1945ed85468d8e0db19abe50515f P e63c19cb093a4ff88c7c19a2d36cc33a [NON_LEADER]: Queue going to NON_LEADER mode. State: All replicated index: 0, Majority replicated index: 0, Committed index: 0, Last appended: 0.0, Last appended by leader: 0, Current term: 0, Majority size: -1, State: 0, Mode: NON_LEADER, active raft config: opid_index: -1 OBSOLETE_local: false peers { permanent_uuid: "bf73cc0235614316a00c4c0c8b8bf7d4" member_type: VOTER last_known_addr { host: "127.14.250.1" port: 40769 } } peers { permanent_uuid: "e63c19cb093a4ff88c7c19a2d36cc33a" member_type: VOTER last_known_addr { host: "127.14.250.2" port: 33791 } } peers { permanent_uuid: "6c004ff11fbd40c697b95fda13feb3e6" member_type: VOTER last_known_addr { host: "127.14.250.3" port: 41307 } }
I20260709 14:52:32.126775 16629 ts_tablet_manager.cc:1434] T fc6f1945ed85468d8e0db19abe50515f P e63c19cb093a4ff88c7c19a2d36cc33a: Time spent starting tablet: real 0.005s	user 0.003s	sys 0.000s
I20260709 14:52:32.127669 16629 tablet_bootstrap.cc:492] T 843199c476c94e27aede31cf97fe5adf P e63c19cb093a4ff88c7c19a2d36cc33a: Bootstrap starting.
I20260709 14:52:32.128782 16631 tablet_bootstrap.cc:654] T 06b41fb5f81848789491701b350a18e7 P bf73cc0235614316a00c4c0c8b8bf7d4: Neither blocks nor log segments found. Creating new log.
I20260709 14:52:32.129110 16633 raft_consensus.cc:359] T 846322edbcca4ceca71378655bedc630 P 6c004ff11fbd40c697b95fda13feb3e6 [term 0 FOLLOWER]: Replica starting. Triggering 0 pending ops. Active config: opid_index: -1 OBSOLETE_local: false peers { permanent_uuid: "bf73cc0235614316a00c4c0c8b8bf7d4" member_type: VOTER last_known_addr { host: "127.14.250.1" port: 40769 } } peers { permanent_uuid: "e63c19cb093a4ff88c7c19a2d36cc33a" member_type: VOTER last_known_addr { host: "127.14.250.2" port: 33791 } } peers { permanent_uuid: "6c004ff11fbd40c697b95fda13feb3e6" member_type: VOTER last_known_addr { host: "127.14.250.3" port: 41307 } }
I20260709 14:52:32.129765 16633 raft_consensus.cc:385] T 846322edbcca4ceca71378655bedc630 P 6c004ff11fbd40c697b95fda13feb3e6 [term 0 FOLLOWER]: Consensus starting up: Expiring failure detector timer to make a prompt election more likely
