I20260709 14:52:18.263834  7156 ts_tablet_manager.cc:1434] T 70b5393d9c0044c9adfe611722976538 P b700e183df5342608f116bc52d9f443a: Time spent starting tablet: real 0.010s	user 0.004s	sys 0.003s
I20260709 14:52:18.264791  7156 tablet_bootstrap.cc:492] T 7724650194284d869d0633e7f8e19d38 P b700e183df5342608f116bc52d9f443a: Bootstrap starting.
I20260709 14:52:18.265175  7155 raft_consensus.cc:359] T 7724650194284d869d0633e7f8e19d38 P 5d323681b36643c39937547b97fee9f2 [term 0 FOLLOWER]: Replica starting. Triggering 0 pending ops. Active config: opid_index: -1 OBSOLETE_local: false peers { permanent_uuid: "eb59c3e8458e448aaa7e0c9f1e97a23a" member_type: VOTER last_known_addr { host: "127.6.48.65" port: 42209 } } peers { permanent_uuid: "5d323681b36643c39937547b97fee9f2" member_type: VOTER last_known_addr { host: "127.6.48.66" port: 38343 } } peers { permanent_uuid: "b700e183df5342608f116bc52d9f443a" member_type: VOTER last_known_addr { host: "127.6.48.67" port: 37813 } }
I20260709 14:52:18.265877  7154 ts_tablet_manager.cc:1434] T d80056507d58423d93272e558575a875 P eb59c3e8458e448aaa7e0c9f1e97a23a: Time spent starting tablet: real 0.014s	user 0.003s	sys 0.004s
I20260709 14:52:18.265937  7155 raft_consensus.cc:385] T 7724650194284d869d0633e7f8e19d38 P 5d323681b36643c39937547b97fee9f2 [term 0 FOLLOWER]: Consensus starting up: Expiring failure detector timer to make a prompt election more likely
I20260709 14:52:18.266346  7155 raft_consensus.cc:740] T 7724650194284d869d0633e7f8e19d38 P 5d323681b36643c39937547b97fee9f2 [term 0 FOLLOWER]: Becoming Follower/Learner. State: Replica: 5d323681b36643c39937547b97fee9f2, State: Initialized, Role: FOLLOWER
I20260709 14:52:18.268833  7155 consensus_queue.cc:260] T 7724650194284d869d0633e7f8e19d38 P 5d323681b36643c39937547b97fee9f2 [NON_LEADER]: Queue going to NON_LEADER mode. State: All replicated index: 0, Majority replicated index: 0, Committed index: 0, Last appended: 0.0, Last appended by leader: 0, Current term: 0, Majority size: -1, State: 0, Mode: NON_LEADER, active raft config: opid_index: -1 OBSOLETE_local: false peers { permanent_uuid: "eb59c3e8458e448aaa7e0c9f1e97a23a" member_type: VOTER last_known_addr { host: "127.6.48.65" port: 42209 } } peers { permanent_uuid: "5d323681b36643c39937547b97fee9f2" member_type: VOTER last_known_addr { host: "127.6.48.66" port: 38343 } } peers { permanent_uuid: "b700e183df5342608f116bc52d9f443a" member_type: VOTER last_known_addr { host: "127.6.48.67" port: 37813 } }
I20260709 14:52:18.269654  7154 tablet_bootstrap.cc:492] T 401246af5eb54981b4bc3bbe836b63f4 P eb59c3e8458e448aaa7e0c9f1e97a23a: Bootstrap starting.
I20260709 14:52:18.271235  7155 ts_tablet_manager.cc:1434] T 7724650194284d869d0633e7f8e19d38 P 5d323681b36643c39937547b97fee9f2: Time spent starting tablet: real 0.014s	user 0.006s	sys 0.000s
I20260709 14:52:18.271526  7156 tablet_bootstrap.cc:654] T 7724650194284d869d0633e7f8e19d38 P b700e183df5342608f116bc52d9f443a: Neither blocks nor log segments found. Creating new log.
I20260709 14:52:18.272233  7155 tablet_bootstrap.cc:492] T 93bc11d2fce348aab3b65b55314c7fd6 P 5d323681b36643c39937547b97fee9f2: Bootstrap starting.
I20260709 14:52:18.276489  7154 tablet_bootstrap.cc:654] T 401246af5eb54981b4bc3bbe836b63f4 P eb59c3e8458e448aaa7e0c9f1e97a23a: Neither blocks nor log segments found. Creating new log.
I20260709 14:52:18.280946  7155 tablet_bootstrap.cc:654] T 93bc11d2fce348aab3b65b55314c7fd6 P 5d323681b36643c39937547b97fee9f2: Neither blocks nor log segments found. Creating new log.
I20260709 14:52:18.282811  7156 tablet_bootstrap.cc:492] T 7724650194284d869d0633e7f8e19d38 P b700e183df5342608f116bc52d9f443a: No bootstrap required, opened a new log
I20260709 14:52:18.283272  7156 ts_tablet_manager.cc:1403] T 7724650194284d869d0633e7f8e19d38 P b700e183df5342608f116bc52d9f443a: Time spent bootstrapping tablet: real 0.019s	user 0.007s	sys 0.009s
I20260709 14:52:18.286087  7114 tablet_service.cc:1917] Received RequestConsensusVote() RPC: tablet_id: "1ef7e4399a4a4a089e081532257c1587" candidate_uuid: "eb59c3e8458e448aaa7e0c9f1e97a23a" candidate_term: 1 candidate_status { last_received { term: 0 index: 0 } } ignore_live_leader: false dest_uuid: "b700e183df5342608f116bc52d9f443a" is_pre_election: true
I20260709 14:52:18.286993  7114 raft_consensus.cc:2468] T 1ef7e4399a4a4a089e081532257c1587 P b700e183df5342608f116bc52d9f443a [term 0 FOLLOWER]: Leader pre-election vote request: Granting yes vote for candidate eb59c3e8458e448aaa7e0c9f1e97a23a in term 0.
I20260709 14:52:18.288863  6928 leader_election.cc:304] T 1ef7e4399a4a4a089e081532257c1587 P eb59c3e8458e448aaa7e0c9f1e97a23a [CANDIDATE]: Term 1 pre-election: Election decided. Result: candidate won. Election summary: received 2 responses out of 3 voters: 2 yes votes; 0 no votes. yes voters: b700e183df5342608f116bc52d9f443a, eb59c3e8458e448aaa7e0c9f1e97a23a; no voters: 
I20260709 14:52:18.289966  7160 raft_consensus.cc:2804] T 1ef7e4399a4a4a089e081532257c1587 P eb59c3e8458e448aaa7e0c9f1e97a23a [term 0 FOLLOWER]: Leader pre-election won for term 1
I20260709 14:52:18.290441  7160 raft_consensus.cc:493] T 1ef7e4399a4a4a089e081532257c1587 P eb59c3e8458e448aaa7e0c9f1e97a23a [term 0 FOLLOWER]: Starting leader election (no leader contacted us within the election timeout)
I20260709 14:52:18.290870  7160 raft_consensus.cc:3060] T 1ef7e4399a4a4a089e081532257c1587 P eb59c3e8458e448aaa7e0c9f1e97a23a [term 0 FOLLOWER]: Advancing to term 1
I20260709 14:52:18.300796  7040 tablet_service.cc:1917] Received RequestConsensusVote() RPC: tablet_id: "1ef7e4399a4a4a089e081532257c1587" candidate_uuid: "eb59c3e8458e448aaa7e0c9f1e97a23a" candidate_term: 1 candidate_status { last_received { term: 0 index: 0 } } ignore_live_leader: false dest_uuid: "5d323681b36643c39937547b97fee9f2" is_pre_election: true
I20260709 14:52:18.301738  7040 raft_consensus.cc:2468] T 1ef7e4399a4a4a089e081532257c1587 P 5d323681b36643c39937547b97fee9f2 [term 0 FOLLOWER]: Leader pre-election vote request: Granting yes vote for candidate eb59c3e8458e448aaa7e0c9f1e97a23a in term 0.
I20260709 14:52:18.301810  7156 raft_consensus.cc:359] T 7724650194284d869d0633e7f8e19d38 P b700e183df5342608f116bc52d9f443a [term 0 FOLLOWER]: Replica starting. Triggering 0 pending ops. Active config: opid_index: -1 OBSOLETE_local: false peers { permanent_uuid: "eb59c3e8458e448aaa7e0c9f1e97a23a" member_type: VOTER last_known_addr { host: "127.6.48.65" port: 42209 } } peers { permanent_uuid: "5d323681b36643c39937547b97fee9f2" member_type: VOTER last_known_addr { host: "127.6.48.66" port: 38343 } } peers { permanent_uuid: "b700e183df5342608f116bc52d9f443a" member_type: VOTER last_known_addr { host: "127.6.48.67" port: 37813 } }
I20260709 14:52:18.302652  7156 raft_consensus.cc:385] T 7724650194284d869d0633e7f8e19d38 P b700e183df5342608f116bc52d9f443a [term 0 FOLLOWER]: Consensus starting up: Expiring failure detector timer to make a prompt election more likely
I20260709 14:52:18.302947  7156 raft_consensus.cc:740] T 7724650194284d869d0633e7f8e19d38 P b700e183df5342608f116bc52d9f443a [term 0 FOLLOWER]: Becoming Follower/Learner. State: Replica: b700e183df5342608f116bc52d9f443a, State: Initialized, Role: FOLLOWER
I20260709 14:52:18.303620  7160 raft_consensus.cc:515] T 1ef7e4399a4a4a089e081532257c1587 P eb59c3e8458e448aaa7e0c9f1e97a23a [term 1 FOLLOWER]: Starting leader election with config: opid_index: -1 OBSOLETE_local: false peers { permanent_uuid: "5d323681b36643c39937547b97fee9f2" member_type: VOTER last_known_addr { host: "127.6.48.66" port: 38343 } } peers { permanent_uuid: "eb59c3e8458e448aaa7e0c9f1e97a23a" member_type: VOTER last_known_addr { host: "127.6.48.65" port: 42209 } } peers { permanent_uuid: "b700e183df5342608f116bc52d9f443a" member_type: VOTER last_known_addr { host: "127.6.48.67" port: 37813 } }
I20260709 14:52:18.306015  7156 consensus_queue.cc:260] T 7724650194284d869d0633e7f8e19d38 P b700e183df5342608f116bc52d9f443a [NON_LEADER]: Queue going to NON_LEADER mode. State: All replicated index: 0, Majority replicated index: 0, Committed index: 0, Last appended: 0.0, Last appended by leader: 0, Current term: 0, Majority size: -1, State: 0, Mode: NON_LEADER, active raft config: opid_index: -1 OBSOLETE_local: false peers { permanent_uuid: "eb59c3e8458e448aaa7e0c9f1e97a23a" member_type: VOTER last_known_addr { host: "127.6.48.65" port: 42209 } } peers { permanent_uuid: "5d323681b36643c39937547b97fee9f2" member_type: VOTER last_known_addr { host: "127.6.48.66" port: 38343 } } peers { permanent_uuid: "b700e183df5342608f116bc52d9f443a" member_type: VOTER last_known_addr { host: "127.6.48.67" port: 37813 } }
I20260709 14:52:18.306586  7040 tablet_service.cc:1917] Received RequestConsensusVote() RPC: tablet_id: "1ef7e4399a4a4a089e081532257c1587" candidate_uuid: "eb59c3e8458e448aaa7e0c9f1e97a23a" candidate_term: 1 candidate_status { last_received { term: 0 index: 0 } } ignore_live_leader: false dest_uuid: "5d323681b36643c39937547b97fee9f2"
I20260709 14:52:18.307142  7114 tablet_service.cc:1917] Received RequestConsensusVote() RPC: tablet_id: "1ef7e4399a4a4a089e081532257c1587" candidate_uuid: "eb59c3e8458e448aaa7e0c9f1e97a23a" candidate_term: 1 candidate_status { last_received { term: 0 index: 0 } } ignore_live_leader: false dest_uuid: "b700e183df5342608f116bc52d9f443a"
I20260709 14:52:18.307310  7040 raft_consensus.cc:3060] T 1ef7e4399a4a4a089e081532257c1587 P 5d323681b36643c39937547b97fee9f2 [term 0 FOLLOWER]: Advancing to term 1
I20260709 14:52:18.307687  7114 raft_consensus.cc:3060] T 1ef7e4399a4a4a089e081532257c1587 P b700e183df5342608f116bc52d9f443a [term 0 FOLLOWER]: Advancing to term 1
I20260709 14:52:18.311174  7156 ts_tablet_manager.cc:1434] T 7724650194284d869d0633e7f8e19d38 P b700e183df5342608f116bc52d9f443a: Time spent starting tablet: real 0.028s	user 0.006s	sys 0.002s
I20260709 14:52:18.312170  7156 tablet_bootstrap.cc:492] T 85066fb5cc8a4d3aa7cb63b2c06d9d00 P b700e183df5342608f116bc52d9f443a: Bootstrap starting.
I20260709 14:52:18.314877  7114 raft_consensus.cc:2468] T 1ef7e4399a4a4a089e081532257c1587 P b700e183df5342608f116bc52d9f443a [term 1 FOLLOWER]: Leader election vote request: Granting yes vote for candidate eb59c3e8458e448aaa7e0c9f1e97a23a in term 1.
I20260709 14:52:18.316119  6928 leader_election.cc:304] T 1ef7e4399a4a4a089e081532257c1587 P eb59c3e8458e448aaa7e0c9f1e97a23a [CANDIDATE]: Term 1 election: Election decided. Result: candidate won. Election summary: received 2 responses out of 3 voters: 2 yes votes; 0 no votes. yes voters: b700e183df5342608f116bc52d9f443a, eb59c3e8458e448aaa7e0c9f1e97a23a; no voters: 
I20260709 14:52:18.318773  7156 tablet_bootstrap.cc:654] T 85066fb5cc8a4d3aa7cb63b2c06d9d00 P b700e183df5342608f116bc52d9f443a: Neither blocks nor log segments found. Creating new log.
I20260709 14:52:18.319344  7160 leader_election.cc:290] T 1ef7e4399a4a4a089e081532257c1587 P eb59c3e8458e448aaa7e0c9f1e97a23a [CANDIDATE]: Term 1 election: Requested vote from peers 5d323681b36643c39937547b97fee9f2 (127.6.48.66:38343), b700e183df5342608f116bc52d9f443a (127.6.48.67:37813)
I20260709 14:52:18.322166  7160 raft_consensus.cc:2804] T 1ef7e4399a4a4a089e081532257c1587 P eb59c3e8458e448aaa7e0c9f1e97a23a [term 1 FOLLOWER]: Leader election won for term 1
I20260709 14:52:18.322670  7160 raft_consensus.cc:697] T 1ef7e4399a4a4a089e081532257c1587 P eb59c3e8458e448aaa7e0c9f1e97a23a [term 1 LEADER]: Becoming Leader. State: Replica: eb59c3e8458e448aaa7e0c9f1e97a23a, State: Running, Role: LEADER
I20260709 14:52:18.323489  7160 consensus_queue.cc:237] T 1ef7e4399a4a4a089e081532257c1587 P eb59c3e8458e448aaa7e0c9f1e97a23a [LEADER]: Queue going to LEADER mode. State: All replicated index: 0, Majority replicated index: 0, Committed index: 0, Last appended: 0.0, Last appended by leader: 0, Current term: 1, Majority size: 2, State: 0, Mode: LEADER, active raft config: opid_index: -1 OBSOLETE_local: false peers { permanent_uuid: "5d323681b36643c39937547b97fee9f2" member_type: VOTER last_known_addr { host: "127.6.48.66" port: 38343 } } peers { permanent_uuid: "eb59c3e8458e448aaa7e0c9f1e97a23a" member_type: VOTER last_known_addr { host: "127.6.48.65" port: 42209 } } peers { permanent_uuid: "b700e183df5342608f116bc52d9f443a" member_type: VOTER last_known_addr { host: "127.6.48.67" port: 37813 } }
I20260709 14:52:18.325989  7154 tablet_bootstrap.cc:492] T 401246af5eb54981b4bc3bbe836b63f4 P eb59c3e8458e448aaa7e0c9f1e97a23a: No bootstrap required, opened a new log
I20260709 14:52:18.326606  7154 ts_tablet_manager.cc:1403] T 401246af5eb54981b4bc3bbe836b63f4 P eb59c3e8458e448aaa7e0c9f1e97a23a: Time spent bootstrapping tablet: real 0.057s	user 0.016s	sys 0.020s
I20260709 14:52:18.329473  7040 raft_consensus.cc:2468] T 1ef7e4399a4a4a089e081532257c1587 P 5d323681b36643c39937547b97fee9f2 [term 1 FOLLOWER]: Leader election vote request: Granting yes vote for candidate eb59c3e8458e448aaa7e0c9f1e97a23a in term 1.
I20260709 14:52:18.330498  7155 tablet_bootstrap.cc:492] T 93bc11d2fce348aab3b65b55314c7fd6 P 5d323681b36643c39937547b97fee9f2: No bootstrap required, opened a new log
I20260709 14:52:18.331017  7155 ts_tablet_manager.cc:1403] T 93bc11d2fce348aab3b65b55314c7fd6 P 5d323681b36643c39937547b97fee9f2: Time spent bootstrapping tablet: real 0.059s	user 0.021s	sys 0.021s
I20260709 14:52:18.330612  7154 raft_consensus.cc:359] T 401246af5eb54981b4bc3bbe836b63f4 P eb59c3e8458e448aaa7e0c9f1e97a23a [term 0 FOLLOWER]: Replica starting. Triggering 0 pending ops. Active config: opid_index: -1 OBSOLETE_local: false peers { permanent_uuid: "eb59c3e8458e448aaa7e0c9f1e97a23a" member_type: VOTER last_known_addr { host: "127.6.48.65" port: 42209 } } peers { permanent_uuid: "5d323681b36643c39937547b97fee9f2" member_type: VOTER last_known_addr { host: "127.6.48.66" port: 38343 } } peers { permanent_uuid: "b700e183df5342608f116bc52d9f443a" member_type: VOTER last_known_addr { host: "127.6.48.67" port: 37813 } }
I20260709 14:52:18.331364  7154 raft_consensus.cc:385] T 401246af5eb54981b4bc3bbe836b63f4 P eb59c3e8458e448aaa7e0c9f1e97a23a [term 0 FOLLOWER]: Consensus starting up: Expiring failure detector timer to make a prompt election more likely
I20260709 14:52:18.331683  7154 raft_consensus.cc:740] T 401246af5eb54981b4bc3bbe836b63f4 P eb59c3e8458e448aaa7e0c9f1e97a23a [term 0 FOLLOWER]: Becoming Follower/Learner. State: Replica: eb59c3e8458e448aaa7e0c9f1e97a23a, State: Initialized, Role: FOLLOWER
I20260709 14:52:18.332537  7154 consensus_queue.cc:260] T 401246af5eb54981b4bc3bbe836b63f4 P eb59c3e8458e448aaa7e0c9f1e97a23a [NON_LEADER]: Queue going to NON_LEADER mode. State: All replicated index: 0, Majority replicated index: 0, Committed index: 0, Last appended: 0.0, Last appended by leader: 0, Current term: 0, Majority size: -1, State: 0, Mode: NON_LEADER, active raft config: opid_index: -1 OBSOLETE_local: false peers { permanent_uuid: "eb59c3e8458e448aaa7e0c9f1e97a23a" member_type: VOTER last_known_addr { host: "127.6.48.65" port: 42209 } } peers { permanent_uuid: "5d323681b36643c39937547b97fee9f2" member_type: VOTER last_known_addr { host: "127.6.48.66" port: 38343 } } peers { permanent_uuid: "b700e183df5342608f116bc52d9f443a" member_type: VOTER last_known_addr { host: "127.6.48.67" port: 37813 } }
I20260709 14:52:18.334223  7155 raft_consensus.cc:359] T 93bc11d2fce348aab3b65b55314c7fd6 P 5d323681b36643c39937547b97fee9f2 [term 0 FOLLOWER]: Replica starting. Triggering 0 pending ops. Active config: opid_index: -1 OBSOLETE_local: false peers { permanent_uuid: "eb59c3e8458e448aaa7e0c9f1e97a23a" member_type: VOTER last_known_addr { host: "127.6.48.65" port: 42209 } } peers { permanent_uuid: "5d323681b36643c39937547b97fee9f2" member_type: VOTER last_known_addr { host: "127.6.48.66" port: 38343 } } peers { permanent_uuid: "b700e183df5342608f116bc52d9f443a" member_type: VOTER last_known_addr { host: "127.6.48.67" port: 37813 } }
I20260709 14:52:18.334791  7154 ts_tablet_manager.cc:1434] T 401246af5eb54981b4bc3bbe836b63f4 P eb59c3e8458e448aaa7e0c9f1e97a23a: Time spent starting tablet: real 0.008s	user 0.008s	sys 0.001s
I20260709 14:52:18.334955  7155 raft_consensus.cc:385] T 93bc11d2fce348aab3b65b55314c7fd6 P 5d323681b36643c39937547b97fee9f2 [term 0 FOLLOWER]: Consensus starting up: Expiring failure detector timer to make a prompt election more likely
I20260709 14:52:18.335280  7155 raft_consensus.cc:740] T 93bc11d2fce348aab3b65b55314c7fd6 P 5d323681b36643c39937547b97fee9f2 [term 0 FOLLOWER]: Becoming Follower/Learner. State: Replica: 5d323681b36643c39937547b97fee9f2, State: Initialized, Role: FOLLOWER
I20260709 14:52:18.335829  7154 tablet_bootstrap.cc:492] T 85066fb5cc8a4d3aa7cb63b2c06d9d00 P eb59c3e8458e448aaa7e0c9f1e97a23a: Bootstrap starting.
I20260709 14:52:18.336000  7155 consensus_queue.cc:260] T 93bc11d2fce348aab3b65b55314c7fd6 P 5d323681b36643c39937547b97fee9f2 [NON_LEADER]: Queue going to NON_LEADER mode. State: All replicated index: 0, Majority replicated index: 0, Committed index: 0, Last appended: 0.0, Last appended by leader: 0, Current term: 0, Majority size: -1, State: 0, Mode: NON_LEADER, active raft config: opid_index: -1 OBSOLETE_local: false peers { permanent_uuid: "eb59c3e8458e448aaa7e0c9f1e97a23a" member_type: VOTER last_known_addr { host: "127.6.48.65" port: 42209 } } peers { permanent_uuid: "5d323681b36643c39937547b97fee9f2" member_type: VOTER last_known_addr { host: "127.6.48.66" port: 38343 } } peers { permanent_uuid: "b700e183df5342608f116bc52d9f443a" member_type: VOTER last_known_addr { host: "127.6.48.67" port: 37813 } }
I20260709 14:52:18.338142  7155 ts_tablet_manager.cc:1434] T 93bc11d2fce348aab3b65b55314c7fd6 P 5d323681b36643c39937547b97fee9f2: Time spent starting tablet: real 0.007s	user 0.003s	sys 0.003s
I20260709 14:52:18.339094  7155 tablet_bootstrap.cc:492] T 95258ceca7ba475098215fd7b39cf9b0 P 5d323681b36643c39937547b97fee9f2: Bootstrap starting.
I20260709 14:52:18.343808  7156 tablet_bootstrap.cc:492] T 85066fb5cc8a4d3aa7cb63b2c06d9d00 P b700e183df5342608f116bc52d9f443a: No bootstrap required, opened a new log
I20260709 14:52:18.344370  7156 ts_tablet_manager.cc:1403] T 85066fb5cc8a4d3aa7cb63b2c06d9d00 P b700e183df5342608f116bc52d9f443a: Time spent bootstrapping tablet: real 0.032s	user 0.005s	sys 0.011s
I20260709 14:52:18.345577  7155 tablet_bootstrap.cc:654] T 95258ceca7ba475098215fd7b39cf9b0 P 5d323681b36643c39937547b97fee9f2: Neither blocks nor log segments found. Creating new log.
I20260709 14:52:18.347437  7156 raft_consensus.cc:359] T 85066fb5cc8a4d3aa7cb63b2c06d9d00 P b700e183df5342608f116bc52d9f443a [term 0 FOLLOWER]: Replica starting. Triggering 0 pending ops. Active config: opid_index: -1 OBSOLETE_local: false peers { permanent_uuid: "eb59c3e8458e448aaa7e0c9f1e97a23a" member_type: VOTER last_known_addr { host: "127.6.48.65" port: 42209 } } peers { permanent_uuid: "5d323681b36643c39937547b97fee9f2" member_type: VOTER last_known_addr { host: "127.6.48.66" port: 38343 } } peers { permanent_uuid: "b700e183df5342608f116bc52d9f443a" member_type: VOTER last_known_addr { host: "127.6.48.67" port: 37813 } }
I20260709 14:52:18.348299  7156 raft_consensus.cc:385] T 85066fb5cc8a4d3aa7cb63b2c06d9d00 P b700e183df5342608f116bc52d9f443a [term 0 FOLLOWER]: Consensus starting up: Expiring failure detector timer to make a prompt election more likely
I20260709 14:52:18.348834  7156 raft_consensus.cc:740] T 85066fb5cc8a4d3aa7cb63b2c06d9d00 P b700e183df5342608f116bc52d9f443a [term 0 FOLLOWER]: Becoming Follower/Learner. State: Replica: b700e183df5342608f116bc52d9f443a, State: Initialized, Role: FOLLOWER
I20260709 14:52:18.348228  6862 catalog_manager.cc:5697] T 1ef7e4399a4a4a089e081532257c1587 P eb59c3e8458e448aaa7e0c9f1e97a23a reported cstate change: term changed from 0 to 1, leader changed from <none> to eb59c3e8458e448aaa7e0c9f1e97a23a (127.6.48.65). New cstate: current_term: 1 leader_uuid: "eb59c3e8458e448aaa7e0c9f1e97a23a" committed_config { opid_index: -1 OBSOLETE_local: false peers { permanent_uuid: "5d323681b36643c39937547b97fee9f2" member_type: VOTER last_known_addr { host: "127.6.48.66" port: 38343 } health_report { overall_health: UNKNOWN } } peers { permanent_uuid: "eb59c3e8458e448aaa7e0c9f1e97a23a" member_type: VOTER last_known_addr { host: "127.6.48.65" port: 42209 } health_report { overall_health: HEALTHY } } peers { permanent_uuid: "b700e183df5342608f116bc52d9f443a" member_type: VOTER last_known_addr { host: "127.6.48.67" port: 37813 } health_report { overall_health: UNKNOWN } } }
I20260709 14:52:18.349656  7156 consensus_queue.cc:260] T 85066fb5cc8a4d3aa7cb63b2c06d9d00 P b700e183df5342608f116bc52d9f443a [NON_LEADER]: Queue going to NON_LEADER mode. State: All replicated index: 0, Majority replicated index: 0, Committed index: 0, Last appended: 0.0, Last appended by leader: 0, Current term: 0, Majority size: -1, State: 0, Mode: NON_LEADER, active raft config: opid_index: -1 OBSOLETE_local: false peers { permanent_uuid: "eb59c3e8458e448aaa7e0c9f1e97a23a" member_type: VOTER last_known_addr { host: "127.6.48.65" port: 42209 } } peers { permanent_uuid: "5d323681b36643c39937547b97fee9f2" member_type: VOTER last_known_addr { host: "127.6.48.66" port: 38343 } } peers { permanent_uuid: "b700e183df5342608f116bc52d9f443a" member_type: VOTER last_known_addr { host: "127.6.48.67" port: 37813 } }
I20260709 14:52:18.352382  7156 ts_tablet_manager.cc:1434] T 85066fb5cc8a4d3aa7cb63b2c06d9d00 P b700e183df5342608f116bc52d9f443a: Time spent starting tablet: real 0.008s	user 0.005s	sys 0.002s
I20260709 14:52:18.353376  7156 tablet_bootstrap.cc:492] T 95258ceca7ba475098215fd7b39cf9b0 P b700e183df5342608f116bc52d9f443a: Bootstrap starting.
I20260709 14:52:18.357244  7154 tablet_bootstrap.cc:654] T 85066fb5cc8a4d3aa7cb63b2c06d9d00 P eb59c3e8458e448aaa7e0c9f1e97a23a: Neither blocks nor log segments found. Creating new log.
W20260709 14:52:18.354686  6911 auto_rebalancer.cc:288] Could not retrieve cluster info: Service unavailable: Tablet not running
I20260709 14:52:18.360133  7156 tablet_bootstrap.cc:654] T 95258ceca7ba475098215fd7b39cf9b0 P b700e183df5342608f116bc52d9f443a: Neither blocks nor log segments found. Creating new log.
I20260709 14:52:18.375072  7155 tablet_bootstrap.cc:492] T 95258ceca7ba475098215fd7b39cf9b0 P 5d323681b36643c39937547b97fee9f2: No bootstrap required, opened a new log
I20260709 14:52:18.375639  7155 ts_tablet_manager.cc:1403] T 95258ceca7ba475098215fd7b39cf9b0 P 5d323681b36643c39937547b97fee9f2: Time spent bootstrapping tablet: real 0.037s	user 0.014s	sys 0.007s
I20260709 14:52:18.377473  7154 tablet_bootstrap.cc:492] T 85066fb5cc8a4d3aa7cb63b2c06d9d00 P eb59c3e8458e448aaa7e0c9f1e97a23a: No bootstrap required, opened a new log
I20260709 14:52:18.377966  7154 ts_tablet_manager.cc:1403] T 85066fb5cc8a4d3aa7cb63b2c06d9d00 P eb59c3e8458e448aaa7e0c9f1e97a23a: Time spent bootstrapping tablet: real 0.042s	user 0.018s	sys 0.006s
I20260709 14:52:18.378223  7156 tablet_bootstrap.cc:492] T 95258ceca7ba475098215fd7b39cf9b0 P b700e183df5342608f116bc52d9f443a: No bootstrap required, opened a new log
I20260709 14:52:18.378680  7156 ts_tablet_manager.cc:1403] T 95258ceca7ba475098215fd7b39cf9b0 P b700e183df5342608f116bc52d9f443a: Time spent bootstrapping tablet: real 0.025s	user 0.015s	sys 0.006s
I20260709 14:52:18.378482  7155 raft_consensus.cc:359] T 95258ceca7ba475098215fd7b39cf9b0 P 5d323681b36643c39937547b97fee9f2 [term 0 FOLLOWER]: Replica starting. Triggering 0 pending ops. Active config: opid_index: -1 OBSOLETE_local: false peers { permanent_uuid: "eb59c3e8458e448aaa7e0c9f1e97a23a" member_type: VOTER last_known_addr { host: "127.6.48.65" port: 42209 } } peers { permanent_uuid: "5d323681b36643c39937547b97fee9f2" member_type: VOTER last_known_addr { host: "127.6.48.66" port: 38343 } } peers { permanent_uuid: "b700e183df5342608f116bc52d9f443a" member_type: VOTER last_known_addr { host: "127.6.48.67" port: 37813 } }
I20260709 14:52:18.379269  7155 raft_consensus.cc:385] T 95258ceca7ba475098215fd7b39cf9b0 P 5d323681b36643c39937547b97fee9f2 [term 0 FOLLOWER]: Consensus starting up: Expiring failure detector timer to make a prompt election more likely
I20260709 14:52:18.379575  7155 raft_consensus.cc:740] T 95258ceca7ba475098215fd7b39cf9b0 P 5d323681b36643c39937547b97fee9f2 [term 0 FOLLOWER]: Becoming Follower/Learner. State: Replica: 5d323681b36643c39937547b97fee9f2, State: Initialized, Role: FOLLOWER
I20260709 14:52:18.380335  7155 consensus_queue.cc:260] T 95258ceca7ba475098215fd7b39cf9b0 P 5d323681b36643c39937547b97fee9f2 [NON_LEADER]: Queue going to NON_LEADER mode. State: All replicated index: 0, Majority replicated index: 0, Committed index: 0, Last appended: 0.0, Last appended by leader: 0, Current term: 0, Majority size: -1, State: 0, Mode: NON_LEADER, active raft config: opid_index: -1 OBSOLETE_local: false peers { permanent_uuid: "eb59c3e8458e448aaa7e0c9f1e97a23a" member_type: VOTER last_known_addr { host: "127.6.48.65" port: 42209 } } peers { permanent_uuid: "5d323681b36643c39937547b97fee9f2" member_type: VOTER last_known_addr { host: "127.6.48.66" port: 38343 } } peers { permanent_uuid: "b700e183df5342608f116bc52d9f443a" member_type: VOTER last_known_addr { host: "127.6.48.67" port: 37813 } }
I20260709 14:52:18.380877  7154 raft_consensus.cc:359] T 85066fb5cc8a4d3aa7cb63b2c06d9d00 P eb59c3e8458e448aaa7e0c9f1e97a23a [term 0 FOLLOWER]: Replica starting. Triggering 0 pending ops. Active config: opid_index: -1 OBSOLETE_local: false peers { permanent_uuid: "eb59c3e8458e448aaa7e0c9f1e97a23a" member_type: VOTER last_known_addr { host: "127.6.48.65" port: 42209 } } peers { permanent_uuid: "5d323681b36643c39937547b97fee9f2" member_type: VOTER last_known_addr { host: "127.6.48.66" port: 38343 } } peers { permanent_uuid: "b700e183df5342608f116bc52d9f443a" member_type: VOTER last_known_addr { host: "127.6.48.67" port: 37813 } }
I20260709 14:52:18.381585  7154 raft_consensus.cc:385] T 85066fb5cc8a4d3aa7cb63b2c06d9d00 P eb59c3e8458e448aaa7e0c9f1e97a23a [term 0 FOLLOWER]: Consensus starting up: Expiring failure detector timer to make a prompt election more likely
I20260709 14:52:18.381924  7154 raft_consensus.cc:740] T 85066fb5cc8a4d3aa7cb63b2c06d9d00 P eb59c3e8458e448aaa7e0c9f1e97a23a [term 0 FOLLOWER]: Becoming Follower/Learner. State: Replica: eb59c3e8458e448aaa7e0c9f1e97a23a, State: Initialized, Role: FOLLOWER
I20260709 14:52:18.381685  7156 raft_consensus.cc:359] T 95258ceca7ba475098215fd7b39cf9b0 P b700e183df5342608f116bc52d9f443a [term 0 FOLLOWER]: Replica starting. Triggering 0 pending ops. Active config: opid_index: -1 OBSOLETE_local: false peers { permanent_uuid: "eb59c3e8458e448aaa7e0c9f1e97a23a" member_type: VOTER last_known_addr { host: "127.6.48.65" port: 42209 } } peers { permanent_uuid: "5d323681b36643c39937547b97fee9f2" member_type: VOTER last_known_addr { host: "127.6.48.66" port: 38343 } } peers { permanent_uuid: "b700e183df5342608f116bc52d9f443a" member_type: VOTER last_known_addr { host: "127.6.48.67" port: 37813 } }
I20260709 14:52:18.382381  7156 raft_consensus.cc:385] T 95258ceca7ba475098215fd7b39cf9b0 P b700e183df5342608f116bc52d9f443a [term 0 FOLLOWER]: Consensus starting up: Expiring failure detector timer to make a prompt election more likely
I20260709 14:52:18.382793  7156 raft_consensus.cc:740] T 95258ceca7ba475098215fd7b39cf9b0 P b700e183df5342608f116bc52d9f443a [term 0 FOLLOWER]: Becoming Follower/Learner. State: Replica: b700e183df5342608f116bc52d9f443a, State: Initialized, Role: FOLLOWER
I20260709 14:52:18.382611  7154 consensus_queue.cc:260] T 85066fb5cc8a4d3aa7cb63b2c06d9d00 P eb59c3e8458e448aaa7e0c9f1e97a23a [NON_LEADER]: Queue going to NON_LEADER mode. State: All replicated index: 0, Majority replicated index: 0, Committed index: 0, Last appended: 0.0, Last appended by leader: 0, Current term: 0, Majority size: -1, State: 0, Mode: NON_LEADER, active raft config: opid_index: -1 OBSOLETE_local: false peers { permanent_uuid: "eb59c3e8458e448aaa7e0c9f1e97a23a" member_type: VOTER last_known_addr { host: "127.6.48.65" port: 42209 } } peers { permanent_uuid: "5d323681b36643c39937547b97fee9f2" member_type: VOTER last_known_addr { host: "127.6.48.66" port: 38343 } } peers { permanent_uuid: "b700e183df5342608f116bc52d9f443a" member_type: VOTER last_known_addr { host: "127.6.48.67" port: 37813 } }
I20260709 14:52:18.383857  7156 consensus_queue.cc:260] T 95258ceca7ba475098215fd7b39cf9b0 P b700e183df5342608f116bc52d9f443a [NON_LEADER]: Queue going to NON_LEADER mode. State: All replicated index: 0, Majority replicated index: 0, Committed index: 0, Last appended: 0.0, Last appended by leader: 0, Current term: 0, Majority size: -1, State: 0, Mode: NON_LEADER, active raft config: opid_index: -1 OBSOLETE_local: false peers { permanent_uuid: "eb59c3e8458e448aaa7e0c9f1e97a23a" member_type: VOTER last_known_addr { host: "127.6.48.65" port: 42209 } } peers { permanent_uuid: "5d323681b36643c39937547b97fee9f2" member_type: VOTER last_known_addr { host: "127.6.48.66" port: 38343 } } peers { permanent_uuid: "b700e183df5342608f116bc52d9f443a" member_type: VOTER last_known_addr { host: "127.6.48.67" port: 37813 } }
I20260709 14:52:18.384871  7154 ts_tablet_manager.cc:1434] T 85066fb5cc8a4d3aa7cb63b2c06d9d00 P eb59c3e8458e448aaa7e0c9f1e97a23a: Time spent starting tablet: real 0.007s	user 0.006s	sys 0.002s
I20260709 14:52:18.385792  7154 tablet_bootstrap.cc:492] T 5332fc28c71d49ffa19bf6acb4ef9b1a P eb59c3e8458e448aaa7e0c9f1e97a23a: Bootstrap starting.
I20260709 14:52:18.386565  7155 ts_tablet_manager.cc:1434] T 95258ceca7ba475098215fd7b39cf9b0 P 5d323681b36643c39937547b97fee9f2: Time spent starting tablet: real 0.011s	user 0.006s	sys 0.000s
I20260709 14:52:18.387527  7155 tablet_bootstrap.cc:492] T 401246af5eb54981b4bc3bbe836b63f4 P 5d323681b36643c39937547b97fee9f2: Bootstrap starting.
I20260709 14:52:18.392271  7154 tablet_bootstrap.cc:654] T 5332fc28c71d49ffa19bf6acb4ef9b1a P eb59c3e8458e448aaa7e0c9f1e97a23a: Neither blocks nor log segments found. Creating new log.
I20260709 14:52:18.393229  7156 ts_tablet_manager.cc:1434] T 95258ceca7ba475098215fd7b39cf9b0 P b700e183df5342608f116bc52d9f443a: Time spent starting tablet: real 0.014s	user 0.006s	sys 0.001s
I20260709 14:52:18.393831  7155 tablet_bootstrap.cc:654] T 401246af5eb54981b4bc3bbe836b63f4 P 5d323681b36643c39937547b97fee9f2: Neither blocks nor log segments found. Creating new log.
I20260709 14:52:18.399226  7156 tablet_bootstrap.cc:492] T 93bc11d2fce348aab3b65b55314c7fd6 P b700e183df5342608f116bc52d9f443a: Bootstrap starting.
I20260709 14:52:18.405526  7155 tablet_bootstrap.cc:492] T 401246af5eb54981b4bc3bbe836b63f4 P 5d323681b36643c39937547b97fee9f2: No bootstrap required, opened a new log
I20260709 14:52:18.406036  7155 ts_tablet_manager.cc:1403] T 401246af5eb54981b4bc3bbe836b63f4 P 5d323681b36643c39937547b97fee9f2: Time spent bootstrapping tablet: real 0.019s	user 0.013s	sys 0.000s
I20260709 14:52:18.408702  7156 tablet_bootstrap.cc:654] T 93bc11d2fce348aab3b65b55314c7fd6 P b700e183df5342608f116bc52d9f443a: Neither blocks nor log segments found. Creating new log.
I20260709 14:52:18.408885  7155 raft_consensus.cc:359] T 401246af5eb54981b4bc3bbe836b63f4 P 5d323681b36643c39937547b97fee9f2 [term 0 FOLLOWER]: Replica starting. Triggering 0 pending ops. Active config: opid_index: -1 OBSOLETE_local: false peers { permanent_uuid: "eb59c3e8458e448aaa7e0c9f1e97a23a" member_type: VOTER last_known_addr { host: "127.6.48.65" port: 42209 } } peers { permanent_uuid: "5d323681b36643c39937547b97fee9f2" member_type: VOTER last_known_addr { host: "127.6.48.66" port: 38343 } } peers { permanent_uuid: "b700e183df5342608f116bc52d9f443a" member_type: VOTER last_known_addr { host: "127.6.48.67" port: 37813 } }
I20260709 14:52:18.409694  7155 raft_consensus.cc:385] T 401246af5eb54981b4bc3bbe836b63f4 P 5d323681b36643c39937547b97fee9f2 [term 0 FOLLOWER]: Consensus starting up: Expiring failure detector timer to make a prompt election more likely
I20260709 14:52:18.409955  7155 raft_consensus.cc:740] T 401246af5eb54981b4bc3bbe836b63f4 P 5d323681b36643c39937547b97fee9f2 [term 0 FOLLOWER]: Becoming Follower/Learner. State: Replica: 5d323681b36643c39937547b97fee9f2, State: Initialized, Role: FOLLOWER
I20260709 14:52:18.410606  7155 consensus_queue.cc:260] T 401246af5eb54981b4bc3bbe836b63f4 P 5d323681b36643c39937547b97fee9f2 [NON_LEADER]: Queue going to NON_LEADER mode. State: All replicated index: 0, Majority replicated index: 0, Committed index: 0, Last appended: 0.0, Last appended by leader: 0, Current term: 0, Majority size: -1, State: 0, Mode: NON_LEADER, active raft config: opid_index: -1 OBSOLETE_local: false peers { permanent_uuid: "eb59c3e8458e448aaa7e0c9f1e97a23a" member_type: VOTER last_known_addr { host: "127.6.48.65" port: 42209 } } peers { permanent_uuid: "5d323681b36643c39937547b97fee9f2" member_type: VOTER last_known_addr { host: "127.6.48.66" port: 38343 } } peers { permanent_uuid: "b700e183df5342608f116bc52d9f443a" member_type: VOTER last_known_addr { host: "127.6.48.67" port: 37813 } }
I20260709 14:52:18.410986  7154 tablet_bootstrap.cc:492] T 5332fc28c71d49ffa19bf6acb4ef9b1a P eb59c3e8458e448aaa7e0c9f1e97a23a: No bootstrap required, opened a new log
I20260709 14:52:18.411607  7154 ts_tablet_manager.cc:1403] T 5332fc28c71d49ffa19bf6acb4ef9b1a P eb59c3e8458e448aaa7e0c9f1e97a23a: Time spent bootstrapping tablet: real 0.026s	user 0.012s	sys 0.012s
I20260709 14:52:18.413463  7156 tablet_bootstrap.cc:492] T 93bc11d2fce348aab3b65b55314c7fd6 P b700e183df5342608f116bc52d9f443a: No bootstrap required, opened a new log
I20260709 14:52:18.413931  7156 ts_tablet_manager.cc:1403] T 93bc11d2fce348aab3b65b55314c7fd6 P b700e183df5342608f116bc52d9f443a: Time spent bootstrapping tablet: real 0.015s	user 0.014s	sys 0.000s
I20260709 14:52:18.414673  7155 ts_tablet_manager.cc:1434] T 401246af5eb54981b4bc3bbe836b63f4 P 5d323681b36643c39937547b97fee9f2: Time spent starting tablet: real 0.008s	user 0.007s	sys 0.000s
I20260709 14:52:18.414301  7154 raft_consensus.cc:359] T 5332fc28c71d49ffa19bf6acb4ef9b1a P eb59c3e8458e448aaa7e0c9f1e97a23a [term 0 FOLLOWER]: Replica starting. Triggering 0 pending ops. Active config: opid_index: -1 OBSOLETE_local: false peers { permanent_uuid: "eb59c3e8458e448aaa7e0c9f1e97a23a" member_type: VOTER last_known_addr { host: "127.6.48.65" port: 42209 } } peers { permanent_uuid: "5d323681b36643c39937547b97fee9f2" member_type: VOTER last_known_addr { host: "127.6.48.66" port: 38343 } } peers { permanent_uuid: "b700e183df5342608f116bc52d9f443a" member_type: VOTER last_known_addr { host: "127.6.48.67" port: 37813 } }
I20260709 14:52:18.415093  7154 raft_consensus.cc:385] T 5332fc28c71d49ffa19bf6acb4ef9b1a P eb59c3e8458e448aaa7e0c9f1e97a23a [term 0 FOLLOWER]: Consensus starting up: Expiring failure detector timer to make a prompt election more likely
I20260709 14:52:18.415392  7154 raft_consensus.cc:740] T 5332fc28c71d49ffa19bf6acb4ef9b1a P eb59c3e8458e448aaa7e0c9f1e97a23a [term 0 FOLLOWER]: Becoming Follower/Learner. State: Replica: eb59c3e8458e448aaa7e0c9f1e97a23a, State: Initialized, Role: FOLLOWER
I20260709 14:52:18.415740  7155 tablet_bootstrap.cc:492] T 85066fb5cc8a4d3aa7cb63b2c06d9d00 P 5d323681b36643c39937547b97fee9f2: Bootstrap starting.
I20260709 14:52:18.416194  7154 consensus_queue.cc:260] T 5332fc28c71d49ffa19bf6acb4ef9b1a P eb59c3e8458e448aaa7e0c9f1e97a23a [NON_LEADER]: Queue going to NON_LEADER mode. State: All replicated index: 0, Majority replicated index: 0, Committed index: 0, Last appended: 0.0, Last appended by leader: 0, Current term: 0, Majority size: -1, State: 0, Mode: NON_LEADER, active raft config: opid_index: -1 OBSOLETE_local: false peers { permanent_uuid: "eb59c3e8458e448aaa7e0c9f1e97a23a" member_type: VOTER last_known_addr { host: "127.6.48.65" port: 42209 } } peers { permanent_uuid: "5d323681b36643c39937547b97fee9f2" member_type: VOTER last_known_addr { host: "127.6.48.66" port: 38343 } } peers { permanent_uuid: "b700e183df5342608f116bc52d9f443a" member_type: VOTER last_known_addr { host: "127.6.48.67" port: 37813 } }
I20260709 14:52:18.416823  7156 raft_consensus.cc:359] T 93bc11d2fce348aab3b65b55314c7fd6 P b700e183df5342608f116bc52d9f443a [term 0 FOLLOWER]: Replica starting. Triggering 0 pending ops. Active config: opid_index: -1 OBSOLETE_local: false peers { permanent_uuid: "eb59c3e8458e448aaa7e0c9f1e97a23a" member_type: VOTER last_known_addr { host: "127.6.48.65" port: 42209 } } peers { permanent_uuid: "5d323681b36643c39937547b97fee9f2" member_type: VOTER last_known_addr { host: "127.6.48.66" port: 38343 } } peers { permanent_uuid: "b700e183df5342608f116bc52d9f443a" member_type: VOTER last_known_addr { host: "127.6.48.67" port: 37813 } }
I20260709 14:52:18.417572  7156 raft_consensus.cc:385] T 93bc11d2fce348aab3b65b55314c7fd6 P b700e183df5342608f116bc52d9f443a [term 0 FOLLOWER]: Consensus starting up: Expiring failure detector timer to make a prompt election more likely
I20260709 14:52:18.417882  7156 raft_consensus.cc:740] T 93bc11d2fce348aab3b65b55314c7fd6 P b700e183df5342608f116bc52d9f443a [term 0 FOLLOWER]: Becoming Follower/Learner. State: Replica: b700e183df5342608f116bc52d9f443a, State: Initialized, Role: FOLLOWER
I20260709 14:52:18.418677  7156 consensus_queue.cc:260] T 93bc11d2fce348aab3b65b55314c7fd6 P b700e183df5342608f116bc52d9f443a [NON_LEADER]: Queue going to NON_LEADER mode. State: All replicated index: 0, Majority replicated index: 0, Committed index: 0, Last appended: 0.0, Last appended by leader: 0, Current term: 0, Majority size: -1, State: 0, Mode: NON_LEADER, active raft config: opid_index: -1 OBSOLETE_local: false peers { permanent_uuid: "eb59c3e8458e448aaa7e0c9f1e97a23a" member_type: VOTER last_known_addr { host: "127.6.48.65" port: 42209 } } peers { permanent_uuid: "5d323681b36643c39937547b97fee9f2" member_type: VOTER last_known_addr { host: "127.6.48.66" port: 38343 } } peers { permanent_uuid: "b700e183df5342608f116bc52d9f443a" member_type: VOTER last_known_addr { host: "127.6.48.67" port: 37813 } }
I20260709 14:52:18.422960  7155 tablet_bootstrap.cc:654] T 85066fb5cc8a4d3aa7cb63b2c06d9d00 P 5d323681b36643c39937547b97fee9f2: Neither blocks nor log segments found. Creating new log.
I20260709 14:52:18.425026  7156 ts_tablet_manager.cc:1434] T 93bc11d2fce348aab3b65b55314c7fd6 P b700e183df5342608f116bc52d9f443a: Time spent starting tablet: real 0.011s	user 0.005s	sys 0.000s
I20260709 14:52:18.425086  7154 ts_tablet_manager.cc:1434] T 5332fc28c71d49ffa19bf6acb4ef9b1a P eb59c3e8458e448aaa7e0c9f1e97a23a: Time spent starting tablet: real 0.013s	user 0.004s	sys 0.004s
I20260709 14:52:18.426113  7156 tablet_bootstrap.cc:492] T 401246af5eb54981b4bc3bbe836b63f4 P b700e183df5342608f116bc52d9f443a: Bootstrap starting.
I20260709 14:52:18.427568  7161 raft_consensus.cc:493] T 70b5393d9c0044c9adfe611722976538 P 5d323681b36643c39937547b97fee9f2 [term 0 FOLLOWER]: Starting pre-election (no leader contacted us within the election timeout)
I20260709 14:52:18.428074  7161 raft_consensus.cc:515] T 70b5393d9c0044c9adfe611722976538 P 5d323681b36643c39937547b97fee9f2 [term 0 FOLLOWER]: Starting pre-election with config: opid_index: -1 OBSOLETE_local: false peers { permanent_uuid: "eb59c3e8458e448aaa7e0c9f1e97a23a" member_type: VOTER last_known_addr { host: "127.6.48.65" port: 42209 } } peers { permanent_uuid: "5d323681b36643c39937547b97fee9f2" member_type: VOTER last_known_addr { host: "127.6.48.66" port: 38343 } } peers { permanent_uuid: "b700e183df5342608f116bc52d9f443a" member_type: VOTER last_known_addr { host: "127.6.48.67" port: 37813 } }
I20260709 14:52:18.428889  7154 tablet_bootstrap.cc:492] T 2084736ae64b46118fe1f7250f03de5c P eb59c3e8458e448aaa7e0c9f1e97a23a: Bootstrap starting.
I20260709 14:52:18.432286  7156 tablet_bootstrap.cc:654] T 401246af5eb54981b4bc3bbe836b63f4 P b700e183df5342608f116bc52d9f443a: Neither blocks nor log segments found. Creating new log.
I20260709 14:52:18.435760  7154 tablet_bootstrap.cc:654] T 2084736ae64b46118fe1f7250f03de5c P eb59c3e8458e448aaa7e0c9f1e97a23a: Neither blocks nor log segments found. Creating new log.
I20260709 14:52:18.436691  7161 leader_election.cc:290] T 70b5393d9c0044c9adfe611722976538 P 5d323681b36643c39937547b97fee9f2 [CANDIDATE]: Term 1 pre-election: Requested pre-vote from peers eb59c3e8458e448aaa7e0c9f1e97a23a (127.6.48.65:42209), b700e183df5342608f116bc52d9f443a (127.6.48.67:37813)
I20260709 14:52:18.445641  7155 tablet_bootstrap.cc:492] T 85066fb5cc8a4d3aa7cb63b2c06d9d00 P 5d323681b36643c39937547b97fee9f2: No bootstrap required, opened a new log
I20260709 14:52:18.446099  7155 ts_tablet_manager.cc:1403] T 85066fb5cc8a4d3aa7cb63b2c06d9d00 P 5d323681b36643c39937547b97fee9f2: Time spent bootstrapping tablet: real 0.031s	user 0.013s	sys 0.000s
I20260709 14:52:18.448822  7161 raft_consensus.cc:493] T 7724650194284d869d0633e7f8e19d38 P 5d323681b36643c39937547b97fee9f2 [term 0 FOLLOWER]: Starting pre-election (no leader contacted us within the election timeout)
I20260709 14:52:18.449347  7161 raft_consensus.cc:515] T 7724650194284d869d0633e7f8e19d38 P 5d323681b36643c39937547b97fee9f2 [term 0 FOLLOWER]: Starting pre-election with config: opid_index: -1 OBSOLETE_local: false peers { permanent_uuid: "eb59c3e8458e448aaa7e0c9f1e97a23a" member_type: VOTER last_known_addr { host: "127.6.48.65" port: 42209 } } peers { permanent_uuid: "5d323681b36643c39937547b97fee9f2" member_type: VOTER last_known_addr { host: "127.6.48.66" port: 38343 } } peers { permanent_uuid: "b700e183df5342608f116bc52d9f443a" member_type: VOTER last_known_addr { host: "127.6.48.67" port: 37813 } }
I20260709 14:52:18.453045  7154 tablet_bootstrap.cc:492] T 2084736ae64b46118fe1f7250f03de5c P eb59c3e8458e448aaa7e0c9f1e97a23a: No bootstrap required, opened a new log
I20260709 14:52:18.453164  7161 leader_election.cc:290] T 7724650194284d869d0633e7f8e19d38 P 5d323681b36643c39937547b97fee9f2 [CANDIDATE]: Term 1 pre-election: Requested pre-vote from peers eb59c3e8458e448aaa7e0c9f1e97a23a (127.6.48.65:42209), b700e183df5342608f116bc52d9f443a (127.6.48.67:37813)
I20260709 14:52:18.453492  7154 ts_tablet_manager.cc:1403] T 2084736ae64b46118fe1f7250f03de5c P eb59c3e8458e448aaa7e0c9f1e97a23a: Time spent bootstrapping tablet: real 0.025s	user 0.014s	sys 0.007s
I20260709 14:52:18.455137  7156 tablet_bootstrap.cc:492] T 401246af5eb54981b4bc3bbe836b63f4 P b700e183df5342608f116bc52d9f443a: No bootstrap required, opened a new log
I20260709 14:52:18.455566  7156 ts_tablet_manager.cc:1403] T 401246af5eb54981b4bc3bbe836b63f4 P b700e183df5342608f116bc52d9f443a: Time spent bootstrapping tablet: real 0.030s	user 0.010s	sys 0.002s
I20260709 14:52:18.455271  7155 raft_consensus.cc:359] T 85066fb5cc8a4d3aa7cb63b2c06d9d00 P 5d323681b36643c39937547b97fee9f2 [term 0 FOLLOWER]: Replica starting. Triggering 0 pending ops. Active config: opid_index: -1 OBSOLETE_local: false peers { permanent_uuid: "eb59c3e8458e448aaa7e0c9f1e97a23a" member_type: VOTER last_known_addr { host: "127.6.48.65" port: 42209 } } peers { permanent_uuid: "5d323681b36643c39937547b97fee9f2" member_type: VOTER last_known_addr { host: "127.6.48.66" port: 38343 } } peers { permanent_uuid: "b700e183df5342608f116bc52d9f443a" member_type: VOTER last_known_addr { host: "127.6.48.67" port: 37813 } }
I20260709 14:52:18.456197  7114 tablet_service.cc:1917] Received RequestConsensusVote() RPC: tablet_id: "70b5393d9c0044c9adfe611722976538" candidate_uuid: "5d323681b36643c39937547b97fee9f2" candidate_term: 1 candidate_status { last_received { term: 0 index: 0 } } ignore_live_leader: false dest_uuid: "b700e183df5342608f116bc52d9f443a" is_pre_election: true
I20260709 14:52:18.456243  7154 raft_consensus.cc:359] T 2084736ae64b46118fe1f7250f03de5c P eb59c3e8458e448aaa7e0c9f1e97a23a [term 0 FOLLOWER]: Replica starting. Triggering 0 pending ops. Active config: opid_index: -1 OBSOLETE_local: false peers { permanent_uuid: "eb59c3e8458e448aaa7e0c9f1e97a23a" member_type: VOTER last_known_addr { host: "127.6.48.65" port: 42209 } } peers { permanent_uuid: "5d323681b36643c39937547b97fee9f2" member_type: VOTER last_known_addr { host: "127.6.48.66" port: 38343 } } peers { permanent_uuid: "b700e183df5342608f116bc52d9f443a" member_type: VOTER last_known_addr { host: "127.6.48.67" port: 37813 } }
I20260709 14:52:18.456683  7113 tablet_service.cc:1917] Received RequestConsensusVote() RPC: tablet_id: "7724650194284d869d0633e7f8e19d38" candidate_uuid: "5d323681b36643c39937547b97fee9f2" candidate_term: 1 candidate_status { last_received { term: 0 index: 0 } } ignore_live_leader: false dest_uuid: "b700e183df5342608f116bc52d9f443a" is_pre_election: true
I20260709 14:52:18.457039  7154 raft_consensus.cc:385] T 2084736ae64b46118fe1f7250f03de5c P eb59c3e8458e448aaa7e0c9f1e97a23a [term 0 FOLLOWER]: Consensus starting up: Expiring failure detector timer to make a prompt election more likely
I20260709 14:52:18.456969  7114 raft_consensus.cc:2468] T 70b5393d9c0044c9adfe611722976538 P b700e183df5342608f116bc52d9f443a [term 0 FOLLOWER]: Leader pre-election vote request: Granting yes vote for candidate 5d323681b36643c39937547b97fee9f2 in term 0.
I20260709 14:52:18.457434  7154 raft_consensus.cc:740] T 2084736ae64b46118fe1f7250f03de5c P eb59c3e8458e448aaa7e0c9f1e97a23a [term 0 FOLLOWER]: Becoming Follower/Learner. State: Replica: eb59c3e8458e448aaa7e0c9f1e97a23a, State: Initialized, Role: FOLLOWER
I20260709 14:52:18.457382  7113 raft_consensus.cc:2468] T 7724650194284d869d0633e7f8e19d38 P b700e183df5342608f116bc52d9f443a [term 0 FOLLOWER]: Leader pre-election vote request: Granting yes vote for candidate 5d323681b36643c39937547b97fee9f2 in term 0.
I20260709 14:52:18.458092  7156 raft_consensus.cc:359] T 401246af5eb54981b4bc3bbe836b63f4 P b700e183df5342608f116bc52d9f443a [term 0 FOLLOWER]: Replica starting. Triggering 0 pending ops. Active config: opid_index: -1 OBSOLETE_local: false peers { permanent_uuid: "eb59c3e8458e448aaa7e0c9f1e97a23a" member_type: VOTER last_known_addr { host: "127.6.48.65" port: 42209 } } peers { permanent_uuid: "5d323681b36643c39937547b97fee9f2" member_type: VOTER last_known_addr { host: "127.6.48.66" port: 38343 } } peers { permanent_uuid: "b700e183df5342608f116bc52d9f443a" member_type: VOTER last_known_addr { host: "127.6.48.67" port: 37813 } }
I20260709 14:52:18.458204  7154 consensus_queue.cc:260] T 2084736ae64b46118fe1f7250f03de5c P eb59c3e8458e448aaa7e0c9f1e97a23a [NON_LEADER]: Queue going to NON_LEADER mode. State: All replicated index: 0, Majority replicated index: 0, Committed index: 0, Last appended: 0.0, Last appended by leader: 0, Current term: 0, Majority size: -1, State: 0, Mode: NON_LEADER, active raft config: opid_index: -1 OBSOLETE_local: false peers { permanent_uuid: "eb59c3e8458e448aaa7e0c9f1e97a23a" member_type: VOTER last_known_addr { host: "127.6.48.65" port: 42209 } } peers { permanent_uuid: "5d323681b36643c39937547b97fee9f2" member_type: VOTER last_known_addr { host: "127.6.48.66" port: 38343 } } peers { permanent_uuid: "b700e183df5342608f116bc52d9f443a" member_type: VOTER last_known_addr { host: "127.6.48.67" port: 37813 } }
I20260709 14:52:18.458743  7156 raft_consensus.cc:385] T 401246af5eb54981b4bc3bbe836b63f4 P b700e183df5342608f116bc52d9f443a [term 0 FOLLOWER]: Consensus starting up: Expiring failure detector timer to make a prompt election more likely
I20260709 14:52:18.458702  7003 leader_election.cc:304] T 70b5393d9c0044c9adfe611722976538 P 5d323681b36643c39937547b97fee9f2 [CANDIDATE]: Term 1 pre-election: Election decided. Result: candidate won. Election summary: received 2 responses out of 3 voters: 2 yes votes; 0 no votes. yes voters: 5d323681b36643c39937547b97fee9f2, b700e183df5342608f116bc52d9f443a; no voters: 
I20260709 14:52:18.459204  7156 raft_consensus.cc:740] T 401246af5eb54981b4bc3bbe836b63f4 P b700e183df5342608f116bc52d9f443a [term 0 FOLLOWER]: Becoming Follower/Learner. State: Replica: b700e183df5342608f116bc52d9f443a, State: Initialized, Role: FOLLOWER
I20260709 14:52:18.459740  7161 raft_consensus.cc:2804] T 70b5393d9c0044c9adfe611722976538 P 5d323681b36643c39937547b97fee9f2 [term 0 FOLLOWER]: Leader pre-election won for term 1
I20260709 14:52:18.460146  7161 raft_consensus.cc:493] T 70b5393d9c0044c9adfe611722976538 P 5d323681b36643c39937547b97fee9f2 [term 0 FOLLOWER]: Starting leader election (no leader contacted us within the election timeout)
I20260709 14:52:18.459985  7156 consensus_queue.cc:260] T 401246af5eb54981b4bc3bbe836b63f4 P b700e183df5342608f116bc52d9f443a [NON_LEADER]: Queue going to NON_LEADER mode. State: All replicated index: 0, Majority replicated index: 0, Committed index: 0, Last appended: 0.0, Last appended by leader: 0, Current term: 0, Majority size: -1, State: 0, Mode: NON_LEADER, active raft config: opid_index: -1 OBSOLETE_local: false peers { permanent_uuid: "eb59c3e8458e448aaa7e0c9f1e97a23a" member_type: VOTER last_known_addr { host: "127.6.48.65" port: 42209 } } peers { permanent_uuid: "5d323681b36643c39937547b97fee9f2" member_type: VOTER last_known_addr { host: "127.6.48.66" port: 38343 } } peers { permanent_uuid: "b700e183df5342608f116bc52d9f443a" member_type: VOTER last_known_addr { host: "127.6.48.67" port: 37813 } }
I20260709 14:52:18.460572  7161 raft_consensus.cc:3060] T 70b5393d9c0044c9adfe611722976538 P 5d323681b36643c39937547b97fee9f2 [term 0 FOLLOWER]: Advancing to term 1
I20260709 14:52:18.463469  7154 ts_tablet_manager.cc:1434] T 2084736ae64b46118fe1f7250f03de5c P eb59c3e8458e448aaa7e0c9f1e97a23a: Time spent starting tablet: real 0.010s	user 0.005s	sys 0.000s
I20260709 14:52:18.463490  7160 raft_consensus.cc:493] T 2084736ae64b46118fe1f7250f03de5c P eb59c3e8458e448aaa7e0c9f1e97a23a [term 0 FOLLOWER]: Starting pre-election (no leader contacted us within the election timeout)
I20260709 14:52:18.464520  7154 tablet_bootstrap.cc:492] T 95258ceca7ba475098215fd7b39cf9b0 P eb59c3e8458e448aaa7e0c9f1e97a23a: Bootstrap starting.
