I20260709 14:52:07.075438 21801 raft_consensus.cc:3060] T 51f441a8a4fb4cd486d97946647fca62 P b18abf9fa979441fba3373821b013166 [term 0 FOLLOWER]: Advancing to term 1
I20260709 14:52:07.064926 21920 raft_consensus.cc:740] T 4f9a95292b54449a9bc5756c070de8d8 P 8faf55302df841fd9b9f3b70dcdc97c7 [term 0 FOLLOWER]: Becoming Follower/Learner. State: Replica: 8faf55302df841fd9b9f3b70dcdc97c7, State: Initialized, Role: FOLLOWER
I20260709 14:52:07.076382 21920 consensus_queue.cc:260] T 4f9a95292b54449a9bc5756c070de8d8 P 8faf55302df841fd9b9f3b70dcdc97c7 [NON_LEADER]: Queue going to NON_LEADER mode. State: All replicated index: 0, Majority replicated index: 0, Committed index: 0, Last appended: 0.0, Last appended by leader: 0, Current term: 0, Majority size: -1, State: 0, Mode: NON_LEADER, active raft config: opid_index: -1 OBSOLETE_local: false peers { permanent_uuid: "8faf55302df841fd9b9f3b70dcdc97c7" member_type: VOTER last_known_addr { host: "127.21.22.1" port: 33093 } } peers { permanent_uuid: "b18abf9fa979441fba3373821b013166" member_type: VOTER last_known_addr { host: "127.21.22.2" port: 34629 } } peers { permanent_uuid: "1fbf4af8468b48f9a773eb3f176885d5" member_type: VOTER last_known_addr { host: "127.21.22.3" port: 39997 } }
I20260709 14:52:07.078902 21920 ts_tablet_manager.cc:1434] T 4f9a95292b54449a9bc5756c070de8d8 P 8faf55302df841fd9b9f3b70dcdc97c7: Time spent starting tablet: real 0.022s	user 0.006s	sys 0.000s
I20260709 14:52:07.079815 21920 tablet_bootstrap.cc:492] T 51f441a8a4fb4cd486d97946647fca62 P 8faf55302df841fd9b9f3b70dcdc97c7: Bootstrap starting.
I20260709 14:52:07.082144 21801 raft_consensus.cc:2468] T 51f441a8a4fb4cd486d97946647fca62 P b18abf9fa979441fba3373821b013166 [term 1 FOLLOWER]: Leader election vote request: Granting yes vote for candidate 1fbf4af8468b48f9a773eb3f176885d5 in term 1.
I20260709 14:52:07.083230 21842 leader_election.cc:304] T 51f441a8a4fb4cd486d97946647fca62 P 1fbf4af8468b48f9a773eb3f176885d5 [CANDIDATE]: Term 1 election: Election decided. Result: candidate won. Election summary: received 3 responses out of 3 voters: 2 yes votes; 1 no votes. yes voters: 1fbf4af8468b48f9a773eb3f176885d5, b18abf9fa979441fba3373821b013166; no voters: 8faf55302df841fd9b9f3b70dcdc97c7
I20260709 14:52:07.083950 21938 raft_consensus.cc:2804] T 51f441a8a4fb4cd486d97946647fca62 P 1fbf4af8468b48f9a773eb3f176885d5 [term 1 FOLLOWER]: Leader election won for term 1
I20260709 14:52:07.084683 21938 raft_consensus.cc:697] T 51f441a8a4fb4cd486d97946647fca62 P 1fbf4af8468b48f9a773eb3f176885d5 [term 1 LEADER]: Becoming Leader. State: Replica: 1fbf4af8468b48f9a773eb3f176885d5, State: Running, Role: LEADER
I20260709 14:52:07.085500 21938 consensus_queue.cc:237] T 51f441a8a4fb4cd486d97946647fca62 P 1fbf4af8468b48f9a773eb3f176885d5 [LEADER]: Queue going to LEADER mode. State: All replicated index: 0, Majority replicated index: 0, Committed index: 0, Last appended: 0.0, Last appended by leader: 0, Current term: 1, Majority size: 2, State: 0, Mode: LEADER, active raft config: opid_index: -1 OBSOLETE_local: false peers { permanent_uuid: "8faf55302df841fd9b9f3b70dcdc97c7" member_type: VOTER last_known_addr { host: "127.21.22.1" port: 33093 } } peers { permanent_uuid: "b18abf9fa979441fba3373821b013166" member_type: VOTER last_known_addr { host: "127.21.22.2" port: 34629 } } peers { permanent_uuid: "1fbf4af8468b48f9a773eb3f176885d5" member_type: VOTER last_known_addr { host: "127.21.22.3" port: 39997 } }
I20260709 14:52:07.088436 21924 raft_consensus.cc:493] T 30d9f424b8fa4fe587fcebb85457e9af P b18abf9fa979441fba3373821b013166 [term 0 FOLLOWER]: Starting pre-election (no leader contacted us within the election timeout)
I20260709 14:52:07.088896 21924 raft_consensus.cc:515] T 30d9f424b8fa4fe587fcebb85457e9af P b18abf9fa979441fba3373821b013166 [term 0 FOLLOWER]: Starting pre-election with config: opid_index: -1 OBSOLETE_local: false peers { permanent_uuid: "8faf55302df841fd9b9f3b70dcdc97c7" member_type: VOTER last_known_addr { host: "127.21.22.1" port: 33093 } } peers { permanent_uuid: "b18abf9fa979441fba3373821b013166" member_type: VOTER last_known_addr { host: "127.21.22.2" port: 34629 } } peers { permanent_uuid: "1fbf4af8468b48f9a773eb3f176885d5" member_type: VOTER last_known_addr { host: "127.21.22.3" port: 39997 } }
I20260709 14:52:07.089890 21920 tablet_bootstrap.cc:654] T 51f441a8a4fb4cd486d97946647fca62 P 8faf55302df841fd9b9f3b70dcdc97c7: Neither blocks nor log segments found. Creating new log.
I20260709 14:52:07.091039 21924 leader_election.cc:290] T 30d9f424b8fa4fe587fcebb85457e9af P b18abf9fa979441fba3373821b013166 [CANDIDATE]: Term 1 pre-election: Requested pre-vote from peers 8faf55302df841fd9b9f3b70dcdc97c7 (127.21.22.1:33093), 1fbf4af8468b48f9a773eb3f176885d5 (127.21.22.3:39997)
I20260709 14:52:07.091828 21727 tablet_service.cc:1917] Received RequestConsensusVote() RPC: tablet_id: "30d9f424b8fa4fe587fcebb85457e9af" candidate_uuid: "b18abf9fa979441fba3373821b013166" candidate_term: 1 candidate_status { last_received { term: 0 index: 0 } } ignore_live_leader: false dest_uuid: "8faf55302df841fd9b9f3b70dcdc97c7" is_pre_election: true
I20260709 14:52:07.092435 21727 raft_consensus.cc:2468] T 30d9f424b8fa4fe587fcebb85457e9af P 8faf55302df841fd9b9f3b70dcdc97c7 [term 0 FOLLOWER]: Leader pre-election vote request: Granting yes vote for candidate b18abf9fa979441fba3373821b013166 in term 0.
I20260709 14:52:07.094317 21876 tablet_service.cc:1917] Received RequestConsensusVote() RPC: tablet_id: "30d9f424b8fa4fe587fcebb85457e9af" candidate_uuid: "b18abf9fa979441fba3373821b013166" candidate_term: 1 candidate_status { last_received { term: 0 index: 0 } } ignore_live_leader: false dest_uuid: "1fbf4af8468b48f9a773eb3f176885d5" is_pre_election: true
I20260709 14:52:07.094959 21876 raft_consensus.cc:2468] T 30d9f424b8fa4fe587fcebb85457e9af P 1fbf4af8468b48f9a773eb3f176885d5 [term 0 FOLLOWER]: Leader pre-election vote request: Granting yes vote for candidate b18abf9fa979441fba3373821b013166 in term 0.
I20260709 14:52:07.096490 21768 leader_election.cc:304] T 30d9f424b8fa4fe587fcebb85457e9af P b18abf9fa979441fba3373821b013166 [CANDIDATE]: Term 1 pre-election: Election decided. Result: candidate won. Election summary: received 2 responses out of 3 voters: 2 yes votes; 0 no votes. yes voters: 8faf55302df841fd9b9f3b70dcdc97c7, b18abf9fa979441fba3373821b013166; no voters: 
I20260709 14:52:07.097307 21924 raft_consensus.cc:2804] T 30d9f424b8fa4fe587fcebb85457e9af P b18abf9fa979441fba3373821b013166 [term 0 FOLLOWER]: Leader pre-election won for term 1
I20260709 14:52:07.097630 21924 raft_consensus.cc:493] T 30d9f424b8fa4fe587fcebb85457e9af P b18abf9fa979441fba3373821b013166 [term 0 FOLLOWER]: Starting leader election (no leader contacted us within the election timeout)
I20260709 14:52:07.097937 21924 raft_consensus.cc:3060] T 30d9f424b8fa4fe587fcebb85457e9af P b18abf9fa979441fba3373821b013166 [term 0 FOLLOWER]: Advancing to term 1
I20260709 14:52:07.099851 21919 ts_tablet_manager.cc:1434] T 30d9f424b8fa4fe587fcebb85457e9af P b18abf9fa979441fba3373821b013166: Time spent starting tablet: real 0.030s	user 0.005s	sys 0.000s
I20260709 14:52:07.100833 21919 tablet_bootstrap.cc:492] T 86ac2470e9484a4ea0942eac0df8d9ed P b18abf9fa979441fba3373821b013166: Bootstrap starting.
I20260709 14:52:07.105872 21924 raft_consensus.cc:515] T 30d9f424b8fa4fe587fcebb85457e9af P b18abf9fa979441fba3373821b013166 [term 1 FOLLOWER]: Starting leader election with config: opid_index: -1 OBSOLETE_local: false peers { permanent_uuid: "8faf55302df841fd9b9f3b70dcdc97c7" member_type: VOTER last_known_addr { host: "127.21.22.1" port: 33093 } } peers { permanent_uuid: "b18abf9fa979441fba3373821b013166" member_type: VOTER last_known_addr { host: "127.21.22.2" port: 34629 } } peers { permanent_uuid: "1fbf4af8468b48f9a773eb3f176885d5" member_type: VOTER last_known_addr { host: "127.21.22.3" port: 39997 } }
I20260709 14:52:07.108001 21924 leader_election.cc:290] T 30d9f424b8fa4fe587fcebb85457e9af P b18abf9fa979441fba3373821b013166 [CANDIDATE]: Term 1 election: Requested vote from peers 8faf55302df841fd9b9f3b70dcdc97c7 (127.21.22.1:33093), 1fbf4af8468b48f9a773eb3f176885d5 (127.21.22.3:39997)
I20260709 14:52:07.109417 21727 tablet_service.cc:1917] Received RequestConsensusVote() RPC: tablet_id: "30d9f424b8fa4fe587fcebb85457e9af" candidate_uuid: "b18abf9fa979441fba3373821b013166" candidate_term: 1 candidate_status { last_received { term: 0 index: 0 } } ignore_live_leader: false dest_uuid: "8faf55302df841fd9b9f3b70dcdc97c7"
I20260709 14:52:07.110023 21727 raft_consensus.cc:3060] T 30d9f424b8fa4fe587fcebb85457e9af P 8faf55302df841fd9b9f3b70dcdc97c7 [term 0 FOLLOWER]: Advancing to term 1
I20260709 14:52:07.117095 21876 tablet_service.cc:1917] Received RequestConsensusVote() RPC: tablet_id: "30d9f424b8fa4fe587fcebb85457e9af" candidate_uuid: "b18abf9fa979441fba3373821b013166" candidate_term: 1 candidate_status { last_received { term: 0 index: 0 } } ignore_live_leader: false dest_uuid: "1fbf4af8468b48f9a773eb3f176885d5"
I20260709 14:52:07.117723 21876 raft_consensus.cc:3060] T 30d9f424b8fa4fe587fcebb85457e9af P 1fbf4af8468b48f9a773eb3f176885d5 [term 0 FOLLOWER]: Advancing to term 1
I20260709 14:52:07.115077 21622 catalog_manager.cc:5697] T 51f441a8a4fb4cd486d97946647fca62 P 1fbf4af8468b48f9a773eb3f176885d5 reported cstate change: term changed from 0 to 1, leader changed from <none> to 1fbf4af8468b48f9a773eb3f176885d5 (127.21.22.3). New cstate: current_term: 1 leader_uuid: "1fbf4af8468b48f9a773eb3f176885d5" committed_config { opid_index: -1 OBSOLETE_local: false peers { permanent_uuid: "8faf55302df841fd9b9f3b70dcdc97c7" member_type: VOTER last_known_addr { host: "127.21.22.1" port: 33093 } health_report { overall_health: UNKNOWN } } peers { permanent_uuid: "b18abf9fa979441fba3373821b013166" member_type: VOTER last_known_addr { host: "127.21.22.2" port: 34629 } health_report { overall_health: UNKNOWN } } peers { permanent_uuid: "1fbf4af8468b48f9a773eb3f176885d5" member_type: VOTER last_known_addr { host: "127.21.22.3" port: 39997 } health_report { overall_health: HEALTHY } } }
I20260709 14:52:07.127417 21876 raft_consensus.cc:2468] T 30d9f424b8fa4fe587fcebb85457e9af P 1fbf4af8468b48f9a773eb3f176885d5 [term 1 FOLLOWER]: Leader election vote request: Granting yes vote for candidate b18abf9fa979441fba3373821b013166 in term 1.
I20260709 14:52:07.120358 21727 raft_consensus.cc:2468] T 30d9f424b8fa4fe587fcebb85457e9af P 8faf55302df841fd9b9f3b70dcdc97c7 [term 1 FOLLOWER]: Leader election vote request: Granting yes vote for candidate b18abf9fa979441fba3373821b013166 in term 1.
I20260709 14:52:07.129884 21768 leader_election.cc:304] T 30d9f424b8fa4fe587fcebb85457e9af P b18abf9fa979441fba3373821b013166 [CANDIDATE]: Term 1 election: Election decided. Result: candidate won. Election summary: received 2 responses out of 3 voters: 2 yes votes; 0 no votes. yes voters: 8faf55302df841fd9b9f3b70dcdc97c7, b18abf9fa979441fba3373821b013166; no voters: 
I20260709 14:52:07.130689 21924 raft_consensus.cc:2804] T 30d9f424b8fa4fe587fcebb85457e9af P b18abf9fa979441fba3373821b013166 [term 1 FOLLOWER]: Leader election won for term 1
I20260709 14:52:07.131163 21924 raft_consensus.cc:697] T 30d9f424b8fa4fe587fcebb85457e9af P b18abf9fa979441fba3373821b013166 [term 1 LEADER]: Becoming Leader. State: Replica: b18abf9fa979441fba3373821b013166, State: Running, Role: LEADER
I20260709 14:52:07.131903 21924 consensus_queue.cc:237] T 30d9f424b8fa4fe587fcebb85457e9af P b18abf9fa979441fba3373821b013166 [LEADER]: Queue going to LEADER mode. State: All replicated index: 0, Majority replicated index: 0, Committed index: 0, Last appended: 0.0, Last appended by leader: 0, Current term: 1, Majority size: 2, State: 0, Mode: LEADER, active raft config: opid_index: -1 OBSOLETE_local: false peers { permanent_uuid: "8faf55302df841fd9b9f3b70dcdc97c7" member_type: VOTER last_known_addr { host: "127.21.22.1" port: 33093 } } peers { permanent_uuid: "b18abf9fa979441fba3373821b013166" member_type: VOTER last_known_addr { host: "127.21.22.2" port: 34629 } } peers { permanent_uuid: "1fbf4af8468b48f9a773eb3f176885d5" member_type: VOTER last_known_addr { host: "127.21.22.3" port: 39997 } }
I20260709 14:52:07.135632 21922 tablet_bootstrap.cc:492] T a54f5887c7884960a2c284a143c35015 P 1fbf4af8468b48f9a773eb3f176885d5: No bootstrap required, opened a new log
I20260709 14:52:07.136085 21922 ts_tablet_manager.cc:1403] T a54f5887c7884960a2c284a143c35015 P 1fbf4af8468b48f9a773eb3f176885d5: Time spent bootstrapping tablet: real 0.090s	user 0.019s	sys 0.019s
I20260709 14:52:07.138114 21919 tablet_bootstrap.cc:654] T 86ac2470e9484a4ea0942eac0df8d9ed P b18abf9fa979441fba3373821b013166: Neither blocks nor log segments found. Creating new log.
I20260709 14:52:07.138897 21922 raft_consensus.cc:359] T a54f5887c7884960a2c284a143c35015 P 1fbf4af8468b48f9a773eb3f176885d5 [term 0 FOLLOWER]: Replica starting. Triggering 0 pending ops. Active config: opid_index: -1 OBSOLETE_local: false peers { permanent_uuid: "8faf55302df841fd9b9f3b70dcdc97c7" member_type: VOTER last_known_addr { host: "127.21.22.1" port: 33093 } } peers { permanent_uuid: "b18abf9fa979441fba3373821b013166" member_type: VOTER last_known_addr { host: "127.21.22.2" port: 34629 } } peers { permanent_uuid: "1fbf4af8468b48f9a773eb3f176885d5" member_type: VOTER last_known_addr { host: "127.21.22.3" port: 39997 } }
I20260709 14:52:07.139595 21922 raft_consensus.cc:385] T a54f5887c7884960a2c284a143c35015 P 1fbf4af8468b48f9a773eb3f176885d5 [term 0 FOLLOWER]: Consensus starting up: Expiring failure detector timer to make a prompt election more likely
I20260709 14:52:07.139869 21922 raft_consensus.cc:740] T a54f5887c7884960a2c284a143c35015 P 1fbf4af8468b48f9a773eb3f176885d5 [term 0 FOLLOWER]: Becoming Follower/Learner. State: Replica: 1fbf4af8468b48f9a773eb3f176885d5, State: Initialized, Role: FOLLOWER
I20260709 14:52:07.140573 21922 consensus_queue.cc:260] T a54f5887c7884960a2c284a143c35015 P 1fbf4af8468b48f9a773eb3f176885d5 [NON_LEADER]: Queue going to NON_LEADER mode. State: All replicated index: 0, Majority replicated index: 0, Committed index: 0, Last appended: 0.0, Last appended by leader: 0, Current term: 0, Majority size: -1, State: 0, Mode: NON_LEADER, active raft config: opid_index: -1 OBSOLETE_local: false peers { permanent_uuid: "8faf55302df841fd9b9f3b70dcdc97c7" member_type: VOTER last_known_addr { host: "127.21.22.1" port: 33093 } } peers { permanent_uuid: "b18abf9fa979441fba3373821b013166" member_type: VOTER last_known_addr { host: "127.21.22.2" port: 34629 } } peers { permanent_uuid: "1fbf4af8468b48f9a773eb3f176885d5" member_type: VOTER last_known_addr { host: "127.21.22.3" port: 39997 } }
I20260709 14:52:07.143987 21922 ts_tablet_manager.cc:1434] T a54f5887c7884960a2c284a143c35015 P 1fbf4af8468b48f9a773eb3f176885d5: Time spent starting tablet: real 0.008s	user 0.005s	sys 0.000s
I20260709 14:52:07.145015 21922 tablet_bootstrap.cc:492] T 48d67b901ff64aa3a8a5f09ba1ff22ad P 1fbf4af8468b48f9a773eb3f176885d5: Bootstrap starting.
I20260709 14:52:07.148121 21624 catalog_manager.cc:5697] T 30d9f424b8fa4fe587fcebb85457e9af P b18abf9fa979441fba3373821b013166 reported cstate change: term changed from 0 to 1, leader changed from <none> to b18abf9fa979441fba3373821b013166 (127.21.22.2). New cstate: current_term: 1 leader_uuid: "b18abf9fa979441fba3373821b013166" committed_config { opid_index: -1 OBSOLETE_local: false peers { permanent_uuid: "8faf55302df841fd9b9f3b70dcdc97c7" member_type: VOTER last_known_addr { host: "127.21.22.1" port: 33093 } health_report { overall_health: UNKNOWN } } peers { permanent_uuid: "b18abf9fa979441fba3373821b013166" member_type: VOTER last_known_addr { host: "127.21.22.2" port: 34629 } health_report { overall_health: HEALTHY } } peers { permanent_uuid: "1fbf4af8468b48f9a773eb3f176885d5" member_type: VOTER last_known_addr { host: "127.21.22.3" port: 39997 } health_report { overall_health: UNKNOWN } } }
I20260709 14:52:07.154995 21922 tablet_bootstrap.cc:654] T 48d67b901ff64aa3a8a5f09ba1ff22ad P 1fbf4af8468b48f9a773eb3f176885d5: Neither blocks nor log segments found. Creating new log.
I20260709 14:52:07.158806 21920 tablet_bootstrap.cc:492] T 51f441a8a4fb4cd486d97946647fca62 P 8faf55302df841fd9b9f3b70dcdc97c7: No bootstrap required, opened a new log
I20260709 14:52:07.159251 21920 ts_tablet_manager.cc:1403] T 51f441a8a4fb4cd486d97946647fca62 P 8faf55302df841fd9b9f3b70dcdc97c7: Time spent bootstrapping tablet: real 0.080s	user 0.018s	sys 0.021s
I20260709 14:52:07.161653 21920 raft_consensus.cc:359] T 51f441a8a4fb4cd486d97946647fca62 P 8faf55302df841fd9b9f3b70dcdc97c7 [term 0 FOLLOWER]: Replica starting. Triggering 0 pending ops. Active config: opid_index: -1 OBSOLETE_local: false peers { permanent_uuid: "8faf55302df841fd9b9f3b70dcdc97c7" member_type: VOTER last_known_addr { host: "127.21.22.1" port: 33093 } } peers { permanent_uuid: "b18abf9fa979441fba3373821b013166" member_type: VOTER last_known_addr { host: "127.21.22.2" port: 34629 } } peers { permanent_uuid: "1fbf4af8468b48f9a773eb3f176885d5" member_type: VOTER last_known_addr { host: "127.21.22.3" port: 39997 } }
I20260709 14:52:07.162317 21920 raft_consensus.cc:385] T 51f441a8a4fb4cd486d97946647fca62 P 8faf55302df841fd9b9f3b70dcdc97c7 [term 0 FOLLOWER]: Consensus starting up: Expiring failure detector timer to make a prompt election more likely
I20260709 14:52:07.162580 21920 raft_consensus.cc:740] T 51f441a8a4fb4cd486d97946647fca62 P 8faf55302df841fd9b9f3b70dcdc97c7 [term 0 FOLLOWER]: Becoming Follower/Learner. State: Replica: 8faf55302df841fd9b9f3b70dcdc97c7, State: Initialized, Role: FOLLOWER
I20260709 14:52:07.163389 21920 consensus_queue.cc:260] T 51f441a8a4fb4cd486d97946647fca62 P 8faf55302df841fd9b9f3b70dcdc97c7 [NON_LEADER]: Queue going to NON_LEADER mode. State: All replicated index: 0, Majority replicated index: 0, Committed index: 0, Last appended: 0.0, Last appended by leader: 0, Current term: 0, Majority size: -1, State: 0, Mode: NON_LEADER, active raft config: opid_index: -1 OBSOLETE_local: false peers { permanent_uuid: "8faf55302df841fd9b9f3b70dcdc97c7" member_type: VOTER last_known_addr { host: "127.21.22.1" port: 33093 } } peers { permanent_uuid: "b18abf9fa979441fba3373821b013166" member_type: VOTER last_known_addr { host: "127.21.22.2" port: 34629 } } peers { permanent_uuid: "1fbf4af8468b48f9a773eb3f176885d5" member_type: VOTER last_known_addr { host: "127.21.22.3" port: 39997 } }
I20260709 14:52:07.166926 21919 tablet_bootstrap.cc:492] T 86ac2470e9484a4ea0942eac0df8d9ed P b18abf9fa979441fba3373821b013166: No bootstrap required, opened a new log
I20260709 14:52:07.167398 21919 ts_tablet_manager.cc:1403] T 86ac2470e9484a4ea0942eac0df8d9ed P b18abf9fa979441fba3373821b013166: Time spent bootstrapping tablet: real 0.067s	user 0.011s	sys 0.015s
I20260709 14:52:07.167639 21920 ts_tablet_manager.cc:1434] T 51f441a8a4fb4cd486d97946647fca62 P 8faf55302df841fd9b9f3b70dcdc97c7: Time spent starting tablet: real 0.008s	user 0.007s	sys 0.000s
I20260709 14:52:07.168529 21920 tablet_bootstrap.cc:492] T 86ac2470e9484a4ea0942eac0df8d9ed P 8faf55302df841fd9b9f3b70dcdc97c7: Bootstrap starting.
I20260709 14:52:07.170240 21919 raft_consensus.cc:359] T 86ac2470e9484a4ea0942eac0df8d9ed P b18abf9fa979441fba3373821b013166 [term 0 FOLLOWER]: Replica starting. Triggering 0 pending ops. Active config: opid_index: -1 OBSOLETE_local: false peers { permanent_uuid: "8faf55302df841fd9b9f3b70dcdc97c7" member_type: VOTER last_known_addr { host: "127.21.22.1" port: 33093 } } peers { permanent_uuid: "b18abf9fa979441fba3373821b013166" member_type: VOTER last_known_addr { host: "127.21.22.2" port: 34629 } } peers { permanent_uuid: "1fbf4af8468b48f9a773eb3f176885d5" member_type: VOTER last_known_addr { host: "127.21.22.3" port: 39997 } }
I20260709 14:52:07.170910 21919 raft_consensus.cc:385] T 86ac2470e9484a4ea0942eac0df8d9ed P b18abf9fa979441fba3373821b013166 [term 0 FOLLOWER]: Consensus starting up: Expiring failure detector timer to make a prompt election more likely
I20260709 14:52:07.171216 21919 raft_consensus.cc:740] T 86ac2470e9484a4ea0942eac0df8d9ed P b18abf9fa979441fba3373821b013166 [term 0 FOLLOWER]: Becoming Follower/Learner. State: Replica: b18abf9fa979441fba3373821b013166, State: Initialized, Role: FOLLOWER
I20260709 14:52:07.171872 21919 consensus_queue.cc:260] T 86ac2470e9484a4ea0942eac0df8d9ed P b18abf9fa979441fba3373821b013166 [NON_LEADER]: Queue going to NON_LEADER mode. State: All replicated index: 0, Majority replicated index: 0, Committed index: 0, Last appended: 0.0, Last appended by leader: 0, Current term: 0, Majority size: -1, State: 0, Mode: NON_LEADER, active raft config: opid_index: -1 OBSOLETE_local: false peers { permanent_uuid: "8faf55302df841fd9b9f3b70dcdc97c7" member_type: VOTER last_known_addr { host: "127.21.22.1" port: 33093 } } peers { permanent_uuid: "b18abf9fa979441fba3373821b013166" member_type: VOTER last_known_addr { host: "127.21.22.2" port: 34629 } } peers { permanent_uuid: "1fbf4af8468b48f9a773eb3f176885d5" member_type: VOTER last_known_addr { host: "127.21.22.3" port: 39997 } }
I20260709 14:52:07.174717 21919 ts_tablet_manager.cc:1434] T 86ac2470e9484a4ea0942eac0df8d9ed P b18abf9fa979441fba3373821b013166: Time spent starting tablet: real 0.007s	user 0.005s	sys 0.000s
I20260709 14:52:07.175312 21922 tablet_bootstrap.cc:492] T 48d67b901ff64aa3a8a5f09ba1ff22ad P 1fbf4af8468b48f9a773eb3f176885d5: No bootstrap required, opened a new log
I20260709 14:52:07.175731 21922 ts_tablet_manager.cc:1403] T 48d67b901ff64aa3a8a5f09ba1ff22ad P 1fbf4af8468b48f9a773eb3f176885d5: Time spent bootstrapping tablet: real 0.031s	user 0.006s	sys 0.003s
I20260709 14:52:07.178181 21922 raft_consensus.cc:359] T 48d67b901ff64aa3a8a5f09ba1ff22ad P 1fbf4af8468b48f9a773eb3f176885d5 [term 0 FOLLOWER]: Replica starting. Triggering 0 pending ops. Active config: opid_index: -1 OBSOLETE_local: false peers { permanent_uuid: "8faf55302df841fd9b9f3b70dcdc97c7" member_type: VOTER last_known_addr { host: "127.21.22.1" port: 33093 } } peers { permanent_uuid: "b18abf9fa979441fba3373821b013166" member_type: VOTER last_known_addr { host: "127.21.22.2" port: 34629 } } peers { permanent_uuid: "1fbf4af8468b48f9a773eb3f176885d5" member_type: VOTER last_known_addr { host: "127.21.22.3" port: 39997 } }
I20260709 14:52:07.178817 21922 raft_consensus.cc:385] T 48d67b901ff64aa3a8a5f09ba1ff22ad P 1fbf4af8468b48f9a773eb3f176885d5 [term 0 FOLLOWER]: Consensus starting up: Expiring failure detector timer to make a prompt election more likely
I20260709 14:52:07.179071 21922 raft_consensus.cc:740] T 48d67b901ff64aa3a8a5f09ba1ff22ad P 1fbf4af8468b48f9a773eb3f176885d5 [term 0 FOLLOWER]: Becoming Follower/Learner. State: Replica: 1fbf4af8468b48f9a773eb3f176885d5, State: Initialized, Role: FOLLOWER
I20260709 14:52:07.180351 21920 tablet_bootstrap.cc:654] T 86ac2470e9484a4ea0942eac0df8d9ed P 8faf55302df841fd9b9f3b70dcdc97c7: Neither blocks nor log segments found. Creating new log.
I20260709 14:52:07.179694 21922 consensus_queue.cc:260] T 48d67b901ff64aa3a8a5f09ba1ff22ad P 1fbf4af8468b48f9a773eb3f176885d5 [NON_LEADER]: Queue going to NON_LEADER mode. State: All replicated index: 0, Majority replicated index: 0, Committed index: 0, Last appended: 0.0, Last appended by leader: 0, Current term: 0, Majority size: -1, State: 0, Mode: NON_LEADER, active raft config: opid_index: -1 OBSOLETE_local: false peers { permanent_uuid: "8faf55302df841fd9b9f3b70dcdc97c7" member_type: VOTER last_known_addr { host: "127.21.22.1" port: 33093 } } peers { permanent_uuid: "b18abf9fa979441fba3373821b013166" member_type: VOTER last_known_addr { host: "127.21.22.2" port: 34629 } } peers { permanent_uuid: "1fbf4af8468b48f9a773eb3f176885d5" member_type: VOTER last_known_addr { host: "127.21.22.3" port: 39997 } }
I20260709 14:52:07.184149 21922 ts_tablet_manager.cc:1434] T 48d67b901ff64aa3a8a5f09ba1ff22ad P 1fbf4af8468b48f9a773eb3f176885d5: Time spent starting tablet: real 0.008s	user 0.003s	sys 0.003s
I20260709 14:52:07.185014 21922 tablet_bootstrap.cc:492] T 89bcb77946604c4a94f962a03d32cd28 P 1fbf4af8468b48f9a773eb3f176885d5: Bootstrap starting.
I20260709 14:52:07.186079 21920 tablet_bootstrap.cc:492] T 86ac2470e9484a4ea0942eac0df8d9ed P 8faf55302df841fd9b9f3b70dcdc97c7: No bootstrap required, opened a new log
I20260709 14:52:07.186491 21920 ts_tablet_manager.cc:1403] T 86ac2470e9484a4ea0942eac0df8d9ed P 8faf55302df841fd9b9f3b70dcdc97c7: Time spent bootstrapping tablet: real 0.018s	user 0.008s	sys 0.000s
I20260709 14:52:07.188410 21938 raft_consensus.cc:493] T 4f9a95292b54449a9bc5756c070de8d8 P 1fbf4af8468b48f9a773eb3f176885d5 [term 0 FOLLOWER]: Starting pre-election (no leader contacted us within the election timeout)
I20260709 14:52:07.188824 21938 raft_consensus.cc:515] T 4f9a95292b54449a9bc5756c070de8d8 P 1fbf4af8468b48f9a773eb3f176885d5 [term 0 FOLLOWER]: Starting pre-election with config: opid_index: -1 OBSOLETE_local: false peers { permanent_uuid: "8faf55302df841fd9b9f3b70dcdc97c7" member_type: VOTER last_known_addr { host: "127.21.22.1" port: 33093 } } peers { permanent_uuid: "b18abf9fa979441fba3373821b013166" member_type: VOTER last_known_addr { host: "127.21.22.2" port: 34629 } } peers { permanent_uuid: "1fbf4af8468b48f9a773eb3f176885d5" member_type: VOTER last_known_addr { host: "127.21.22.3" port: 39997 } }
I20260709 14:52:07.188987 21920 raft_consensus.cc:359] T 86ac2470e9484a4ea0942eac0df8d9ed P 8faf55302df841fd9b9f3b70dcdc97c7 [term 0 FOLLOWER]: Replica starting. Triggering 0 pending ops. Active config: opid_index: -1 OBSOLETE_local: false peers { permanent_uuid: "8faf55302df841fd9b9f3b70dcdc97c7" member_type: VOTER last_known_addr { host: "127.21.22.1" port: 33093 } } peers { permanent_uuid: "b18abf9fa979441fba3373821b013166" member_type: VOTER last_known_addr { host: "127.21.22.2" port: 34629 } } peers { permanent_uuid: "1fbf4af8468b48f9a773eb3f176885d5" member_type: VOTER last_known_addr { host: "127.21.22.3" port: 39997 } }
I20260709 14:52:07.189572 21920 raft_consensus.cc:385] T 86ac2470e9484a4ea0942eac0df8d9ed P 8faf55302df841fd9b9f3b70dcdc97c7 [term 0 FOLLOWER]: Consensus starting up: Expiring failure detector timer to make a prompt election more likely
I20260709 14:52:07.189831 21920 raft_consensus.cc:740] T 86ac2470e9484a4ea0942eac0df8d9ed P 8faf55302df841fd9b9f3b70dcdc97c7 [term 0 FOLLOWER]: Becoming Follower/Learner. State: Replica: 8faf55302df841fd9b9f3b70dcdc97c7, State: Initialized, Role: FOLLOWER
I20260709 14:52:07.190665 21922 tablet_bootstrap.cc:654] T 89bcb77946604c4a94f962a03d32cd28 P 1fbf4af8468b48f9a773eb3f176885d5: Neither blocks nor log segments found. Creating new log.
I20260709 14:52:07.190410 21920 consensus_queue.cc:260] T 86ac2470e9484a4ea0942eac0df8d9ed P 8faf55302df841fd9b9f3b70dcdc97c7 [NON_LEADER]: Queue going to NON_LEADER mode. State: All replicated index: 0, Majority replicated index: 0, Committed index: 0, Last appended: 0.0, Last appended by leader: 0, Current term: 0, Majority size: -1, State: 0, Mode: NON_LEADER, active raft config: opid_index: -1 OBSOLETE_local: false peers { permanent_uuid: "8faf55302df841fd9b9f3b70dcdc97c7" member_type: VOTER last_known_addr { host: "127.21.22.1" port: 33093 } } peers { permanent_uuid: "b18abf9fa979441fba3373821b013166" member_type: VOTER last_known_addr { host: "127.21.22.2" port: 34629 } } peers { permanent_uuid: "1fbf4af8468b48f9a773eb3f176885d5" member_type: VOTER last_known_addr { host: "127.21.22.3" port: 39997 } }
I20260709 14:52:07.192351 21920 ts_tablet_manager.cc:1434] T 86ac2470e9484a4ea0942eac0df8d9ed P 8faf55302df841fd9b9f3b70dcdc97c7: Time spent starting tablet: real 0.006s	user 0.007s	sys 0.000s
I20260709 14:52:07.192720 21801 tablet_service.cc:1917] Received RequestConsensusVote() RPC: tablet_id: "4f9a95292b54449a9bc5756c070de8d8" candidate_uuid: "1fbf4af8468b48f9a773eb3f176885d5" candidate_term: 1 candidate_status { last_received { term: 0 index: 0 } } ignore_live_leader: false dest_uuid: "b18abf9fa979441fba3373821b013166" is_pre_election: true
I20260709 14:52:07.193220 21801 raft_consensus.cc:2468] T 4f9a95292b54449a9bc5756c070de8d8 P b18abf9fa979441fba3373821b013166 [term 0 FOLLOWER]: Leader pre-election vote request: Granting yes vote for candidate 1fbf4af8468b48f9a773eb3f176885d5 in term 0.
I20260709 14:52:07.194392 21842 leader_election.cc:304] T 4f9a95292b54449a9bc5756c070de8d8 P 1fbf4af8468b48f9a773eb3f176885d5 [CANDIDATE]: Term 1 pre-election: Election decided. Result: candidate won. Election summary: received 2 responses out of 3 voters: 2 yes votes; 0 no votes. yes voters: 1fbf4af8468b48f9a773eb3f176885d5, b18abf9fa979441fba3373821b013166; no voters: 
I20260709 14:52:07.194499 21727 tablet_service.cc:1917] Received RequestConsensusVote() RPC: tablet_id: "4f9a95292b54449a9bc5756c070de8d8" candidate_uuid: "1fbf4af8468b48f9a773eb3f176885d5" candidate_term: 1 candidate_status { last_received { term: 0 index: 0 } } ignore_live_leader: false dest_uuid: "8faf55302df841fd9b9f3b70dcdc97c7" is_pre_election: true
I20260709 14:52:07.195094 21727 raft_consensus.cc:2468] T 4f9a95292b54449a9bc5756c070de8d8 P 8faf55302df841fd9b9f3b70dcdc97c7 [term 0 FOLLOWER]: Leader pre-election vote request: Granting yes vote for candidate 1fbf4af8468b48f9a773eb3f176885d5 in term 0.
I20260709 14:52:07.195178 21929 raft_consensus.cc:2804] T 4f9a95292b54449a9bc5756c070de8d8 P 1fbf4af8468b48f9a773eb3f176885d5 [term 0 FOLLOWER]: Leader pre-election won for term 1
I20260709 14:52:07.195556 21929 raft_consensus.cc:493] T 4f9a95292b54449a9bc5756c070de8d8 P 1fbf4af8468b48f9a773eb3f176885d5 [term 0 FOLLOWER]: Starting leader election (no leader contacted us within the election timeout)
I20260709 14:52:07.195875 21929 raft_consensus.cc:3060] T 4f9a95292b54449a9bc5756c070de8d8 P 1fbf4af8468b48f9a773eb3f176885d5 [term 0 FOLLOWER]: Advancing to term 1
I20260709 14:52:07.190729 21938 leader_election.cc:290] T 4f9a95292b54449a9bc5756c070de8d8 P 1fbf4af8468b48f9a773eb3f176885d5 [CANDIDATE]: Term 1 pre-election: Requested pre-vote from peers 8faf55302df841fd9b9f3b70dcdc97c7 (127.21.22.1:33093), b18abf9fa979441fba3373821b013166 (127.21.22.2:34629)
I20260709 14:52:07.202467 21929 raft_consensus.cc:515] T 4f9a95292b54449a9bc5756c070de8d8 P 1fbf4af8468b48f9a773eb3f176885d5 [term 1 FOLLOWER]: Starting leader election with config: opid_index: -1 OBSOLETE_local: false peers { permanent_uuid: "8faf55302df841fd9b9f3b70dcdc97c7" member_type: VOTER last_known_addr { host: "127.21.22.1" port: 33093 } } peers { permanent_uuid: "b18abf9fa979441fba3373821b013166" member_type: VOTER last_known_addr { host: "127.21.22.2" port: 34629 } } peers { permanent_uuid: "1fbf4af8468b48f9a773eb3f176885d5" member_type: VOTER last_known_addr { host: "127.21.22.3" port: 39997 } }
I20260709 14:52:07.204326 21929 leader_election.cc:290] T 4f9a95292b54449a9bc5756c070de8d8 P 1fbf4af8468b48f9a773eb3f176885d5 [CANDIDATE]: Term 1 election: Requested vote from peers 8faf55302df841fd9b9f3b70dcdc97c7 (127.21.22.1:33093), b18abf9fa979441fba3373821b013166 (127.21.22.2:34629)
I20260709 14:52:07.204892 21727 tablet_service.cc:1917] Received RequestConsensusVote() RPC: tablet_id: "4f9a95292b54449a9bc5756c070de8d8" candidate_uuid: "1fbf4af8468b48f9a773eb3f176885d5" candidate_term: 1 candidate_status { last_received { term: 0 index: 0 } } ignore_live_leader: false dest_uuid: "8faf55302df841fd9b9f3b70dcdc97c7"
I20260709 14:52:07.205432 21727 raft_consensus.cc:3060] T 4f9a95292b54449a9bc5756c070de8d8 P 8faf55302df841fd9b9f3b70dcdc97c7 [term 0 FOLLOWER]: Advancing to term 1
I20260709 14:52:07.205343 21801 tablet_service.cc:1917] Received RequestConsensusVote() RPC: tablet_id: "4f9a95292b54449a9bc5756c070de8d8" candidate_uuid: "1fbf4af8468b48f9a773eb3f176885d5" candidate_term: 1 candidate_status { last_received { term: 0 index: 0 } } ignore_live_leader: false dest_uuid: "b18abf9fa979441fba3373821b013166"
I20260709 14:52:07.205919 21922 tablet_bootstrap.cc:492] T 89bcb77946604c4a94f962a03d32cd28 P 1fbf4af8468b48f9a773eb3f176885d5: No bootstrap required, opened a new log
I20260709 14:52:07.205933 21801 raft_consensus.cc:3060] T 4f9a95292b54449a9bc5756c070de8d8 P b18abf9fa979441fba3373821b013166 [term 0 FOLLOWER]: Advancing to term 1
I20260709 14:52:07.206410 21922 ts_tablet_manager.cc:1403] T 89bcb77946604c4a94f962a03d32cd28 P 1fbf4af8468b48f9a773eb3f176885d5: Time spent bootstrapping tablet: real 0.022s	user 0.005s	sys 0.003s
I20260709 14:52:07.208755 21922 raft_consensus.cc:359] T 89bcb77946604c4a94f962a03d32cd28 P 1fbf4af8468b48f9a773eb3f176885d5 [term 0 FOLLOWER]: Replica starting. Triggering 0 pending ops. Active config: opid_index: -1 OBSOLETE_local: false peers { permanent_uuid: "b18abf9fa979441fba3373821b013166" member_type: VOTER last_known_addr { host: "127.21.22.2" port: 34629 } } peers { permanent_uuid: "8faf55302df841fd9b9f3b70dcdc97c7" member_type: VOTER last_known_addr { host: "127.21.22.1" port: 33093 } } peers { permanent_uuid: "1fbf4af8468b48f9a773eb3f176885d5" member_type: VOTER last_known_addr { host: "127.21.22.3" port: 39997 } }
I20260709 14:52:07.209342 21922 raft_consensus.cc:385] T 89bcb77946604c4a94f962a03d32cd28 P 1fbf4af8468b48f9a773eb3f176885d5 [term 0 FOLLOWER]: Consensus starting up: Expiring failure detector timer to make a prompt election more likely
I20260709 14:52:07.209597 21922 raft_consensus.cc:740] T 89bcb77946604c4a94f962a03d32cd28 P 1fbf4af8468b48f9a773eb3f176885d5 [term 0 FOLLOWER]: Becoming Follower/Learner. State: Replica: 1fbf4af8468b48f9a773eb3f176885d5, State: Initialized, Role: FOLLOWER
I20260709 14:52:07.210198 21922 consensus_queue.cc:260] T 89bcb77946604c4a94f962a03d32cd28 P 1fbf4af8468b48f9a773eb3f176885d5 [NON_LEADER]: Queue going to NON_LEADER mode. State: All replicated index: 0, Majority replicated index: 0, Committed index: 0, Last appended: 0.0, Last appended by leader: 0, Current term: 0, Majority size: -1, State: 0, Mode: NON_LEADER, active raft config: opid_index: -1 OBSOLETE_local: false peers { permanent_uuid: "b18abf9fa979441fba3373821b013166" member_type: VOTER last_known_addr { host: "127.21.22.2" port: 34629 } } peers { permanent_uuid: "8faf55302df841fd9b9f3b70dcdc97c7" member_type: VOTER last_known_addr { host: "127.21.22.1" port: 33093 } } peers { permanent_uuid: "1fbf4af8468b48f9a773eb3f176885d5" member_type: VOTER last_known_addr { host: "127.21.22.3" port: 39997 } }
I20260709 14:52:07.211974 21727 raft_consensus.cc:2468] T 4f9a95292b54449a9bc5756c070de8d8 P 8faf55302df841fd9b9f3b70dcdc97c7 [term 1 FOLLOWER]: Leader election vote request: Granting yes vote for candidate 1fbf4af8468b48f9a773eb3f176885d5 in term 1.
I20260709 14:52:07.212401 21922 ts_tablet_manager.cc:1434] T 89bcb77946604c4a94f962a03d32cd28 P 1fbf4af8468b48f9a773eb3f176885d5: Time spent starting tablet: real 0.006s	user 0.006s	sys 0.001s
I20260709 14:52:07.213649 21842 leader_election.cc:304] T 4f9a95292b54449a9bc5756c070de8d8 P 1fbf4af8468b48f9a773eb3f176885d5 [CANDIDATE]: Term 1 election: Election decided. Result: candidate won. Election summary: received 2 responses out of 3 voters: 2 yes votes; 0 no votes. yes voters: 1fbf4af8468b48f9a773eb3f176885d5, 8faf55302df841fd9b9f3b70dcdc97c7; no voters: 
I20260709 14:52:07.215418 21801 raft_consensus.cc:2468] T 4f9a95292b54449a9bc5756c070de8d8 P b18abf9fa979441fba3373821b013166 [term 1 FOLLOWER]: Leader election vote request: Granting yes vote for candidate 1fbf4af8468b48f9a773eb3f176885d5 in term 1.
I20260709 14:52:07.216563 21925 raft_consensus.cc:493] T 86ac2470e9484a4ea0942eac0df8d9ed P 8faf55302df841fd9b9f3b70dcdc97c7 [term 0 FOLLOWER]: Starting pre-election (no leader contacted us within the election timeout)
I20260709 14:52:07.217312 21925 raft_consensus.cc:515] T 86ac2470e9484a4ea0942eac0df8d9ed P 8faf55302df841fd9b9f3b70dcdc97c7 [term 0 FOLLOWER]: Starting pre-election with config: opid_index: -1 OBSOLETE_local: false peers { permanent_uuid: "8faf55302df841fd9b9f3b70dcdc97c7" member_type: VOTER last_known_addr { host: "127.21.22.1" port: 33093 } } peers { permanent_uuid: "b18abf9fa979441fba3373821b013166" member_type: VOTER last_known_addr { host: "127.21.22.2" port: 34629 } } peers { permanent_uuid: "1fbf4af8468b48f9a773eb3f176885d5" member_type: VOTER last_known_addr { host: "127.21.22.3" port: 39997 } }
I20260709 14:52:07.216331 21929 raft_consensus.cc:2804] T 4f9a95292b54449a9bc5756c070de8d8 P 1fbf4af8468b48f9a773eb3f176885d5 [term 1 FOLLOWER]: Leader election won for term 1
I20260709 14:52:07.219801 21929 raft_consensus.cc:697] T 4f9a95292b54449a9bc5756c070de8d8 P 1fbf4af8468b48f9a773eb3f176885d5 [term 1 LEADER]: Becoming Leader. State: Replica: 1fbf4af8468b48f9a773eb3f176885d5, State: Running, Role: LEADER
I20260709 14:52:07.219698 21925 leader_election.cc:290] T 86ac2470e9484a4ea0942eac0df8d9ed P 8faf55302df841fd9b9f3b70dcdc97c7 [CANDIDATE]: Term 1 pre-election: Requested pre-vote from peers b18abf9fa979441fba3373821b013166 (127.21.22.2:34629), 1fbf4af8468b48f9a773eb3f176885d5 (127.21.22.3:39997)
I20260709 14:52:07.220949 21876 tablet_service.cc:1917] Received RequestConsensusVote() RPC: tablet_id: "86ac2470e9484a4ea0942eac0df8d9ed" candidate_uuid: "8faf55302df841fd9b9f3b70dcdc97c7" candidate_term: 1 candidate_status { last_received { term: 0 index: 0 } } ignore_live_leader: false dest_uuid: "1fbf4af8468b48f9a773eb3f176885d5" is_pre_election: true
I20260709 14:52:07.220793 21929 consensus_queue.cc:237] T 4f9a95292b54449a9bc5756c070de8d8 P 1fbf4af8468b48f9a773eb3f176885d5 [LEADER]: Queue going to LEADER mode. State: All replicated index: 0, Majority replicated index: 0, Committed index: 0, Last appended: 0.0, Last appended by leader: 0, Current term: 1, Majority size: 2, State: 0, Mode: LEADER, active raft config: opid_index: -1 OBSOLETE_local: false peers { permanent_uuid: "8faf55302df841fd9b9f3b70dcdc97c7" member_type: VOTER last_known_addr { host: "127.21.22.1" port: 33093 } } peers { permanent_uuid: "b18abf9fa979441fba3373821b013166" member_type: VOTER last_known_addr { host: "127.21.22.2" port: 34629 } } peers { permanent_uuid: "1fbf4af8468b48f9a773eb3f176885d5" member_type: VOTER last_known_addr { host: "127.21.22.3" port: 39997 } }
I20260709 14:52:07.221719 21876 raft_consensus.cc:2468] T 86ac2470e9484a4ea0942eac0df8d9ed P 1fbf4af8468b48f9a773eb3f176885d5 [term 0 FOLLOWER]: Leader pre-election vote request: Granting yes vote for candidate 8faf55302df841fd9b9f3b70dcdc97c7 in term 0.
I20260709 14:52:07.223151 21690 leader_election.cc:304] T 86ac2470e9484a4ea0942eac0df8d9ed P 8faf55302df841fd9b9f3b70dcdc97c7 [CANDIDATE]: Term 1 pre-election: Election decided. Result: candidate won. Election summary: received 2 responses out of 3 voters: 2 yes votes; 0 no votes. yes voters: 1fbf4af8468b48f9a773eb3f176885d5, 8faf55302df841fd9b9f3b70dcdc97c7; no voters: 
I20260709 14:52:07.224081 21925 raft_consensus.cc:2804] T 86ac2470e9484a4ea0942eac0df8d9ed P 8faf55302df841fd9b9f3b70dcdc97c7 [term 0 FOLLOWER]: Leader pre-election won for term 1
I20260709 14:52:07.224536 21925 raft_consensus.cc:493] T 86ac2470e9484a4ea0942eac0df8d9ed P 8faf55302df841fd9b9f3b70dcdc97c7 [term 0 FOLLOWER]: Starting leader election (no leader contacted us within the election timeout)
I20260709 14:52:07.224907 21925 raft_consensus.cc:3060] T 86ac2470e9484a4ea0942eac0df8d9ed P 8faf55302df841fd9b9f3b70dcdc97c7 [term 0 FOLLOWER]: Advancing to term 1
I20260709 14:52:07.220944 21801 tablet_service.cc:1917] Received RequestConsensusVote() RPC: tablet_id: "86ac2470e9484a4ea0942eac0df8d9ed" candidate_uuid: "8faf55302df841fd9b9f3b70dcdc97c7" candidate_term: 1 candidate_status { last_received { term: 0 index: 0 } } ignore_live_leader: false dest_uuid: "b18abf9fa979441fba3373821b013166" is_pre_election: true
I20260709 14:52:07.226109 21801 raft_consensus.cc:2468] T 86ac2470e9484a4ea0942eac0df8d9ed P b18abf9fa979441fba3373821b013166 [term 0 FOLLOWER]: Leader pre-election vote request: Granting yes vote for candidate 8faf55302df841fd9b9f3b70dcdc97c7 in term 0.
I20260709 14:52:07.231889 21925 raft_consensus.cc:515] T 86ac2470e9484a4ea0942eac0df8d9ed P 8faf55302df841fd9b9f3b70dcdc97c7 [term 1 FOLLOWER]: Starting leader election with config: opid_index: -1 OBSOLETE_local: false peers { permanent_uuid: "8faf55302df841fd9b9f3b70dcdc97c7" member_type: VOTER last_known_addr { host: "127.21.22.1" port: 33093 } } peers { permanent_uuid: "b18abf9fa979441fba3373821b013166" member_type: VOTER last_known_addr { host: "127.21.22.2" port: 34629 } } peers { permanent_uuid: "1fbf4af8468b48f9a773eb3f176885d5" member_type: VOTER last_known_addr { host: "127.21.22.3" port: 39997 } }
I20260709 14:52:07.234040 21925 leader_election.cc:290] T 86ac2470e9484a4ea0942eac0df8d9ed P 8faf55302df841fd9b9f3b70dcdc97c7 [CANDIDATE]: Term 1 election: Requested vote from peers b18abf9fa979441fba3373821b013166 (127.21.22.2:34629), 1fbf4af8468b48f9a773eb3f176885d5 (127.21.22.3:39997)
I20260709 14:52:07.235067 21801 tablet_service.cc:1917] Received RequestConsensusVote() RPC: tablet_id: "86ac2470e9484a4ea0942eac0df8d9ed" candidate_uuid: "8faf55302df841fd9b9f3b70dcdc97c7" candidate_term: 1 candidate_status { last_received { term: 0 index: 0 } } ignore_live_leader: false dest_uuid: "b18abf9fa979441fba3373821b013166"
I20260709 14:52:07.235502 21801 raft_consensus.cc:3060] T 86ac2470e9484a4ea0942eac0df8d9ed P b18abf9fa979441fba3373821b013166 [term 0 FOLLOWER]: Advancing to term 1
I20260709 14:52:07.236006 21876 tablet_service.cc:1917] Received RequestConsensusVote() RPC: tablet_id: "86ac2470e9484a4ea0942eac0df8d9ed" candidate_uuid: "8faf55302df841fd9b9f3b70dcdc97c7" candidate_term: 1 candidate_status { last_received { term: 0 index: 0 } } ignore_live_leader: false dest_uuid: "1fbf4af8468b48f9a773eb3f176885d5"
I20260709 14:52:07.236564 21876 raft_consensus.cc:3060] T 86ac2470e9484a4ea0942eac0df8d9ed P 1fbf4af8468b48f9a773eb3f176885d5 [term 0 FOLLOWER]: Advancing to term 1
I20260709 14:52:07.238087 21623 catalog_manager.cc:5697] T 4f9a95292b54449a9bc5756c070de8d8 P 1fbf4af8468b48f9a773eb3f176885d5 reported cstate change: term changed from 0 to 1, leader changed from <none> to 1fbf4af8468b48f9a773eb3f176885d5 (127.21.22.3). New cstate: current_term: 1 leader_uuid: "1fbf4af8468b48f9a773eb3f176885d5" committed_config { opid_index: -1 OBSOLETE_local: false peers { permanent_uuid: "8faf55302df841fd9b9f3b70dcdc97c7" member_type: VOTER last_known_addr { host: "127.21.22.1" port: 33093 } health_report { overall_health: UNKNOWN } } peers { permanent_uuid: "b18abf9fa979441fba3373821b013166" member_type: VOTER last_known_addr { host: "127.21.22.2" port: 34629 } health_report { overall_health: UNKNOWN } } peers { permanent_uuid: "1fbf4af8468b48f9a773eb3f176885d5" member_type: VOTER last_known_addr { host: "127.21.22.3" port: 39997 } health_report { overall_health: HEALTHY } } }
I20260709 14:52:07.242619 21876 raft_consensus.cc:2468] T 86ac2470e9484a4ea0942eac0df8d9ed P 1fbf4af8468b48f9a773eb3f176885d5 [term 1 FOLLOWER]: Leader election vote request: Granting yes vote for candidate 8faf55302df841fd9b9f3b70dcdc97c7 in term 1.
I20260709 14:52:07.242883 21924 consensus_queue.cc:1048] T 48d67b901ff64aa3a8a5f09ba1ff22ad P b18abf9fa979441fba3373821b013166 [LEADER]: Connected to new peer: Peer: permanent_uuid: "8faf55302df841fd9b9f3b70dcdc97c7" member_type: VOTER last_known_addr { host: "127.21.22.1" port: 33093 }, Status: LMP_MISMATCH, Last received: 0.0, Next index: 1, Last known committed idx: 0, Time since last communication: 0.000s
I20260709 14:52:07.243729 21690 leader_election.cc:304] T 86ac2470e9484a4ea0942eac0df8d9ed P 8faf55302df841fd9b9f3b70dcdc97c7 [CANDIDATE]: Term 1 election: Election decided. Result: candidate won. Election summary: received 2 responses out of 3 voters: 2 yes votes; 0 no votes. yes voters: 1fbf4af8468b48f9a773eb3f176885d5, 8faf55302df841fd9b9f3b70dcdc97c7; no voters: 
I20260709 14:52:07.244664 21925 raft_consensus.cc:2804] T 86ac2470e9484a4ea0942eac0df8d9ed P 8faf55302df841fd9b9f3b70dcdc97c7 [term 1 FOLLOWER]: Leader election won for term 1
I20260709 14:52:07.245343 21925 raft_consensus.cc:697] T 86ac2470e9484a4ea0942eac0df8d9ed P 8faf55302df841fd9b9f3b70dcdc97c7 [term 1 LEADER]: Becoming Leader. State: Replica: 8faf55302df841fd9b9f3b70dcdc97c7, State: Running, Role: LEADER
I20260709 14:52:07.246150 21925 consensus_queue.cc:237] T 86ac2470e9484a4ea0942eac0df8d9ed P 8faf55302df841fd9b9f3b70dcdc97c7 [LEADER]: Queue going to LEADER mode. State: All replicated index: 0, Majority replicated index: 0, Committed index: 0, Last appended: 0.0, Last appended by leader: 0, Current term: 1, Majority size: 2, State: 0, Mode: LEADER, active raft config: opid_index: -1 OBSOLETE_local: false peers { permanent_uuid: "8faf55302df841fd9b9f3b70dcdc97c7" member_type: VOTER last_known_addr { host: "127.21.22.1" port: 33093 } } peers { permanent_uuid: "b18abf9fa979441fba3373821b013166" member_type: VOTER last_known_addr { host: "127.21.22.2" port: 34629 } } peers { permanent_uuid: "1fbf4af8468b48f9a773eb3f176885d5" member_type: VOTER last_known_addr { host: "127.21.22.3" port: 39997 } }
I20260709 14:52:07.250762 21801 raft_consensus.cc:2468] T 86ac2470e9484a4ea0942eac0df8d9ed P b18abf9fa979441fba3373821b013166 [term 1 FOLLOWER]: Leader election vote request: Granting yes vote for candidate 8faf55302df841fd9b9f3b70dcdc97c7 in term 1.
I20260709 14:52:07.255764 21623 catalog_manager.cc:5697] T 86ac2470e9484a4ea0942eac0df8d9ed P 8faf55302df841fd9b9f3b70dcdc97c7 reported cstate change: term changed from 0 to 1, leader changed from <none> to 8faf55302df841fd9b9f3b70dcdc97c7 (127.21.22.1). New cstate: current_term: 1 leader_uuid: "8faf55302df841fd9b9f3b70dcdc97c7" committed_config { opid_index: -1 OBSOLETE_local: false peers { permanent_uuid: "8faf55302df841fd9b9f3b70dcdc97c7" member_type: VOTER last_known_addr { host: "127.21.22.1" port: 33093 } health_report { overall_health: HEALTHY } } peers { permanent_uuid: "b18abf9fa979441fba3373821b013166" member_type: VOTER last_known_addr { host: "127.21.22.2" port: 34629 } health_report { overall_health: UNKNOWN } } peers { permanent_uuid: "1fbf4af8468b48f9a773eb3f176885d5" member_type: VOTER last_known_addr { host: "127.21.22.3" port: 39997 } health_report { overall_health: UNKNOWN } } }
I20260709 14:52:07.265923 21876 raft_consensus.cc:3060] T 48d67b901ff64aa3a8a5f09ba1ff22ad P 1fbf4af8468b48f9a773eb3f176885d5 [term 0 FOLLOWER]: Advancing to term 1
I20260709 14:52:07.273789 21924 consensus_queue.cc:1048] T 48d67b901ff64aa3a8a5f09ba1ff22ad P b18abf9fa979441fba3373821b013166 [LEADER]: Connected to new peer: Peer: permanent_uuid: "1fbf4af8468b48f9a773eb3f176885d5" member_type: VOTER last_known_addr { host: "127.21.22.3" port: 39997 }, Status: LMP_MISMATCH, Last received: 0.0, Next index: 1, Last known committed idx: 0, Time since last communication: 0.000s
I20260709 14:52:07.275601 21938 consensus_queue.cc:1048] T 04458c5e94cf4f46879cabb796e04e56 P 1fbf4af8468b48f9a773eb3f176885d5 [LEADER]: Connected to new peer: Peer: permanent_uuid: "8faf55302df841fd9b9f3b70dcdc97c7" member_type: VOTER last_known_addr { host: "127.21.22.1" port: 33093 }, Status: LMP_MISMATCH, Last received: 0.0, Next index: 1, Last known committed idx: 0, Time since last communication: 0.000s
I20260709 14:52:07.296455 21929 consensus_queue.cc:1048] T 04458c5e94cf4f46879cabb796e04e56 P 1fbf4af8468b48f9a773eb3f176885d5 [LEADER]: Connected to new peer: Peer: permanent_uuid: "b18abf9fa979441fba3373821b013166" member_type: VOTER last_known_addr { host: "127.21.22.2" port: 34629 }, Status: LMP_MISMATCH, Last received: 0.0, Next index: 1, Last known committed idx: 0, Time since last communication: 0.000s
I20260709 14:52:07.348562 21924 consensus_queue.cc:1048] T 89bcb77946604c4a94f962a03d32cd28 P b18abf9fa979441fba3373821b013166 [LEADER]: Connected to new peer: Peer: permanent_uuid: "8faf55302df841fd9b9f3b70dcdc97c7" member_type: VOTER last_known_addr { host: "127.21.22.1" port: 33093 }, Status: LMP_MISMATCH, Last received: 0.0, Next index: 1, Last known committed idx: 0, Time since last communication: 0.000s
I20260709 14:52:07.360437 21876 raft_consensus.cc:3060] T 89bcb77946604c4a94f962a03d32cd28 P 1fbf4af8468b48f9a773eb3f176885d5 [term 0 FOLLOWER]: Advancing to term 1
I20260709 14:52:07.367937 21976 consensus_queue.cc:1048] T 89bcb77946604c4a94f962a03d32cd28 P b18abf9fa979441fba3373821b013166 [LEADER]: Connected to new peer: Peer: permanent_uuid: "1fbf4af8468b48f9a773eb3f176885d5" member_type: VOTER last_known_addr { host: "127.21.22.3" port: 39997 }, Status: LMP_MISMATCH, Last received: 0.0, Next index: 1, Last known committed idx: 0, Time since last communication: 0.001s
I20260709 14:52:07.369539 21976 raft_consensus.cc:493] T a54f5887c7884960a2c284a143c35015 P b18abf9fa979441fba3373821b013166 [term 0 FOLLOWER]: Starting pre-election (no leader contacted us within the election timeout)
I20260709 14:52:07.369978 21976 raft_consensus.cc:515] T a54f5887c7884960a2c284a143c35015 P b18abf9fa979441fba3373821b013166 [term 0 FOLLOWER]: Starting pre-election with config: opid_index: -1 OBSOLETE_local: false peers { permanent_uuid: "8faf55302df841fd9b9f3b70dcdc97c7" member_type: VOTER last_known_addr { host: "127.21.22.1" port: 33093 } } peers { permanent_uuid: "b18abf9fa979441fba3373821b013166" member_type: VOTER last_known_addr { host: "127.21.22.2" port: 34629 } } peers { permanent_uuid: "1fbf4af8468b48f9a773eb3f176885d5" member_type: VOTER last_known_addr { host: "127.21.22.3" port: 39997 } }
I20260709 14:52:07.372862 21976 leader_election.cc:290] T a54f5887c7884960a2c284a143c35015 P b18abf9fa979441fba3373821b013166 [CANDIDATE]: Term 1 pre-election: Requested pre-vote from peers 8faf55302df841fd9b9f3b70dcdc97c7 (127.21.22.1:33093), 1fbf4af8468b48f9a773eb3f176885d5 (127.21.22.3:39997)
