I20260709 14:52:30.604756 11903 consensus_queue.cc:260] T 3e02ece5875749f0871bc30235caff27 P 19ca0adb867b4d76b9b86627b351014e [NON_LEADER]: Queue going to NON_LEADER mode. State: All replicated index: 0, Majority replicated index: 0, Committed index: 0, Last appended: 0.0, Last appended by leader: 0, Current term: 0, Majority size: -1, State: 0, Mode: NON_LEADER, active raft config: opid_index: -1 OBSOLETE_local: false peers { permanent_uuid: "d02ec6d8fede4b48be5a6aade5f529e9" member_type: VOTER last_known_addr { host: "127.10.83.1" port: 33993 } } peers { permanent_uuid: "9ecd0f0d0fb54a05b23ffe1dd2a63f6f" member_type: VOTER last_known_addr { host: "127.10.83.2" port: 45651 } } peers { permanent_uuid: "19ca0adb867b4d76b9b86627b351014e" member_type: VOTER last_known_addr { host: "127.10.83.3" port: 39593 } }
I20260709 14:52:30.607609 12097 raft_consensus.cc:493] T 27e5cf1f458547e59e29c4eb4b646b2b P d02ec6d8fede4b48be5a6aade5f529e9 [term 0 FOLLOWER]: Starting pre-election (no leader contacted us within the election timeout)
I20260709 14:52:30.621582 12097 raft_consensus.cc:515] T 27e5cf1f458547e59e29c4eb4b646b2b P d02ec6d8fede4b48be5a6aade5f529e9 [term 0 FOLLOWER]: Starting pre-election with config: opid_index: -1 OBSOLETE_local: false peers { permanent_uuid: "d02ec6d8fede4b48be5a6aade5f529e9" member_type: VOTER last_known_addr { host: "127.10.83.1" port: 33993 } } peers { permanent_uuid: "9ecd0f0d0fb54a05b23ffe1dd2a63f6f" member_type: VOTER last_known_addr { host: "127.10.83.2" port: 45651 } } peers { permanent_uuid: "19ca0adb867b4d76b9b86627b351014e" member_type: VOTER last_known_addr { host: "127.10.83.3" port: 39593 } }
I20260709 14:52:30.624040 12111 raft_consensus.cc:493] T f9f3c2306a8c4f659dd05b79abbbd4c1 P 19ca0adb867b4d76b9b86627b351014e [term 0 FOLLOWER]: Starting pre-election (no leader contacted us within the election timeout)
I20260709 14:52:30.616336 11907 raft_consensus.cc:359] T 458355fa3b3b4594aca29853f38c9620 P 9ecd0f0d0fb54a05b23ffe1dd2a63f6f [term 0 FOLLOWER]: Replica starting. Triggering 0 pending ops. Active config: opid_index: -1 OBSOLETE_local: false peers { permanent_uuid: "d02ec6d8fede4b48be5a6aade5f529e9" member_type: VOTER last_known_addr { host: "127.10.83.1" port: 33993 } } peers { permanent_uuid: "9ecd0f0d0fb54a05b23ffe1dd2a63f6f" member_type: VOTER last_known_addr { host: "127.10.83.2" port: 45651 } } peers { permanent_uuid: "19ca0adb867b4d76b9b86627b351014e" member_type: VOTER last_known_addr { host: "127.10.83.3" port: 39593 } }
W20260709 14:52:30.620622 11679 consensus_peers.cc:597] T d7380c24211c48d896aeccebf719dc2f P d02ec6d8fede4b48be5a6aade5f529e9 -> Peer 9ecd0f0d0fb54a05b23ffe1dd2a63f6f (127.10.83.2:45651): Couldn't send request to peer 9ecd0f0d0fb54a05b23ffe1dd2a63f6f. Error code: TABLET_NOT_RUNNING (12). Status: Illegal state: Tablet not RUNNING: INITIALIZED. This is attempt 1: this message will repeat every 5th retry.
I20260709 14:52:30.624579 12111 raft_consensus.cc:515] T f9f3c2306a8c4f659dd05b79abbbd4c1 P 19ca0adb867b4d76b9b86627b351014e [term 0 FOLLOWER]: Starting pre-election with config: opid_index: -1 OBSOLETE_local: false peers { permanent_uuid: "d02ec6d8fede4b48be5a6aade5f529e9" member_type: VOTER last_known_addr { host: "127.10.83.1" port: 33993 } } peers { permanent_uuid: "9ecd0f0d0fb54a05b23ffe1dd2a63f6f" member_type: VOTER last_known_addr { host: "127.10.83.2" port: 45651 } } peers { permanent_uuid: "19ca0adb867b4d76b9b86627b351014e" member_type: VOTER last_known_addr { host: "127.10.83.3" port: 39593 } }
I20260709 14:52:30.625097 11608 catalog_manager.cc:5697] T 899cc06a6d8c444a90e672bc8c006321 P 19ca0adb867b4d76b9b86627b351014e reported cstate change: term changed from 0 to 1, leader changed from <none> to 19ca0adb867b4d76b9b86627b351014e (127.10.83.3). New cstate: current_term: 1 leader_uuid: "19ca0adb867b4d76b9b86627b351014e" committed_config { opid_index: -1 OBSOLETE_local: false peers { permanent_uuid: "d02ec6d8fede4b48be5a6aade5f529e9" member_type: VOTER last_known_addr { host: "127.10.83.1" port: 33993 } health_report { overall_health: UNKNOWN } } peers { permanent_uuid: "9ecd0f0d0fb54a05b23ffe1dd2a63f6f" member_type: VOTER last_known_addr { host: "127.10.83.2" port: 45651 } health_report { overall_health: UNKNOWN } } peers { permanent_uuid: "19ca0adb867b4d76b9b86627b351014e" member_type: VOTER last_known_addr { host: "127.10.83.3" port: 39593 } health_report { overall_health: HEALTHY } } }
I20260709 14:52:30.626703 12097 leader_election.cc:290] T 27e5cf1f458547e59e29c4eb4b646b2b P d02ec6d8fede4b48be5a6aade5f529e9 [CANDIDATE]: Term 1 pre-election: Requested pre-vote from peers 9ecd0f0d0fb54a05b23ffe1dd2a63f6f (127.10.83.2:45651), 19ca0adb867b4d76b9b86627b351014e (127.10.83.3:39593)
I20260709 14:52:30.628432 11713 tablet_service.cc:1917] Received RequestConsensusVote() RPC: tablet_id: "f9f3c2306a8c4f659dd05b79abbbd4c1" candidate_uuid: "19ca0adb867b4d76b9b86627b351014e" candidate_term: 1 candidate_status { last_received { term: 0 index: 0 } } ignore_live_leader: false dest_uuid: "d02ec6d8fede4b48be5a6aade5f529e9" is_pre_election: true
I20260709 14:52:30.629211 11713 raft_consensus.cc:2468] T f9f3c2306a8c4f659dd05b79abbbd4c1 P d02ec6d8fede4b48be5a6aade5f529e9 [term 0 FOLLOWER]: Leader pre-election vote request: Granting yes vote for candidate 19ca0adb867b4d76b9b86627b351014e in term 0.
I20260709 14:52:30.630908 11827 leader_election.cc:304] T f9f3c2306a8c4f659dd05b79abbbd4c1 P 19ca0adb867b4d76b9b86627b351014e [CANDIDATE]: Term 1 pre-election: Election decided. Result: candidate won. Election summary: received 2 responses out of 3 voters: 2 yes votes; 0 no votes. yes voters: 19ca0adb867b4d76b9b86627b351014e, d02ec6d8fede4b48be5a6aade5f529e9; no voters: 
I20260709 14:52:30.615355 11903 ts_tablet_manager.cc:1434] T 3e02ece5875749f0871bc30235caff27 P 19ca0adb867b4d76b9b86627b351014e: Time spent starting tablet: real 0.017s	user 0.006s	sys 0.000s
I20260709 14:52:30.631937 12113 raft_consensus.cc:2804] T f9f3c2306a8c4f659dd05b79abbbd4c1 P 19ca0adb867b4d76b9b86627b351014e [term 0 FOLLOWER]: Leader pre-election won for term 1
I20260709 14:52:30.634039 11903 tablet_bootstrap.cc:492] T 64eb25a716b54671a8afe72179e38684 P 19ca0adb867b4d76b9b86627b351014e: Bootstrap starting.
I20260709 14:52:30.638976 11861 tablet_service.cc:1917] Received RequestConsensusVote() RPC: tablet_id: "27e5cf1f458547e59e29c4eb4b646b2b" candidate_uuid: "d02ec6d8fede4b48be5a6aade5f529e9" candidate_term: 1 candidate_status { last_received { term: 0 index: 0 } } ignore_live_leader: false dest_uuid: "19ca0adb867b4d76b9b86627b351014e" is_pre_election: true
I20260709 14:52:30.639902 11861 raft_consensus.cc:2393] T 27e5cf1f458547e59e29c4eb4b646b2b P 19ca0adb867b4d76b9b86627b351014e [term 1 FOLLOWER]: Leader pre-election vote request: Denying vote to candidate d02ec6d8fede4b48be5a6aade5f529e9 in current term 1: Already voted for candidate 9ecd0f0d0fb54a05b23ffe1dd2a63f6f in this term.
I20260709 14:52:30.642467 11903 tablet_bootstrap.cc:654] T 64eb25a716b54671a8afe72179e38684 P 19ca0adb867b4d76b9b86627b351014e: Neither blocks nor log segments found. Creating new log.
I20260709 14:52:30.632380 12113 raft_consensus.cc:493] T f9f3c2306a8c4f659dd05b79abbbd4c1 P 19ca0adb867b4d76b9b86627b351014e [term 0 FOLLOWER]: Starting leader election (no leader contacted us within the election timeout)
I20260709 14:52:30.643688 12113 raft_consensus.cc:3060] T f9f3c2306a8c4f659dd05b79abbbd4c1 P 19ca0adb867b4d76b9b86627b351014e [term 0 FOLLOWER]: Advancing to term 1
I20260709 14:52:30.625128 11907 raft_consensus.cc:385] T 458355fa3b3b4594aca29853f38c9620 P 9ecd0f0d0fb54a05b23ffe1dd2a63f6f [term 0 FOLLOWER]: Consensus starting up: Expiring failure detector timer to make a prompt election more likely
I20260709 14:52:30.652155 11907 raft_consensus.cc:740] T 458355fa3b3b4594aca29853f38c9620 P 9ecd0f0d0fb54a05b23ffe1dd2a63f6f [term 0 FOLLOWER]: Becoming Follower/Learner. State: Replica: 9ecd0f0d0fb54a05b23ffe1dd2a63f6f, State: Initialized, Role: FOLLOWER
I20260709 14:52:30.653288 11907 consensus_queue.cc:260] T 458355fa3b3b4594aca29853f38c9620 P 9ecd0f0d0fb54a05b23ffe1dd2a63f6f [NON_LEADER]: Queue going to NON_LEADER mode. State: All replicated index: 0, Majority replicated index: 0, Committed index: 0, Last appended: 0.0, Last appended by leader: 0, Current term: 0, Majority size: -1, State: 0, Mode: NON_LEADER, active raft config: opid_index: -1 OBSOLETE_local: false peers { permanent_uuid: "d02ec6d8fede4b48be5a6aade5f529e9" member_type: VOTER last_known_addr { host: "127.10.83.1" port: 33993 } } peers { permanent_uuid: "9ecd0f0d0fb54a05b23ffe1dd2a63f6f" member_type: VOTER last_known_addr { host: "127.10.83.2" port: 45651 } } peers { permanent_uuid: "19ca0adb867b4d76b9b86627b351014e" member_type: VOTER last_known_addr { host: "127.10.83.3" port: 39593 } }
I20260709 14:52:30.653806 11783 tablet_service.cc:1917] Received RequestConsensusVote() RPC: tablet_id: "27e5cf1f458547e59e29c4eb4b646b2b" candidate_uuid: "d02ec6d8fede4b48be5a6aade5f529e9" candidate_term: 1 candidate_status { last_received { term: 0 index: 0 } } ignore_live_leader: false dest_uuid: "9ecd0f0d0fb54a05b23ffe1dd2a63f6f" is_pre_election: true
I20260709 14:52:30.623487 11902 tablet_bootstrap.cc:654] T 64eb25a716b54671a8afe72179e38684 P d02ec6d8fede4b48be5a6aade5f529e9: Neither blocks nor log segments found. Creating new log.
I20260709 14:52:30.655779 11679 leader_election.cc:304] T 27e5cf1f458547e59e29c4eb4b646b2b P d02ec6d8fede4b48be5a6aade5f529e9 [CANDIDATE]: Term 1 pre-election: Election decided. Result: candidate lost. Election summary: received 3 responses out of 3 voters: 1 yes votes; 2 no votes. yes voters: d02ec6d8fede4b48be5a6aade5f529e9; no voters: 19ca0adb867b4d76b9b86627b351014e, 9ecd0f0d0fb54a05b23ffe1dd2a63f6f
I20260709 14:52:30.656755 12097 raft_consensus.cc:3060] T 27e5cf1f458547e59e29c4eb4b646b2b P d02ec6d8fede4b48be5a6aade5f529e9 [term 0 FOLLOWER]: Advancing to term 1
I20260709 14:52:30.658744 11907 ts_tablet_manager.cc:1434] T 458355fa3b3b4594aca29853f38c9620 P 9ecd0f0d0fb54a05b23ffe1dd2a63f6f: Time spent starting tablet: real 0.063s	user 0.003s	sys 0.008s
I20260709 14:52:30.659965 11907 tablet_bootstrap.cc:492] T d7380c24211c48d896aeccebf719dc2f P 9ecd0f0d0fb54a05b23ffe1dd2a63f6f: Bootstrap starting.
I20260709 14:52:30.664603 12097 raft_consensus.cc:2749] T 27e5cf1f458547e59e29c4eb4b646b2b P d02ec6d8fede4b48be5a6aade5f529e9 [term 1 FOLLOWER]: Leader pre-election lost for term 1. Reason: could not achieve majority
I20260709 14:52:30.666531 11907 tablet_bootstrap.cc:654] T d7380c24211c48d896aeccebf719dc2f P 9ecd0f0d0fb54a05b23ffe1dd2a63f6f: Neither blocks nor log segments found. Creating new log.
I20260709 14:52:30.678900 11902 tablet_bootstrap.cc:492] T 64eb25a716b54671a8afe72179e38684 P d02ec6d8fede4b48be5a6aade5f529e9: No bootstrap required, opened a new log
I20260709 14:52:30.679433 11902 ts_tablet_manager.cc:1403] T 64eb25a716b54671a8afe72179e38684 P d02ec6d8fede4b48be5a6aade5f529e9: Time spent bootstrapping tablet: real 0.087s	user 0.011s	sys 0.002s
I20260709 14:52:30.683857 11783 tablet_service.cc:1917] Received RequestConsensusVote() RPC: tablet_id: "f9f3c2306a8c4f659dd05b79abbbd4c1" candidate_uuid: "19ca0adb867b4d76b9b86627b351014e" candidate_term: 1 candidate_status { last_received { term: 0 index: 0 } } ignore_live_leader: false dest_uuid: "9ecd0f0d0fb54a05b23ffe1dd2a63f6f" is_pre_election: true
W20260709 14:52:30.685710 11828 leader_election.cc:343] T f9f3c2306a8c4f659dd05b79abbbd4c1 P 19ca0adb867b4d76b9b86627b351014e [CANDIDATE]: Term 1 pre-election: Tablet error from VoteRequest() call to peer 9ecd0f0d0fb54a05b23ffe1dd2a63f6f (127.10.83.2:45651): Illegal state: must be running to vote when last-logged opid is not known
I20260709 14:52:30.690810 12113 raft_consensus.cc:515] T f9f3c2306a8c4f659dd05b79abbbd4c1 P 19ca0adb867b4d76b9b86627b351014e [term 1 FOLLOWER]: Starting leader election with config: opid_index: -1 OBSOLETE_local: false peers { permanent_uuid: "d02ec6d8fede4b48be5a6aade5f529e9" member_type: VOTER last_known_addr { host: "127.10.83.1" port: 33993 } } peers { permanent_uuid: "9ecd0f0d0fb54a05b23ffe1dd2a63f6f" member_type: VOTER last_known_addr { host: "127.10.83.2" port: 45651 } } peers { permanent_uuid: "19ca0adb867b4d76b9b86627b351014e" member_type: VOTER last_known_addr { host: "127.10.83.3" port: 39593 } }
I20260709 14:52:30.679956 12111 leader_election.cc:290] T f9f3c2306a8c4f659dd05b79abbbd4c1 P 19ca0adb867b4d76b9b86627b351014e [CANDIDATE]: Term 1 pre-election: Requested pre-vote from peers d02ec6d8fede4b48be5a6aade5f529e9 (127.10.83.1:33993), 9ecd0f0d0fb54a05b23ffe1dd2a63f6f (127.10.83.2:45651)
I20260709 14:52:30.696331 11902 raft_consensus.cc:359] T 64eb25a716b54671a8afe72179e38684 P d02ec6d8fede4b48be5a6aade5f529e9 [term 0 FOLLOWER]: Replica starting. Triggering 0 pending ops. Active config: opid_index: -1 OBSOLETE_local: false peers { permanent_uuid: "d02ec6d8fede4b48be5a6aade5f529e9" member_type: VOTER last_known_addr { host: "127.10.83.1" port: 33993 } } peers { permanent_uuid: "9ecd0f0d0fb54a05b23ffe1dd2a63f6f" member_type: VOTER last_known_addr { host: "127.10.83.2" port: 45651 } } peers { permanent_uuid: "19ca0adb867b4d76b9b86627b351014e" member_type: VOTER last_known_addr { host: "127.10.83.3" port: 39593 } }
I20260709 14:52:30.697134 11902 raft_consensus.cc:385] T 64eb25a716b54671a8afe72179e38684 P d02ec6d8fede4b48be5a6aade5f529e9 [term 0 FOLLOWER]: Consensus starting up: Expiring failure detector timer to make a prompt election more likely
I20260709 14:52:30.697388 11902 raft_consensus.cc:740] T 64eb25a716b54671a8afe72179e38684 P d02ec6d8fede4b48be5a6aade5f529e9 [term 0 FOLLOWER]: Becoming Follower/Learner. State: Replica: d02ec6d8fede4b48be5a6aade5f529e9, State: Initialized, Role: FOLLOWER
I20260709 14:52:30.700536 11902 consensus_queue.cc:260] T 64eb25a716b54671a8afe72179e38684 P d02ec6d8fede4b48be5a6aade5f529e9 [NON_LEADER]: Queue going to NON_LEADER mode. State: All replicated index: 0, Majority replicated index: 0, Committed index: 0, Last appended: 0.0, Last appended by leader: 0, Current term: 0, Majority size: -1, State: 0, Mode: NON_LEADER, active raft config: opid_index: -1 OBSOLETE_local: false peers { permanent_uuid: "d02ec6d8fede4b48be5a6aade5f529e9" member_type: VOTER last_known_addr { host: "127.10.83.1" port: 33993 } } peers { permanent_uuid: "9ecd0f0d0fb54a05b23ffe1dd2a63f6f" member_type: VOTER last_known_addr { host: "127.10.83.2" port: 45651 } } peers { permanent_uuid: "19ca0adb867b4d76b9b86627b351014e" member_type: VOTER last_known_addr { host: "127.10.83.3" port: 39593 } }
I20260709 14:52:30.702845 11608 catalog_manager.cc:5697] T dd814ded63274aa98016ebdc35185956 P d02ec6d8fede4b48be5a6aade5f529e9 reported cstate change: term changed from 0 to 1, leader changed from <none> to d02ec6d8fede4b48be5a6aade5f529e9 (127.10.83.1). New cstate: current_term: 1 leader_uuid: "d02ec6d8fede4b48be5a6aade5f529e9" committed_config { opid_index: -1 OBSOLETE_local: false peers { permanent_uuid: "d02ec6d8fede4b48be5a6aade5f529e9" member_type: VOTER last_known_addr { host: "127.10.83.1" port: 33993 } health_report { overall_health: HEALTHY } } peers { permanent_uuid: "9ecd0f0d0fb54a05b23ffe1dd2a63f6f" member_type: VOTER last_known_addr { host: "127.10.83.2" port: 45651 } health_report { overall_health: UNKNOWN } } peers { permanent_uuid: "19ca0adb867b4d76b9b86627b351014e" member_type: VOTER last_known_addr { host: "127.10.83.3" port: 39593 } health_report { overall_health: UNKNOWN } } }
I20260709 14:52:30.705710 11902 ts_tablet_manager.cc:1434] T 64eb25a716b54671a8afe72179e38684 P d02ec6d8fede4b48be5a6aade5f529e9: Time spent starting tablet: real 0.026s	user 0.007s	sys 0.000s
I20260709 14:52:30.706784 11907 tablet_bootstrap.cc:492] T d7380c24211c48d896aeccebf719dc2f P 9ecd0f0d0fb54a05b23ffe1dd2a63f6f: No bootstrap required, opened a new log
I20260709 14:52:30.707391 11907 ts_tablet_manager.cc:1403] T d7380c24211c48d896aeccebf719dc2f P 9ecd0f0d0fb54a05b23ffe1dd2a63f6f: Time spent bootstrapping tablet: real 0.048s	user 0.011s	sys 0.007s
I20260709 14:52:30.710875 11907 raft_consensus.cc:359] T d7380c24211c48d896aeccebf719dc2f P 9ecd0f0d0fb54a05b23ffe1dd2a63f6f [term 0 FOLLOWER]: Replica starting. Triggering 0 pending ops. Active config: opid_index: -1 OBSOLETE_local: false peers { permanent_uuid: "d02ec6d8fede4b48be5a6aade5f529e9" member_type: VOTER last_known_addr { host: "127.10.83.1" port: 33993 } } peers { permanent_uuid: "9ecd0f0d0fb54a05b23ffe1dd2a63f6f" member_type: VOTER last_known_addr { host: "127.10.83.2" port: 45651 } } peers { permanent_uuid: "19ca0adb867b4d76b9b86627b351014e" member_type: VOTER last_known_addr { host: "127.10.83.3" port: 39593 } }
I20260709 14:52:30.711681 11907 raft_consensus.cc:385] T d7380c24211c48d896aeccebf719dc2f P 9ecd0f0d0fb54a05b23ffe1dd2a63f6f [term 0 FOLLOWER]: Consensus starting up: Expiring failure detector timer to make a prompt election more likely
I20260709 14:52:30.711964 11907 raft_consensus.cc:740] T d7380c24211c48d896aeccebf719dc2f P 9ecd0f0d0fb54a05b23ffe1dd2a63f6f [term 0 FOLLOWER]: Becoming Follower/Learner. State: Replica: 9ecd0f0d0fb54a05b23ffe1dd2a63f6f, State: Initialized, Role: FOLLOWER
I20260709 14:52:30.706857 11902 tablet_bootstrap.cc:492] T a85736bfe9af4f6788482d4e42333aa9 P d02ec6d8fede4b48be5a6aade5f529e9: Bootstrap starting.
I20260709 14:52:30.719058 11902 tablet_bootstrap.cc:654] T a85736bfe9af4f6788482d4e42333aa9 P d02ec6d8fede4b48be5a6aade5f529e9: Neither blocks nor log segments found. Creating new log.
I20260709 14:52:30.720899 11907 consensus_queue.cc:260] T d7380c24211c48d896aeccebf719dc2f P 9ecd0f0d0fb54a05b23ffe1dd2a63f6f [NON_LEADER]: Queue going to NON_LEADER mode. State: All replicated index: 0, Majority replicated index: 0, Committed index: 0, Last appended: 0.0, Last appended by leader: 0, Current term: 0, Majority size: -1, State: 0, Mode: NON_LEADER, active raft config: opid_index: -1 OBSOLETE_local: false peers { permanent_uuid: "d02ec6d8fede4b48be5a6aade5f529e9" member_type: VOTER last_known_addr { host: "127.10.83.1" port: 33993 } } peers { permanent_uuid: "9ecd0f0d0fb54a05b23ffe1dd2a63f6f" member_type: VOTER last_known_addr { host: "127.10.83.2" port: 45651 } } peers { permanent_uuid: "19ca0adb867b4d76b9b86627b351014e" member_type: VOTER last_known_addr { host: "127.10.83.3" port: 39593 } }
I20260709 14:52:30.721902 11937 raft_consensus.cc:493] T d7380c24211c48d896aeccebf719dc2f P 9ecd0f0d0fb54a05b23ffe1dd2a63f6f [term 0 FOLLOWER]: Starting pre-election (no leader contacted us within the election timeout)
I20260709 14:52:30.722366 11937 raft_consensus.cc:515] T d7380c24211c48d896aeccebf719dc2f P 9ecd0f0d0fb54a05b23ffe1dd2a63f6f [term 0 FOLLOWER]: Starting pre-election with config: opid_index: -1 OBSOLETE_local: false peers { permanent_uuid: "d02ec6d8fede4b48be5a6aade5f529e9" member_type: VOTER last_known_addr { host: "127.10.83.1" port: 33993 } } peers { permanent_uuid: "9ecd0f0d0fb54a05b23ffe1dd2a63f6f" member_type: VOTER last_known_addr { host: "127.10.83.2" port: 45651 } } peers { permanent_uuid: "19ca0adb867b4d76b9b86627b351014e" member_type: VOTER last_known_addr { host: "127.10.83.3" port: 39593 } }
I20260709 14:52:30.724519 11907 ts_tablet_manager.cc:1434] T d7380c24211c48d896aeccebf719dc2f P 9ecd0f0d0fb54a05b23ffe1dd2a63f6f: Time spent starting tablet: real 0.017s	user 0.006s	sys 0.001s
I20260709 14:52:30.725534 11907 tablet_bootstrap.cc:492] T f9f3c2306a8c4f659dd05b79abbbd4c1 P 9ecd0f0d0fb54a05b23ffe1dd2a63f6f: Bootstrap starting.
I20260709 14:52:30.727619 11710 tablet_service.cc:1917] Received RequestConsensusVote() RPC: tablet_id: "d7380c24211c48d896aeccebf719dc2f" candidate_uuid: "9ecd0f0d0fb54a05b23ffe1dd2a63f6f" candidate_term: 1 candidate_status { last_received { term: 0 index: 0 } } ignore_live_leader: false dest_uuid: "d02ec6d8fede4b48be5a6aade5f529e9" is_pre_election: true
I20260709 14:52:30.735286 11937 leader_election.cc:290] T d7380c24211c48d896aeccebf719dc2f P 9ecd0f0d0fb54a05b23ffe1dd2a63f6f [CANDIDATE]: Term 1 pre-election: Requested pre-vote from peers d02ec6d8fede4b48be5a6aade5f529e9 (127.10.83.1:33993), 19ca0adb867b4d76b9b86627b351014e (127.10.83.3:39593)
I20260709 14:52:30.737624 11861 tablet_service.cc:1917] Received RequestConsensusVote() RPC: tablet_id: "d7380c24211c48d896aeccebf719dc2f" candidate_uuid: "9ecd0f0d0fb54a05b23ffe1dd2a63f6f" candidate_term: 1 candidate_status { last_received { term: 0 index: 0 } } ignore_live_leader: false dest_uuid: "19ca0adb867b4d76b9b86627b351014e" is_pre_election: true
I20260709 14:52:30.738654 11861 raft_consensus.cc:2393] T d7380c24211c48d896aeccebf719dc2f P 19ca0adb867b4d76b9b86627b351014e [term 1 FOLLOWER]: Leader pre-election vote request: Denying vote to candidate 9ecd0f0d0fb54a05b23ffe1dd2a63f6f in current term 1: Already voted for candidate d02ec6d8fede4b48be5a6aade5f529e9 in this term.
I20260709 14:52:30.739106 11902 tablet_bootstrap.cc:492] T a85736bfe9af4f6788482d4e42333aa9 P d02ec6d8fede4b48be5a6aade5f529e9: No bootstrap required, opened a new log
I20260709 14:52:30.739573 11902 ts_tablet_manager.cc:1403] T a85736bfe9af4f6788482d4e42333aa9 P d02ec6d8fede4b48be5a6aade5f529e9: Time spent bootstrapping tablet: real 0.033s	user 0.015s	sys 0.003s
I20260709 14:52:30.740151 11753 leader_election.cc:304] T d7380c24211c48d896aeccebf719dc2f P 9ecd0f0d0fb54a05b23ffe1dd2a63f6f [CANDIDATE]: Term 1 pre-election: Election decided. Result: candidate lost. Election summary: received 3 responses out of 3 voters: 1 yes votes; 2 no votes. yes voters: 9ecd0f0d0fb54a05b23ffe1dd2a63f6f; no voters: 19ca0adb867b4d76b9b86627b351014e, d02ec6d8fede4b48be5a6aade5f529e9
I20260709 14:52:30.742441 11902 raft_consensus.cc:359] T a85736bfe9af4f6788482d4e42333aa9 P d02ec6d8fede4b48be5a6aade5f529e9 [term 0 FOLLOWER]: Replica starting. Triggering 0 pending ops. Active config: opid_index: -1 OBSOLETE_local: false peers { permanent_uuid: "d02ec6d8fede4b48be5a6aade5f529e9" member_type: VOTER last_known_addr { host: "127.10.83.1" port: 33993 } } peers { permanent_uuid: "9ecd0f0d0fb54a05b23ffe1dd2a63f6f" member_type: VOTER last_known_addr { host: "127.10.83.2" port: 45651 } } peers { permanent_uuid: "19ca0adb867b4d76b9b86627b351014e" member_type: VOTER last_known_addr { host: "127.10.83.3" port: 39593 } }
I20260709 14:52:30.743162 11902 raft_consensus.cc:385] T a85736bfe9af4f6788482d4e42333aa9 P d02ec6d8fede4b48be5a6aade5f529e9 [term 0 FOLLOWER]: Consensus starting up: Expiring failure detector timer to make a prompt election more likely
I20260709 14:52:30.743455 11902 raft_consensus.cc:740] T a85736bfe9af4f6788482d4e42333aa9 P d02ec6d8fede4b48be5a6aade5f529e9 [term 0 FOLLOWER]: Becoming Follower/Learner. State: Replica: d02ec6d8fede4b48be5a6aade5f529e9, State: Initialized, Role: FOLLOWER
I20260709 14:52:30.743909 12032 raft_consensus.cc:3060] T d7380c24211c48d896aeccebf719dc2f P 9ecd0f0d0fb54a05b23ffe1dd2a63f6f [term 0 FOLLOWER]: Advancing to term 1
I20260709 14:52:30.744184 11907 tablet_bootstrap.cc:654] T f9f3c2306a8c4f659dd05b79abbbd4c1 P 9ecd0f0d0fb54a05b23ffe1dd2a63f6f: Neither blocks nor log segments found. Creating new log.
I20260709 14:52:30.752357 12032 raft_consensus.cc:2749] T d7380c24211c48d896aeccebf719dc2f P 9ecd0f0d0fb54a05b23ffe1dd2a63f6f [term 1 FOLLOWER]: Leader pre-election lost for term 1. Reason: could not achieve majority
I20260709 14:52:30.753073 11713 tablet_service.cc:1917] Received RequestConsensusVote() RPC: tablet_id: "f9f3c2306a8c4f659dd05b79abbbd4c1" candidate_uuid: "19ca0adb867b4d76b9b86627b351014e" candidate_term: 1 candidate_status { last_received { term: 0 index: 0 } } ignore_live_leader: false dest_uuid: "d02ec6d8fede4b48be5a6aade5f529e9"
I20260709 14:52:30.753394 11783 tablet_service.cc:1917] Received RequestConsensusVote() RPC: tablet_id: "f9f3c2306a8c4f659dd05b79abbbd4c1" candidate_uuid: "19ca0adb867b4d76b9b86627b351014e" candidate_term: 1 candidate_status { last_received { term: 0 index: 0 } } ignore_live_leader: false dest_uuid: "9ecd0f0d0fb54a05b23ffe1dd2a63f6f"
I20260709 14:52:30.753700 11713 raft_consensus.cc:3060] T f9f3c2306a8c4f659dd05b79abbbd4c1 P d02ec6d8fede4b48be5a6aade5f529e9 [term 0 FOLLOWER]: Advancing to term 1
W20260709 14:52:30.755262 11828 leader_election.cc:343] T f9f3c2306a8c4f659dd05b79abbbd4c1 P 19ca0adb867b4d76b9b86627b351014e [CANDIDATE]: Term 1 election: Tablet error from VoteRequest() call to peer 9ecd0f0d0fb54a05b23ffe1dd2a63f6f (127.10.83.2:45651): Illegal state: must be running to vote when last-logged opid is not known
I20260709 14:52:30.757246 12097 raft_consensus.cc:493] T 64eb25a716b54671a8afe72179e38684 P d02ec6d8fede4b48be5a6aade5f529e9 [term 0 FOLLOWER]: Starting pre-election (no leader contacted us within the election timeout)
I20260709 14:52:30.757735 12097 raft_consensus.cc:515] T 64eb25a716b54671a8afe72179e38684 P d02ec6d8fede4b48be5a6aade5f529e9 [term 0 FOLLOWER]: Starting pre-election with config: opid_index: -1 OBSOLETE_local: false peers { permanent_uuid: "d02ec6d8fede4b48be5a6aade5f529e9" member_type: VOTER last_known_addr { host: "127.10.83.1" port: 33993 } } peers { permanent_uuid: "9ecd0f0d0fb54a05b23ffe1dd2a63f6f" member_type: VOTER last_known_addr { host: "127.10.83.2" port: 45651 } } peers { permanent_uuid: "19ca0adb867b4d76b9b86627b351014e" member_type: VOTER last_known_addr { host: "127.10.83.3" port: 39593 } }
I20260709 14:52:30.759719 12097 leader_election.cc:290] T 64eb25a716b54671a8afe72179e38684 P d02ec6d8fede4b48be5a6aade5f529e9 [CANDIDATE]: Term 1 pre-election: Requested pre-vote from peers 9ecd0f0d0fb54a05b23ffe1dd2a63f6f (127.10.83.2:45651), 19ca0adb867b4d76b9b86627b351014e (127.10.83.3:39593)
I20260709 14:52:30.760025 12113 leader_election.cc:290] T f9f3c2306a8c4f659dd05b79abbbd4c1 P 19ca0adb867b4d76b9b86627b351014e [CANDIDATE]: Term 1 election: Requested vote from peers d02ec6d8fede4b48be5a6aade5f529e9 (127.10.83.1:33993), 9ecd0f0d0fb54a05b23ffe1dd2a63f6f (127.10.83.2:45651)
I20260709 14:52:30.761795 11783 tablet_service.cc:1917] Received RequestConsensusVote() RPC: tablet_id: "64eb25a716b54671a8afe72179e38684" candidate_uuid: "d02ec6d8fede4b48be5a6aade5f529e9" candidate_term: 1 candidate_status { last_received { term: 0 index: 0 } } ignore_live_leader: false dest_uuid: "9ecd0f0d0fb54a05b23ffe1dd2a63f6f" is_pre_election: true
I20260709 14:52:30.761574 11902 consensus_queue.cc:260] T a85736bfe9af4f6788482d4e42333aa9 P d02ec6d8fede4b48be5a6aade5f529e9 [NON_LEADER]: Queue going to NON_LEADER mode. State: All replicated index: 0, Majority replicated index: 0, Committed index: 0, Last appended: 0.0, Last appended by leader: 0, Current term: 0, Majority size: -1, State: 0, Mode: NON_LEADER, active raft config: opid_index: -1 OBSOLETE_local: false peers { permanent_uuid: "d02ec6d8fede4b48be5a6aade5f529e9" member_type: VOTER last_known_addr { host: "127.10.83.1" port: 33993 } } peers { permanent_uuid: "9ecd0f0d0fb54a05b23ffe1dd2a63f6f" member_type: VOTER last_known_addr { host: "127.10.83.2" port: 45651 } } peers { permanent_uuid: "19ca0adb867b4d76b9b86627b351014e" member_type: VOTER last_known_addr { host: "127.10.83.3" port: 39593 } }
I20260709 14:52:30.762573 11861 tablet_service.cc:1917] Received RequestConsensusVote() RPC: tablet_id: "64eb25a716b54671a8afe72179e38684" candidate_uuid: "d02ec6d8fede4b48be5a6aade5f529e9" candidate_term: 1 candidate_status { last_received { term: 0 index: 0 } } ignore_live_leader: false dest_uuid: "19ca0adb867b4d76b9b86627b351014e" is_pre_election: true
W20260709 14:52:30.763190 11679 leader_election.cc:343] T 64eb25a716b54671a8afe72179e38684 P d02ec6d8fede4b48be5a6aade5f529e9 [CANDIDATE]: Term 1 pre-election: Tablet error from VoteRequest() call to peer 9ecd0f0d0fb54a05b23ffe1dd2a63f6f (127.10.83.2:45651): Illegal state: must be running to vote when last-logged opid is not known
I20260709 14:52:30.764062 11902 ts_tablet_manager.cc:1434] T a85736bfe9af4f6788482d4e42333aa9 P d02ec6d8fede4b48be5a6aade5f529e9: Time spent starting tablet: real 0.024s	user 0.006s	sys 0.001s
I20260709 14:52:30.766042 11902 tablet_bootstrap.cc:492] T 4a6024633f294a78a2536556cb9b18ad P d02ec6d8fede4b48be5a6aade5f529e9: Bootstrap starting.
W20260709 14:52:30.767102 11678 leader_election.cc:343] T 64eb25a716b54671a8afe72179e38684 P d02ec6d8fede4b48be5a6aade5f529e9 [CANDIDATE]: Term 1 pre-election: Tablet error from VoteRequest() call to peer 19ca0adb867b4d76b9b86627b351014e (127.10.83.3:39593): Illegal state: must be running to vote when last-logged opid is not known
I20260709 14:52:30.767716 11678 leader_election.cc:304] T 64eb25a716b54671a8afe72179e38684 P d02ec6d8fede4b48be5a6aade5f529e9 [CANDIDATE]: Term 1 pre-election: Election decided. Result: candidate lost. Election summary: received 3 responses out of 3 voters: 1 yes votes; 2 no votes. yes voters: d02ec6d8fede4b48be5a6aade5f529e9; no voters: 19ca0adb867b4d76b9b86627b351014e, 9ecd0f0d0fb54a05b23ffe1dd2a63f6f
I20260709 14:52:30.768462 11713 raft_consensus.cc:2468] T f9f3c2306a8c4f659dd05b79abbbd4c1 P d02ec6d8fede4b48be5a6aade5f529e9 [term 1 FOLLOWER]: Leader election vote request: Granting yes vote for candidate 19ca0adb867b4d76b9b86627b351014e in term 1.
I20260709 14:52:30.769881 11827 leader_election.cc:304] T f9f3c2306a8c4f659dd05b79abbbd4c1 P 19ca0adb867b4d76b9b86627b351014e [CANDIDATE]: Term 1 election: Election decided. Result: candidate won. Election summary: received 3 responses out of 3 voters: 2 yes votes; 1 no votes. yes voters: 19ca0adb867b4d76b9b86627b351014e, d02ec6d8fede4b48be5a6aade5f529e9; no voters: 9ecd0f0d0fb54a05b23ffe1dd2a63f6f
I20260709 14:52:30.772045 11902 tablet_bootstrap.cc:654] T 4a6024633f294a78a2536556cb9b18ad P d02ec6d8fede4b48be5a6aade5f529e9: Neither blocks nor log segments found. Creating new log.
I20260709 14:52:30.778681 12104 raft_consensus.cc:2804] T f9f3c2306a8c4f659dd05b79abbbd4c1 P 19ca0adb867b4d76b9b86627b351014e [term 1 FOLLOWER]: Leader election won for term 1
I20260709 14:52:30.779372 12104 raft_consensus.cc:697] T f9f3c2306a8c4f659dd05b79abbbd4c1 P 19ca0adb867b4d76b9b86627b351014e [term 1 LEADER]: Becoming Leader. State: Replica: 19ca0adb867b4d76b9b86627b351014e, State: Running, Role: LEADER
I20260709 14:52:30.780072 11907 tablet_bootstrap.cc:492] T f9f3c2306a8c4f659dd05b79abbbd4c1 P 9ecd0f0d0fb54a05b23ffe1dd2a63f6f: No bootstrap required, opened a new log
I20260709 14:52:30.780773 11907 ts_tablet_manager.cc:1403] T f9f3c2306a8c4f659dd05b79abbbd4c1 P 9ecd0f0d0fb54a05b23ffe1dd2a63f6f: Time spent bootstrapping tablet: real 0.055s	user 0.007s	sys 0.007s
I20260709 14:52:30.785171 11907 raft_consensus.cc:359] T f9f3c2306a8c4f659dd05b79abbbd4c1 P 9ecd0f0d0fb54a05b23ffe1dd2a63f6f [term 0 FOLLOWER]: Replica starting. Triggering 0 pending ops. Active config: opid_index: -1 OBSOLETE_local: false peers { permanent_uuid: "d02ec6d8fede4b48be5a6aade5f529e9" member_type: VOTER last_known_addr { host: "127.10.83.1" port: 33993 } } peers { permanent_uuid: "9ecd0f0d0fb54a05b23ffe1dd2a63f6f" member_type: VOTER last_known_addr { host: "127.10.83.2" port: 45651 } } peers { permanent_uuid: "19ca0adb867b4d76b9b86627b351014e" member_type: VOTER last_known_addr { host: "127.10.83.3" port: 39593 } }
I20260709 14:52:30.785940 12097 raft_consensus.cc:2749] T 64eb25a716b54671a8afe72179e38684 P d02ec6d8fede4b48be5a6aade5f529e9 [term 0 FOLLOWER]: Leader pre-election lost for term 1. Reason: could not achieve majority
I20260709 14:52:30.786165 11907 raft_consensus.cc:385] T f9f3c2306a8c4f659dd05b79abbbd4c1 P 9ecd0f0d0fb54a05b23ffe1dd2a63f6f [term 0 FOLLOWER]: Consensus starting up: Expiring failure detector timer to make a prompt election more likely
I20260709 14:52:30.786841 11907 raft_consensus.cc:740] T f9f3c2306a8c4f659dd05b79abbbd4c1 P 9ecd0f0d0fb54a05b23ffe1dd2a63f6f [term 0 FOLLOWER]: Becoming Follower/Learner. State: Replica: 9ecd0f0d0fb54a05b23ffe1dd2a63f6f, State: Initialized, Role: FOLLOWER
I20260709 14:52:30.780496 12104 consensus_queue.cc:237] T f9f3c2306a8c4f659dd05b79abbbd4c1 P 19ca0adb867b4d76b9b86627b351014e [LEADER]: Queue going to LEADER mode. State: All replicated index: 0, Majority replicated index: 0, Committed index: 0, Last appended: 0.0, Last appended by leader: 0, Current term: 1, Majority size: 2, State: 0, Mode: LEADER, active raft config: opid_index: -1 OBSOLETE_local: false peers { permanent_uuid: "d02ec6d8fede4b48be5a6aade5f529e9" member_type: VOTER last_known_addr { host: "127.10.83.1" port: 33993 } } peers { permanent_uuid: "9ecd0f0d0fb54a05b23ffe1dd2a63f6f" member_type: VOTER last_known_addr { host: "127.10.83.2" port: 45651 } } peers { permanent_uuid: "19ca0adb867b4d76b9b86627b351014e" member_type: VOTER last_known_addr { host: "127.10.83.3" port: 39593 } }
I20260709 14:52:30.791934 12113 consensus_queue.cc:1048] T 458355fa3b3b4594aca29853f38c9620 P 19ca0adb867b4d76b9b86627b351014e [LEADER]: Connected to new peer: Peer: permanent_uuid: "d02ec6d8fede4b48be5a6aade5f529e9" member_type: VOTER last_known_addr { host: "127.10.83.1" port: 33993 }, Status: LMP_MISMATCH, Last received: 0.0, Next index: 1, Last known committed idx: 0, Time since last communication: 0.001s
I20260709 14:52:30.796902 11907 consensus_queue.cc:260] T f9f3c2306a8c4f659dd05b79abbbd4c1 P 9ecd0f0d0fb54a05b23ffe1dd2a63f6f [NON_LEADER]: Queue going to NON_LEADER mode. State: All replicated index: 0, Majority replicated index: 0, Committed index: 0, Last appended: 0.0, Last appended by leader: 0, Current term: 0, Majority size: -1, State: 0, Mode: NON_LEADER, active raft config: opid_index: -1 OBSOLETE_local: false peers { permanent_uuid: "d02ec6d8fede4b48be5a6aade5f529e9" member_type: VOTER last_known_addr { host: "127.10.83.1" port: 33993 } } peers { permanent_uuid: "9ecd0f0d0fb54a05b23ffe1dd2a63f6f" member_type: VOTER last_known_addr { host: "127.10.83.2" port: 45651 } } peers { permanent_uuid: "19ca0adb867b4d76b9b86627b351014e" member_type: VOTER last_known_addr { host: "127.10.83.3" port: 39593 } }
I20260709 14:52:30.800869 12113 raft_consensus.cc:493] T 3e02ece5875749f0871bc30235caff27 P 19ca0adb867b4d76b9b86627b351014e [term 0 FOLLOWER]: Starting pre-election (no leader contacted us within the election timeout)
I20260709 14:52:30.801595 12113 raft_consensus.cc:515] T 3e02ece5875749f0871bc30235caff27 P 19ca0adb867b4d76b9b86627b351014e [term 0 FOLLOWER]: Starting pre-election with config: opid_index: -1 OBSOLETE_local: false peers { permanent_uuid: "d02ec6d8fede4b48be5a6aade5f529e9" member_type: VOTER last_known_addr { host: "127.10.83.1" port: 33993 } } peers { permanent_uuid: "9ecd0f0d0fb54a05b23ffe1dd2a63f6f" member_type: VOTER last_known_addr { host: "127.10.83.2" port: 45651 } } peers { permanent_uuid: "19ca0adb867b4d76b9b86627b351014e" member_type: VOTER last_known_addr { host: "127.10.83.3" port: 39593 } }
I20260709 14:52:30.804764 12097 consensus_queue.cc:1048] T d7380c24211c48d896aeccebf719dc2f P d02ec6d8fede4b48be5a6aade5f529e9 [LEADER]: Connected to new peer: Peer: permanent_uuid: "19ca0adb867b4d76b9b86627b351014e" member_type: VOTER last_known_addr { host: "127.10.83.3" port: 39593 }, Status: LMP_MISMATCH, Last received: 0.0, Next index: 1, Last known committed idx: 0, Time since last communication: 0.000s
I20260709 14:52:30.806898 11783 tablet_service.cc:1917] Received RequestConsensusVote() RPC: tablet_id: "3e02ece5875749f0871bc30235caff27" candidate_uuid: "19ca0adb867b4d76b9b86627b351014e" candidate_term: 1 candidate_status { last_received { term: 0 index: 0 } } ignore_live_leader: false dest_uuid: "9ecd0f0d0fb54a05b23ffe1dd2a63f6f" is_pre_election: true
I20260709 14:52:30.809275 11907 ts_tablet_manager.cc:1434] T f9f3c2306a8c4f659dd05b79abbbd4c1 P 9ecd0f0d0fb54a05b23ffe1dd2a63f6f: Time spent starting tablet: real 0.028s	user 0.008s	sys 0.001s
I20260709 14:52:30.815506 11710 tablet_service.cc:1917] Received RequestConsensusVote() RPC: tablet_id: "3e02ece5875749f0871bc30235caff27" candidate_uuid: "19ca0adb867b4d76b9b86627b351014e" candidate_term: 1 candidate_status { last_received { term: 0 index: 0 } } ignore_live_leader: false dest_uuid: "d02ec6d8fede4b48be5a6aade5f529e9" is_pre_election: true
I20260709 14:52:30.882774 11937 raft_consensus.cc:493] T f9f3c2306a8c4f659dd05b79abbbd4c1 P 9ecd0f0d0fb54a05b23ffe1dd2a63f6f [term 0 FOLLOWER]: Starting pre-election (no leader contacted us within the election timeout)
I20260709 14:52:30.995689 11710 raft_consensus.cc:2468] T 3e02ece5875749f0871bc30235caff27 P d02ec6d8fede4b48be5a6aade5f529e9 [term 0 FOLLOWER]: Leader pre-election vote request: Granting yes vote for candidate 19ca0adb867b4d76b9b86627b351014e in term 0.
I20260709 14:52:30.995816 11937 raft_consensus.cc:515] T f9f3c2306a8c4f659dd05b79abbbd4c1 P 9ecd0f0d0fb54a05b23ffe1dd2a63f6f [term 0 FOLLOWER]: Starting pre-election with config: opid_index: -1 OBSOLETE_local: false peers { permanent_uuid: "d02ec6d8fede4b48be5a6aade5f529e9" member_type: VOTER last_known_addr { host: "127.10.83.1" port: 33993 } } peers { permanent_uuid: "9ecd0f0d0fb54a05b23ffe1dd2a63f6f" member_type: VOTER last_known_addr { host: "127.10.83.2" port: 45651 } } peers { permanent_uuid: "19ca0adb867b4d76b9b86627b351014e" member_type: VOTER last_known_addr { host: "127.10.83.3" port: 39593 } }
I20260709 14:52:30.890764 12032 raft_consensus.cc:493] T 899cc06a6d8c444a90e672bc8c006321 P 9ecd0f0d0fb54a05b23ffe1dd2a63f6f [term 0 FOLLOWER]: Starting pre-election (no leader contacted us within the election timeout)
I20260709 14:52:30.999439 12032 raft_consensus.cc:515] T 899cc06a6d8c444a90e672bc8c006321 P 9ecd0f0d0fb54a05b23ffe1dd2a63f6f [term 0 FOLLOWER]: Starting pre-election with config: opid_index: -1 OBSOLETE_local: false peers { permanent_uuid: "d02ec6d8fede4b48be5a6aade5f529e9" member_type: VOTER last_known_addr { host: "127.10.83.1" port: 33993 } } peers { permanent_uuid: "9ecd0f0d0fb54a05b23ffe1dd2a63f6f" member_type: VOTER last_known_addr { host: "127.10.83.2" port: 45651 } } peers { permanent_uuid: "19ca0adb867b4d76b9b86627b351014e" member_type: VOTER last_known_addr { host: "127.10.83.3" port: 39593 } }
I20260709 14:52:30.809317 12113 leader_election.cc:290] T 3e02ece5875749f0871bc30235caff27 P 19ca0adb867b4d76b9b86627b351014e [CANDIDATE]: Term 1 pre-election: Requested pre-vote from peers d02ec6d8fede4b48be5a6aade5f529e9 (127.10.83.1:33993), 9ecd0f0d0fb54a05b23ffe1dd2a63f6f (127.10.83.2:45651)
I20260709 14:52:31.001641 12032 leader_election.cc:290] T 899cc06a6d8c444a90e672bc8c006321 P 9ecd0f0d0fb54a05b23ffe1dd2a63f6f [CANDIDATE]: Term 1 pre-election: Requested pre-vote from peers d02ec6d8fede4b48be5a6aade5f529e9 (127.10.83.1:33993), 19ca0adb867b4d76b9b86627b351014e (127.10.83.3:39593)
I20260709 14:52:31.005892 11860 tablet_service.cc:1917] Received RequestConsensusVote() RPC: tablet_id: "f9f3c2306a8c4f659dd05b79abbbd4c1" candidate_uuid: "9ecd0f0d0fb54a05b23ffe1dd2a63f6f" candidate_term: 1 candidate_status { last_received { term: 0 index: 0 } } ignore_live_leader: false dest_uuid: "19ca0adb867b4d76b9b86627b351014e" is_pre_election: true
W20260709 14:52:30.813941 11828 leader_election.cc:343] T 3e02ece5875749f0871bc30235caff27 P 19ca0adb867b4d76b9b86627b351014e [CANDIDATE]: Term 1 pre-election: Tablet error from VoteRequest() call to peer 9ecd0f0d0fb54a05b23ffe1dd2a63f6f (127.10.83.2:45651): Illegal state: must be running to vote when last-logged opid is not known
I20260709 14:52:30.897149 11907 tablet_bootstrap.cc:492] T 8edbfd7f7ead4775a34b8cc8ecd60f1e P 9ecd0f0d0fb54a05b23ffe1dd2a63f6f: Bootstrap starting.
I20260709 14:52:30.890612 11978 raft_consensus.cc:493] T 458355fa3b3b4594aca29853f38c9620 P 9ecd0f0d0fb54a05b23ffe1dd2a63f6f [term 0 FOLLOWER]: Starting pre-election (no leader contacted us within the election timeout)
I20260709 14:52:31.014308 11903 tablet_bootstrap.cc:492] T 64eb25a716b54671a8afe72179e38684 P 19ca0adb867b4d76b9b86627b351014e: No bootstrap required, opened a new log
I20260709 14:52:31.014006 11978 raft_consensus.cc:515] T 458355fa3b3b4594aca29853f38c9620 P 9ecd0f0d0fb54a05b23ffe1dd2a63f6f [term 0 FOLLOWER]: Starting pre-election with config: opid_index: -1 OBSOLETE_local: false peers { permanent_uuid: "d02ec6d8fede4b48be5a6aade5f529e9" member_type: VOTER last_known_addr { host: "127.10.83.1" port: 33993 } } peers { permanent_uuid: "9ecd0f0d0fb54a05b23ffe1dd2a63f6f" member_type: VOTER last_known_addr { host: "127.10.83.2" port: 45651 } } peers { permanent_uuid: "19ca0adb867b4d76b9b86627b351014e" member_type: VOTER last_known_addr { host: "127.10.83.3" port: 39593 } }
I20260709 14:52:31.014765 11903 ts_tablet_manager.cc:1403] T 64eb25a716b54671a8afe72179e38684 P 19ca0adb867b4d76b9b86627b351014e: Time spent bootstrapping tablet: real 0.383s	user 0.050s	sys 0.045s
I20260709 14:52:31.002961 11858 tablet_service.cc:1917] Received RequestConsensusVote() RPC: tablet_id: "899cc06a6d8c444a90e672bc8c006321" candidate_uuid: "9ecd0f0d0fb54a05b23ffe1dd2a63f6f" candidate_term: 1 candidate_status { last_received { term: 0 index: 0 } } ignore_live_leader: false dest_uuid: "19ca0adb867b4d76b9b86627b351014e" is_pre_election: true
I20260709 14:52:31.003552 11710 tablet_service.cc:1917] Received RequestConsensusVote() RPC: tablet_id: "f9f3c2306a8c4f659dd05b79abbbd4c1" candidate_uuid: "9ecd0f0d0fb54a05b23ffe1dd2a63f6f" candidate_term: 1 candidate_status { last_received { term: 0 index: 0 } } ignore_live_leader: false dest_uuid: "d02ec6d8fede4b48be5a6aade5f529e9" is_pre_election: true
I20260709 14:52:31.004252 11711 tablet_service.cc:1917] Received RequestConsensusVote() RPC: tablet_id: "899cc06a6d8c444a90e672bc8c006321" candidate_uuid: "9ecd0f0d0fb54a05b23ffe1dd2a63f6f" candidate_term: 1 candidate_status { last_received { term: 0 index: 0 } } ignore_live_leader: false dest_uuid: "d02ec6d8fede4b48be5a6aade5f529e9" is_pre_election: true
I20260709 14:52:31.004467 11937 leader_election.cc:290] T f9f3c2306a8c4f659dd05b79abbbd4c1 P 9ecd0f0d0fb54a05b23ffe1dd2a63f6f [CANDIDATE]: Term 1 pre-election: Requested pre-vote from peers d02ec6d8fede4b48be5a6aade5f529e9 (127.10.83.1:33993), 19ca0adb867b4d76b9b86627b351014e (127.10.83.3:39593)
I20260709 14:52:31.017867 11711 raft_consensus.cc:2393] T 899cc06a6d8c444a90e672bc8c006321 P d02ec6d8fede4b48be5a6aade5f529e9 [term 1 FOLLOWER]: Leader pre-election vote request: Denying vote to candidate 9ecd0f0d0fb54a05b23ffe1dd2a63f6f in current term 1: Already voted for candidate 19ca0adb867b4d76b9b86627b351014e in this term.
I20260709 14:52:31.018888 11710 raft_consensus.cc:2393] T f9f3c2306a8c4f659dd05b79abbbd4c1 P d02ec6d8fede4b48be5a6aade5f529e9 [term 1 FOLLOWER]: Leader pre-election vote request: Denying vote to candidate 9ecd0f0d0fb54a05b23ffe1dd2a63f6f in current term 1: Already voted for candidate 19ca0adb867b4d76b9b86627b351014e in this term.
I20260709 14:52:31.021456 11712 tablet_service.cc:1917] Received RequestConsensusVote() RPC: tablet_id: "458355fa3b3b4594aca29853f38c9620" candidate_uuid: "9ecd0f0d0fb54a05b23ffe1dd2a63f6f" candidate_term: 1 candidate_status { last_received { term: 0 index: 0 } } ignore_live_leader: false dest_uuid: "d02ec6d8fede4b48be5a6aade5f529e9" is_pre_election: true
I20260709 14:52:31.030931 11827 leader_election.cc:304] T 3e02ece5875749f0871bc30235caff27 P 19ca0adb867b4d76b9b86627b351014e [CANDIDATE]: Term 1 pre-election: Election decided. Result: candidate won. Election summary: received 3 responses out of 3 voters: 2 yes votes; 1 no votes. yes voters: 19ca0adb867b4d76b9b86627b351014e, d02ec6d8fede4b48be5a6aade5f529e9; no voters: 9ecd0f0d0fb54a05b23ffe1dd2a63f6f
W20260709 14:52:31.019917 11828 outbound_call.cc:321] RPC callback for RPC call kudu.consensus.ConsensusService.RequestConsensusVote -> {remote=127.10.83.2:45651, user_credentials={real_user=slave}} blocked reactor thread for 206399us
I20260709 14:52:31.032506 12111 raft_consensus.cc:2804] T 3e02ece5875749f0871bc30235caff27 P 19ca0adb867b4d76b9b86627b351014e [term 0 FOLLOWER]: Leader pre-election won for term 1
I20260709 14:52:31.032931 12111 raft_consensus.cc:493] T 3e02ece5875749f0871bc30235caff27 P 19ca0adb867b4d76b9b86627b351014e [term 0 FOLLOWER]: Starting leader election (no leader contacted us within the election timeout)
I20260709 14:52:31.033301 12111 raft_consensus.cc:3060] T 3e02ece5875749f0871bc30235caff27 P 19ca0adb867b4d76b9b86627b351014e [term 0 FOLLOWER]: Advancing to term 1
I20260709 14:52:31.034149 11787 raft_consensus.cc:3060] T 899cc06a6d8c444a90e672bc8c006321 P 9ecd0f0d0fb54a05b23ffe1dd2a63f6f [term 0 FOLLOWER]: Advancing to term 1
I20260709 14:52:31.034693 11609 catalog_manager.cc:5697] T f9f3c2306a8c4f659dd05b79abbbd4c1 P 19ca0adb867b4d76b9b86627b351014e reported cstate change: term changed from 0 to 1, leader changed from <none> to 19ca0adb867b4d76b9b86627b351014e (127.10.83.3). New cstate: current_term: 1 leader_uuid: "19ca0adb867b4d76b9b86627b351014e" committed_config { opid_index: -1 OBSOLETE_local: false peers { permanent_uuid: "d02ec6d8fede4b48be5a6aade5f529e9" member_type: VOTER last_known_addr { host: "127.10.83.1" port: 33993 } health_report { overall_health: UNKNOWN } } peers { permanent_uuid: "9ecd0f0d0fb54a05b23ffe1dd2a63f6f" member_type: VOTER last_known_addr { host: "127.10.83.2" port: 45651 } health_report { overall_health: UNKNOWN } } peers { permanent_uuid: "19ca0adb867b4d76b9b86627b351014e" member_type: VOTER last_known_addr { host: "127.10.83.3" port: 39593 } health_report { overall_health: HEALTHY } } }
I20260709 14:52:31.021550 11753 leader_election.cc:304] T f9f3c2306a8c4f659dd05b79abbbd4c1 P 9ecd0f0d0fb54a05b23ffe1dd2a63f6f [CANDIDATE]: Term 1 pre-election: Election decided. Result: candidate lost. Election summary: received 3 responses out of 3 voters: 1 yes votes; 2 no votes. yes voters: 9ecd0f0d0fb54a05b23ffe1dd2a63f6f; no voters: 19ca0adb867b4d76b9b86627b351014e, d02ec6d8fede4b48be5a6aade5f529e9
I20260709 14:52:31.037950 11753 leader_election.cc:304] T 899cc06a6d8c444a90e672bc8c006321 P 9ecd0f0d0fb54a05b23ffe1dd2a63f6f [CANDIDATE]: Term 1 pre-election: Election decided. Result: candidate lost. Election summary: received 3 responses out of 3 voters: 1 yes votes; 2 no votes. yes voters: 9ecd0f0d0fb54a05b23ffe1dd2a63f6f; no voters: 19ca0adb867b4d76b9b86627b351014e, d02ec6d8fede4b48be5a6aade5f529e9
I20260709 14:52:31.020262 11858 tablet_service.cc:1917] Received RequestConsensusVote() RPC: tablet_id: "458355fa3b3b4594aca29853f38c9620" candidate_uuid: "9ecd0f0d0fb54a05b23ffe1dd2a63f6f" candidate_term: 1 candidate_status { last_received { term: 0 index: 0 } } ignore_live_leader: false dest_uuid: "19ca0adb867b4d76b9b86627b351014e" is_pre_election: true
I20260709 14:52:31.040493 11937 raft_consensus.cc:3060] T f9f3c2306a8c4f659dd05b79abbbd4c1 P 9ecd0f0d0fb54a05b23ffe1dd2a63f6f [term 0 FOLLOWER]: Advancing to term 1
W20260709 14:52:31.041060 11679 consensus_peers.cc:597] T c740819c3e9c48d8a77f06c5b6af53e0 P d02ec6d8fede4b48be5a6aade5f529e9 -> Peer 9ecd0f0d0fb54a05b23ffe1dd2a63f6f (127.10.83.2:45651): Couldn't send request to peer 9ecd0f0d0fb54a05b23ffe1dd2a63f6f. Error code: TABLET_NOT_RUNNING (12). Status: Illegal state: Tablet not RUNNING: INITIALIZED. This is attempt 1: this message will repeat every 5th retry.
I20260709 14:52:31.037082 11978 leader_election.cc:290] T 458355fa3b3b4594aca29853f38c9620 P 9ecd0f0d0fb54a05b23ffe1dd2a63f6f [CANDIDATE]: Term 1 pre-election: Requested pre-vote from peers d02ec6d8fede4b48be5a6aade5f529e9 (127.10.83.1:33993), 19ca0adb867b4d76b9b86627b351014e (127.10.83.3:39593)
I20260709 14:52:31.044497 11907 tablet_bootstrap.cc:654] T 8edbfd7f7ead4775a34b8cc8ecd60f1e P 9ecd0f0d0fb54a05b23ffe1dd2a63f6f: Neither blocks nor log segments found. Creating new log.
I20260709 14:52:31.045706 11753 leader_election.cc:304] T 458355fa3b3b4594aca29853f38c9620 P 9ecd0f0d0fb54a05b23ffe1dd2a63f6f [CANDIDATE]: Term 1 pre-election: Election decided. Result: candidate lost. Election summary: received 3 responses out of 3 voters: 1 yes votes; 2 no votes. yes voters: 9ecd0f0d0fb54a05b23ffe1dd2a63f6f; no voters: 19ca0adb867b4d76b9b86627b351014e, d02ec6d8fede4b48be5a6aade5f529e9
I20260709 14:52:31.046485 12138 raft_consensus.cc:2749] T 899cc06a6d8c444a90e672bc8c006321 P 9ecd0f0d0fb54a05b23ffe1dd2a63f6f [term 1 FOLLOWER]: Leader pre-election lost for term 1. Reason: could not achieve majority
I20260709 14:52:31.047809 12105 consensus_queue.cc:1048] T 899cc06a6d8c444a90e672bc8c006321 P 19ca0adb867b4d76b9b86627b351014e [LEADER]: Connected to new peer: Peer: permanent_uuid: "d02ec6d8fede4b48be5a6aade5f529e9" member_type: VOTER last_known_addr { host: "127.10.83.1" port: 33993 }, Status: LMP_MISMATCH, Last received: 0.0, Next index: 1, Last known committed idx: 0, Time since last communication: 0.000s
I20260709 14:52:31.051213 11903 raft_consensus.cc:359] T 64eb25a716b54671a8afe72179e38684 P 19ca0adb867b4d76b9b86627b351014e [term 0 FOLLOWER]: Replica starting. Triggering 0 pending ops. Active config: opid_index: -1 OBSOLETE_local: false peers { permanent_uuid: "d02ec6d8fede4b48be5a6aade5f529e9" member_type: VOTER last_known_addr { host: "127.10.83.1" port: 33993 } } peers { permanent_uuid: "9ecd0f0d0fb54a05b23ffe1dd2a63f6f" member_type: VOTER last_known_addr { host: "127.10.83.2" port: 45651 } } peers { permanent_uuid: "19ca0adb867b4d76b9b86627b351014e" member_type: VOTER last_known_addr { host: "127.10.83.3" port: 39593 } }
I20260709 14:52:31.051997 11903 raft_consensus.cc:385] T 64eb25a716b54671a8afe72179e38684 P 19ca0adb867b4d76b9b86627b351014e [term 0 FOLLOWER]: Consensus starting up: Expiring failure detector timer to make a prompt election more likely
I20260709 14:52:31.052371 11903 raft_consensus.cc:740] T 64eb25a716b54671a8afe72179e38684 P 19ca0adb867b4d76b9b86627b351014e [term 0 FOLLOWER]: Becoming Follower/Learner. State: Replica: 19ca0adb867b4d76b9b86627b351014e, State: Initialized, Role: FOLLOWER
