I20260709 14:52:31.053169 11903 consensus_queue.cc:260] T 64eb25a716b54671a8afe72179e38684 P 19ca0adb867b4d76b9b86627b351014e [NON_LEADER]: Queue going to NON_LEADER mode. State: All replicated index: 0, Majority replicated index: 0, Committed index: 0, Last appended: 0.0, Last appended by leader: 0, Current term: 0, Majority size: -1, State: 0, Mode: NON_LEADER, active raft config: opid_index: -1 OBSOLETE_local: false peers { permanent_uuid: "d02ec6d8fede4b48be5a6aade5f529e9" member_type: VOTER last_known_addr { host: "127.10.83.1" port: 33993 } } peers { permanent_uuid: "9ecd0f0d0fb54a05b23ffe1dd2a63f6f" member_type: VOTER last_known_addr { host: "127.10.83.2" port: 45651 } } peers { permanent_uuid: "19ca0adb867b4d76b9b86627b351014e" member_type: VOTER last_known_addr { host: "127.10.83.3" port: 39593 } }
I20260709 14:52:31.059942 11903 ts_tablet_manager.cc:1434] T 64eb25a716b54671a8afe72179e38684 P 19ca0adb867b4d76b9b86627b351014e: Time spent starting tablet: real 0.045s	user 0.005s	sys 0.001s
I20260709 14:52:31.057351 12138 raft_consensus.cc:2749] T 458355fa3b3b4594aca29853f38c9620 P 9ecd0f0d0fb54a05b23ffe1dd2a63f6f [term 0 FOLLOWER]: Leader pre-election lost for term 1. Reason: could not achieve majority
I20260709 14:52:31.060999 11903 tablet_bootstrap.cc:492] T 0cbd1e4303714bd1b4f54e91900b1cf0 P 19ca0adb867b4d76b9b86627b351014e: Bootstrap starting.
I20260709 14:52:31.072834 11902 tablet_bootstrap.cc:492] T 4a6024633f294a78a2536556cb9b18ad P d02ec6d8fede4b48be5a6aade5f529e9: No bootstrap required, opened a new log
I20260709 14:52:31.073374 11902 ts_tablet_manager.cc:1403] T 4a6024633f294a78a2536556cb9b18ad P d02ec6d8fede4b48be5a6aade5f529e9: Time spent bootstrapping tablet: real 0.308s	user 0.015s	sys 0.017s
W20260709 14:52:31.072706 11659 auto_rebalancer.cc:288] Could not retrieve cluster info: Service unavailable: Tablet not running
I20260709 14:52:31.077704 12097 raft_consensus.cc:493] T a85736bfe9af4f6788482d4e42333aa9 P d02ec6d8fede4b48be5a6aade5f529e9 [term 0 FOLLOWER]: Starting pre-election (no leader contacted us within the election timeout)
I20260709 14:52:31.079921 12097 raft_consensus.cc:515] T a85736bfe9af4f6788482d4e42333aa9 P d02ec6d8fede4b48be5a6aade5f529e9 [term 0 FOLLOWER]: Starting pre-election with config: opid_index: -1 OBSOLETE_local: false peers { permanent_uuid: "d02ec6d8fede4b48be5a6aade5f529e9" member_type: VOTER last_known_addr { host: "127.10.83.1" port: 33993 } } peers { permanent_uuid: "9ecd0f0d0fb54a05b23ffe1dd2a63f6f" member_type: VOTER last_known_addr { host: "127.10.83.2" port: 45651 } } peers { permanent_uuid: "19ca0adb867b4d76b9b86627b351014e" member_type: VOTER last_known_addr { host: "127.10.83.3" port: 39593 } }
I20260709 14:52:31.082118 12097 leader_election.cc:290] T a85736bfe9af4f6788482d4e42333aa9 P d02ec6d8fede4b48be5a6aade5f529e9 [CANDIDATE]: Term 1 pre-election: Requested pre-vote from peers 9ecd0f0d0fb54a05b23ffe1dd2a63f6f (127.10.83.2:45651), 19ca0adb867b4d76b9b86627b351014e (127.10.83.3:39593)
I20260709 14:52:31.082842 11783 tablet_service.cc:1917] Received RequestConsensusVote() RPC: tablet_id: "a85736bfe9af4f6788482d4e42333aa9" candidate_uuid: "d02ec6d8fede4b48be5a6aade5f529e9" candidate_term: 1 candidate_status { last_received { term: 0 index: 0 } } ignore_live_leader: false dest_uuid: "9ecd0f0d0fb54a05b23ffe1dd2a63f6f" is_pre_election: true
W20260709 14:52:31.085757 11679 leader_election.cc:343] T a85736bfe9af4f6788482d4e42333aa9 P d02ec6d8fede4b48be5a6aade5f529e9 [CANDIDATE]: Term 1 pre-election: Tablet error from VoteRequest() call to peer 9ecd0f0d0fb54a05b23ffe1dd2a63f6f (127.10.83.2:45651): Illegal state: must be running to vote when last-logged opid is not known
I20260709 14:52:31.091009 11902 raft_consensus.cc:359] T 4a6024633f294a78a2536556cb9b18ad P d02ec6d8fede4b48be5a6aade5f529e9 [term 0 FOLLOWER]: Replica starting. Triggering 0 pending ops. Active config: opid_index: -1 OBSOLETE_local: false peers { permanent_uuid: "d02ec6d8fede4b48be5a6aade5f529e9" member_type: VOTER last_known_addr { host: "127.10.83.1" port: 33993 } } peers { permanent_uuid: "9ecd0f0d0fb54a05b23ffe1dd2a63f6f" member_type: VOTER last_known_addr { host: "127.10.83.2" port: 45651 } } peers { permanent_uuid: "19ca0adb867b4d76b9b86627b351014e" member_type: VOTER last_known_addr { host: "127.10.83.3" port: 39593 } }
I20260709 14:52:31.091720 11902 raft_consensus.cc:385] T 4a6024633f294a78a2536556cb9b18ad P d02ec6d8fede4b48be5a6aade5f529e9 [term 0 FOLLOWER]: Consensus starting up: Expiring failure detector timer to make a prompt election more likely
I20260709 14:52:31.091955 11902 raft_consensus.cc:740] T 4a6024633f294a78a2536556cb9b18ad P d02ec6d8fede4b48be5a6aade5f529e9 [term 0 FOLLOWER]: Becoming Follower/Learner. State: Replica: d02ec6d8fede4b48be5a6aade5f529e9, State: Initialized, Role: FOLLOWER
I20260709 14:52:31.092614 11902 consensus_queue.cc:260] T 4a6024633f294a78a2536556cb9b18ad P d02ec6d8fede4b48be5a6aade5f529e9 [NON_LEADER]: Queue going to NON_LEADER mode. State: All replicated index: 0, Majority replicated index: 0, Committed index: 0, Last appended: 0.0, Last appended by leader: 0, Current term: 0, Majority size: -1, State: 0, Mode: NON_LEADER, active raft config: opid_index: -1 OBSOLETE_local: false peers { permanent_uuid: "d02ec6d8fede4b48be5a6aade5f529e9" member_type: VOTER last_known_addr { host: "127.10.83.1" port: 33993 } } peers { permanent_uuid: "9ecd0f0d0fb54a05b23ffe1dd2a63f6f" member_type: VOTER last_known_addr { host: "127.10.83.2" port: 45651 } } peers { permanent_uuid: "19ca0adb867b4d76b9b86627b351014e" member_type: VOTER last_known_addr { host: "127.10.83.3" port: 39593 } }
I20260709 14:52:31.099161 11937 raft_consensus.cc:2749] T f9f3c2306a8c4f659dd05b79abbbd4c1 P 9ecd0f0d0fb54a05b23ffe1dd2a63f6f [term 1 FOLLOWER]: Leader pre-election lost for term 1. Reason: could not achieve majority
I20260709 14:52:31.117282 11903 tablet_bootstrap.cc:654] T 0cbd1e4303714bd1b4f54e91900b1cf0 P 19ca0adb867b4d76b9b86627b351014e: Neither blocks nor log segments found. Creating new log.
I20260709 14:52:31.113160 11902 ts_tablet_manager.cc:1434] T 4a6024633f294a78a2536556cb9b18ad P d02ec6d8fede4b48be5a6aade5f529e9: Time spent starting tablet: real 0.039s	user 0.007s	sys 0.000s
I20260709 14:52:31.120877 11902 tablet_bootstrap.cc:492] T 78f7b15ed1ee454481961860e158a324 P d02ec6d8fede4b48be5a6aade5f529e9: Bootstrap starting.
I20260709 14:52:31.132328 12140 consensus_queue.cc:1048] T 899cc06a6d8c444a90e672bc8c006321 P 19ca0adb867b4d76b9b86627b351014e [LEADER]: Connected to new peer: Peer: permanent_uuid: "9ecd0f0d0fb54a05b23ffe1dd2a63f6f" member_type: VOTER last_known_addr { host: "127.10.83.2" port: 45651 }, Status: LMP_MISMATCH, Last received: 0.0, Next index: 1, Last known committed idx: 0, Time since last communication: 0.022s
I20260709 14:52:31.105643 12111 raft_consensus.cc:515] T 3e02ece5875749f0871bc30235caff27 P 19ca0adb867b4d76b9b86627b351014e [term 1 FOLLOWER]: Starting leader election with config: opid_index: -1 OBSOLETE_local: false peers { permanent_uuid: "d02ec6d8fede4b48be5a6aade5f529e9" member_type: VOTER last_known_addr { host: "127.10.83.1" port: 33993 } } peers { permanent_uuid: "9ecd0f0d0fb54a05b23ffe1dd2a63f6f" member_type: VOTER last_known_addr { host: "127.10.83.2" port: 45651 } } peers { permanent_uuid: "19ca0adb867b4d76b9b86627b351014e" member_type: VOTER last_known_addr { host: "127.10.83.3" port: 39593 } }
I20260709 14:52:31.145820 11858 tablet_service.cc:1917] Received RequestConsensusVote() RPC: tablet_id: "a85736bfe9af4f6788482d4e42333aa9" candidate_uuid: "d02ec6d8fede4b48be5a6aade5f529e9" candidate_term: 1 candidate_status { last_received { term: 0 index: 0 } } ignore_live_leader: false dest_uuid: "19ca0adb867b4d76b9b86627b351014e" is_pre_election: true
I20260709 14:52:31.153097 11903 tablet_bootstrap.cc:492] T 0cbd1e4303714bd1b4f54e91900b1cf0 P 19ca0adb867b4d76b9b86627b351014e: No bootstrap required, opened a new log
I20260709 14:52:31.153508 11903 ts_tablet_manager.cc:1403] T 0cbd1e4303714bd1b4f54e91900b1cf0 P 19ca0adb867b4d76b9b86627b351014e: Time spent bootstrapping tablet: real 0.093s	user 0.013s	sys 0.004s
I20260709 14:52:31.154757 12111 leader_election.cc:290] T 3e02ece5875749f0871bc30235caff27 P 19ca0adb867b4d76b9b86627b351014e [CANDIDATE]: Term 1 election: Requested vote from peers d02ec6d8fede4b48be5a6aade5f529e9 (127.10.83.1:33993), 9ecd0f0d0fb54a05b23ffe1dd2a63f6f (127.10.83.2:45651)
I20260709 14:52:31.155275 12138 consensus_queue.cc:1048] T 27e5cf1f458547e59e29c4eb4b646b2b P 9ecd0f0d0fb54a05b23ffe1dd2a63f6f [LEADER]: Connected to new peer: Peer: permanent_uuid: "19ca0adb867b4d76b9b86627b351014e" member_type: VOTER last_known_addr { host: "127.10.83.3" port: 39593 }, Status: LMP_MISMATCH, Last received: 0.0, Next index: 1, Last known committed idx: 0, Time since last communication: 0.000s
I20260709 14:52:31.156456 11907 tablet_bootstrap.cc:492] T 8edbfd7f7ead4775a34b8cc8ecd60f1e P 9ecd0f0d0fb54a05b23ffe1dd2a63f6f: No bootstrap required, opened a new log
I20260709 14:52:31.156950 11907 ts_tablet_manager.cc:1403] T 8edbfd7f7ead4775a34b8cc8ecd60f1e P 9ecd0f0d0fb54a05b23ffe1dd2a63f6f: Time spent bootstrapping tablet: real 0.343s	user 0.024s	sys 0.023s
I20260709 14:52:31.160218 11903 raft_consensus.cc:359] T 0cbd1e4303714bd1b4f54e91900b1cf0 P 19ca0adb867b4d76b9b86627b351014e [term 0 FOLLOWER]: Replica starting. Triggering 0 pending ops. Active config: opid_index: -1 OBSOLETE_local: false peers { permanent_uuid: "d02ec6d8fede4b48be5a6aade5f529e9" member_type: VOTER last_known_addr { host: "127.10.83.1" port: 33993 } } peers { permanent_uuid: "9ecd0f0d0fb54a05b23ffe1dd2a63f6f" member_type: VOTER last_known_addr { host: "127.10.83.2" port: 45651 } } peers { permanent_uuid: "19ca0adb867b4d76b9b86627b351014e" member_type: VOTER last_known_addr { host: "127.10.83.3" port: 39593 } }
I20260709 14:52:31.160972 11903 raft_consensus.cc:385] T 0cbd1e4303714bd1b4f54e91900b1cf0 P 19ca0adb867b4d76b9b86627b351014e [term 0 FOLLOWER]: Consensus starting up: Expiring failure detector timer to make a prompt election more likely
I20260709 14:52:31.161278 11903 raft_consensus.cc:740] T 0cbd1e4303714bd1b4f54e91900b1cf0 P 19ca0adb867b4d76b9b86627b351014e [term 0 FOLLOWER]: Becoming Follower/Learner. State: Replica: 19ca0adb867b4d76b9b86627b351014e, State: Initialized, Role: FOLLOWER
I20260709 14:52:31.161922 11903 consensus_queue.cc:260] T 0cbd1e4303714bd1b4f54e91900b1cf0 P 19ca0adb867b4d76b9b86627b351014e [NON_LEADER]: Queue going to NON_LEADER mode. State: All replicated index: 0, Majority replicated index: 0, Committed index: 0, Last appended: 0.0, Last appended by leader: 0, Current term: 0, Majority size: -1, State: 0, Mode: NON_LEADER, active raft config: opid_index: -1 OBSOLETE_local: false peers { permanent_uuid: "d02ec6d8fede4b48be5a6aade5f529e9" member_type: VOTER last_known_addr { host: "127.10.83.1" port: 33993 } } peers { permanent_uuid: "9ecd0f0d0fb54a05b23ffe1dd2a63f6f" member_type: VOTER last_known_addr { host: "127.10.83.2" port: 45651 } } peers { permanent_uuid: "19ca0adb867b4d76b9b86627b351014e" member_type: VOTER last_known_addr { host: "127.10.83.3" port: 39593 } }
W20260709 14:52:31.163383 11679 consensus_peers.cc:597] T dd814ded63274aa98016ebdc35185956 P d02ec6d8fede4b48be5a6aade5f529e9 -> Peer 9ecd0f0d0fb54a05b23ffe1dd2a63f6f (127.10.83.2:45651): Couldn't send request to peer 9ecd0f0d0fb54a05b23ffe1dd2a63f6f. Error code: TABLET_NOT_RUNNING (12). Status: Illegal state: Tablet not RUNNING: INITIALIZED. This is attempt 1: this message will repeat every 5th retry.
I20260709 14:52:31.164279 11903 ts_tablet_manager.cc:1434] T 0cbd1e4303714bd1b4f54e91900b1cf0 P 19ca0adb867b4d76b9b86627b351014e: Time spent starting tablet: real 0.010s	user 0.006s	sys 0.001s
W20260709 14:52:31.165194 11678 leader_election.cc:343] T a85736bfe9af4f6788482d4e42333aa9 P d02ec6d8fede4b48be5a6aade5f529e9 [CANDIDATE]: Term 1 pre-election: Tablet error from VoteRequest() call to peer 19ca0adb867b4d76b9b86627b351014e (127.10.83.3:39593): Illegal state: must be running to vote when last-logged opid is not known
I20260709 14:52:31.165351 11903 tablet_bootstrap.cc:492] T 78f7b15ed1ee454481961860e158a324 P 19ca0adb867b4d76b9b86627b351014e: Bootstrap starting.
I20260709 14:52:31.165668 11678 leader_election.cc:304] T a85736bfe9af4f6788482d4e42333aa9 P d02ec6d8fede4b48be5a6aade5f529e9 [CANDIDATE]: Term 1 pre-election: Election decided. Result: candidate lost. Election summary: received 3 responses out of 3 voters: 1 yes votes; 2 no votes. yes voters: d02ec6d8fede4b48be5a6aade5f529e9; no voters: 19ca0adb867b4d76b9b86627b351014e, 9ecd0f0d0fb54a05b23ffe1dd2a63f6f
I20260709 14:52:31.171562 11902 tablet_bootstrap.cc:654] T 78f7b15ed1ee454481961860e158a324 P d02ec6d8fede4b48be5a6aade5f529e9: Neither blocks nor log segments found. Creating new log.
I20260709 14:52:31.171253 12032 consensus_queue.cc:1048] T 27e5cf1f458547e59e29c4eb4b646b2b P 9ecd0f0d0fb54a05b23ffe1dd2a63f6f [LEADER]: Connected to new peer: Peer: permanent_uuid: "d02ec6d8fede4b48be5a6aade5f529e9" member_type: VOTER last_known_addr { host: "127.10.83.1" port: 33993 }, Status: LMP_MISMATCH, Last received: 0.0, Next index: 1, Last known committed idx: 0, Time since last communication: 0.001s
I20260709 14:52:31.181888 12096 raft_consensus.cc:493] T 4a6024633f294a78a2536556cb9b18ad P d02ec6d8fede4b48be5a6aade5f529e9 [term 0 FOLLOWER]: Starting pre-election (no leader contacted us within the election timeout)
I20260709 14:52:31.182399 12096 raft_consensus.cc:515] T 4a6024633f294a78a2536556cb9b18ad P d02ec6d8fede4b48be5a6aade5f529e9 [term 0 FOLLOWER]: Starting pre-election with config: opid_index: -1 OBSOLETE_local: false peers { permanent_uuid: "d02ec6d8fede4b48be5a6aade5f529e9" member_type: VOTER last_known_addr { host: "127.10.83.1" port: 33993 } } peers { permanent_uuid: "9ecd0f0d0fb54a05b23ffe1dd2a63f6f" member_type: VOTER last_known_addr { host: "127.10.83.2" port: 45651 } } peers { permanent_uuid: "19ca0adb867b4d76b9b86627b351014e" member_type: VOTER last_known_addr { host: "127.10.83.3" port: 39593 } }
I20260709 14:52:31.188917 12082 raft_consensus.cc:493] T 64eb25a716b54671a8afe72179e38684 P 19ca0adb867b4d76b9b86627b351014e [term 0 FOLLOWER]: Starting pre-election (no leader contacted us within the election timeout)
I20260709 14:52:31.189435 12082 raft_consensus.cc:515] T 64eb25a716b54671a8afe72179e38684 P 19ca0adb867b4d76b9b86627b351014e [term 0 FOLLOWER]: Starting pre-election with config: opid_index: -1 OBSOLETE_local: false peers { permanent_uuid: "d02ec6d8fede4b48be5a6aade5f529e9" member_type: VOTER last_known_addr { host: "127.10.83.1" port: 33993 } } peers { permanent_uuid: "9ecd0f0d0fb54a05b23ffe1dd2a63f6f" member_type: VOTER last_known_addr { host: "127.10.83.2" port: 45651 } } peers { permanent_uuid: "19ca0adb867b4d76b9b86627b351014e" member_type: VOTER last_known_addr { host: "127.10.83.3" port: 39593 } }
I20260709 14:52:31.190474 11907 raft_consensus.cc:359] T 8edbfd7f7ead4775a34b8cc8ecd60f1e P 9ecd0f0d0fb54a05b23ffe1dd2a63f6f [term 0 FOLLOWER]: Replica starting. Triggering 0 pending ops. Active config: opid_index: -1 OBSOLETE_local: false peers { permanent_uuid: "d02ec6d8fede4b48be5a6aade5f529e9" member_type: VOTER last_known_addr { host: "127.10.83.1" port: 33993 } } peers { permanent_uuid: "9ecd0f0d0fb54a05b23ffe1dd2a63f6f" member_type: VOTER last_known_addr { host: "127.10.83.2" port: 45651 } } peers { permanent_uuid: "19ca0adb867b4d76b9b86627b351014e" member_type: VOTER last_known_addr { host: "127.10.83.3" port: 39593 } }
I20260709 14:52:31.191126 11907 raft_consensus.cc:385] T 8edbfd7f7ead4775a34b8cc8ecd60f1e P 9ecd0f0d0fb54a05b23ffe1dd2a63f6f [term 0 FOLLOWER]: Consensus starting up: Expiring failure detector timer to make a prompt election more likely
I20260709 14:52:31.191419 11907 raft_consensus.cc:740] T 8edbfd7f7ead4775a34b8cc8ecd60f1e P 9ecd0f0d0fb54a05b23ffe1dd2a63f6f [term 0 FOLLOWER]: Becoming Follower/Learner. State: Replica: 9ecd0f0d0fb54a05b23ffe1dd2a63f6f, State: Initialized, Role: FOLLOWER
I20260709 14:52:31.180428 12097 raft_consensus.cc:2749] T a85736bfe9af4f6788482d4e42333aa9 P d02ec6d8fede4b48be5a6aade5f529e9 [term 0 FOLLOWER]: Leader pre-election lost for term 1. Reason: could not achieve majority
I20260709 14:52:31.191473 12082 leader_election.cc:290] T 64eb25a716b54671a8afe72179e38684 P 19ca0adb867b4d76b9b86627b351014e [CANDIDATE]: Term 1 pre-election: Requested pre-vote from peers d02ec6d8fede4b48be5a6aade5f529e9 (127.10.83.1:33993), 9ecd0f0d0fb54a05b23ffe1dd2a63f6f (127.10.83.2:45651)
I20260709 14:52:31.192165 11907 consensus_queue.cc:260] T 8edbfd7f7ead4775a34b8cc8ecd60f1e P 9ecd0f0d0fb54a05b23ffe1dd2a63f6f [NON_LEADER]: Queue going to NON_LEADER mode. State: All replicated index: 0, Majority replicated index: 0, Committed index: 0, Last appended: 0.0, Last appended by leader: 0, Current term: 0, Majority size: -1, State: 0, Mode: NON_LEADER, active raft config: opid_index: -1 OBSOLETE_local: false peers { permanent_uuid: "d02ec6d8fede4b48be5a6aade5f529e9" member_type: VOTER last_known_addr { host: "127.10.83.1" port: 33993 } } peers { permanent_uuid: "9ecd0f0d0fb54a05b23ffe1dd2a63f6f" member_type: VOTER last_known_addr { host: "127.10.83.2" port: 45651 } } peers { permanent_uuid: "19ca0adb867b4d76b9b86627b351014e" member_type: VOTER last_known_addr { host: "127.10.83.3" port: 39593 } }
I20260709 14:52:31.203841 11907 ts_tablet_manager.cc:1434] T 8edbfd7f7ead4775a34b8cc8ecd60f1e P 9ecd0f0d0fb54a05b23ffe1dd2a63f6f: Time spent starting tablet: real 0.047s	user 0.006s	sys 0.002s
I20260709 14:52:31.204697 12096 leader_election.cc:290] T 4a6024633f294a78a2536556cb9b18ad P d02ec6d8fede4b48be5a6aade5f529e9 [CANDIDATE]: Term 1 pre-election: Requested pre-vote from peers 9ecd0f0d0fb54a05b23ffe1dd2a63f6f (127.10.83.2:45651), 19ca0adb867b4d76b9b86627b351014e (127.10.83.3:39593)
I20260709 14:52:31.202389 11906 consensus_queue.cc:1048] T c740819c3e9c48d8a77f06c5b6af53e0 P d02ec6d8fede4b48be5a6aade5f529e9 [LEADER]: Connected to new peer: Peer: permanent_uuid: "19ca0adb867b4d76b9b86627b351014e" member_type: VOTER last_known_addr { host: "127.10.83.3" port: 39593 }, Status: LMP_MISMATCH, Last received: 0.0, Next index: 1, Last known committed idx: 0, Time since last communication: 0.010s
I20260709 14:52:31.214900 11783 tablet_service.cc:1917] Received RequestConsensusVote() RPC: tablet_id: "4a6024633f294a78a2536556cb9b18ad" candidate_uuid: "d02ec6d8fede4b48be5a6aade5f529e9" candidate_term: 1 candidate_status { last_received { term: 0 index: 0 } } ignore_live_leader: false dest_uuid: "9ecd0f0d0fb54a05b23ffe1dd2a63f6f" is_pre_election: true
W20260709 14:52:31.216435 11679 leader_election.cc:343] T 4a6024633f294a78a2536556cb9b18ad P d02ec6d8fede4b48be5a6aade5f529e9 [CANDIDATE]: Term 1 pre-election: Tablet error from VoteRequest() call to peer 9ecd0f0d0fb54a05b23ffe1dd2a63f6f (127.10.83.2:45651): Illegal state: must be running to vote when last-logged opid is not known
I20260709 14:52:31.220899 11907 tablet_bootstrap.cc:492] T 3e02ece5875749f0871bc30235caff27 P 9ecd0f0d0fb54a05b23ffe1dd2a63f6f: Bootstrap starting.
I20260709 14:52:31.245628 11788 raft_consensus.cc:3060] T 458355fa3b3b4594aca29853f38c9620 P 9ecd0f0d0fb54a05b23ffe1dd2a63f6f [term 0 FOLLOWER]: Advancing to term 1
I20260709 14:52:31.253921 11783 tablet_service.cc:1917] Received RequestConsensusVote() RPC: tablet_id: "3e02ece5875749f0871bc30235caff27" candidate_uuid: "19ca0adb867b4d76b9b86627b351014e" candidate_term: 1 candidate_status { last_received { term: 0 index: 0 } } ignore_live_leader: false dest_uuid: "9ecd0f0d0fb54a05b23ffe1dd2a63f6f"
I20260709 14:52:31.255986 11786 tablet_service.cc:1917] Received RequestConsensusVote() RPC: tablet_id: "64eb25a716b54671a8afe72179e38684" candidate_uuid: "19ca0adb867b4d76b9b86627b351014e" candidate_term: 1 candidate_status { last_received { term: 0 index: 0 } } ignore_live_leader: false dest_uuid: "9ecd0f0d0fb54a05b23ffe1dd2a63f6f" is_pre_election: true
I20260709 14:52:31.258627 11862 tablet_service.cc:1917] Received RequestConsensusVote() RPC: tablet_id: "4a6024633f294a78a2536556cb9b18ad" candidate_uuid: "d02ec6d8fede4b48be5a6aade5f529e9" candidate_term: 1 candidate_status { last_received { term: 0 index: 0 } } ignore_live_leader: false dest_uuid: "19ca0adb867b4d76b9b86627b351014e" is_pre_election: true
I20260709 14:52:31.258446 12097 consensus_queue.cc:1048] T dd814ded63274aa98016ebdc35185956 P d02ec6d8fede4b48be5a6aade5f529e9 [LEADER]: Connected to new peer: Peer: permanent_uuid: "19ca0adb867b4d76b9b86627b351014e" member_type: VOTER last_known_addr { host: "127.10.83.3" port: 39593 }, Status: LMP_MISMATCH, Last received: 0.0, Next index: 1, Last known committed idx: 0, Time since last communication: 0.001s
I20260709 14:52:31.263640 11711 tablet_service.cc:1917] Received RequestConsensusVote() RPC: tablet_id: "3e02ece5875749f0871bc30235caff27" candidate_uuid: "19ca0adb867b4d76b9b86627b351014e" candidate_term: 1 candidate_status { last_received { term: 0 index: 0 } } ignore_live_leader: false dest_uuid: "d02ec6d8fede4b48be5a6aade5f529e9"
I20260709 14:52:31.275628 11711 raft_consensus.cc:3060] T 3e02ece5875749f0871bc30235caff27 P d02ec6d8fede4b48be5a6aade5f529e9 [term 0 FOLLOWER]: Advancing to term 1
I20260709 14:52:31.275352 11903 tablet_bootstrap.cc:654] T 78f7b15ed1ee454481961860e158a324 P 19ca0adb867b4d76b9b86627b351014e: Neither blocks nor log segments found. Creating new log.
I20260709 14:52:31.281720 11710 tablet_service.cc:1917] Received RequestConsensusVote() RPC: tablet_id: "64eb25a716b54671a8afe72179e38684" candidate_uuid: "19ca0adb867b4d76b9b86627b351014e" candidate_term: 1 candidate_status { last_received { term: 0 index: 0 } } ignore_live_leader: false dest_uuid: "d02ec6d8fede4b48be5a6aade5f529e9" is_pre_election: true
I20260709 14:52:31.284271 11710 raft_consensus.cc:2468] T 64eb25a716b54671a8afe72179e38684 P d02ec6d8fede4b48be5a6aade5f529e9 [term 0 FOLLOWER]: Leader pre-election vote request: Granting yes vote for candidate 19ca0adb867b4d76b9b86627b351014e in term 0.
I20260709 14:52:31.293031 11907 tablet_bootstrap.cc:654] T 3e02ece5875749f0871bc30235caff27 P 9ecd0f0d0fb54a05b23ffe1dd2a63f6f: Neither blocks nor log segments found. Creating new log.
W20260709 14:52:31.288039 11828 leader_election.cc:343] T 3e02ece5875749f0871bc30235caff27 P 19ca0adb867b4d76b9b86627b351014e [CANDIDATE]: Term 1 election: Tablet error from VoteRequest() call to peer 9ecd0f0d0fb54a05b23ffe1dd2a63f6f (127.10.83.2:45651): Illegal state: must be running to vote when last-logged opid is not known
W20260709 14:52:31.295629 11828 leader_election.cc:343] T 64eb25a716b54671a8afe72179e38684 P 19ca0adb867b4d76b9b86627b351014e [CANDIDATE]: Term 1 pre-election: Tablet error from VoteRequest() call to peer 9ecd0f0d0fb54a05b23ffe1dd2a63f6f (127.10.83.2:45651): Illegal state: must be running to vote when last-logged opid is not known
I20260709 14:52:31.297621 11711 raft_consensus.cc:2468] T 3e02ece5875749f0871bc30235caff27 P d02ec6d8fede4b48be5a6aade5f529e9 [term 1 FOLLOWER]: Leader election vote request: Granting yes vote for candidate 19ca0adb867b4d76b9b86627b351014e in term 1.
W20260709 14:52:31.287734 11678 leader_election.cc:343] T 4a6024633f294a78a2536556cb9b18ad P d02ec6d8fede4b48be5a6aade5f529e9 [CANDIDATE]: Term 1 pre-election: Tablet error from VoteRequest() call to peer 19ca0adb867b4d76b9b86627b351014e (127.10.83.3:39593): Illegal state: must be running to vote when last-logged opid is not known
I20260709 14:52:31.316015 11902 tablet_bootstrap.cc:492] T 78f7b15ed1ee454481961860e158a324 P d02ec6d8fede4b48be5a6aade5f529e9: No bootstrap required, opened a new log
I20260709 14:52:31.316805 11902 ts_tablet_manager.cc:1403] T 78f7b15ed1ee454481961860e158a324 P d02ec6d8fede4b48be5a6aade5f529e9: Time spent bootstrapping tablet: real 0.196s	user 0.013s	sys 0.003s
I20260709 14:52:31.299865 11678 leader_election.cc:304] T 4a6024633f294a78a2536556cb9b18ad P d02ec6d8fede4b48be5a6aade5f529e9 [CANDIDATE]: Term 1 pre-election: Election decided. Result: candidate lost. Election summary: received 3 responses out of 3 voters: 1 yes votes; 2 no votes. yes voters: d02ec6d8fede4b48be5a6aade5f529e9; no voters: 19ca0adb867b4d76b9b86627b351014e, 9ecd0f0d0fb54a05b23ffe1dd2a63f6f
I20260709 14:52:31.325001 11827 leader_election.cc:304] T 64eb25a716b54671a8afe72179e38684 P 19ca0adb867b4d76b9b86627b351014e [CANDIDATE]: Term 1 pre-election: Election decided. Result: candidate won. Election summary: received 3 responses out of 3 voters: 2 yes votes; 1 no votes. yes voters: 19ca0adb867b4d76b9b86627b351014e, d02ec6d8fede4b48be5a6aade5f529e9; no voters: 9ecd0f0d0fb54a05b23ffe1dd2a63f6f
I20260709 14:52:31.326167 11827 leader_election.cc:304] T 3e02ece5875749f0871bc30235caff27 P 19ca0adb867b4d76b9b86627b351014e [CANDIDATE]: Term 1 election: Election decided. Result: candidate won. Election summary: received 3 responses out of 3 voters: 2 yes votes; 1 no votes. yes voters: 19ca0adb867b4d76b9b86627b351014e, d02ec6d8fede4b48be5a6aade5f529e9; no voters: 9ecd0f0d0fb54a05b23ffe1dd2a63f6f
I20260709 14:52:31.326315 12097 raft_consensus.cc:2749] T 4a6024633f294a78a2536556cb9b18ad P d02ec6d8fede4b48be5a6aade5f529e9 [term 0 FOLLOWER]: Leader pre-election lost for term 1. Reason: could not achieve majority
I20260709 14:52:31.326661 12111 raft_consensus.cc:2804] T 64eb25a716b54671a8afe72179e38684 P 19ca0adb867b4d76b9b86627b351014e [term 0 FOLLOWER]: Leader pre-election won for term 1
I20260709 14:52:31.327082 12111 raft_consensus.cc:493] T 64eb25a716b54671a8afe72179e38684 P 19ca0adb867b4d76b9b86627b351014e [term 0 FOLLOWER]: Starting leader election (no leader contacted us within the election timeout)
I20260709 14:52:31.327466 12111 raft_consensus.cc:3060] T 64eb25a716b54671a8afe72179e38684 P 19ca0adb867b4d76b9b86627b351014e [term 0 FOLLOWER]: Advancing to term 1
I20260709 14:52:31.329632 12084 raft_consensus.cc:2804] T 3e02ece5875749f0871bc30235caff27 P 19ca0adb867b4d76b9b86627b351014e [term 1 FOLLOWER]: Leader election won for term 1
I20260709 14:52:31.330159 12084 raft_consensus.cc:697] T 3e02ece5875749f0871bc30235caff27 P 19ca0adb867b4d76b9b86627b351014e [term 1 LEADER]: Becoming Leader. State: Replica: 19ca0adb867b4d76b9b86627b351014e, State: Running, Role: LEADER
I20260709 14:52:31.322084 11902 raft_consensus.cc:359] T 78f7b15ed1ee454481961860e158a324 P d02ec6d8fede4b48be5a6aade5f529e9 [term 0 FOLLOWER]: Replica starting. Triggering 0 pending ops. Active config: opid_index: -1 OBSOLETE_local: false peers { permanent_uuid: "d02ec6d8fede4b48be5a6aade5f529e9" member_type: VOTER last_known_addr { host: "127.10.83.1" port: 33993 } } peers { permanent_uuid: "9ecd0f0d0fb54a05b23ffe1dd2a63f6f" member_type: VOTER last_known_addr { host: "127.10.83.2" port: 45651 } } peers { permanent_uuid: "19ca0adb867b4d76b9b86627b351014e" member_type: VOTER last_known_addr { host: "127.10.83.3" port: 39593 } }
I20260709 14:52:31.332649 11902 raft_consensus.cc:385] T 78f7b15ed1ee454481961860e158a324 P d02ec6d8fede4b48be5a6aade5f529e9 [term 0 FOLLOWER]: Consensus starting up: Expiring failure detector timer to make a prompt election more likely
I20260709 14:52:31.333042 11902 raft_consensus.cc:740] T 78f7b15ed1ee454481961860e158a324 P d02ec6d8fede4b48be5a6aade5f529e9 [term 0 FOLLOWER]: Becoming Follower/Learner. State: Replica: d02ec6d8fede4b48be5a6aade5f529e9, State: Initialized, Role: FOLLOWER
I20260709 14:52:31.335528 12084 consensus_queue.cc:237] T 3e02ece5875749f0871bc30235caff27 P 19ca0adb867b4d76b9b86627b351014e [LEADER]: Queue going to LEADER mode. State: All replicated index: 0, Majority replicated index: 0, Committed index: 0, Last appended: 0.0, Last appended by leader: 0, Current term: 1, Majority size: 2, State: 0, Mode: LEADER, active raft config: opid_index: -1 OBSOLETE_local: false peers { permanent_uuid: "d02ec6d8fede4b48be5a6aade5f529e9" member_type: VOTER last_known_addr { host: "127.10.83.1" port: 33993 } } peers { permanent_uuid: "9ecd0f0d0fb54a05b23ffe1dd2a63f6f" member_type: VOTER last_known_addr { host: "127.10.83.2" port: 45651 } } peers { permanent_uuid: "19ca0adb867b4d76b9b86627b351014e" member_type: VOTER last_known_addr { host: "127.10.83.3" port: 39593 } }
I20260709 14:52:31.333758 11902 consensus_queue.cc:260] T 78f7b15ed1ee454481961860e158a324 P d02ec6d8fede4b48be5a6aade5f529e9 [NON_LEADER]: Queue going to NON_LEADER mode. State: All replicated index: 0, Majority replicated index: 0, Committed index: 0, Last appended: 0.0, Last appended by leader: 0, Current term: 0, Majority size: -1, State: 0, Mode: NON_LEADER, active raft config: opid_index: -1 OBSOLETE_local: false peers { permanent_uuid: "d02ec6d8fede4b48be5a6aade5f529e9" member_type: VOTER last_known_addr { host: "127.10.83.1" port: 33993 } } peers { permanent_uuid: "9ecd0f0d0fb54a05b23ffe1dd2a63f6f" member_type: VOTER last_known_addr { host: "127.10.83.2" port: 45651 } } peers { permanent_uuid: "19ca0adb867b4d76b9b86627b351014e" member_type: VOTER last_known_addr { host: "127.10.83.3" port: 39593 } }
I20260709 14:52:31.342499 11902 ts_tablet_manager.cc:1434] T 78f7b15ed1ee454481961860e158a324 P d02ec6d8fede4b48be5a6aade5f529e9: Time spent starting tablet: real 0.025s	user 0.006s	sys 0.000s
I20260709 14:52:31.343691 11902 tablet_bootstrap.cc:492] T 8e1fb3d9273c4de095dab9276a25e30d P d02ec6d8fede4b48be5a6aade5f529e9: Bootstrap starting.
I20260709 14:52:31.355324 12140 consensus_queue.cc:1048] T f9f3c2306a8c4f659dd05b79abbbd4c1 P 19ca0adb867b4d76b9b86627b351014e [LEADER]: Connected to new peer: Peer: permanent_uuid: "d02ec6d8fede4b48be5a6aade5f529e9" member_type: VOTER last_known_addr { host: "127.10.83.1" port: 33993 }, Status: LMP_MISMATCH, Last received: 0.0, Next index: 1, Last known committed idx: 0, Time since last communication: 0.000s
I20260709 14:52:31.349722 12111 raft_consensus.cc:515] T 64eb25a716b54671a8afe72179e38684 P 19ca0adb867b4d76b9b86627b351014e [term 1 FOLLOWER]: Starting leader election with config: opid_index: -1 OBSOLETE_local: false peers { permanent_uuid: "d02ec6d8fede4b48be5a6aade5f529e9" member_type: VOTER last_known_addr { host: "127.10.83.1" port: 33993 } } peers { permanent_uuid: "9ecd0f0d0fb54a05b23ffe1dd2a63f6f" member_type: VOTER last_known_addr { host: "127.10.83.2" port: 45651 } } peers { permanent_uuid: "19ca0adb867b4d76b9b86627b351014e" member_type: VOTER last_known_addr { host: "127.10.83.3" port: 39593 } }
I20260709 14:52:31.362757 12082 consensus_queue.cc:1048] T f9f3c2306a8c4f659dd05b79abbbd4c1 P 19ca0adb867b4d76b9b86627b351014e [LEADER]: Connected to new peer: Peer: permanent_uuid: "9ecd0f0d0fb54a05b23ffe1dd2a63f6f" member_type: VOTER last_known_addr { host: "127.10.83.2" port: 45651 }, Status: LMP_MISMATCH, Last received: 0.0, Next index: 1, Last known committed idx: 0, Time since last communication: 0.000s
I20260709 14:52:31.368075 11907 tablet_bootstrap.cc:492] T 3e02ece5875749f0871bc30235caff27 P 9ecd0f0d0fb54a05b23ffe1dd2a63f6f: No bootstrap required, opened a new log
I20260709 14:52:31.368783 11907 ts_tablet_manager.cc:1403] T 3e02ece5875749f0871bc30235caff27 P 9ecd0f0d0fb54a05b23ffe1dd2a63f6f: Time spent bootstrapping tablet: real 0.148s	user 0.012s	sys 0.005s
I20260709 14:52:31.373627 11902 tablet_bootstrap.cc:654] T 8e1fb3d9273c4de095dab9276a25e30d P d02ec6d8fede4b48be5a6aade5f529e9: Neither blocks nor log segments found. Creating new log.
I20260709 14:52:31.374568 11903 tablet_bootstrap.cc:492] T 78f7b15ed1ee454481961860e158a324 P 19ca0adb867b4d76b9b86627b351014e: No bootstrap required, opened a new log
I20260709 14:52:31.377405 11903 ts_tablet_manager.cc:1403] T 78f7b15ed1ee454481961860e158a324 P 19ca0adb867b4d76b9b86627b351014e: Time spent bootstrapping tablet: real 0.212s	user 0.021s	sys 0.011s
I20260709 14:52:31.382890 11788 tablet_service.cc:1917] Received RequestConsensusVote() RPC: tablet_id: "64eb25a716b54671a8afe72179e38684" candidate_uuid: "19ca0adb867b4d76b9b86627b351014e" candidate_term: 1 candidate_status { last_received { term: 0 index: 0 } } ignore_live_leader: false dest_uuid: "9ecd0f0d0fb54a05b23ffe1dd2a63f6f"
W20260709 14:52:31.384757 11828 leader_election.cc:343] T 64eb25a716b54671a8afe72179e38684 P 19ca0adb867b4d76b9b86627b351014e [CANDIDATE]: Term 1 election: Tablet error from VoteRequest() call to peer 9ecd0f0d0fb54a05b23ffe1dd2a63f6f (127.10.83.2:45651): Illegal state: must be running to vote when last-logged opid is not known
I20260709 14:52:31.386231 11907 raft_consensus.cc:359] T 3e02ece5875749f0871bc30235caff27 P 9ecd0f0d0fb54a05b23ffe1dd2a63f6f [term 0 FOLLOWER]: Replica starting. Triggering 0 pending ops. Active config: opid_index: -1 OBSOLETE_local: false peers { permanent_uuid: "d02ec6d8fede4b48be5a6aade5f529e9" member_type: VOTER last_known_addr { host: "127.10.83.1" port: 33993 } } peers { permanent_uuid: "9ecd0f0d0fb54a05b23ffe1dd2a63f6f" member_type: VOTER last_known_addr { host: "127.10.83.2" port: 45651 } } peers { permanent_uuid: "19ca0adb867b4d76b9b86627b351014e" member_type: VOTER last_known_addr { host: "127.10.83.3" port: 39593 } }
I20260709 14:52:31.387383 11907 raft_consensus.cc:385] T 3e02ece5875749f0871bc30235caff27 P 9ecd0f0d0fb54a05b23ffe1dd2a63f6f [term 0 FOLLOWER]: Consensus starting up: Expiring failure detector timer to make a prompt election more likely
I20260709 14:52:31.387748 11907 raft_consensus.cc:740] T 3e02ece5875749f0871bc30235caff27 P 9ecd0f0d0fb54a05b23ffe1dd2a63f6f [term 0 FOLLOWER]: Becoming Follower/Learner. State: Replica: 9ecd0f0d0fb54a05b23ffe1dd2a63f6f, State: Initialized, Role: FOLLOWER
I20260709 14:52:31.405452 11907 consensus_queue.cc:260] T 3e02ece5875749f0871bc30235caff27 P 9ecd0f0d0fb54a05b23ffe1dd2a63f6f [NON_LEADER]: Queue going to NON_LEADER mode. State: All replicated index: 0, Majority replicated index: 0, Committed index: 0, Last appended: 0.0, Last appended by leader: 0, Current term: 0, Majority size: -1, State: 0, Mode: NON_LEADER, active raft config: opid_index: -1 OBSOLETE_local: false peers { permanent_uuid: "d02ec6d8fede4b48be5a6aade5f529e9" member_type: VOTER last_known_addr { host: "127.10.83.1" port: 33993 } } peers { permanent_uuid: "9ecd0f0d0fb54a05b23ffe1dd2a63f6f" member_type: VOTER last_known_addr { host: "127.10.83.2" port: 45651 } } peers { permanent_uuid: "19ca0adb867b4d76b9b86627b351014e" member_type: VOTER last_known_addr { host: "127.10.83.3" port: 39593 } }
I20260709 14:52:31.380178 12111 leader_election.cc:290] T 64eb25a716b54671a8afe72179e38684 P 19ca0adb867b4d76b9b86627b351014e [CANDIDATE]: Term 1 election: Requested vote from peers d02ec6d8fede4b48be5a6aade5f529e9 (127.10.83.1:33993), 9ecd0f0d0fb54a05b23ffe1dd2a63f6f (127.10.83.2:45651)
I20260709 14:52:31.412322 11903 raft_consensus.cc:359] T 78f7b15ed1ee454481961860e158a324 P 19ca0adb867b4d76b9b86627b351014e [term 0 FOLLOWER]: Replica starting. Triggering 0 pending ops. Active config: opid_index: -1 OBSOLETE_local: false peers { permanent_uuid: "d02ec6d8fede4b48be5a6aade5f529e9" member_type: VOTER last_known_addr { host: "127.10.83.1" port: 33993 } } peers { permanent_uuid: "9ecd0f0d0fb54a05b23ffe1dd2a63f6f" member_type: VOTER last_known_addr { host: "127.10.83.2" port: 45651 } } peers { permanent_uuid: "19ca0adb867b4d76b9b86627b351014e" member_type: VOTER last_known_addr { host: "127.10.83.3" port: 39593 } }
I20260709 14:52:31.413196 11903 raft_consensus.cc:385] T 78f7b15ed1ee454481961860e158a324 P 19ca0adb867b4d76b9b86627b351014e [term 0 FOLLOWER]: Consensus starting up: Expiring failure detector timer to make a prompt election more likely
I20260709 14:52:31.413529 11903 raft_consensus.cc:740] T 78f7b15ed1ee454481961860e158a324 P 19ca0adb867b4d76b9b86627b351014e [term 0 FOLLOWER]: Becoming Follower/Learner. State: Replica: 19ca0adb867b4d76b9b86627b351014e, State: Initialized, Role: FOLLOWER
I20260709 14:52:31.423192 11710 tablet_service.cc:1917] Received RequestConsensusVote() RPC: tablet_id: "64eb25a716b54671a8afe72179e38684" candidate_uuid: "19ca0adb867b4d76b9b86627b351014e" candidate_term: 1 candidate_status { last_received { term: 0 index: 0 } } ignore_live_leader: false dest_uuid: "d02ec6d8fede4b48be5a6aade5f529e9"
I20260709 14:52:31.424013 11710 raft_consensus.cc:3060] T 64eb25a716b54671a8afe72179e38684 P d02ec6d8fede4b48be5a6aade5f529e9 [term 0 FOLLOWER]: Advancing to term 1
I20260709 14:52:31.429755 11907 ts_tablet_manager.cc:1434] T 3e02ece5875749f0871bc30235caff27 P 9ecd0f0d0fb54a05b23ffe1dd2a63f6f: Time spent starting tablet: real 0.061s	user 0.009s	sys 0.000s
I20260709 14:52:31.414484 11903 consensus_queue.cc:260] T 78f7b15ed1ee454481961860e158a324 P 19ca0adb867b4d76b9b86627b351014e [NON_LEADER]: Queue going to NON_LEADER mode. State: All replicated index: 0, Majority replicated index: 0, Committed index: 0, Last appended: 0.0, Last appended by leader: 0, Current term: 0, Majority size: -1, State: 0, Mode: NON_LEADER, active raft config: opid_index: -1 OBSOLETE_local: false peers { permanent_uuid: "d02ec6d8fede4b48be5a6aade5f529e9" member_type: VOTER last_known_addr { host: "127.10.83.1" port: 33993 } } peers { permanent_uuid: "9ecd0f0d0fb54a05b23ffe1dd2a63f6f" member_type: VOTER last_known_addr { host: "127.10.83.2" port: 45651 } } peers { permanent_uuid: "19ca0adb867b4d76b9b86627b351014e" member_type: VOTER last_known_addr { host: "127.10.83.3" port: 39593 } }
I20260709 14:52:31.433035 11903 ts_tablet_manager.cc:1434] T 78f7b15ed1ee454481961860e158a324 P 19ca0adb867b4d76b9b86627b351014e: Time spent starting tablet: real 0.055s	user 0.005s	sys 0.004s
I20260709 14:52:31.433283 11907 tablet_bootstrap.cc:492] T 64eb25a716b54671a8afe72179e38684 P 9ecd0f0d0fb54a05b23ffe1dd2a63f6f: Bootstrap starting.
I20260709 14:52:31.463013 11902 tablet_bootstrap.cc:492] T 8e1fb3d9273c4de095dab9276a25e30d P d02ec6d8fede4b48be5a6aade5f529e9: No bootstrap required, opened a new log
I20260709 14:52:31.463627 11902 ts_tablet_manager.cc:1403] T 8e1fb3d9273c4de095dab9276a25e30d P d02ec6d8fede4b48be5a6aade5f529e9: Time spent bootstrapping tablet: real 0.120s	user 0.025s	sys 0.017s
I20260709 14:52:31.465049 11903 tablet_bootstrap.cc:492] T 4a6024633f294a78a2536556cb9b18ad P 19ca0adb867b4d76b9b86627b351014e: Bootstrap starting.
I20260709 14:52:31.469216 11907 tablet_bootstrap.cc:654] T 64eb25a716b54671a8afe72179e38684 P 9ecd0f0d0fb54a05b23ffe1dd2a63f6f: Neither blocks nor log segments found. Creating new log.
I20260709 14:52:31.469789 11610 catalog_manager.cc:5697] T 3e02ece5875749f0871bc30235caff27 P 19ca0adb867b4d76b9b86627b351014e reported cstate change: term changed from 0 to 1, leader changed from <none> to 19ca0adb867b4d76b9b86627b351014e (127.10.83.3). New cstate: current_term: 1 leader_uuid: "19ca0adb867b4d76b9b86627b351014e" committed_config { opid_index: -1 OBSOLETE_local: false peers { permanent_uuid: "d02ec6d8fede4b48be5a6aade5f529e9" member_type: VOTER last_known_addr { host: "127.10.83.1" port: 33993 } health_report { overall_health: UNKNOWN } } peers { permanent_uuid: "9ecd0f0d0fb54a05b23ffe1dd2a63f6f" member_type: VOTER last_known_addr { host: "127.10.83.2" port: 45651 } health_report { overall_health: UNKNOWN } } peers { permanent_uuid: "19ca0adb867b4d76b9b86627b351014e" member_type: VOTER last_known_addr { host: "127.10.83.3" port: 39593 } health_report { overall_health: HEALTHY } } }
I20260709 14:52:31.471066 11710 raft_consensus.cc:2468] T 64eb25a716b54671a8afe72179e38684 P d02ec6d8fede4b48be5a6aade5f529e9 [term 1 FOLLOWER]: Leader election vote request: Granting yes vote for candidate 19ca0adb867b4d76b9b86627b351014e in term 1.
I20260709 14:52:31.472205 11902 raft_consensus.cc:359] T 8e1fb3d9273c4de095dab9276a25e30d P d02ec6d8fede4b48be5a6aade5f529e9 [term 0 FOLLOWER]: Replica starting. Triggering 0 pending ops. Active config: opid_index: -1 OBSOLETE_local: false peers { permanent_uuid: "d02ec6d8fede4b48be5a6aade5f529e9" member_type: VOTER last_known_addr { host: "127.10.83.1" port: 33993 } } peers { permanent_uuid: "9ecd0f0d0fb54a05b23ffe1dd2a63f6f" member_type: VOTER last_known_addr { host: "127.10.83.2" port: 45651 } } peers { permanent_uuid: "19ca0adb867b4d76b9b86627b351014e" member_type: VOTER last_known_addr { host: "127.10.83.3" port: 39593 } }
I20260709 14:52:31.473013 11902 raft_consensus.cc:385] T 8e1fb3d9273c4de095dab9276a25e30d P d02ec6d8fede4b48be5a6aade5f529e9 [term 0 FOLLOWER]: Consensus starting up: Expiring failure detector timer to make a prompt election more likely
I20260709 14:52:31.473311 11902 raft_consensus.cc:740] T 8e1fb3d9273c4de095dab9276a25e30d P d02ec6d8fede4b48be5a6aade5f529e9 [term 0 FOLLOWER]: Becoming Follower/Learner. State: Replica: d02ec6d8fede4b48be5a6aade5f529e9, State: Initialized, Role: FOLLOWER
I20260709 14:52:31.476716 11827 leader_election.cc:304] T 64eb25a716b54671a8afe72179e38684 P 19ca0adb867b4d76b9b86627b351014e [CANDIDATE]: Term 1 election: Election decided. Result: candidate won. Election summary: received 3 responses out of 3 voters: 2 yes votes; 1 no votes. yes voters: 19ca0adb867b4d76b9b86627b351014e, d02ec6d8fede4b48be5a6aade5f529e9; no voters: 9ecd0f0d0fb54a05b23ffe1dd2a63f6f
I20260709 14:52:31.477363 11902 consensus_queue.cc:260] T 8e1fb3d9273c4de095dab9276a25e30d P d02ec6d8fede4b48be5a6aade5f529e9 [NON_LEADER]: Queue going to NON_LEADER mode. State: All replicated index: 0, Majority replicated index: 0, Committed index: 0, Last appended: 0.0, Last appended by leader: 0, Current term: 0, Majority size: -1, State: 0, Mode: NON_LEADER, active raft config: opid_index: -1 OBSOLETE_local: false peers { permanent_uuid: "d02ec6d8fede4b48be5a6aade5f529e9" member_type: VOTER last_known_addr { host: "127.10.83.1" port: 33993 } } peers { permanent_uuid: "9ecd0f0d0fb54a05b23ffe1dd2a63f6f" member_type: VOTER last_known_addr { host: "127.10.83.2" port: 45651 } } peers { permanent_uuid: "19ca0adb867b4d76b9b86627b351014e" member_type: VOTER last_known_addr { host: "127.10.83.3" port: 39593 } }
I20260709 14:52:31.479771 11902 ts_tablet_manager.cc:1434] T 8e1fb3d9273c4de095dab9276a25e30d P d02ec6d8fede4b48be5a6aade5f529e9: Time spent starting tablet: real 0.016s	user 0.004s	sys 0.004s
I20260709 14:52:31.480878 11902 tablet_bootstrap.cc:492] T 0cbd1e4303714bd1b4f54e91900b1cf0 P d02ec6d8fede4b48be5a6aade5f529e9: Bootstrap starting.
I20260709 14:52:31.483291 11903 tablet_bootstrap.cc:654] T 4a6024633f294a78a2536556cb9b18ad P 19ca0adb867b4d76b9b86627b351014e: Neither blocks nor log segments found. Creating new log.
I20260709 14:52:31.484283 12111 raft_consensus.cc:2804] T 64eb25a716b54671a8afe72179e38684 P 19ca0adb867b4d76b9b86627b351014e [term 1 FOLLOWER]: Leader election won for term 1
I20260709 14:52:31.484865 12111 raft_consensus.cc:697] T 64eb25a716b54671a8afe72179e38684 P 19ca0adb867b4d76b9b86627b351014e [term 1 LEADER]: Becoming Leader. State: Replica: 19ca0adb867b4d76b9b86627b351014e, State: Running, Role: LEADER
I20260709 14:52:31.485708 12111 consensus_queue.cc:237] T 64eb25a716b54671a8afe72179e38684 P 19ca0adb867b4d76b9b86627b351014e [LEADER]: Queue going to LEADER mode. State: All replicated index: 0, Majority replicated index: 0, Committed index: 0, Last appended: 0.0, Last appended by leader: 0, Current term: 1, Majority size: 2, State: 0, Mode: LEADER, active raft config: opid_index: -1 OBSOLETE_local: false peers { permanent_uuid: "d02ec6d8fede4b48be5a6aade5f529e9" member_type: VOTER last_known_addr { host: "127.10.83.1" port: 33993 } } peers { permanent_uuid: "9ecd0f0d0fb54a05b23ffe1dd2a63f6f" member_type: VOTER last_known_addr { host: "127.10.83.2" port: 45651 } } peers { permanent_uuid: "19ca0adb867b4d76b9b86627b351014e" member_type: VOTER last_known_addr { host: "127.10.83.3" port: 39593 } }
I20260709 14:52:31.494813 11902 tablet_bootstrap.cc:654] T 0cbd1e4303714bd1b4f54e91900b1cf0 P d02ec6d8fede4b48be5a6aade5f529e9: Neither blocks nor log segments found. Creating new log.
I20260709 14:52:31.495119 11903 tablet_bootstrap.cc:492] T 4a6024633f294a78a2536556cb9b18ad P 19ca0adb867b4d76b9b86627b351014e: No bootstrap required, opened a new log
I20260709 14:52:31.495630 11903 ts_tablet_manager.cc:1403] T 4a6024633f294a78a2536556cb9b18ad P 19ca0adb867b4d76b9b86627b351014e: Time spent bootstrapping tablet: real 0.054s	user 0.011s	sys 0.010s
I20260709 14:52:31.498440 11903 raft_consensus.cc:359] T 4a6024633f294a78a2536556cb9b18ad P 19ca0adb867b4d76b9b86627b351014e [term 0 FOLLOWER]: Replica starting. Triggering 0 pending ops. Active config: opid_index: -1 OBSOLETE_local: false peers { permanent_uuid: "d02ec6d8fede4b48be5a6aade5f529e9" member_type: VOTER last_known_addr { host: "127.10.83.1" port: 33993 } } peers { permanent_uuid: "9ecd0f0d0fb54a05b23ffe1dd2a63f6f" member_type: VOTER last_known_addr { host: "127.10.83.2" port: 45651 } } peers { permanent_uuid: "19ca0adb867b4d76b9b86627b351014e" member_type: VOTER last_known_addr { host: "127.10.83.3" port: 39593 } }
I20260709 14:52:31.499150 11903 raft_consensus.cc:385] T 4a6024633f294a78a2536556cb9b18ad P 19ca0adb867b4d76b9b86627b351014e [term 0 FOLLOWER]: Consensus starting up: Expiring failure detector timer to make a prompt election more likely
I20260709 14:52:31.499425 11903 raft_consensus.cc:740] T 4a6024633f294a78a2536556cb9b18ad P 19ca0adb867b4d76b9b86627b351014e [term 0 FOLLOWER]: Becoming Follower/Learner. State: Replica: 19ca0adb867b4d76b9b86627b351014e, State: Initialized, Role: FOLLOWER
I20260709 14:52:31.500088 11903 consensus_queue.cc:260] T 4a6024633f294a78a2536556cb9b18ad P 19ca0adb867b4d76b9b86627b351014e [NON_LEADER]: Queue going to NON_LEADER mode. State: All replicated index: 0, Majority replicated index: 0, Committed index: 0, Last appended: 0.0, Last appended by leader: 0, Current term: 0, Majority size: -1, State: 0, Mode: NON_LEADER, active raft config: opid_index: -1 OBSOLETE_local: false peers { permanent_uuid: "d02ec6d8fede4b48be5a6aade5f529e9" member_type: VOTER last_known_addr { host: "127.10.83.1" port: 33993 } } peers { permanent_uuid: "9ecd0f0d0fb54a05b23ffe1dd2a63f6f" member_type: VOTER last_known_addr { host: "127.10.83.2" port: 45651 } } peers { permanent_uuid: "19ca0adb867b4d76b9b86627b351014e" member_type: VOTER last_known_addr { host: "127.10.83.3" port: 39593 } }
I20260709 14:52:31.503527 11907 tablet_bootstrap.cc:492] T 64eb25a716b54671a8afe72179e38684 P 9ecd0f0d0fb54a05b23ffe1dd2a63f6f: No bootstrap required, opened a new log
I20260709 14:52:31.504101 11907 ts_tablet_manager.cc:1403] T 64eb25a716b54671a8afe72179e38684 P 9ecd0f0d0fb54a05b23ffe1dd2a63f6f: Time spent bootstrapping tablet: real 0.071s	user 0.007s	sys 0.006s
I20260709 14:52:31.506850 11907 raft_consensus.cc:359] T 64eb25a716b54671a8afe72179e38684 P 9ecd0f0d0fb54a05b23ffe1dd2a63f6f [term 0 FOLLOWER]: Replica starting. Triggering 0 pending ops. Active config: opid_index: -1 OBSOLETE_local: false peers { permanent_uuid: "d02ec6d8fede4b48be5a6aade5f529e9" member_type: VOTER last_known_addr { host: "127.10.83.1" port: 33993 } } peers { permanent_uuid: "9ecd0f0d0fb54a05b23ffe1dd2a63f6f" member_type: VOTER last_known_addr { host: "127.10.83.2" port: 45651 } } peers { permanent_uuid: "19ca0adb867b4d76b9b86627b351014e" member_type: VOTER last_known_addr { host: "127.10.83.3" port: 39593 } }
I20260709 14:52:31.507433 11907 raft_consensus.cc:385] T 64eb25a716b54671a8afe72179e38684 P 9ecd0f0d0fb54a05b23ffe1dd2a63f6f [term 0 FOLLOWER]: Consensus starting up: Expiring failure detector timer to make a prompt election more likely
I20260709 14:52:31.507675 11907 raft_consensus.cc:740] T 64eb25a716b54671a8afe72179e38684 P 9ecd0f0d0fb54a05b23ffe1dd2a63f6f [term 0 FOLLOWER]: Becoming Follower/Learner. State: Replica: 9ecd0f0d0fb54a05b23ffe1dd2a63f6f, State: Initialized, Role: FOLLOWER
I20260709 14:52:31.508293 11907 consensus_queue.cc:260] T 64eb25a716b54671a8afe72179e38684 P 9ecd0f0d0fb54a05b23ffe1dd2a63f6f [NON_LEADER]: Queue going to NON_LEADER mode. State: All replicated index: 0, Majority replicated index: 0, Committed index: 0, Last appended: 0.0, Last appended by leader: 0, Current term: 0, Majority size: -1, State: 0, Mode: NON_LEADER, active raft config: opid_index: -1 OBSOLETE_local: false peers { permanent_uuid: "d02ec6d8fede4b48be5a6aade5f529e9" member_type: VOTER last_known_addr { host: "127.10.83.1" port: 33993 } } peers { permanent_uuid: "9ecd0f0d0fb54a05b23ffe1dd2a63f6f" member_type: VOTER last_known_addr { host: "127.10.83.2" port: 45651 } } peers { permanent_uuid: "19ca0adb867b4d76b9b86627b351014e" member_type: VOTER last_known_addr { host: "127.10.83.3" port: 39593 } }
I20260709 14:52:31.509461 11902 tablet_bootstrap.cc:492] T 0cbd1e4303714bd1b4f54e91900b1cf0 P d02ec6d8fede4b48be5a6aade5f529e9: No bootstrap required, opened a new log
I20260709 14:52:31.509959 11902 ts_tablet_manager.cc:1403] T 0cbd1e4303714bd1b4f54e91900b1cf0 P d02ec6d8fede4b48be5a6aade5f529e9: Time spent bootstrapping tablet: real 0.029s	user 0.019s	sys 0.000s
I20260709 14:52:31.510506 11907 ts_tablet_manager.cc:1434] T 64eb25a716b54671a8afe72179e38684 P 9ecd0f0d0fb54a05b23ffe1dd2a63f6f: Time spent starting tablet: real 0.006s	user 0.007s	sys 0.000s
I20260709 14:52:31.511483 11907 tablet_bootstrap.cc:492] T 0cbd1e4303714bd1b4f54e91900b1cf0 P 9ecd0f0d0fb54a05b23ffe1dd2a63f6f: Bootstrap starting.
I20260709 14:52:31.512758 11902 raft_consensus.cc:359] T 0cbd1e4303714bd1b4f54e91900b1cf0 P d02ec6d8fede4b48be5a6aade5f529e9 [term 0 FOLLOWER]: Replica starting. Triggering 0 pending ops. Active config: opid_index: -1 OBSOLETE_local: false peers { permanent_uuid: "d02ec6d8fede4b48be5a6aade5f529e9" member_type: VOTER last_known_addr { host: "127.10.83.1" port: 33993 } } peers { permanent_uuid: "9ecd0f0d0fb54a05b23ffe1dd2a63f6f" member_type: VOTER last_known_addr { host: "127.10.83.2" port: 45651 } } peers { permanent_uuid: "19ca0adb867b4d76b9b86627b351014e" member_type: VOTER last_known_addr { host: "127.10.83.3" port: 39593 } }
I20260709 14:52:31.513728 11902 raft_consensus.cc:385] T 0cbd1e4303714bd1b4f54e91900b1cf0 P d02ec6d8fede4b48be5a6aade5f529e9 [term 0 FOLLOWER]: Consensus starting up: Expiring failure detector timer to make a prompt election more likely
