I20260709 14:52:07.028064  6734 leader_election.cc:304] T d79e6bf7c17245e1a3d8546c2b99eff1 P 45e66716e112497cb344d22c3479ad5f [CANDIDATE]: Term 1 election: Election decided. Result: candidate won. Election summary: received 2 responses out of 3 voters: 2 yes votes; 0 no votes. yes voters: 45e66716e112497cb344d22c3479ad5f, 98bfa8f7f68641bb9ce45b9535e61b5f; no voters: 
I20260709 14:52:07.028499  6994 raft_consensus.cc:515] T 699eb81c97cc451bae7a32fb309b73f9 P 45e66716e112497cb344d22c3479ad5f [term 0 FOLLOWER]: Starting pre-election with config: opid_index: -1 OBSOLETE_local: false peers { permanent_uuid: "45e66716e112497cb344d22c3479ad5f" member_type: VOTER last_known_addr { host: "127.6.0.193" port: 33731 } } peers { permanent_uuid: "98bfa8f7f68641bb9ce45b9535e61b5f" member_type: VOTER last_known_addr { host: "127.6.0.194" port: 37491 } } peers { permanent_uuid: "8f83e375bf1f4031a376ccab924aced8" member_type: VOTER last_known_addr { host: "127.6.0.195" port: 36935 } }
I20260709 14:52:07.028927  6964 raft_consensus.cc:2804] T d79e6bf7c17245e1a3d8546c2b99eff1 P 45e66716e112497cb344d22c3479ad5f [term 1 FOLLOWER]: Leader election won for term 1
I20260709 14:52:07.027458  6733 leader_election.cc:304] T a706c1694b7144e4a24e88372d6cc42f P 45e66716e112497cb344d22c3479ad5f [CANDIDATE]: Term 1 pre-election: Election decided. Result: candidate lost. Election summary: received 3 responses out of 3 voters: 1 yes votes; 2 no votes. yes voters: 45e66716e112497cb344d22c3479ad5f; no voters: 8f83e375bf1f4031a376ccab924aced8, 98bfa8f7f68641bb9ce45b9535e61b5f
I20260709 14:52:07.035567  6994 leader_election.cc:290] T 699eb81c97cc451bae7a32fb309b73f9 P 45e66716e112497cb344d22c3479ad5f [CANDIDATE]: Term 1 pre-election: Requested pre-vote from peers 98bfa8f7f68641bb9ce45b9535e61b5f (127.6.0.194:37491), 8f83e375bf1f4031a376ccab924aced8 (127.6.0.195:36935)
I20260709 14:52:07.036825  6958 tablet_bootstrap.cc:492] T 0a59c4d80fc14794b7dfd4efd44dd6b1 P 8f83e375bf1f4031a376ccab924aced8: No bootstrap required, opened a new log
I20260709 14:52:07.036711  6843 tablet_service.cc:1917] Received RequestConsensusVote() RPC: tablet_id: "699eb81c97cc451bae7a32fb309b73f9" candidate_uuid: "45e66716e112497cb344d22c3479ad5f" candidate_term: 1 candidate_status { last_received { term: 0 index: 0 } } ignore_live_leader: false dest_uuid: "98bfa8f7f68641bb9ce45b9535e61b5f" is_pre_election: true
I20260709 14:52:07.039269  6958 ts_tablet_manager.cc:1403] T 0a59c4d80fc14794b7dfd4efd44dd6b1 P 8f83e375bf1f4031a376ccab924aced8: Time spent bootstrapping tablet: real 0.109s	user 0.016s	sys 0.006s
I20260709 14:52:07.039286  6843 raft_consensus.cc:2468] T 699eb81c97cc451bae7a32fb309b73f9 P 98bfa8f7f68641bb9ce45b9535e61b5f [term 0 FOLLOWER]: Leader pre-election vote request: Granting yes vote for candidate 45e66716e112497cb344d22c3479ad5f in term 0.
I20260709 14:52:07.043020  6994 raft_consensus.cc:2749] T a706c1694b7144e4a24e88372d6cc42f P 45e66716e112497cb344d22c3479ad5f [term 1 FOLLOWER]: Leader pre-election lost for term 1. Reason: could not achieve majority
I20260709 14:52:07.043882  6734 leader_election.cc:304] T 699eb81c97cc451bae7a32fb309b73f9 P 45e66716e112497cb344d22c3479ad5f [CANDIDATE]: Term 1 pre-election: Election decided. Result: candidate won. Election summary: received 2 responses out of 3 voters: 2 yes votes; 0 no votes. yes voters: 45e66716e112497cb344d22c3479ad5f, 98bfa8f7f68641bb9ce45b9535e61b5f; no voters: 
I20260709 14:52:07.044062  6958 raft_consensus.cc:359] T 0a59c4d80fc14794b7dfd4efd44dd6b1 P 8f83e375bf1f4031a376ccab924aced8 [term 0 FOLLOWER]: Replica starting. Triggering 0 pending ops. Active config: opid_index: -1 OBSOLETE_local: false peers { permanent_uuid: "45e66716e112497cb344d22c3479ad5f" member_type: VOTER last_known_addr { host: "127.6.0.193" port: 33731 } } peers { permanent_uuid: "98bfa8f7f68641bb9ce45b9535e61b5f" member_type: VOTER last_known_addr { host: "127.6.0.194" port: 37491 } } peers { permanent_uuid: "8f83e375bf1f4031a376ccab924aced8" member_type: VOTER last_known_addr { host: "127.6.0.195" port: 36935 } }
I20260709 14:52:07.037644  6965 leader_election.cc:290] T 3e959c55970747909d8ed6116e444505 P 8f83e375bf1f4031a376ccab924aced8 [CANDIDATE]: Term 1 election: Requested vote from peers 45e66716e112497cb344d22c3479ad5f (127.6.0.193:33731), 98bfa8f7f68641bb9ce45b9535e61b5f (127.6.0.194:37491)
I20260709 14:52:07.044924  6958 raft_consensus.cc:385] T 0a59c4d80fc14794b7dfd4efd44dd6b1 P 8f83e375bf1f4031a376ccab924aced8 [term 0 FOLLOWER]: Consensus starting up: Expiring failure detector timer to make a prompt election more likely
I20260709 14:52:07.045444  6958 raft_consensus.cc:740] T 0a59c4d80fc14794b7dfd4efd44dd6b1 P 8f83e375bf1f4031a376ccab924aced8 [term 0 FOLLOWER]: Becoming Follower/Learner. State: Replica: 8f83e375bf1f4031a376ccab924aced8, State: Initialized, Role: FOLLOWER
I20260709 14:52:07.046904  6914 tablet_service.cc:1917] Received RequestConsensusVote() RPC: tablet_id: "3c303a4c58d347dbbeba9824f7843c88" candidate_uuid: "98bfa8f7f68641bb9ce45b9535e61b5f" candidate_term: 1 candidate_status { last_received { term: 0 index: 0 } } ignore_live_leader: false dest_uuid: "8f83e375bf1f4031a376ccab924aced8" is_pre_election: true
I20260709 14:52:07.046576  6958 consensus_queue.cc:260] T 0a59c4d80fc14794b7dfd4efd44dd6b1 P 8f83e375bf1f4031a376ccab924aced8 [NON_LEADER]: Queue going to NON_LEADER mode. State: All replicated index: 0, Majority replicated index: 0, Committed index: 0, Last appended: 0.0, Last appended by leader: 0, Current term: 0, Majority size: -1, State: 0, Mode: NON_LEADER, active raft config: opid_index: -1 OBSOLETE_local: false peers { permanent_uuid: "45e66716e112497cb344d22c3479ad5f" member_type: VOTER last_known_addr { host: "127.6.0.193" port: 33731 } } peers { permanent_uuid: "98bfa8f7f68641bb9ce45b9535e61b5f" member_type: VOTER last_known_addr { host: "127.6.0.194" port: 37491 } } peers { permanent_uuid: "8f83e375bf1f4031a376ccab924aced8" member_type: VOTER last_known_addr { host: "127.6.0.195" port: 36935 } }
I20260709 14:52:07.047458  6914 raft_consensus.cc:2468] T 3c303a4c58d347dbbeba9824f7843c88 P 8f83e375bf1f4031a376ccab924aced8 [term 0 FOLLOWER]: Leader pre-election vote request: Granting yes vote for candidate 98bfa8f7f68641bb9ce45b9535e61b5f in term 0.
I20260709 14:52:07.048378  6986 raft_consensus.cc:515] T 3c303a4c58d347dbbeba9824f7843c88 P 98bfa8f7f68641bb9ce45b9535e61b5f [term 1 FOLLOWER]: Starting leader election with config: opid_index: -1 OBSOLETE_local: false peers { permanent_uuid: "45e66716e112497cb344d22c3479ad5f" member_type: VOTER last_known_addr { host: "127.6.0.193" port: 33731 } } peers { permanent_uuid: "98bfa8f7f68641bb9ce45b9535e61b5f" member_type: VOTER last_known_addr { host: "127.6.0.194" port: 37491 } } peers { permanent_uuid: "8f83e375bf1f4031a376ccab924aced8" member_type: VOTER last_known_addr { host: "127.6.0.195" port: 36935 } }
I20260709 14:52:07.049180  6994 raft_consensus.cc:2804] T 699eb81c97cc451bae7a32fb309b73f9 P 45e66716e112497cb344d22c3479ad5f [term 0 FOLLOWER]: Leader pre-election won for term 1
I20260709 14:52:07.049734  6994 raft_consensus.cc:493] T 699eb81c97cc451bae7a32fb309b73f9 P 45e66716e112497cb344d22c3479ad5f [term 0 FOLLOWER]: Starting leader election (no leader contacted us within the election timeout)
I20260709 14:52:07.050228  6994 raft_consensus.cc:3060] T 699eb81c97cc451bae7a32fb309b73f9 P 45e66716e112497cb344d22c3479ad5f [term 0 FOLLOWER]: Advancing to term 1
I20260709 14:52:07.052023  6914 tablet_service.cc:1917] Received RequestConsensusVote() RPC: tablet_id: "54919faf2e1149e08ebce73f18578550" candidate_uuid: "98bfa8f7f68641bb9ce45b9535e61b5f" candidate_term: 1 candidate_status { last_received { term: 0 index: 0 } } ignore_live_leader: false dest_uuid: "8f83e375bf1f4031a376ccab924aced8"
I20260709 14:52:07.052771  6914 raft_consensus.cc:3060] T 54919faf2e1149e08ebce73f18578550 P 8f83e375bf1f4031a376ccab924aced8 [term 0 FOLLOWER]: Advancing to term 1
I20260709 14:52:07.053347  6843 tablet_service.cc:1917] Received RequestConsensusVote() RPC: tablet_id: "53557b5c0bd84cd1b60ad2ae471e63e7" candidate_uuid: "8f83e375bf1f4031a376ccab924aced8" candidate_term: 1 candidate_status { last_received { term: 0 index: 0 } } ignore_live_leader: false dest_uuid: "98bfa8f7f68641bb9ce45b9535e61b5f" is_pre_election: true
I20260709 14:52:07.053544  6768 tablet_service.cc:1917] Received RequestConsensusVote() RPC: tablet_id: "3c303a4c58d347dbbeba9824f7843c88" candidate_uuid: "98bfa8f7f68641bb9ce45b9535e61b5f" candidate_term: 1 candidate_status { last_received { term: 0 index: 0 } } ignore_live_leader: false dest_uuid: "45e66716e112497cb344d22c3479ad5f"
I20260709 14:52:07.056231  6986 leader_election.cc:290] T 3c303a4c58d347dbbeba9824f7843c88 P 98bfa8f7f68641bb9ce45b9535e61b5f [CANDIDATE]: Term 1 election: Requested vote from peers 45e66716e112497cb344d22c3479ad5f (127.6.0.193:33731), 8f83e375bf1f4031a376ccab924aced8 (127.6.0.195:36935)
I20260709 14:52:07.056475  6733 leader_election.cc:304] T 3e959c55970747909d8ed6116e444505 P 45e66716e112497cb344d22c3479ad5f [CANDIDATE]: Term 1 pre-election: Election decided. Result: candidate won. Election summary: received 3 responses out of 3 voters: 2 yes votes; 1 no votes. yes voters: 45e66716e112497cb344d22c3479ad5f, 8f83e375bf1f4031a376ccab924aced8; no voters: 98bfa8f7f68641bb9ce45b9535e61b5f
W20260709 14:52:07.057538  6733 leader_election.cc:343] T d79e6bf7c17245e1a3d8546c2b99eff1 P 45e66716e112497cb344d22c3479ad5f [CANDIDATE]: Term 1 pre-election: Tablet error from VoteRequest() call to peer 8f83e375bf1f4031a376ccab924aced8 (127.6.0.195:36935): Illegal state: must be running to vote when last-logged opid is not known
I20260709 14:52:07.057839  6844 tablet_service.cc:1917] Received RequestConsensusVote() RPC: tablet_id: "3e959c55970747909d8ed6116e444505" candidate_uuid: "8f83e375bf1f4031a376ccab924aced8" candidate_term: 1 candidate_status { last_received { term: 0 index: 0 } } ignore_live_leader: false dest_uuid: "98bfa8f7f68641bb9ce45b9535e61b5f" is_pre_election: true
I20260709 14:52:07.059032  6842 tablet_service.cc:1917] Received RequestConsensusVote() RPC: tablet_id: "e71896e33274438990fe951f21419892" candidate_uuid: "8f83e375bf1f4031a376ccab924aced8" candidate_term: 1 candidate_status { last_received { term: 0 index: 0 } } ignore_live_leader: false dest_uuid: "98bfa8f7f68641bb9ce45b9535e61b5f" is_pre_election: true
I20260709 14:52:07.059309  6916 tablet_service.cc:1917] Received RequestConsensusVote() RPC: tablet_id: "699eb81c97cc451bae7a32fb309b73f9" candidate_uuid: "45e66716e112497cb344d22c3479ad5f" candidate_term: 1 candidate_status { last_received { term: 0 index: 0 } } ignore_live_leader: false dest_uuid: "8f83e375bf1f4031a376ccab924aced8" is_pre_election: true
I20260709 14:52:07.060388  6915 tablet_service.cc:1917] Received RequestConsensusVote() RPC: tablet_id: "3c303a4c58d347dbbeba9824f7843c88" candidate_uuid: "98bfa8f7f68641bb9ce45b9535e61b5f" candidate_term: 1 candidate_status { last_received { term: 0 index: 0 } } ignore_live_leader: false dest_uuid: "8f83e375bf1f4031a376ccab924aced8"
I20260709 14:52:07.054960  6959 tablet_bootstrap.cc:654] T 53557b5c0bd84cd1b60ad2ae471e63e7 P 45e66716e112497cb344d22c3479ad5f: Neither blocks nor log segments found. Creating new log.
W20260709 14:52:07.058377  6733 leader_election.cc:343] T d79e6bf7c17245e1a3d8546c2b99eff1 P 45e66716e112497cb344d22c3479ad5f [CANDIDATE]: Term 1 election: Tablet error from VoteRequest() call to peer 8f83e375bf1f4031a376ccab924aced8 (127.6.0.195:36935): Illegal state: must be running to vote when last-logged opid is not known
I20260709 14:52:07.056399  6768 raft_consensus.cc:3060] T 3c303a4c58d347dbbeba9824f7843c88 P 45e66716e112497cb344d22c3479ad5f [term 0 FOLLOWER]: Advancing to term 1
I20260709 14:52:07.060272  6841 tablet_service.cc:1917] Received RequestConsensusVote() RPC: tablet_id: "3e959c55970747909d8ed6116e444505" candidate_uuid: "8f83e375bf1f4031a376ccab924aced8" candidate_term: 1 candidate_status { last_received { term: 0 index: 0 } } ignore_live_leader: false dest_uuid: "98bfa8f7f68641bb9ce45b9535e61b5f"
I20260709 14:52:07.062721  6958 ts_tablet_manager.cc:1434] T 0a59c4d80fc14794b7dfd4efd44dd6b1 P 8f83e375bf1f4031a376ccab924aced8: Time spent starting tablet: real 0.023s	user 0.007s	sys 0.002s
I20260709 14:52:07.062709  6915 raft_consensus.cc:3060] T 3c303a4c58d347dbbeba9824f7843c88 P 8f83e375bf1f4031a376ccab924aced8 [term 0 FOLLOWER]: Advancing to term 1
I20260709 14:52:07.054360  6964 raft_consensus.cc:697] T d79e6bf7c17245e1a3d8546c2b99eff1 P 45e66716e112497cb344d22c3479ad5f [term 1 LEADER]: Becoming Leader. State: Replica: 45e66716e112497cb344d22c3479ad5f, State: Running, Role: LEADER
I20260709 14:52:07.064297  6965 raft_consensus.cc:493] T 0a59c4d80fc14794b7dfd4efd44dd6b1 P 8f83e375bf1f4031a376ccab924aced8 [term 0 FOLLOWER]: Starting pre-election (no leader contacted us within the election timeout)
W20260709 14:52:07.067888  6733 leader_election.cc:343] T 699eb81c97cc451bae7a32fb309b73f9 P 45e66716e112497cb344d22c3479ad5f [CANDIDATE]: Term 1 pre-election: Tablet error from VoteRequest() call to peer 8f83e375bf1f4031a376ccab924aced8 (127.6.0.195:36935): Illegal state: must be running to vote when last-logged opid is not known
I20260709 14:52:07.068064  6965 raft_consensus.cc:515] T 0a59c4d80fc14794b7dfd4efd44dd6b1 P 8f83e375bf1f4031a376ccab924aced8 [term 0 FOLLOWER]: Starting pre-election with config: opid_index: -1 OBSOLETE_local: false peers { permanent_uuid: "45e66716e112497cb344d22c3479ad5f" member_type: VOTER last_known_addr { host: "127.6.0.193" port: 33731 } } peers { permanent_uuid: "98bfa8f7f68641bb9ce45b9535e61b5f" member_type: VOTER last_known_addr { host: "127.6.0.194" port: 37491 } } peers { permanent_uuid: "8f83e375bf1f4031a376ccab924aced8" member_type: VOTER last_known_addr { host: "127.6.0.195" port: 36935 } }
W20260709 14:52:07.068722  6883 leader_election.cc:343] T 3e959c55970747909d8ed6116e444505 P 8f83e375bf1f4031a376ccab924aced8 [CANDIDATE]: Term 1 pre-election: Tablet error from VoteRequest() call to peer 98bfa8f7f68641bb9ce45b9535e61b5f (127.6.0.194:37491): Illegal state: must be running to vote when last-logged opid is not known
W20260709 14:52:07.069561  6883 leader_election.cc:343] T e71896e33274438990fe951f21419892 P 8f83e375bf1f4031a376ccab924aced8 [CANDIDATE]: Term 1 pre-election: Tablet error from VoteRequest() call to peer 98bfa8f7f68641bb9ce45b9535e61b5f (127.6.0.194:37491): Illegal state: must be running to vote when last-logged opid is not known
I20260709 14:52:07.070022  6965 leader_election.cc:290] T 0a59c4d80fc14794b7dfd4efd44dd6b1 P 8f83e375bf1f4031a376ccab924aced8 [CANDIDATE]: Term 1 pre-election: Requested pre-vote from peers 45e66716e112497cb344d22c3479ad5f (127.6.0.193:33731), 98bfa8f7f68641bb9ce45b9535e61b5f (127.6.0.194:37491)
I20260709 14:52:07.069926  6883 leader_election.cc:304] T e71896e33274438990fe951f21419892 P 8f83e375bf1f4031a376ccab924aced8 [CANDIDATE]: Term 1 pre-election: Election decided. Result: candidate lost. Election summary: received 3 responses out of 3 voters: 1 yes votes; 2 no votes. yes voters: 8f83e375bf1f4031a376ccab924aced8; no voters: 45e66716e112497cb344d22c3479ad5f, 98bfa8f7f68641bb9ce45b9535e61b5f
I20260709 14:52:07.070855  6766 tablet_service.cc:1917] Received RequestConsensusVote() RPC: tablet_id: "0a59c4d80fc14794b7dfd4efd44dd6b1" candidate_uuid: "8f83e375bf1f4031a376ccab924aced8" candidate_term: 1 candidate_status { last_received { term: 0 index: 0 } } ignore_live_leader: false dest_uuid: "45e66716e112497cb344d22c3479ad5f" is_pre_election: true
I20260709 14:52:07.071584  6958 tablet_bootstrap.cc:492] T 03008e59c6bc4cacb28306a90a190c90 P 8f83e375bf1f4031a376ccab924aced8: Bootstrap starting.
W20260709 14:52:07.072633  6881 leader_election.cc:343] T 0a59c4d80fc14794b7dfd4efd44dd6b1 P 8f83e375bf1f4031a376ccab924aced8 [CANDIDATE]: Term 1 pre-election: Tablet error from VoteRequest() call to peer 45e66716e112497cb344d22c3479ad5f (127.6.0.193:33731): Illegal state: must be running to vote when last-logged opid is not known
I20260709 14:52:07.066761  6960 ts_tablet_manager.cc:1434] T 0a59c4d80fc14794b7dfd4efd44dd6b1 P 98bfa8f7f68641bb9ce45b9535e61b5f: Time spent starting tablet: real 0.072s	user 0.004s	sys 0.004s
I20260709 14:52:07.079320  6958 tablet_bootstrap.cc:654] T 03008e59c6bc4cacb28306a90a190c90 P 8f83e375bf1f4031a376ccab924aced8: Neither blocks nor log segments found. Creating new log.
I20260709 14:52:07.079715  6768 raft_consensus.cc:2468] T 3c303a4c58d347dbbeba9824f7843c88 P 45e66716e112497cb344d22c3479ad5f [term 1 FOLLOWER]: Leader election vote request: Granting yes vote for candidate 98bfa8f7f68641bb9ce45b9535e61b5f in term 1.
I20260709 14:52:07.087561  6807 leader_election.cc:304] T 3c303a4c58d347dbbeba9824f7843c88 P 98bfa8f7f68641bb9ce45b9535e61b5f [CANDIDATE]: Term 1 election: Election decided. Result: candidate won. Election summary: received 2 responses out of 3 voters: 2 yes votes; 0 no votes. yes voters: 45e66716e112497cb344d22c3479ad5f, 98bfa8f7f68641bb9ce45b9535e61b5f; no voters: 
I20260709 14:52:07.080412  6767 raft_consensus.cc:2468] T 3e959c55970747909d8ed6116e444505 P 45e66716e112497cb344d22c3479ad5f [term 1 FOLLOWER]: Leader election vote request: Granting yes vote for candidate 8f83e375bf1f4031a376ccab924aced8 in term 1.
I20260709 14:52:07.088471  6966 raft_consensus.cc:2804] T 3c303a4c58d347dbbeba9824f7843c88 P 98bfa8f7f68641bb9ce45b9535e61b5f [term 1 FOLLOWER]: Leader election won for term 1
I20260709 14:52:07.088841  6986 raft_consensus.cc:493] T 0a59c4d80fc14794b7dfd4efd44dd6b1 P 98bfa8f7f68641bb9ce45b9535e61b5f [term 0 FOLLOWER]: Starting pre-election (no leader contacted us within the election timeout)
I20260709 14:52:07.088932  6966 raft_consensus.cc:697] T 3c303a4c58d347dbbeba9824f7843c88 P 98bfa8f7f68641bb9ce45b9535e61b5f [term 1 LEADER]: Becoming Leader. State: Replica: 98bfa8f7f68641bb9ce45b9535e61b5f, State: Running, Role: LEADER
I20260709 14:52:07.089224  6881 leader_election.cc:304] T 3e959c55970747909d8ed6116e444505 P 8f83e375bf1f4031a376ccab924aced8 [CANDIDATE]: Term 1 election: Election decided. Result: candidate won. Election summary: received 2 responses out of 3 voters: 2 yes votes; 0 no votes. yes voters: 45e66716e112497cb344d22c3479ad5f, 8f83e375bf1f4031a376ccab924aced8; no voters: 
I20260709 14:52:07.089288  6986 raft_consensus.cc:515] T 0a59c4d80fc14794b7dfd4efd44dd6b1 P 98bfa8f7f68641bb9ce45b9535e61b5f [term 0 FOLLOWER]: Starting pre-election with config: opid_index: -1 OBSOLETE_local: false peers { permanent_uuid: "45e66716e112497cb344d22c3479ad5f" member_type: VOTER last_known_addr { host: "127.6.0.193" port: 33731 } } peers { permanent_uuid: "98bfa8f7f68641bb9ce45b9535e61b5f" member_type: VOTER last_known_addr { host: "127.6.0.194" port: 37491 } } peers { permanent_uuid: "8f83e375bf1f4031a376ccab924aced8" member_type: VOTER last_known_addr { host: "127.6.0.195" port: 36935 } }
I20260709 14:52:07.081017  6964 consensus_queue.cc:237] T d79e6bf7c17245e1a3d8546c2b99eff1 P 45e66716e112497cb344d22c3479ad5f [LEADER]: Queue going to LEADER mode. State: All replicated index: 0, Majority replicated index: 0, Committed index: 0, Last appended: 0.0, Last appended by leader: 0, Current term: 1, Majority size: 2, State: 0, Mode: LEADER, active raft config: opid_index: -1 OBSOLETE_local: false peers { permanent_uuid: "45e66716e112497cb344d22c3479ad5f" member_type: VOTER last_known_addr { host: "127.6.0.193" port: 33731 } } peers { permanent_uuid: "98bfa8f7f68641bb9ce45b9535e61b5f" member_type: VOTER last_known_addr { host: "127.6.0.194" port: 37491 } } peers { permanent_uuid: "8f83e375bf1f4031a376ccab924aced8" member_type: VOTER last_known_addr { host: "127.6.0.195" port: 36935 } }
I20260709 14:52:07.089815  6966 consensus_queue.cc:237] T 3c303a4c58d347dbbeba9824f7843c88 P 98bfa8f7f68641bb9ce45b9535e61b5f [LEADER]: Queue going to LEADER mode. State: All replicated index: 0, Majority replicated index: 0, Committed index: 0, Last appended: 0.0, Last appended by leader: 0, Current term: 1, Majority size: 2, State: 0, Mode: LEADER, active raft config: opid_index: -1 OBSOLETE_local: false peers { permanent_uuid: "45e66716e112497cb344d22c3479ad5f" member_type: VOTER last_known_addr { host: "127.6.0.193" port: 33731 } } peers { permanent_uuid: "98bfa8f7f68641bb9ce45b9535e61b5f" member_type: VOTER last_known_addr { host: "127.6.0.194" port: 37491 } } peers { permanent_uuid: "8f83e375bf1f4031a376ccab924aced8" member_type: VOTER last_known_addr { host: "127.6.0.195" port: 36935 } }
I20260709 14:52:07.082294  6915 raft_consensus.cc:2468] T 3c303a4c58d347dbbeba9824f7843c88 P 8f83e375bf1f4031a376ccab924aced8 [term 1 FOLLOWER]: Leader election vote request: Granting yes vote for candidate 98bfa8f7f68641bb9ce45b9535e61b5f in term 1.
I20260709 14:52:07.091743  6986 leader_election.cc:290] T 0a59c4d80fc14794b7dfd4efd44dd6b1 P 98bfa8f7f68641bb9ce45b9535e61b5f [CANDIDATE]: Term 1 pre-election: Requested pre-vote from peers 45e66716e112497cb344d22c3479ad5f (127.6.0.193:33731), 8f83e375bf1f4031a376ccab924aced8 (127.6.0.195:36935)
I20260709 14:52:07.091998  6766 tablet_service.cc:1917] Received RequestConsensusVote() RPC: tablet_id: "0a59c4d80fc14794b7dfd4efd44dd6b1" candidate_uuid: "98bfa8f7f68641bb9ce45b9535e61b5f" candidate_term: 1 candidate_status { last_received { term: 0 index: 0 } } ignore_live_leader: false dest_uuid: "45e66716e112497cb344d22c3479ad5f" is_pre_election: true
I20260709 14:52:07.092830  6960 tablet_bootstrap.cc:492] T 53557b5c0bd84cd1b60ad2ae471e63e7 P 98bfa8f7f68641bb9ce45b9535e61b5f: Bootstrap starting.
I20260709 14:52:07.093173  6965 raft_consensus.cc:2749] T e71896e33274438990fe951f21419892 P 8f83e375bf1f4031a376ccab924aced8 [term 0 FOLLOWER]: Leader pre-election lost for term 1. Reason: could not achieve majority
I20260709 14:52:07.082921  6914 raft_consensus.cc:2468] T 54919faf2e1149e08ebce73f18578550 P 8f83e375bf1f4031a376ccab924aced8 [term 1 FOLLOWER]: Leader election vote request: Granting yes vote for candidate 98bfa8f7f68641bb9ce45b9535e61b5f in term 1.
I20260709 14:52:07.090283  7001 raft_consensus.cc:2764] T 3e959c55970747909d8ed6116e444505 P 45e66716e112497cb344d22c3479ad5f [term 1 FOLLOWER]: Leader pre-election decision vote started in defunct term 0: won
W20260709 14:52:07.093993  6807 leader_election.cc:343] T 0a59c4d80fc14794b7dfd4efd44dd6b1 P 98bfa8f7f68641bb9ce45b9535e61b5f [CANDIDATE]: Term 1 pre-election: Tablet error from VoteRequest() call to peer 45e66716e112497cb344d22c3479ad5f (127.6.0.193:33731): Illegal state: must be running to vote when last-logged opid is not known
I20260709 14:52:07.094714  6965 raft_consensus.cc:2804] T 3e959c55970747909d8ed6116e444505 P 8f83e375bf1f4031a376ccab924aced8 [term 1 FOLLOWER]: Leader election won for term 1
I20260709 14:52:07.095166  6965 raft_consensus.cc:697] T 3e959c55970747909d8ed6116e444505 P 8f83e375bf1f4031a376ccab924aced8 [term 1 LEADER]: Becoming Leader. State: Replica: 8f83e375bf1f4031a376ccab924aced8, State: Running, Role: LEADER
W20260709 14:52:07.096252  6883 leader_election.cc:343] T 53557b5c0bd84cd1b60ad2ae471e63e7 P 8f83e375bf1f4031a376ccab924aced8 [CANDIDATE]: Term 1 pre-election: Tablet error from VoteRequest() call to peer 98bfa8f7f68641bb9ce45b9535e61b5f (127.6.0.194:37491): Illegal state: must be running to vote when last-logged opid is not known
I20260709 14:52:07.084887  6769 raft_consensus.cc:2468] T 54919faf2e1149e08ebce73f18578550 P 45e66716e112497cb344d22c3479ad5f [term 1 FOLLOWER]: Leader election vote request: Granting yes vote for candidate 98bfa8f7f68641bb9ce45b9535e61b5f in term 1.
I20260709 14:52:07.095922  6965 consensus_queue.cc:237] T 3e959c55970747909d8ed6116e444505 P 8f83e375bf1f4031a376ccab924aced8 [LEADER]: Queue going to LEADER mode. State: All replicated index: 0, Majority replicated index: 0, Committed index: 0, Last appended: 0.0, Last appended by leader: 0, Current term: 1, Majority size: 2, State: 0, Mode: LEADER, active raft config: opid_index: -1 OBSOLETE_local: false peers { permanent_uuid: "45e66716e112497cb344d22c3479ad5f" member_type: VOTER last_known_addr { host: "127.6.0.193" port: 33731 } } peers { permanent_uuid: "98bfa8f7f68641bb9ce45b9535e61b5f" member_type: VOTER last_known_addr { host: "127.6.0.194" port: 37491 } } peers { permanent_uuid: "8f83e375bf1f4031a376ccab924aced8" member_type: VOTER last_known_addr { host: "127.6.0.195" port: 36935 } }
I20260709 14:52:07.102900  6994 raft_consensus.cc:515] T 699eb81c97cc451bae7a32fb309b73f9 P 45e66716e112497cb344d22c3479ad5f [term 1 FOLLOWER]: Starting leader election with config: opid_index: -1 OBSOLETE_local: false peers { permanent_uuid: "45e66716e112497cb344d22c3479ad5f" member_type: VOTER last_known_addr { host: "127.6.0.193" port: 33731 } } peers { permanent_uuid: "98bfa8f7f68641bb9ce45b9535e61b5f" member_type: VOTER last_known_addr { host: "127.6.0.194" port: 37491 } } peers { permanent_uuid: "8f83e375bf1f4031a376ccab924aced8" member_type: VOTER last_known_addr { host: "127.6.0.195" port: 36935 } }
I20260709 14:52:07.105829  6807 leader_election.cc:304] T 54919faf2e1149e08ebce73f18578550 P 98bfa8f7f68641bb9ce45b9535e61b5f [CANDIDATE]: Term 1 election: Election decided. Result: candidate won. Election summary: received 2 responses out of 3 voters: 2 yes votes; 0 no votes. yes voters: 45e66716e112497cb344d22c3479ad5f, 98bfa8f7f68641bb9ce45b9535e61b5f; no voters: 
I20260709 14:52:07.106653  6994 leader_election.cc:290] T 699eb81c97cc451bae7a32fb309b73f9 P 45e66716e112497cb344d22c3479ad5f [CANDIDATE]: Term 1 election: Requested vote from peers 98bfa8f7f68641bb9ce45b9535e61b5f (127.6.0.194:37491), 8f83e375bf1f4031a376ccab924aced8 (127.6.0.195:36935)
I20260709 14:52:07.096652  6883 leader_election.cc:304] T 53557b5c0bd84cd1b60ad2ae471e63e7 P 8f83e375bf1f4031a376ccab924aced8 [CANDIDATE]: Term 1 pre-election: Election decided. Result: candidate lost. Election summary: received 3 responses out of 3 voters: 1 yes votes; 2 no votes. yes voters: 8f83e375bf1f4031a376ccab924aced8; no voters: 45e66716e112497cb344d22c3479ad5f, 98bfa8f7f68641bb9ce45b9535e61b5f
I20260709 14:52:07.109463  6841 tablet_service.cc:1917] Received RequestConsensusVote() RPC: tablet_id: "699eb81c97cc451bae7a32fb309b73f9" candidate_uuid: "45e66716e112497cb344d22c3479ad5f" candidate_term: 1 candidate_status { last_received { term: 0 index: 0 } } ignore_live_leader: false dest_uuid: "98bfa8f7f68641bb9ce45b9535e61b5f"
I20260709 14:52:07.110610  6841 raft_consensus.cc:3060] T 699eb81c97cc451bae7a32fb309b73f9 P 98bfa8f7f68641bb9ce45b9535e61b5f [term 0 FOLLOWER]: Advancing to term 1
I20260709 14:52:07.117914  6987 raft_consensus.cc:2804] T 54919faf2e1149e08ebce73f18578550 P 98bfa8f7f68641bb9ce45b9535e61b5f [term 1 FOLLOWER]: Leader election won for term 1
I20260709 14:52:07.122253  6987 raft_consensus.cc:697] T 54919faf2e1149e08ebce73f18578550 P 98bfa8f7f68641bb9ce45b9535e61b5f [term 1 LEADER]: Becoming Leader. State: Replica: 98bfa8f7f68641bb9ce45b9535e61b5f, State: Running, Role: LEADER
W20260709 14:52:07.119128  6883 leader_election.cc:343] T 3e959c55970747909d8ed6116e444505 P 8f83e375bf1f4031a376ccab924aced8 [CANDIDATE]: Term 1 election: Tablet error from VoteRequest() call to peer 98bfa8f7f68641bb9ce45b9535e61b5f (127.6.0.194:37491): Illegal state: must be running to vote when last-logged opid is not known
I20260709 14:52:07.123111  6987 consensus_queue.cc:237] T 54919faf2e1149e08ebce73f18578550 P 98bfa8f7f68641bb9ce45b9535e61b5f [LEADER]: Queue going to LEADER mode. State: All replicated index: 0, Majority replicated index: 0, Committed index: 0, Last appended: 0.0, Last appended by leader: 0, Current term: 1, Majority size: 2, State: 0, Mode: LEADER, active raft config: opid_index: -1 OBSOLETE_local: false peers { permanent_uuid: "8f83e375bf1f4031a376ccab924aced8" member_type: VOTER last_known_addr { host: "127.6.0.195" port: 36935 } } peers { permanent_uuid: "98bfa8f7f68641bb9ce45b9535e61b5f" member_type: VOTER last_known_addr { host: "127.6.0.194" port: 37491 } } peers { permanent_uuid: "45e66716e112497cb344d22c3479ad5f" member_type: VOTER last_known_addr { host: "127.6.0.193" port: 33731 } }
I20260709 14:52:07.138972  6843 tablet_service.cc:1917] Received RequestConsensusVote() RPC: tablet_id: "0a59c4d80fc14794b7dfd4efd44dd6b1" candidate_uuid: "8f83e375bf1f4031a376ccab924aced8" candidate_term: 1 candidate_status { last_received { term: 0 index: 0 } } ignore_live_leader: false dest_uuid: "98bfa8f7f68641bb9ce45b9535e61b5f" is_pre_election: true
I20260709 14:52:07.139838  6958 tablet_bootstrap.cc:492] T 03008e59c6bc4cacb28306a90a190c90 P 8f83e375bf1f4031a376ccab924aced8: No bootstrap required, opened a new log
I20260709 14:52:07.139539  6843 raft_consensus.cc:2468] T 0a59c4d80fc14794b7dfd4efd44dd6b1 P 98bfa8f7f68641bb9ce45b9535e61b5f [term 0 FOLLOWER]: Leader pre-election vote request: Granting yes vote for candidate 8f83e375bf1f4031a376ccab924aced8 in term 0.
I20260709 14:52:07.140270  6958 ts_tablet_manager.cc:1403] T 03008e59c6bc4cacb28306a90a190c90 P 8f83e375bf1f4031a376ccab924aced8: Time spent bootstrapping tablet: real 0.073s	user 0.010s	sys 0.005s
I20260709 14:52:07.140302  6665 catalog_manager.cc:5697] T d79e6bf7c17245e1a3d8546c2b99eff1 P 45e66716e112497cb344d22c3479ad5f reported cstate change: term changed from 0 to 1, leader changed from <none> to 45e66716e112497cb344d22c3479ad5f (127.6.0.193). New cstate: current_term: 1 leader_uuid: "45e66716e112497cb344d22c3479ad5f" committed_config { opid_index: -1 OBSOLETE_local: false peers { permanent_uuid: "45e66716e112497cb344d22c3479ad5f" member_type: VOTER last_known_addr { host: "127.6.0.193" port: 33731 } health_report { overall_health: HEALTHY } } peers { permanent_uuid: "98bfa8f7f68641bb9ce45b9535e61b5f" member_type: VOTER last_known_addr { host: "127.6.0.194" port: 37491 } health_report { overall_health: UNKNOWN } } peers { permanent_uuid: "8f83e375bf1f4031a376ccab924aced8" member_type: VOTER last_known_addr { host: "127.6.0.195" port: 36935 } health_report { overall_health: UNKNOWN } } }
I20260709 14:52:07.141793  6883 leader_election.cc:304] T 0a59c4d80fc14794b7dfd4efd44dd6b1 P 8f83e375bf1f4031a376ccab924aced8 [CANDIDATE]: Term 1 pre-election: Election decided. Result: candidate won. Election summary: received 3 responses out of 3 voters: 2 yes votes; 1 no votes. yes voters: 8f83e375bf1f4031a376ccab924aced8, 98bfa8f7f68641bb9ce45b9535e61b5f; no voters: 45e66716e112497cb344d22c3479ad5f
I20260709 14:52:07.144367  6958 raft_consensus.cc:359] T 03008e59c6bc4cacb28306a90a190c90 P 8f83e375bf1f4031a376ccab924aced8 [term 0 FOLLOWER]: Replica starting. Triggering 0 pending ops. Active config: opid_index: -1 OBSOLETE_local: false peers { permanent_uuid: "45e66716e112497cb344d22c3479ad5f" member_type: VOTER last_known_addr { host: "127.6.0.193" port: 33731 } } peers { permanent_uuid: "98bfa8f7f68641bb9ce45b9535e61b5f" member_type: VOTER last_known_addr { host: "127.6.0.194" port: 37491 } } peers { permanent_uuid: "8f83e375bf1f4031a376ccab924aced8" member_type: VOTER last_known_addr { host: "127.6.0.195" port: 36935 } }
I20260709 14:52:07.145040  6958 raft_consensus.cc:385] T 03008e59c6bc4cacb28306a90a190c90 P 8f83e375bf1f4031a376ccab924aced8 [term 0 FOLLOWER]: Consensus starting up: Expiring failure detector timer to make a prompt election more likely
I20260709 14:52:07.145310  6958 raft_consensus.cc:740] T 03008e59c6bc4cacb28306a90a190c90 P 8f83e375bf1f4031a376ccab924aced8 [term 0 FOLLOWER]: Becoming Follower/Learner. State: Replica: 8f83e375bf1f4031a376ccab924aced8, State: Initialized, Role: FOLLOWER
I20260709 14:52:07.144734  6666 catalog_manager.cc:5697] T 3c303a4c58d347dbbeba9824f7843c88 P 98bfa8f7f68641bb9ce45b9535e61b5f reported cstate change: term changed from 0 to 1, leader changed from <none> to 98bfa8f7f68641bb9ce45b9535e61b5f (127.6.0.194). New cstate: current_term: 1 leader_uuid: "98bfa8f7f68641bb9ce45b9535e61b5f" committed_config { opid_index: -1 OBSOLETE_local: false peers { permanent_uuid: "45e66716e112497cb344d22c3479ad5f" member_type: VOTER last_known_addr { host: "127.6.0.193" port: 33731 } health_report { overall_health: UNKNOWN } } peers { permanent_uuid: "98bfa8f7f68641bb9ce45b9535e61b5f" member_type: VOTER last_known_addr { host: "127.6.0.194" port: 37491 } health_report { overall_health: HEALTHY } } peers { permanent_uuid: "8f83e375bf1f4031a376ccab924aced8" member_type: VOTER last_known_addr { host: "127.6.0.195" port: 36935 } health_report { overall_health: UNKNOWN } } }
I20260709 14:52:07.137848  6914 tablet_service.cc:1917] Received RequestConsensusVote() RPC: tablet_id: "699eb81c97cc451bae7a32fb309b73f9" candidate_uuid: "45e66716e112497cb344d22c3479ad5f" candidate_term: 1 candidate_status { last_received { term: 0 index: 0 } } ignore_live_leader: false dest_uuid: "8f83e375bf1f4031a376ccab924aced8"
I20260709 14:52:07.145911  6958 consensus_queue.cc:260] T 03008e59c6bc4cacb28306a90a190c90 P 8f83e375bf1f4031a376ccab924aced8 [NON_LEADER]: Queue going to NON_LEADER mode. State: All replicated index: 0, Majority replicated index: 0, Committed index: 0, Last appended: 0.0, Last appended by leader: 0, Current term: 0, Majority size: -1, State: 0, Mode: NON_LEADER, active raft config: opid_index: -1 OBSOLETE_local: false peers { permanent_uuid: "45e66716e112497cb344d22c3479ad5f" member_type: VOTER last_known_addr { host: "127.6.0.193" port: 33731 } } peers { permanent_uuid: "98bfa8f7f68641bb9ce45b9535e61b5f" member_type: VOTER last_known_addr { host: "127.6.0.194" port: 37491 } } peers { permanent_uuid: "8f83e375bf1f4031a376ccab924aced8" member_type: VOTER last_known_addr { host: "127.6.0.195" port: 36935 } }
I20260709 14:52:07.146571  6663 catalog_manager.cc:5697] T 3e959c55970747909d8ed6116e444505 P 8f83e375bf1f4031a376ccab924aced8 reported cstate change: term changed from 0 to 1, leader changed from <none> to 8f83e375bf1f4031a376ccab924aced8 (127.6.0.195). New cstate: current_term: 1 leader_uuid: "8f83e375bf1f4031a376ccab924aced8" committed_config { opid_index: -1 OBSOLETE_local: false peers { permanent_uuid: "45e66716e112497cb344d22c3479ad5f" member_type: VOTER last_known_addr { host: "127.6.0.193" port: 33731 } health_report { overall_health: UNKNOWN } } peers { permanent_uuid: "98bfa8f7f68641bb9ce45b9535e61b5f" member_type: VOTER last_known_addr { host: "127.6.0.194" port: 37491 } health_report { overall_health: UNKNOWN } } peers { permanent_uuid: "8f83e375bf1f4031a376ccab924aced8" member_type: VOTER last_known_addr { host: "127.6.0.195" port: 36935 } health_report { overall_health: HEALTHY } } }
I20260709 14:52:07.147698  6965 raft_consensus.cc:2804] T 0a59c4d80fc14794b7dfd4efd44dd6b1 P 8f83e375bf1f4031a376ccab924aced8 [term 0 FOLLOWER]: Leader pre-election won for term 1
I20260709 14:52:07.147866  6915 tablet_service.cc:1917] Received RequestConsensusVote() RPC: tablet_id: "0a59c4d80fc14794b7dfd4efd44dd6b1" candidate_uuid: "98bfa8f7f68641bb9ce45b9535e61b5f" candidate_term: 1 candidate_status { last_received { term: 0 index: 0 } } ignore_live_leader: false dest_uuid: "8f83e375bf1f4031a376ccab924aced8" is_pre_election: true
W20260709 14:52:07.147814  6733 leader_election.cc:343] T 699eb81c97cc451bae7a32fb309b73f9 P 45e66716e112497cb344d22c3479ad5f [CANDIDATE]: Term 1 election: Tablet error from VoteRequest() call to peer 8f83e375bf1f4031a376ccab924aced8 (127.6.0.195:36935): Illegal state: must be running to vote when last-logged opid is not known
I20260709 14:52:07.149027  6959 tablet_bootstrap.cc:492] T 53557b5c0bd84cd1b60ad2ae471e63e7 P 45e66716e112497cb344d22c3479ad5f: No bootstrap required, opened a new log
I20260709 14:52:07.148864  7007 raft_consensus.cc:2749] T 53557b5c0bd84cd1b60ad2ae471e63e7 P 8f83e375bf1f4031a376ccab924aced8 [term 0 FOLLOWER]: Leader pre-election lost for term 1. Reason: could not achieve majority
I20260709 14:52:07.155851  6965 raft_consensus.cc:493] T 0a59c4d80fc14794b7dfd4efd44dd6b1 P 8f83e375bf1f4031a376ccab924aced8 [term 0 FOLLOWER]: Starting leader election (no leader contacted us within the election timeout)
I20260709 14:52:07.157985  6959 ts_tablet_manager.cc:1403] T 53557b5c0bd84cd1b60ad2ae471e63e7 P 45e66716e112497cb344d22c3479ad5f: Time spent bootstrapping tablet: real 0.137s	user 0.024s	sys 0.000s
I20260709 14:52:07.158305  6965 raft_consensus.cc:3060] T 0a59c4d80fc14794b7dfd4efd44dd6b1 P 8f83e375bf1f4031a376ccab924aced8 [term 0 FOLLOWER]: Advancing to term 1
I20260709 14:52:07.160476  6959 raft_consensus.cc:359] T 53557b5c0bd84cd1b60ad2ae471e63e7 P 45e66716e112497cb344d22c3479ad5f [term 0 FOLLOWER]: Replica starting. Triggering 0 pending ops. Active config: opid_index: -1 OBSOLETE_local: false peers { permanent_uuid: "45e66716e112497cb344d22c3479ad5f" member_type: VOTER last_known_addr { host: "127.6.0.193" port: 33731 } } peers { permanent_uuid: "98bfa8f7f68641bb9ce45b9535e61b5f" member_type: VOTER last_known_addr { host: "127.6.0.194" port: 37491 } } peers { permanent_uuid: "8f83e375bf1f4031a376ccab924aced8" member_type: VOTER last_known_addr { host: "127.6.0.195" port: 36935 } }
I20260709 14:52:07.161125  6959 raft_consensus.cc:385] T 53557b5c0bd84cd1b60ad2ae471e63e7 P 45e66716e112497cb344d22c3479ad5f [term 0 FOLLOWER]: Consensus starting up: Expiring failure detector timer to make a prompt election more likely
I20260709 14:52:07.161387  6959 raft_consensus.cc:740] T 53557b5c0bd84cd1b60ad2ae471e63e7 P 45e66716e112497cb344d22c3479ad5f [term 0 FOLLOWER]: Becoming Follower/Learner. State: Replica: 45e66716e112497cb344d22c3479ad5f, State: Initialized, Role: FOLLOWER
I20260709 14:52:07.162058  6959 consensus_queue.cc:260] T 53557b5c0bd84cd1b60ad2ae471e63e7 P 45e66716e112497cb344d22c3479ad5f [NON_LEADER]: Queue going to NON_LEADER mode. State: All replicated index: 0, Majority replicated index: 0, Committed index: 0, Last appended: 0.0, Last appended by leader: 0, Current term: 0, Majority size: -1, State: 0, Mode: NON_LEADER, active raft config: opid_index: -1 OBSOLETE_local: false peers { permanent_uuid: "45e66716e112497cb344d22c3479ad5f" member_type: VOTER last_known_addr { host: "127.6.0.193" port: 33731 } } peers { permanent_uuid: "98bfa8f7f68641bb9ce45b9535e61b5f" member_type: VOTER last_known_addr { host: "127.6.0.194" port: 37491 } } peers { permanent_uuid: "8f83e375bf1f4031a376ccab924aced8" member_type: VOTER last_known_addr { host: "127.6.0.195" port: 36935 } }
I20260709 14:52:07.164196  6959 ts_tablet_manager.cc:1434] T 53557b5c0bd84cd1b60ad2ae471e63e7 P 45e66716e112497cb344d22c3479ad5f: Time spent starting tablet: real 0.006s	user 0.005s	sys 0.000s
I20260709 14:52:07.165005  6959 tablet_bootstrap.cc:492] T 0a59c4d80fc14794b7dfd4efd44dd6b1 P 45e66716e112497cb344d22c3479ad5f: Bootstrap starting.
I20260709 14:52:07.165068  6965 raft_consensus.cc:515] T 0a59c4d80fc14794b7dfd4efd44dd6b1 P 8f83e375bf1f4031a376ccab924aced8 [term 1 FOLLOWER]: Starting leader election with config: opid_index: -1 OBSOLETE_local: false peers { permanent_uuid: "45e66716e112497cb344d22c3479ad5f" member_type: VOTER last_known_addr { host: "127.6.0.193" port: 33731 } } peers { permanent_uuid: "98bfa8f7f68641bb9ce45b9535e61b5f" member_type: VOTER last_known_addr { host: "127.6.0.194" port: 37491 } } peers { permanent_uuid: "8f83e375bf1f4031a376ccab924aced8" member_type: VOTER last_known_addr { host: "127.6.0.195" port: 36935 } }
I20260709 14:52:07.166270  6915 raft_consensus.cc:2393] T 0a59c4d80fc14794b7dfd4efd44dd6b1 P 8f83e375bf1f4031a376ccab924aced8 [term 1 FOLLOWER]: Leader pre-election vote request: Denying vote to candidate 98bfa8f7f68641bb9ce45b9535e61b5f in current term 1: Already voted for candidate 8f83e375bf1f4031a376ccab924aced8 in this term.
I20260709 14:52:07.168493  6769 tablet_service.cc:1917] Received RequestConsensusVote() RPC: tablet_id: "0a59c4d80fc14794b7dfd4efd44dd6b1" candidate_uuid: "8f83e375bf1f4031a376ccab924aced8" candidate_term: 1 candidate_status { last_received { term: 0 index: 0 } } ignore_live_leader: false dest_uuid: "45e66716e112497cb344d22c3479ad5f"
I20260709 14:52:07.169025  6843 tablet_service.cc:1917] Received RequestConsensusVote() RPC: tablet_id: "0a59c4d80fc14794b7dfd4efd44dd6b1" candidate_uuid: "8f83e375bf1f4031a376ccab924aced8" candidate_term: 1 candidate_status { last_received { term: 0 index: 0 } } ignore_live_leader: false dest_uuid: "98bfa8f7f68641bb9ce45b9535e61b5f"
I20260709 14:52:07.169103  6808 leader_election.cc:304] T 0a59c4d80fc14794b7dfd4efd44dd6b1 P 98bfa8f7f68641bb9ce45b9535e61b5f [CANDIDATE]: Term 1 pre-election: Election decided. Result: candidate lost. Election summary: received 3 responses out of 3 voters: 1 yes votes; 2 no votes. yes voters: 98bfa8f7f68641bb9ce45b9535e61b5f; no voters: 45e66716e112497cb344d22c3479ad5f, 8f83e375bf1f4031a376ccab924aced8
I20260709 14:52:07.169627  6843 raft_consensus.cc:3060] T 0a59c4d80fc14794b7dfd4efd44dd6b1 P 98bfa8f7f68641bb9ce45b9535e61b5f [term 0 FOLLOWER]: Advancing to term 1
W20260709 14:52:07.170429  6881 leader_election.cc:343] T 0a59c4d80fc14794b7dfd4efd44dd6b1 P 8f83e375bf1f4031a376ccab924aced8 [CANDIDATE]: Term 1 election: Tablet error from VoteRequest() call to peer 45e66716e112497cb344d22c3479ad5f (127.6.0.193:33731): Illegal state: must be running to vote when last-logged opid is not known
I20260709 14:52:07.170926  6959 tablet_bootstrap.cc:654] T 0a59c4d80fc14794b7dfd4efd44dd6b1 P 45e66716e112497cb344d22c3479ad5f: Neither blocks nor log segments found. Creating new log.
I20260709 14:52:07.171195  6965 leader_election.cc:290] T 0a59c4d80fc14794b7dfd4efd44dd6b1 P 8f83e375bf1f4031a376ccab924aced8 [CANDIDATE]: Term 1 election: Requested vote from peers 45e66716e112497cb344d22c3479ad5f (127.6.0.193:33731), 98bfa8f7f68641bb9ce45b9535e61b5f (127.6.0.194:37491)
I20260709 14:52:07.175199  6959 tablet_bootstrap.cc:492] T 0a59c4d80fc14794b7dfd4efd44dd6b1 P 45e66716e112497cb344d22c3479ad5f: No bootstrap required, opened a new log
I20260709 14:52:07.175594  6959 ts_tablet_manager.cc:1403] T 0a59c4d80fc14794b7dfd4efd44dd6b1 P 45e66716e112497cb344d22c3479ad5f: Time spent bootstrapping tablet: real 0.011s	user 0.009s	sys 0.000s
I20260709 14:52:07.176195  6843 raft_consensus.cc:2468] T 0a59c4d80fc14794b7dfd4efd44dd6b1 P 98bfa8f7f68641bb9ce45b9535e61b5f [term 1 FOLLOWER]: Leader election vote request: Granting yes vote for candidate 8f83e375bf1f4031a376ccab924aced8 in term 1.
I20260709 14:52:07.177058  6987 raft_consensus.cc:2749] T 0a59c4d80fc14794b7dfd4efd44dd6b1 P 98bfa8f7f68641bb9ce45b9535e61b5f [term 1 FOLLOWER]: Leader pre-election lost for term 1. Reason: could not achieve majority
I20260709 14:52:07.177629  6665 catalog_manager.cc:5697] T 54919faf2e1149e08ebce73f18578550 P 98bfa8f7f68641bb9ce45b9535e61b5f reported cstate change: term changed from 0 to 1, leader changed from <none> to 98bfa8f7f68641bb9ce45b9535e61b5f (127.6.0.194). New cstate: current_term: 1 leader_uuid: "98bfa8f7f68641bb9ce45b9535e61b5f" committed_config { opid_index: -1 OBSOLETE_local: false peers { permanent_uuid: "8f83e375bf1f4031a376ccab924aced8" member_type: VOTER last_known_addr { host: "127.6.0.195" port: 36935 } health_report { overall_health: UNKNOWN } } peers { permanent_uuid: "98bfa8f7f68641bb9ce45b9535e61b5f" member_type: VOTER last_known_addr { host: "127.6.0.194" port: 37491 } health_report { overall_health: HEALTHY } } peers { permanent_uuid: "45e66716e112497cb344d22c3479ad5f" member_type: VOTER last_known_addr { host: "127.6.0.193" port: 33731 } health_report { overall_health: UNKNOWN } } }
I20260709 14:52:07.178108  6959 raft_consensus.cc:359] T 0a59c4d80fc14794b7dfd4efd44dd6b1 P 45e66716e112497cb344d22c3479ad5f [term 0 FOLLOWER]: Replica starting. Triggering 0 pending ops. Active config: opid_index: -1 OBSOLETE_local: false peers { permanent_uuid: "45e66716e112497cb344d22c3479ad5f" member_type: VOTER last_known_addr { host: "127.6.0.193" port: 33731 } } peers { permanent_uuid: "98bfa8f7f68641bb9ce45b9535e61b5f" member_type: VOTER last_known_addr { host: "127.6.0.194" port: 37491 } } peers { permanent_uuid: "8f83e375bf1f4031a376ccab924aced8" member_type: VOTER last_known_addr { host: "127.6.0.195" port: 36935 } }
I20260709 14:52:07.178879  6959 raft_consensus.cc:385] T 0a59c4d80fc14794b7dfd4efd44dd6b1 P 45e66716e112497cb344d22c3479ad5f [term 0 FOLLOWER]: Consensus starting up: Expiring failure detector timer to make a prompt election more likely
I20260709 14:52:07.179148  6959 raft_consensus.cc:740] T 0a59c4d80fc14794b7dfd4efd44dd6b1 P 45e66716e112497cb344d22c3479ad5f [term 0 FOLLOWER]: Becoming Follower/Learner. State: Replica: 45e66716e112497cb344d22c3479ad5f, State: Initialized, Role: FOLLOWER
I20260709 14:52:07.179834  6959 consensus_queue.cc:260] T 0a59c4d80fc14794b7dfd4efd44dd6b1 P 45e66716e112497cb344d22c3479ad5f [NON_LEADER]: Queue going to NON_LEADER mode. State: All replicated index: 0, Majority replicated index: 0, Committed index: 0, Last appended: 0.0, Last appended by leader: 0, Current term: 0, Majority size: -1, State: 0, Mode: NON_LEADER, active raft config: opid_index: -1 OBSOLETE_local: false peers { permanent_uuid: "45e66716e112497cb344d22c3479ad5f" member_type: VOTER last_known_addr { host: "127.6.0.193" port: 33731 } } peers { permanent_uuid: "98bfa8f7f68641bb9ce45b9535e61b5f" member_type: VOTER last_known_addr { host: "127.6.0.194" port: 37491 } } peers { permanent_uuid: "8f83e375bf1f4031a376ccab924aced8" member_type: VOTER last_known_addr { host: "127.6.0.195" port: 36935 } }
I20260709 14:52:07.181090  6883 leader_election.cc:304] T 0a59c4d80fc14794b7dfd4efd44dd6b1 P 8f83e375bf1f4031a376ccab924aced8 [CANDIDATE]: Term 1 election: Election decided. Result: candidate won. Election summary: received 3 responses out of 3 voters: 2 yes votes; 1 no votes. yes voters: 8f83e375bf1f4031a376ccab924aced8, 98bfa8f7f68641bb9ce45b9535e61b5f; no voters: 45e66716e112497cb344d22c3479ad5f
I20260709 14:52:07.153914  6960 tablet_bootstrap.cc:654] T 53557b5c0bd84cd1b60ad2ae471e63e7 P 98bfa8f7f68641bb9ce45b9535e61b5f: Neither blocks nor log segments found. Creating new log.
I20260709 14:52:07.182044  6959 ts_tablet_manager.cc:1434] T 0a59c4d80fc14794b7dfd4efd44dd6b1 P 45e66716e112497cb344d22c3479ad5f: Time spent starting tablet: real 0.006s	user 0.006s	sys 0.000s
I20260709 14:52:07.182093  6965 raft_consensus.cc:2804] T 0a59c4d80fc14794b7dfd4efd44dd6b1 P 8f83e375bf1f4031a376ccab924aced8 [term 1 FOLLOWER]: Leader election won for term 1
I20260709 14:52:07.182587  6965 raft_consensus.cc:697] T 0a59c4d80fc14794b7dfd4efd44dd6b1 P 8f83e375bf1f4031a376ccab924aced8 [term 1 LEADER]: Becoming Leader. State: Replica: 8f83e375bf1f4031a376ccab924aced8, State: Running, Role: LEADER
I20260709 14:52:07.182972  6959 tablet_bootstrap.cc:492] T e71896e33274438990fe951f21419892 P 45e66716e112497cb344d22c3479ad5f: Bootstrap starting.
I20260709 14:52:07.183341  6965 consensus_queue.cc:237] T 0a59c4d80fc14794b7dfd4efd44dd6b1 P 8f83e375bf1f4031a376ccab924aced8 [LEADER]: Queue going to LEADER mode. State: All replicated index: 0, Majority replicated index: 0, Committed index: 0, Last appended: 0.0, Last appended by leader: 0, Current term: 1, Majority size: 2, State: 0, Mode: LEADER, active raft config: opid_index: -1 OBSOLETE_local: false peers { permanent_uuid: "45e66716e112497cb344d22c3479ad5f" member_type: VOTER last_known_addr { host: "127.6.0.193" port: 33731 } } peers { permanent_uuid: "98bfa8f7f68641bb9ce45b9535e61b5f" member_type: VOTER last_known_addr { host: "127.6.0.194" port: 37491 } } peers { permanent_uuid: "8f83e375bf1f4031a376ccab924aced8" member_type: VOTER last_known_addr { host: "127.6.0.195" port: 36935 } }
I20260709 14:52:07.148905  6958 ts_tablet_manager.cc:1434] T 03008e59c6bc4cacb28306a90a190c90 P 8f83e375bf1f4031a376ccab924aced8: Time spent starting tablet: real 0.008s	user 0.006s	sys 0.001s
I20260709 14:52:07.187487  6958 tablet_bootstrap.cc:492] T 699eb81c97cc451bae7a32fb309b73f9 P 8f83e375bf1f4031a376ccab924aced8: Bootstrap starting.
I20260709 14:52:07.193470  6958 tablet_bootstrap.cc:654] T 699eb81c97cc451bae7a32fb309b73f9 P 8f83e375bf1f4031a376ccab924aced8: Neither blocks nor log segments found. Creating new log.
I20260709 14:52:07.155299  6841 raft_consensus.cc:2468] T 699eb81c97cc451bae7a32fb309b73f9 P 98bfa8f7f68641bb9ce45b9535e61b5f [term 1 FOLLOWER]: Leader election vote request: Granting yes vote for candidate 45e66716e112497cb344d22c3479ad5f in term 1.
I20260709 14:52:07.195871  6734 leader_election.cc:304] T 699eb81c97cc451bae7a32fb309b73f9 P 45e66716e112497cb344d22c3479ad5f [CANDIDATE]: Term 1 election: Election decided. Result: candidate won. Election summary: received 3 responses out of 3 voters: 2 yes votes; 1 no votes. yes voters: 45e66716e112497cb344d22c3479ad5f, 98bfa8f7f68641bb9ce45b9535e61b5f; no voters: 8f83e375bf1f4031a376ccab924aced8
I20260709 14:52:07.197005  6964 raft_consensus.cc:2804] T 699eb81c97cc451bae7a32fb309b73f9 P 45e66716e112497cb344d22c3479ad5f [term 1 FOLLOWER]: Leader election won for term 1
I20260709 14:52:07.197463  6964 raft_consensus.cc:697] T 699eb81c97cc451bae7a32fb309b73f9 P 45e66716e112497cb344d22c3479ad5f [term 1 LEADER]: Becoming Leader. State: Replica: 45e66716e112497cb344d22c3479ad5f, State: Running, Role: LEADER
I20260709 14:52:07.198240  6964 consensus_queue.cc:237] T 699eb81c97cc451bae7a32fb309b73f9 P 45e66716e112497cb344d22c3479ad5f [LEADER]: Queue going to LEADER mode. State: All replicated index: 0, Majority replicated index: 0, Committed index: 0, Last appended: 0.0, Last appended by leader: 0, Current term: 1, Majority size: 2, State: 0, Mode: LEADER, active raft config: opid_index: -1 OBSOLETE_local: false peers { permanent_uuid: "45e66716e112497cb344d22c3479ad5f" member_type: VOTER last_known_addr { host: "127.6.0.193" port: 33731 } } peers { permanent_uuid: "98bfa8f7f68641bb9ce45b9535e61b5f" member_type: VOTER last_known_addr { host: "127.6.0.194" port: 37491 } } peers { permanent_uuid: "8f83e375bf1f4031a376ccab924aced8" member_type: VOTER last_known_addr { host: "127.6.0.195" port: 36935 } }
