I20260709 14:52:06.240238 13244 tablet_bootstrap.cc:492] T 89954c53864d43ca8081a887ad981a0c P ac72515ad2ec4f199251e2749f5f97ea: No bootstrap required, opened a new log
I20260709 14:52:06.240036 13271 raft_consensus.cc:515] T 21d6368fddbf448bb1f88cda9e6cad9d P a60cec93a2634fc6ab01fe278e6a3c11 [term 0 FOLLOWER]: Starting pre-election with config: opid_index: -1 OBSOLETE_local: false peers { permanent_uuid: "ac72515ad2ec4f199251e2749f5f97ea" member_type: VOTER last_known_addr { host: "127.12.37.129" port: 43185 } } peers { permanent_uuid: "721c949796bb42bbac663dab9bd7433f" member_type: VOTER last_known_addr { host: "127.12.37.130" port: 45193 } } peers { permanent_uuid: "a60cec93a2634fc6ab01fe278e6a3c11" member_type: VOTER last_known_addr { host: "127.12.37.131" port: 46159 } }
I20260709 14:52:06.240583 13244 ts_tablet_manager.cc:1403] T 89954c53864d43ca8081a887ad981a0c P ac72515ad2ec4f199251e2749f5f97ea: Time spent bootstrapping tablet: real 0.060s	user 0.034s	sys 0.023s
I20260709 14:52:06.242190 13271 leader_election.cc:290] T 21d6368fddbf448bb1f88cda9e6cad9d P a60cec93a2634fc6ab01fe278e6a3c11 [CANDIDATE]: Term 1 pre-election: Requested pre-vote from peers ac72515ad2ec4f199251e2749f5f97ea (127.12.37.129:43185), 721c949796bb42bbac663dab9bd7433f (127.12.37.130:45193)
I20260709 14:52:06.242753 13244 raft_consensus.cc:359] T 89954c53864d43ca8081a887ad981a0c P ac72515ad2ec4f199251e2749f5f97ea [term 0 FOLLOWER]: Replica starting. Triggering 0 pending ops. Active config: opid_index: -1 OBSOLETE_local: false peers { permanent_uuid: "ac72515ad2ec4f199251e2749f5f97ea" member_type: VOTER last_known_addr { host: "127.12.37.129" port: 43185 } } peers { permanent_uuid: "721c949796bb42bbac663dab9bd7433f" member_type: VOTER last_known_addr { host: "127.12.37.130" port: 45193 } } peers { permanent_uuid: "a60cec93a2634fc6ab01fe278e6a3c11" member_type: VOTER last_known_addr { host: "127.12.37.131" port: 46159 } }
I20260709 14:52:06.243297 13244 raft_consensus.cc:385] T 89954c53864d43ca8081a887ad981a0c P ac72515ad2ec4f199251e2749f5f97ea [term 0 FOLLOWER]: Consensus starting up: Expiring failure detector timer to make a prompt election more likely
I20260709 14:52:06.243371 13055 tablet_service.cc:1917] Received RequestConsensusVote() RPC: tablet_id: "21d6368fddbf448bb1f88cda9e6cad9d" candidate_uuid: "a60cec93a2634fc6ab01fe278e6a3c11" candidate_term: 1 candidate_status { last_received { term: 0 index: 0 } } ignore_live_leader: false dest_uuid: "ac72515ad2ec4f199251e2749f5f97ea" is_pre_election: true
I20260709 14:52:06.243588 13244 raft_consensus.cc:740] T 89954c53864d43ca8081a887ad981a0c P ac72515ad2ec4f199251e2749f5f97ea [term 0 FOLLOWER]: Becoming Follower/Learner. State: Replica: ac72515ad2ec4f199251e2749f5f97ea, State: Initialized, Role: FOLLOWER
I20260709 14:52:06.243696 13130 tablet_service.cc:1917] Received RequestConsensusVote() RPC: tablet_id: "21d6368fddbf448bb1f88cda9e6cad9d" candidate_uuid: "a60cec93a2634fc6ab01fe278e6a3c11" candidate_term: 1 candidate_status { last_received { term: 0 index: 0 } } ignore_live_leader: false dest_uuid: "721c949796bb42bbac663dab9bd7433f" is_pre_election: true
I20260709 14:52:06.244019 13055 raft_consensus.cc:2468] T 21d6368fddbf448bb1f88cda9e6cad9d P ac72515ad2ec4f199251e2749f5f97ea [term 0 FOLLOWER]: Leader pre-election vote request: Granting yes vote for candidate a60cec93a2634fc6ab01fe278e6a3c11 in term 0.
I20260709 14:52:06.244364 13130 raft_consensus.cc:2468] T 21d6368fddbf448bb1f88cda9e6cad9d P 721c949796bb42bbac663dab9bd7433f [term 0 FOLLOWER]: Leader pre-election vote request: Granting yes vote for candidate a60cec93a2634fc6ab01fe278e6a3c11 in term 0.
I20260709 14:52:06.244340 13244 consensus_queue.cc:260] T 89954c53864d43ca8081a887ad981a0c P ac72515ad2ec4f199251e2749f5f97ea [NON_LEADER]: Queue going to NON_LEADER mode. State: All replicated index: 0, Majority replicated index: 0, Committed index: 0, Last appended: 0.0, Last appended by leader: 0, Current term: 0, Majority size: -1, State: 0, Mode: NON_LEADER, active raft config: opid_index: -1 OBSOLETE_local: false peers { permanent_uuid: "ac72515ad2ec4f199251e2749f5f97ea" member_type: VOTER last_known_addr { host: "127.12.37.129" port: 43185 } } peers { permanent_uuid: "721c949796bb42bbac663dab9bd7433f" member_type: VOTER last_known_addr { host: "127.12.37.130" port: 45193 } } peers { permanent_uuid: "a60cec93a2634fc6ab01fe278e6a3c11" member_type: VOTER last_known_addr { host: "127.12.37.131" port: 46159 } }
I20260709 14:52:06.245370 13168 leader_election.cc:304] T 21d6368fddbf448bb1f88cda9e6cad9d P a60cec93a2634fc6ab01fe278e6a3c11 [CANDIDATE]: Term 1 pre-election: Election decided. Result: candidate won. Election summary: received 2 responses out of 3 voters: 2 yes votes; 0 no votes. yes voters: a60cec93a2634fc6ab01fe278e6a3c11, ac72515ad2ec4f199251e2749f5f97ea; no voters: 
I20260709 14:52:06.246356 13244 ts_tablet_manager.cc:1434] T 89954c53864d43ca8081a887ad981a0c P ac72515ad2ec4f199251e2749f5f97ea: Time spent starting tablet: real 0.005s	user 0.003s	sys 0.003s
I20260709 14:52:06.246430 13271 raft_consensus.cc:2804] T 21d6368fddbf448bb1f88cda9e6cad9d P a60cec93a2634fc6ab01fe278e6a3c11 [term 0 FOLLOWER]: Leader pre-election won for term 1
I20260709 14:52:06.246825 13271 raft_consensus.cc:493] T 21d6368fddbf448bb1f88cda9e6cad9d P a60cec93a2634fc6ab01fe278e6a3c11 [term 0 FOLLOWER]: Starting leader election (no leader contacted us within the election timeout)
I20260709 14:52:06.247130 13244 tablet_bootstrap.cc:492] T 64e0566b25454579bd863921b3ba6bb8 P ac72515ad2ec4f199251e2749f5f97ea: Bootstrap starting.
I20260709 14:52:06.247130 13271 raft_consensus.cc:3060] T 21d6368fddbf448bb1f88cda9e6cad9d P a60cec93a2634fc6ab01fe278e6a3c11 [term 0 FOLLOWER]: Advancing to term 1
I20260709 14:52:06.239197 13243 ts_tablet_manager.cc:1403] T 0ce27253e45f41888417145819a449ae P a60cec93a2634fc6ab01fe278e6a3c11: Time spent bootstrapping tablet: real 0.115s	user 0.011s	sys 0.000s
I20260709 14:52:06.250385 13243 raft_consensus.cc:359] T 0ce27253e45f41888417145819a449ae P a60cec93a2634fc6ab01fe278e6a3c11 [term 0 FOLLOWER]: Replica starting. Triggering 0 pending ops. Active config: opid_index: -1 OBSOLETE_local: false peers { permanent_uuid: "ac72515ad2ec4f199251e2749f5f97ea" member_type: VOTER last_known_addr { host: "127.12.37.129" port: 43185 } } peers { permanent_uuid: "721c949796bb42bbac663dab9bd7433f" member_type: VOTER last_known_addr { host: "127.12.37.130" port: 45193 } } peers { permanent_uuid: "a60cec93a2634fc6ab01fe278e6a3c11" member_type: VOTER last_known_addr { host: "127.12.37.131" port: 46159 } }
I20260709 14:52:06.251040 13243 raft_consensus.cc:385] T 0ce27253e45f41888417145819a449ae P a60cec93a2634fc6ab01fe278e6a3c11 [term 0 FOLLOWER]: Consensus starting up: Expiring failure detector timer to make a prompt election more likely
I20260709 14:52:06.251319 13243 raft_consensus.cc:740] T 0ce27253e45f41888417145819a449ae P a60cec93a2634fc6ab01fe278e6a3c11 [term 0 FOLLOWER]: Becoming Follower/Learner. State: Replica: a60cec93a2634fc6ab01fe278e6a3c11, State: Initialized, Role: FOLLOWER
I20260709 14:52:06.252148 13243 consensus_queue.cc:260] T 0ce27253e45f41888417145819a449ae P a60cec93a2634fc6ab01fe278e6a3c11 [NON_LEADER]: Queue going to NON_LEADER mode. State: All replicated index: 0, Majority replicated index: 0, Committed index: 0, Last appended: 0.0, Last appended by leader: 0, Current term: 0, Majority size: -1, State: 0, Mode: NON_LEADER, active raft config: opid_index: -1 OBSOLETE_local: false peers { permanent_uuid: "ac72515ad2ec4f199251e2749f5f97ea" member_type: VOTER last_known_addr { host: "127.12.37.129" port: 43185 } } peers { permanent_uuid: "721c949796bb42bbac663dab9bd7433f" member_type: VOTER last_known_addr { host: "127.12.37.130" port: 45193 } } peers { permanent_uuid: "a60cec93a2634fc6ab01fe278e6a3c11" member_type: VOTER last_known_addr { host: "127.12.37.131" port: 46159 } }
I20260709 14:52:06.253811 13271 raft_consensus.cc:515] T 21d6368fddbf448bb1f88cda9e6cad9d P a60cec93a2634fc6ab01fe278e6a3c11 [term 1 FOLLOWER]: Starting leader election with config: opid_index: -1 OBSOLETE_local: false peers { permanent_uuid: "ac72515ad2ec4f199251e2749f5f97ea" member_type: VOTER last_known_addr { host: "127.12.37.129" port: 43185 } } peers { permanent_uuid: "721c949796bb42bbac663dab9bd7433f" member_type: VOTER last_known_addr { host: "127.12.37.130" port: 45193 } } peers { permanent_uuid: "a60cec93a2634fc6ab01fe278e6a3c11" member_type: VOTER last_known_addr { host: "127.12.37.131" port: 46159 } }
I20260709 14:52:06.254464 13130 tablet_service.cc:1917] Received RequestConsensusVote() RPC: tablet_id: "35b15abab64b48568f7c3aa9553a24cc" candidate_uuid: "ac72515ad2ec4f199251e2749f5f97ea" candidate_term: 1 candidate_status { last_received { term: 0 index: 0 } } ignore_live_leader: false dest_uuid: "721c949796bb42bbac663dab9bd7433f"
I20260709 14:52:06.254982 13130 raft_consensus.cc:3060] T 35b15abab64b48568f7c3aa9553a24cc P 721c949796bb42bbac663dab9bd7433f [term 0 FOLLOWER]: Advancing to term 1
I20260709 14:52:06.255712 13271 leader_election.cc:290] T 21d6368fddbf448bb1f88cda9e6cad9d P a60cec93a2634fc6ab01fe278e6a3c11 [CANDIDATE]: Term 1 election: Requested vote from peers ac72515ad2ec4f199251e2749f5f97ea (127.12.37.129:43185), 721c949796bb42bbac663dab9bd7433f (127.12.37.130:45193)
I20260709 14:52:06.256371 13055 tablet_service.cc:1917] Received RequestConsensusVote() RPC: tablet_id: "21d6368fddbf448bb1f88cda9e6cad9d" candidate_uuid: "a60cec93a2634fc6ab01fe278e6a3c11" candidate_term: 1 candidate_status { last_received { term: 0 index: 0 } } ignore_live_leader: false dest_uuid: "ac72515ad2ec4f199251e2749f5f97ea"
I20260709 14:52:06.256886 13055 raft_consensus.cc:3060] T 21d6368fddbf448bb1f88cda9e6cad9d P ac72515ad2ec4f199251e2749f5f97ea [term 0 FOLLOWER]: Advancing to term 1
I20260709 14:52:06.257035 13129 tablet_service.cc:1917] Received RequestConsensusVote() RPC: tablet_id: "21d6368fddbf448bb1f88cda9e6cad9d" candidate_uuid: "a60cec93a2634fc6ab01fe278e6a3c11" candidate_term: 1 candidate_status { last_received { term: 0 index: 0 } } ignore_live_leader: false dest_uuid: "721c949796bb42bbac663dab9bd7433f"
I20260709 14:52:06.258085 13129 raft_consensus.cc:3060] T 21d6368fddbf448bb1f88cda9e6cad9d P 721c949796bb42bbac663dab9bd7433f [term 0 FOLLOWER]: Advancing to term 1
I20260709 14:52:06.261134 13130 raft_consensus.cc:2468] T 35b15abab64b48568f7c3aa9553a24cc P 721c949796bb42bbac663dab9bd7433f [term 1 FOLLOWER]: Leader election vote request: Granting yes vote for candidate ac72515ad2ec4f199251e2749f5f97ea in term 1.
I20260709 14:52:06.261386 13244 tablet_bootstrap.cc:654] T 64e0566b25454579bd863921b3ba6bb8 P ac72515ad2ec4f199251e2749f5f97ea: Neither blocks nor log segments found. Creating new log.
I20260709 14:52:06.263599 13204 tablet_service.cc:1917] Received RequestConsensusVote() RPC: tablet_id: "35b15abab64b48568f7c3aa9553a24cc" candidate_uuid: "ac72515ad2ec4f199251e2749f5f97ea" candidate_term: 1 candidate_status { last_received { term: 0 index: 0 } } ignore_live_leader: false dest_uuid: "a60cec93a2634fc6ab01fe278e6a3c11" is_pre_election: true
I20260709 14:52:06.264289 13203 tablet_service.cc:1917] Received RequestConsensusVote() RPC: tablet_id: "0ce27253e45f41888417145819a449ae" candidate_uuid: "ac72515ad2ec4f199251e2749f5f97ea" candidate_term: 1 candidate_status { last_received { term: 0 index: 0 } } ignore_live_leader: false dest_uuid: "a60cec93a2634fc6ab01fe278e6a3c11" is_pre_election: true
I20260709 14:52:06.263064 13055 raft_consensus.cc:2468] T 21d6368fddbf448bb1f88cda9e6cad9d P ac72515ad2ec4f199251e2749f5f97ea [term 1 FOLLOWER]: Leader election vote request: Granting yes vote for candidate a60cec93a2634fc6ab01fe278e6a3c11 in term 1.
I20260709 14:52:06.264911 13203 raft_consensus.cc:2468] T 0ce27253e45f41888417145819a449ae P a60cec93a2634fc6ab01fe278e6a3c11 [term 0 FOLLOWER]: Leader pre-election vote request: Granting yes vote for candidate ac72515ad2ec4f199251e2749f5f97ea in term 0.
I20260709 14:52:06.265549 13168 leader_election.cc:304] T 21d6368fddbf448bb1f88cda9e6cad9d P a60cec93a2634fc6ab01fe278e6a3c11 [CANDIDATE]: Term 1 election: Election decided. Result: candidate won. Election summary: received 2 responses out of 3 voters: 2 yes votes; 0 no votes. yes voters: a60cec93a2634fc6ab01fe278e6a3c11, ac72515ad2ec4f199251e2749f5f97ea; no voters: 
I20260709 14:52:06.266000 13018 leader_election.cc:304] T 35b15abab64b48568f7c3aa9553a24cc P ac72515ad2ec4f199251e2749f5f97ea [CANDIDATE]: Term 1 election: Election decided. Result: candidate won. Election summary: received 2 responses out of 3 voters: 2 yes votes; 0 no votes. yes voters: 721c949796bb42bbac663dab9bd7433f, ac72515ad2ec4f199251e2749f5f97ea; no voters: 
I20260709 14:52:06.265554 13129 raft_consensus.cc:2468] T 21d6368fddbf448bb1f88cda9e6cad9d P 721c949796bb42bbac663dab9bd7433f [term 1 FOLLOWER]: Leader election vote request: Granting yes vote for candidate a60cec93a2634fc6ab01fe278e6a3c11 in term 1.
I20260709 14:52:06.266450 13203 tablet_service.cc:1917] Received RequestConsensusVote() RPC: tablet_id: "35b15abab64b48568f7c3aa9553a24cc" candidate_uuid: "ac72515ad2ec4f199251e2749f5f97ea" candidate_term: 1 candidate_status { last_received { term: 0 index: 0 } } ignore_live_leader: false dest_uuid: "a60cec93a2634fc6ab01fe278e6a3c11"
I20260709 14:52:06.267958 13271 raft_consensus.cc:2804] T 21d6368fddbf448bb1f88cda9e6cad9d P a60cec93a2634fc6ab01fe278e6a3c11 [term 1 FOLLOWER]: Leader election won for term 1
I20260709 14:52:06.268429 13271 raft_consensus.cc:697] T 21d6368fddbf448bb1f88cda9e6cad9d P a60cec93a2634fc6ab01fe278e6a3c11 [term 1 LEADER]: Becoming Leader. State: Replica: a60cec93a2634fc6ab01fe278e6a3c11, State: Running, Role: LEADER
I20260709 14:52:06.269219 13271 consensus_queue.cc:237] T 21d6368fddbf448bb1f88cda9e6cad9d P a60cec93a2634fc6ab01fe278e6a3c11 [LEADER]: Queue going to LEADER mode. State: All replicated index: 0, Majority replicated index: 0, Committed index: 0, Last appended: 0.0, Last appended by leader: 0, Current term: 1, Majority size: 2, State: 0, Mode: LEADER, active raft config: opid_index: -1 OBSOLETE_local: false peers { permanent_uuid: "ac72515ad2ec4f199251e2749f5f97ea" member_type: VOTER last_known_addr { host: "127.12.37.129" port: 43185 } } peers { permanent_uuid: "721c949796bb42bbac663dab9bd7433f" member_type: VOTER last_known_addr { host: "127.12.37.130" port: 45193 } } peers { permanent_uuid: "a60cec93a2634fc6ab01fe278e6a3c11" member_type: VOTER last_known_addr { host: "127.12.37.131" port: 46159 } }
I20260709 14:52:06.276033 13243 ts_tablet_manager.cc:1434] T 0ce27253e45f41888417145819a449ae P a60cec93a2634fc6ab01fe278e6a3c11: Time spent starting tablet: real 0.028s	user 0.005s	sys 0.000s
I20260709 14:52:06.277087 13243 tablet_bootstrap.cc:492] T 89954c53864d43ca8081a887ad981a0c P a60cec93a2634fc6ab01fe278e6a3c11: Bootstrap starting.
I20260709 14:52:06.278925 13288 raft_consensus.cc:493] T 08745babe1c04f3fa49958f8fa78a0e7 P ac72515ad2ec4f199251e2749f5f97ea [term 0 FOLLOWER]: Starting pre-election (no leader contacted us within the election timeout)
I20260709 14:52:06.279397 13288 raft_consensus.cc:515] T 08745babe1c04f3fa49958f8fa78a0e7 P ac72515ad2ec4f199251e2749f5f97ea [term 0 FOLLOWER]: Starting pre-election with config: opid_index: -1 OBSOLETE_local: false peers { permanent_uuid: "ac72515ad2ec4f199251e2749f5f97ea" member_type: VOTER last_known_addr { host: "127.12.37.129" port: 43185 } } peers { permanent_uuid: "721c949796bb42bbac663dab9bd7433f" member_type: VOTER last_known_addr { host: "127.12.37.130" port: 45193 } } peers { permanent_uuid: "a60cec93a2634fc6ab01fe278e6a3c11" member_type: VOTER last_known_addr { host: "127.12.37.131" port: 46159 } }
I20260709 14:52:06.280397 13244 tablet_bootstrap.cc:492] T 64e0566b25454579bd863921b3ba6bb8 P ac72515ad2ec4f199251e2749f5f97ea: No bootstrap required, opened a new log
I20260709 14:52:06.280882 13244 ts_tablet_manager.cc:1403] T 64e0566b25454579bd863921b3ba6bb8 P ac72515ad2ec4f199251e2749f5f97ea: Time spent bootstrapping tablet: real 0.034s	user 0.007s	sys 0.008s
I20260709 14:52:06.280498 12952 catalog_manager.cc:5697] T 21d6368fddbf448bb1f88cda9e6cad9d P a60cec93a2634fc6ab01fe278e6a3c11 reported cstate change: term changed from 0 to 1, leader changed from <none> to a60cec93a2634fc6ab01fe278e6a3c11 (127.12.37.131). New cstate: current_term: 1 leader_uuid: "a60cec93a2634fc6ab01fe278e6a3c11" committed_config { opid_index: -1 OBSOLETE_local: false peers { permanent_uuid: "ac72515ad2ec4f199251e2749f5f97ea" member_type: VOTER last_known_addr { host: "127.12.37.129" port: 43185 } health_report { overall_health: UNKNOWN } } peers { permanent_uuid: "721c949796bb42bbac663dab9bd7433f" member_type: VOTER last_known_addr { host: "127.12.37.130" port: 45193 } health_report { overall_health: UNKNOWN } } peers { permanent_uuid: "a60cec93a2634fc6ab01fe278e6a3c11" member_type: VOTER last_known_addr { host: "127.12.37.131" port: 46159 } health_report { overall_health: HEALTHY } } }
I20260709 14:52:06.281430 13288 leader_election.cc:290] T 08745babe1c04f3fa49958f8fa78a0e7 P ac72515ad2ec4f199251e2749f5f97ea [CANDIDATE]: Term 1 pre-election: Requested pre-vote from peers 721c949796bb42bbac663dab9bd7433f (127.12.37.130:45193), a60cec93a2634fc6ab01fe278e6a3c11 (127.12.37.131:46159)
I20260709 14:52:06.281967 13288 raft_consensus.cc:2804] T 35b15abab64b48568f7c3aa9553a24cc P ac72515ad2ec4f199251e2749f5f97ea [term 1 FOLLOWER]: Leader election won for term 1
I20260709 14:52:06.282382 13288 raft_consensus.cc:697] T 35b15abab64b48568f7c3aa9553a24cc P ac72515ad2ec4f199251e2749f5f97ea [term 1 LEADER]: Becoming Leader. State: Replica: ac72515ad2ec4f199251e2749f5f97ea, State: Running, Role: LEADER
I20260709 14:52:06.283120 13288 consensus_queue.cc:237] T 35b15abab64b48568f7c3aa9553a24cc P ac72515ad2ec4f199251e2749f5f97ea [LEADER]: Queue going to LEADER mode. State: All replicated index: 0, Majority replicated index: 0, Committed index: 0, Last appended: 0.0, Last appended by leader: 0, Current term: 1, Majority size: 2, State: 0, Mode: LEADER, active raft config: opid_index: -1 OBSOLETE_local: false peers { permanent_uuid: "ac72515ad2ec4f199251e2749f5f97ea" member_type: VOTER last_known_addr { host: "127.12.37.129" port: 43185 } } peers { permanent_uuid: "721c949796bb42bbac663dab9bd7433f" member_type: VOTER last_known_addr { host: "127.12.37.130" port: 45193 } } peers { permanent_uuid: "a60cec93a2634fc6ab01fe278e6a3c11" member_type: VOTER last_known_addr { host: "127.12.37.131" port: 46159 } }
I20260709 14:52:06.283690 13244 raft_consensus.cc:359] T 64e0566b25454579bd863921b3ba6bb8 P ac72515ad2ec4f199251e2749f5f97ea [term 0 FOLLOWER]: Replica starting. Triggering 0 pending ops. Active config: opid_index: -1 OBSOLETE_local: false peers { permanent_uuid: "ac72515ad2ec4f199251e2749f5f97ea" member_type: VOTER last_known_addr { host: "127.12.37.129" port: 43185 } } peers { permanent_uuid: "721c949796bb42bbac663dab9bd7433f" member_type: VOTER last_known_addr { host: "127.12.37.130" port: 45193 } } peers { permanent_uuid: "a60cec93a2634fc6ab01fe278e6a3c11" member_type: VOTER last_known_addr { host: "127.12.37.131" port: 46159 } }
I20260709 14:52:06.284451 13244 raft_consensus.cc:385] T 64e0566b25454579bd863921b3ba6bb8 P ac72515ad2ec4f199251e2749f5f97ea [term 0 FOLLOWER]: Consensus starting up: Expiring failure detector timer to make a prompt election more likely
I20260709 14:52:06.284744 13244 raft_consensus.cc:740] T 64e0566b25454579bd863921b3ba6bb8 P ac72515ad2ec4f199251e2749f5f97ea [term 0 FOLLOWER]: Becoming Follower/Learner. State: Replica: ac72515ad2ec4f199251e2749f5f97ea, State: Initialized, Role: FOLLOWER
I20260709 14:52:06.285392 13244 consensus_queue.cc:260] T 64e0566b25454579bd863921b3ba6bb8 P ac72515ad2ec4f199251e2749f5f97ea [NON_LEADER]: Queue going to NON_LEADER mode. State: All replicated index: 0, Majority replicated index: 0, Committed index: 0, Last appended: 0.0, Last appended by leader: 0, Current term: 0, Majority size: -1, State: 0, Mode: NON_LEADER, active raft config: opid_index: -1 OBSOLETE_local: false peers { permanent_uuid: "ac72515ad2ec4f199251e2749f5f97ea" member_type: VOTER last_known_addr { host: "127.12.37.129" port: 43185 } } peers { permanent_uuid: "721c949796bb42bbac663dab9bd7433f" member_type: VOTER last_known_addr { host: "127.12.37.130" port: 45193 } } peers { permanent_uuid: "a60cec93a2634fc6ab01fe278e6a3c11" member_type: VOTER last_known_addr { host: "127.12.37.131" port: 46159 } }
I20260709 14:52:06.285934 13249 raft_consensus.cc:515] T 0ce27253e45f41888417145819a449ae P ac72515ad2ec4f199251e2749f5f97ea [term 1 FOLLOWER]: Starting leader election with config: opid_index: -1 OBSOLETE_local: false peers { permanent_uuid: "ac72515ad2ec4f199251e2749f5f97ea" member_type: VOTER last_known_addr { host: "127.12.37.129" port: 43185 } } peers { permanent_uuid: "721c949796bb42bbac663dab9bd7433f" member_type: VOTER last_known_addr { host: "127.12.37.130" port: 45193 } } peers { permanent_uuid: "a60cec93a2634fc6ab01fe278e6a3c11" member_type: VOTER last_known_addr { host: "127.12.37.131" port: 46159 } }
I20260709 14:52:06.287823 13249 leader_election.cc:290] T 0ce27253e45f41888417145819a449ae P ac72515ad2ec4f199251e2749f5f97ea [CANDIDATE]: Term 1 election: Requested vote from peers 721c949796bb42bbac663dab9bd7433f (127.12.37.130:45193), a60cec93a2634fc6ab01fe278e6a3c11 (127.12.37.131:46159)
I20260709 14:52:06.296257 13245 tablet_bootstrap.cc:492] T 64e0566b25454579bd863921b3ba6bb8 P 721c949796bb42bbac663dab9bd7433f: No bootstrap required, opened a new log
I20260709 14:52:06.296676 13245 ts_tablet_manager.cc:1403] T 64e0566b25454579bd863921b3ba6bb8 P 721c949796bb42bbac663dab9bd7433f: Time spent bootstrapping tablet: real 0.069s	user 0.017s	sys 0.009s
I20260709 14:52:06.298451 13243 tablet_bootstrap.cc:654] T 89954c53864d43ca8081a887ad981a0c P a60cec93a2634fc6ab01fe278e6a3c11: Neither blocks nor log segments found. Creating new log.
I20260709 14:52:06.299882 13129 tablet_service.cc:1917] Received RequestConsensusVote() RPC: tablet_id: "08745babe1c04f3fa49958f8fa78a0e7" candidate_uuid: "ac72515ad2ec4f199251e2749f5f97ea" candidate_term: 1 candidate_status { last_received { term: 0 index: 0 } } ignore_live_leader: false dest_uuid: "721c949796bb42bbac663dab9bd7433f" is_pre_election: true
I20260709 14:52:06.300472 13129 raft_consensus.cc:2468] T 08745babe1c04f3fa49958f8fa78a0e7 P 721c949796bb42bbac663dab9bd7433f [term 0 FOLLOWER]: Leader pre-election vote request: Granting yes vote for candidate ac72515ad2ec4f199251e2749f5f97ea in term 0.
I20260709 14:52:06.302172 13203 tablet_service.cc:1917] Received RequestConsensusVote() RPC: tablet_id: "08745babe1c04f3fa49958f8fa78a0e7" candidate_uuid: "ac72515ad2ec4f199251e2749f5f97ea" candidate_term: 1 candidate_status { last_received { term: 0 index: 0 } } ignore_live_leader: false dest_uuid: "a60cec93a2634fc6ab01fe278e6a3c11" is_pre_election: true
I20260709 14:52:06.302399 13129 tablet_service.cc:1917] Received RequestConsensusVote() RPC: tablet_id: "0ce27253e45f41888417145819a449ae" candidate_uuid: "ac72515ad2ec4f199251e2749f5f97ea" candidate_term: 1 candidate_status { last_received { term: 0 index: 0 } } ignore_live_leader: false dest_uuid: "721c949796bb42bbac663dab9bd7433f"
I20260709 14:52:06.302981 13129 raft_consensus.cc:3060] T 0ce27253e45f41888417145819a449ae P 721c949796bb42bbac663dab9bd7433f [term 0 FOLLOWER]: Advancing to term 1
I20260709 14:52:06.303653 13244 ts_tablet_manager.cc:1434] T 64e0566b25454579bd863921b3ba6bb8 P ac72515ad2ec4f199251e2749f5f97ea: Time spent starting tablet: real 0.022s	user 0.013s	sys 0.007s
I20260709 14:52:06.308583 13243 tablet_bootstrap.cc:492] T 89954c53864d43ca8081a887ad981a0c P a60cec93a2634fc6ab01fe278e6a3c11: No bootstrap required, opened a new log
I20260709 14:52:06.309016 13243 ts_tablet_manager.cc:1403] T 89954c53864d43ca8081a887ad981a0c P a60cec93a2634fc6ab01fe278e6a3c11: Time spent bootstrapping tablet: real 0.032s	user 0.008s	sys 0.002s
I20260709 14:52:06.309644 13129 raft_consensus.cc:2468] T 0ce27253e45f41888417145819a449ae P 721c949796bb42bbac663dab9bd7433f [term 1 FOLLOWER]: Leader election vote request: Granting yes vote for candidate ac72515ad2ec4f199251e2749f5f97ea in term 1.
I20260709 14:52:06.309686 13203 tablet_service.cc:1917] Received RequestConsensusVote() RPC: tablet_id: "0ce27253e45f41888417145819a449ae" candidate_uuid: "ac72515ad2ec4f199251e2749f5f97ea" candidate_term: 1 candidate_status { last_received { term: 0 index: 0 } } ignore_live_leader: false dest_uuid: "a60cec93a2634fc6ab01fe278e6a3c11"
I20260709 14:52:06.310309 13203 raft_consensus.cc:3060] T 0ce27253e45f41888417145819a449ae P a60cec93a2634fc6ab01fe278e6a3c11 [term 0 FOLLOWER]: Advancing to term 1
I20260709 14:52:06.311021 12951 catalog_manager.cc:5697] T 35b15abab64b48568f7c3aa9553a24cc P ac72515ad2ec4f199251e2749f5f97ea reported cstate change: term changed from 0 to 1, leader changed from <none> to ac72515ad2ec4f199251e2749f5f97ea (127.12.37.129). New cstate: current_term: 1 leader_uuid: "ac72515ad2ec4f199251e2749f5f97ea" committed_config { opid_index: -1 OBSOLETE_local: false peers { permanent_uuid: "ac72515ad2ec4f199251e2749f5f97ea" member_type: VOTER last_known_addr { host: "127.12.37.129" port: 43185 } health_report { overall_health: HEALTHY } } peers { permanent_uuid: "721c949796bb42bbac663dab9bd7433f" member_type: VOTER last_known_addr { host: "127.12.37.130" port: 45193 } health_report { overall_health: UNKNOWN } } peers { permanent_uuid: "a60cec93a2634fc6ab01fe278e6a3c11" member_type: VOTER last_known_addr { host: "127.12.37.131" port: 46159 } health_report { overall_health: UNKNOWN } } }
W20260709 14:52:06.313500 13018 leader_election.cc:343] T 35b15abab64b48568f7c3aa9553a24cc P ac72515ad2ec4f199251e2749f5f97ea [CANDIDATE]: Term 1 pre-election: Tablet error from VoteRequest() call to peer a60cec93a2634fc6ab01fe278e6a3c11 (127.12.37.131:46159): Illegal state: must be running to vote when last-logged opid is not known
W20260709 14:52:06.314775 13018 leader_election.cc:343] T 35b15abab64b48568f7c3aa9553a24cc P ac72515ad2ec4f199251e2749f5f97ea [CANDIDATE]: Term 1 election: Tablet error from VoteRequest() call to peer a60cec93a2634fc6ab01fe278e6a3c11 (127.12.37.131:46159): Illegal state: must be running to vote when last-logged opid is not known
W20260709 14:52:06.315599 13018 leader_election.cc:343] T 08745babe1c04f3fa49958f8fa78a0e7 P ac72515ad2ec4f199251e2749f5f97ea [CANDIDATE]: Term 1 pre-election: Tablet error from VoteRequest() call to peer a60cec93a2634fc6ab01fe278e6a3c11 (127.12.37.131:46159): Illegal state: must be running to vote when last-logged opid is not known
I20260709 14:52:06.316188 13018 leader_election.cc:304] T 08745babe1c04f3fa49958f8fa78a0e7 P ac72515ad2ec4f199251e2749f5f97ea [CANDIDATE]: Term 1 pre-election: Election decided. Result: candidate won. Election summary: received 3 responses out of 3 voters: 2 yes votes; 1 no votes. yes voters: 721c949796bb42bbac663dab9bd7433f, ac72515ad2ec4f199251e2749f5f97ea; no voters: a60cec93a2634fc6ab01fe278e6a3c11
I20260709 14:52:06.316277 13203 raft_consensus.cc:2468] T 0ce27253e45f41888417145819a449ae P a60cec93a2634fc6ab01fe278e6a3c11 [term 1 FOLLOWER]: Leader election vote request: Granting yes vote for candidate ac72515ad2ec4f199251e2749f5f97ea in term 1.
I20260709 14:52:06.316762 13288 raft_consensus.cc:2804] T 08745babe1c04f3fa49958f8fa78a0e7 P ac72515ad2ec4f199251e2749f5f97ea [term 0 FOLLOWER]: Leader pre-election won for term 1
I20260709 14:52:06.317116 13288 raft_consensus.cc:493] T 08745babe1c04f3fa49958f8fa78a0e7 P ac72515ad2ec4f199251e2749f5f97ea [term 0 FOLLOWER]: Starting leader election (no leader contacted us within the election timeout)
I20260709 14:52:06.317561 13288 raft_consensus.cc:3060] T 08745babe1c04f3fa49958f8fa78a0e7 P ac72515ad2ec4f199251e2749f5f97ea [term 0 FOLLOWER]: Advancing to term 1
I20260709 14:52:06.317840 13245 raft_consensus.cc:359] T 64e0566b25454579bd863921b3ba6bb8 P 721c949796bb42bbac663dab9bd7433f [term 0 FOLLOWER]: Replica starting. Triggering 0 pending ops. Active config: opid_index: -1 OBSOLETE_local: false peers { permanent_uuid: "ac72515ad2ec4f199251e2749f5f97ea" member_type: VOTER last_known_addr { host: "127.12.37.129" port: 43185 } } peers { permanent_uuid: "721c949796bb42bbac663dab9bd7433f" member_type: VOTER last_known_addr { host: "127.12.37.130" port: 45193 } } peers { permanent_uuid: "a60cec93a2634fc6ab01fe278e6a3c11" member_type: VOTER last_known_addr { host: "127.12.37.131" port: 46159 } }
I20260709 14:52:06.318460 13245 raft_consensus.cc:385] T 64e0566b25454579bd863921b3ba6bb8 P 721c949796bb42bbac663dab9bd7433f [term 0 FOLLOWER]: Consensus starting up: Expiring failure detector timer to make a prompt election more likely
I20260709 14:52:06.318104 13243 raft_consensus.cc:359] T 89954c53864d43ca8081a887ad981a0c P a60cec93a2634fc6ab01fe278e6a3c11 [term 0 FOLLOWER]: Replica starting. Triggering 0 pending ops. Active config: opid_index: -1 OBSOLETE_local: false peers { permanent_uuid: "ac72515ad2ec4f199251e2749f5f97ea" member_type: VOTER last_known_addr { host: "127.12.37.129" port: 43185 } } peers { permanent_uuid: "721c949796bb42bbac663dab9bd7433f" member_type: VOTER last_known_addr { host: "127.12.37.130" port: 45193 } } peers { permanent_uuid: "a60cec93a2634fc6ab01fe278e6a3c11" member_type: VOTER last_known_addr { host: "127.12.37.131" port: 46159 } }
I20260709 14:52:06.318732 13245 raft_consensus.cc:740] T 64e0566b25454579bd863921b3ba6bb8 P 721c949796bb42bbac663dab9bd7433f [term 0 FOLLOWER]: Becoming Follower/Learner. State: Replica: 721c949796bb42bbac663dab9bd7433f, State: Initialized, Role: FOLLOWER
I20260709 14:52:06.318943 13243 raft_consensus.cc:385] T 89954c53864d43ca8081a887ad981a0c P a60cec93a2634fc6ab01fe278e6a3c11 [term 0 FOLLOWER]: Consensus starting up: Expiring failure detector timer to make a prompt election more likely
I20260709 14:52:06.319372 13243 raft_consensus.cc:740] T 89954c53864d43ca8081a887ad981a0c P a60cec93a2634fc6ab01fe278e6a3c11 [term 0 FOLLOWER]: Becoming Follower/Learner. State: Replica: a60cec93a2634fc6ab01fe278e6a3c11, State: Initialized, Role: FOLLOWER
I20260709 14:52:06.319522 13245 consensus_queue.cc:260] T 64e0566b25454579bd863921b3ba6bb8 P 721c949796bb42bbac663dab9bd7433f [NON_LEADER]: Queue going to NON_LEADER mode. State: All replicated index: 0, Majority replicated index: 0, Committed index: 0, Last appended: 0.0, Last appended by leader: 0, Current term: 0, Majority size: -1, State: 0, Mode: NON_LEADER, active raft config: opid_index: -1 OBSOLETE_local: false peers { permanent_uuid: "ac72515ad2ec4f199251e2749f5f97ea" member_type: VOTER last_known_addr { host: "127.12.37.129" port: 43185 } } peers { permanent_uuid: "721c949796bb42bbac663dab9bd7433f" member_type: VOTER last_known_addr { host: "127.12.37.130" port: 45193 } } peers { permanent_uuid: "a60cec93a2634fc6ab01fe278e6a3c11" member_type: VOTER last_known_addr { host: "127.12.37.131" port: 46159 } }
I20260709 14:52:06.320278 13243 consensus_queue.cc:260] T 89954c53864d43ca8081a887ad981a0c P a60cec93a2634fc6ab01fe278e6a3c11 [NON_LEADER]: Queue going to NON_LEADER mode. State: All replicated index: 0, Majority replicated index: 0, Committed index: 0, Last appended: 0.0, Last appended by leader: 0, Current term: 0, Majority size: -1, State: 0, Mode: NON_LEADER, active raft config: opid_index: -1 OBSOLETE_local: false peers { permanent_uuid: "ac72515ad2ec4f199251e2749f5f97ea" member_type: VOTER last_known_addr { host: "127.12.37.129" port: 43185 } } peers { permanent_uuid: "721c949796bb42bbac663dab9bd7433f" member_type: VOTER last_known_addr { host: "127.12.37.130" port: 45193 } } peers { permanent_uuid: "a60cec93a2634fc6ab01fe278e6a3c11" member_type: VOTER last_known_addr { host: "127.12.37.131" port: 46159 } }
I20260709 14:52:06.321534 13245 ts_tablet_manager.cc:1434] T 64e0566b25454579bd863921b3ba6bb8 P 721c949796bb42bbac663dab9bd7433f: Time spent starting tablet: real 0.025s	user 0.003s	sys 0.005s
I20260709 14:52:06.322367 13245 tablet_bootstrap.cc:492] T f88fdd124a4241cc9dec055874790216 P 721c949796bb42bbac663dab9bd7433f: Bootstrap starting.
I20260709 14:52:06.322471 13243 ts_tablet_manager.cc:1434] T 89954c53864d43ca8081a887ad981a0c P a60cec93a2634fc6ab01fe278e6a3c11: Time spent starting tablet: real 0.013s	user 0.006s	sys 0.000s
I20260709 14:52:06.323454 13243 tablet_bootstrap.cc:492] T 35b15abab64b48568f7c3aa9553a24cc P a60cec93a2634fc6ab01fe278e6a3c11: Bootstrap starting.
I20260709 14:52:06.317086 13018 leader_election.cc:304] T 0ce27253e45f41888417145819a449ae P ac72515ad2ec4f199251e2749f5f97ea [CANDIDATE]: Term 1 election: Election decided. Result: candidate won. Election summary: received 2 responses out of 3 voters: 2 yes votes; 0 no votes. yes voters: 721c949796bb42bbac663dab9bd7433f, ac72515ad2ec4f199251e2749f5f97ea; no voters: 
I20260709 14:52:06.327929 13288 raft_consensus.cc:515] T 08745babe1c04f3fa49958f8fa78a0e7 P ac72515ad2ec4f199251e2749f5f97ea [term 1 FOLLOWER]: Starting leader election with config: opid_index: -1 OBSOLETE_local: false peers { permanent_uuid: "ac72515ad2ec4f199251e2749f5f97ea" member_type: VOTER last_known_addr { host: "127.12.37.129" port: 43185 } } peers { permanent_uuid: "721c949796bb42bbac663dab9bd7433f" member_type: VOTER last_known_addr { host: "127.12.37.130" port: 45193 } } peers { permanent_uuid: "a60cec93a2634fc6ab01fe278e6a3c11" member_type: VOTER last_known_addr { host: "127.12.37.131" port: 46159 } }
I20260709 14:52:06.328419 13250 raft_consensus.cc:493] T 89954c53864d43ca8081a887ad981a0c P 721c949796bb42bbac663dab9bd7433f [term 0 FOLLOWER]: Starting pre-election (no leader contacted us within the election timeout)
I20260709 14:52:06.328742 13293 raft_consensus.cc:2804] T 0ce27253e45f41888417145819a449ae P ac72515ad2ec4f199251e2749f5f97ea [term 1 FOLLOWER]: Leader election won for term 1
I20260709 14:52:06.328881 13250 raft_consensus.cc:515] T 89954c53864d43ca8081a887ad981a0c P 721c949796bb42bbac663dab9bd7433f [term 0 FOLLOWER]: Starting pre-election with config: opid_index: -1 OBSOLETE_local: false peers { permanent_uuid: "ac72515ad2ec4f199251e2749f5f97ea" member_type: VOTER last_known_addr { host: "127.12.37.129" port: 43185 } } peers { permanent_uuid: "721c949796bb42bbac663dab9bd7433f" member_type: VOTER last_known_addr { host: "127.12.37.130" port: 45193 } } peers { permanent_uuid: "a60cec93a2634fc6ab01fe278e6a3c11" member_type: VOTER last_known_addr { host: "127.12.37.131" port: 46159 } }
I20260709 14:52:06.329291 13293 raft_consensus.cc:697] T 0ce27253e45f41888417145819a449ae P ac72515ad2ec4f199251e2749f5f97ea [term 1 LEADER]: Becoming Leader. State: Replica: ac72515ad2ec4f199251e2749f5f97ea, State: Running, Role: LEADER
I20260709 14:52:06.329859 13243 tablet_bootstrap.cc:654] T 35b15abab64b48568f7c3aa9553a24cc P a60cec93a2634fc6ab01fe278e6a3c11: Neither blocks nor log segments found. Creating new log.
I20260709 14:52:06.330111 13288 leader_election.cc:290] T 08745babe1c04f3fa49958f8fa78a0e7 P ac72515ad2ec4f199251e2749f5f97ea [CANDIDATE]: Term 1 election: Requested vote from peers 721c949796bb42bbac663dab9bd7433f (127.12.37.130:45193), a60cec93a2634fc6ab01fe278e6a3c11 (127.12.37.131:46159)
I20260709 14:52:06.330899 13250 leader_election.cc:290] T 89954c53864d43ca8081a887ad981a0c P 721c949796bb42bbac663dab9bd7433f [CANDIDATE]: Term 1 pre-election: Requested pre-vote from peers ac72515ad2ec4f199251e2749f5f97ea (127.12.37.129:43185), a60cec93a2634fc6ab01fe278e6a3c11 (127.12.37.131:46159)
I20260709 14:52:06.330118 13293 consensus_queue.cc:237] T 0ce27253e45f41888417145819a449ae P ac72515ad2ec4f199251e2749f5f97ea [LEADER]: Queue going to LEADER mode. State: All replicated index: 0, Majority replicated index: 0, Committed index: 0, Last appended: 0.0, Last appended by leader: 0, Current term: 1, Majority size: 2, State: 0, Mode: LEADER, active raft config: opid_index: -1 OBSOLETE_local: false peers { permanent_uuid: "ac72515ad2ec4f199251e2749f5f97ea" member_type: VOTER last_known_addr { host: "127.12.37.129" port: 43185 } } peers { permanent_uuid: "721c949796bb42bbac663dab9bd7433f" member_type: VOTER last_known_addr { host: "127.12.37.130" port: 45193 } } peers { permanent_uuid: "a60cec93a2634fc6ab01fe278e6a3c11" member_type: VOTER last_known_addr { host: "127.12.37.131" port: 46159 } }
I20260709 14:52:06.331826 13055 tablet_service.cc:1917] Received RequestConsensusVote() RPC: tablet_id: "89954c53864d43ca8081a887ad981a0c" candidate_uuid: "721c949796bb42bbac663dab9bd7433f" candidate_term: 1 candidate_status { last_received { term: 0 index: 0 } } ignore_live_leader: false dest_uuid: "ac72515ad2ec4f199251e2749f5f97ea" is_pre_election: true
I20260709 14:52:06.332329 13204 tablet_service.cc:1917] Received RequestConsensusVote() RPC: tablet_id: "89954c53864d43ca8081a887ad981a0c" candidate_uuid: "721c949796bb42bbac663dab9bd7433f" candidate_term: 1 candidate_status { last_received { term: 0 index: 0 } } ignore_live_leader: false dest_uuid: "a60cec93a2634fc6ab01fe278e6a3c11" is_pre_election: true
I20260709 14:52:06.332425 13055 raft_consensus.cc:2468] T 89954c53864d43ca8081a887ad981a0c P ac72515ad2ec4f199251e2749f5f97ea [term 0 FOLLOWER]: Leader pre-election vote request: Granting yes vote for candidate 721c949796bb42bbac663dab9bd7433f in term 0.
I20260709 14:52:06.327942 13245 tablet_bootstrap.cc:654] T f88fdd124a4241cc9dec055874790216 P 721c949796bb42bbac663dab9bd7433f: Neither blocks nor log segments found. Creating new log.
I20260709 14:52:06.331851 13129 tablet_service.cc:1917] Received RequestConsensusVote() RPC: tablet_id: "08745babe1c04f3fa49958f8fa78a0e7" candidate_uuid: "ac72515ad2ec4f199251e2749f5f97ea" candidate_term: 1 candidate_status { last_received { term: 0 index: 0 } } ignore_live_leader: false dest_uuid: "721c949796bb42bbac663dab9bd7433f"
I20260709 14:52:06.333657 13094 leader_election.cc:304] T 89954c53864d43ca8081a887ad981a0c P 721c949796bb42bbac663dab9bd7433f [CANDIDATE]: Term 1 pre-election: Election decided. Result: candidate won. Election summary: received 2 responses out of 3 voters: 2 yes votes; 0 no votes. yes voters: 721c949796bb42bbac663dab9bd7433f, ac72515ad2ec4f199251e2749f5f97ea; no voters: 
I20260709 14:52:06.333814 13204 raft_consensus.cc:2468] T 89954c53864d43ca8081a887ad981a0c P a60cec93a2634fc6ab01fe278e6a3c11 [term 0 FOLLOWER]: Leader pre-election vote request: Granting yes vote for candidate 721c949796bb42bbac663dab9bd7433f in term 0.
I20260709 14:52:06.334115 13202 tablet_service.cc:1917] Received RequestConsensusVote() RPC: tablet_id: "08745babe1c04f3fa49958f8fa78a0e7" candidate_uuid: "ac72515ad2ec4f199251e2749f5f97ea" candidate_term: 1 candidate_status { last_received { term: 0 index: 0 } } ignore_live_leader: false dest_uuid: "a60cec93a2634fc6ab01fe278e6a3c11"
I20260709 14:52:06.334484 13250 raft_consensus.cc:2804] T 89954c53864d43ca8081a887ad981a0c P 721c949796bb42bbac663dab9bd7433f [term 0 FOLLOWER]: Leader pre-election won for term 1
I20260709 14:52:06.334820 13250 raft_consensus.cc:493] T 89954c53864d43ca8081a887ad981a0c P 721c949796bb42bbac663dab9bd7433f [term 0 FOLLOWER]: Starting leader election (no leader contacted us within the election timeout)
I20260709 14:52:06.335143 13250 raft_consensus.cc:3060] T 89954c53864d43ca8081a887ad981a0c P 721c949796bb42bbac663dab9bd7433f [term 0 FOLLOWER]: Advancing to term 1
W20260709 14:52:06.335909 13018 leader_election.cc:343] T 08745babe1c04f3fa49958f8fa78a0e7 P ac72515ad2ec4f199251e2749f5f97ea [CANDIDATE]: Term 1 election: Tablet error from VoteRequest() call to peer a60cec93a2634fc6ab01fe278e6a3c11 (127.12.37.131:46159): Illegal state: must be running to vote when last-logged opid is not known
I20260709 14:52:06.333644 13129 raft_consensus.cc:3060] T 08745babe1c04f3fa49958f8fa78a0e7 P 721c949796bb42bbac663dab9bd7433f [term 0 FOLLOWER]: Advancing to term 1
I20260709 14:52:06.346778 13245 tablet_bootstrap.cc:492] T f88fdd124a4241cc9dec055874790216 P 721c949796bb42bbac663dab9bd7433f: No bootstrap required, opened a new log
I20260709 14:52:06.347219 13245 ts_tablet_manager.cc:1403] T f88fdd124a4241cc9dec055874790216 P 721c949796bb42bbac663dab9bd7433f: Time spent bootstrapping tablet: real 0.025s	user 0.010s	sys 0.004s
I20260709 14:52:06.348628 13129 raft_consensus.cc:2468] T 08745babe1c04f3fa49958f8fa78a0e7 P 721c949796bb42bbac663dab9bd7433f [term 1 FOLLOWER]: Leader election vote request: Granting yes vote for candidate ac72515ad2ec4f199251e2749f5f97ea in term 1.
I20260709 14:52:06.349594 13018 leader_election.cc:304] T 08745babe1c04f3fa49958f8fa78a0e7 P ac72515ad2ec4f199251e2749f5f97ea [CANDIDATE]: Term 1 election: Election decided. Result: candidate won. Election summary: received 3 responses out of 3 voters: 2 yes votes; 1 no votes. yes voters: 721c949796bb42bbac663dab9bd7433f, ac72515ad2ec4f199251e2749f5f97ea; no voters: a60cec93a2634fc6ab01fe278e6a3c11
I20260709 14:52:06.351037 13245 raft_consensus.cc:359] T f88fdd124a4241cc9dec055874790216 P 721c949796bb42bbac663dab9bd7433f [term 0 FOLLOWER]: Replica starting. Triggering 0 pending ops. Active config: opid_index: -1 OBSOLETE_local: false peers { permanent_uuid: "ac72515ad2ec4f199251e2749f5f97ea" member_type: VOTER last_known_addr { host: "127.12.37.129" port: 43185 } } peers { permanent_uuid: "a60cec93a2634fc6ab01fe278e6a3c11" member_type: VOTER last_known_addr { host: "127.12.37.131" port: 46159 } } peers { permanent_uuid: "721c949796bb42bbac663dab9bd7433f" member_type: VOTER last_known_addr { host: "127.12.37.130" port: 45193 } }
I20260709 14:52:06.351679 13245 raft_consensus.cc:385] T f88fdd124a4241cc9dec055874790216 P 721c949796bb42bbac663dab9bd7433f [term 0 FOLLOWER]: Consensus starting up: Expiring failure detector timer to make a prompt election more likely
I20260709 14:52:06.351948 13245 raft_consensus.cc:740] T f88fdd124a4241cc9dec055874790216 P 721c949796bb42bbac663dab9bd7433f [term 0 FOLLOWER]: Becoming Follower/Learner. State: Replica: 721c949796bb42bbac663dab9bd7433f, State: Initialized, Role: FOLLOWER
I20260709 14:52:06.352017 13250 raft_consensus.cc:515] T 89954c53864d43ca8081a887ad981a0c P 721c949796bb42bbac663dab9bd7433f [term 1 FOLLOWER]: Starting leader election with config: opid_index: -1 OBSOLETE_local: false peers { permanent_uuid: "ac72515ad2ec4f199251e2749f5f97ea" member_type: VOTER last_known_addr { host: "127.12.37.129" port: 43185 } } peers { permanent_uuid: "721c949796bb42bbac663dab9bd7433f" member_type: VOTER last_known_addr { host: "127.12.37.130" port: 45193 } } peers { permanent_uuid: "a60cec93a2634fc6ab01fe278e6a3c11" member_type: VOTER last_known_addr { host: "127.12.37.131" port: 46159 } }
I20260709 14:52:06.352576 13288 raft_consensus.cc:2804] T 08745babe1c04f3fa49958f8fa78a0e7 P ac72515ad2ec4f199251e2749f5f97ea [term 1 FOLLOWER]: Leader election won for term 1
I20260709 14:52:06.353039 13288 raft_consensus.cc:697] T 08745babe1c04f3fa49958f8fa78a0e7 P ac72515ad2ec4f199251e2749f5f97ea [term 1 LEADER]: Becoming Leader. State: Replica: ac72515ad2ec4f199251e2749f5f97ea, State: Running, Role: LEADER
I20260709 14:52:06.353873 13288 consensus_queue.cc:237] T 08745babe1c04f3fa49958f8fa78a0e7 P ac72515ad2ec4f199251e2749f5f97ea [LEADER]: Queue going to LEADER mode. State: All replicated index: 0, Majority replicated index: 0, Committed index: 0, Last appended: 0.0, Last appended by leader: 0, Current term: 1, Majority size: 2, State: 0, Mode: LEADER, active raft config: opid_index: -1 OBSOLETE_local: false peers { permanent_uuid: "ac72515ad2ec4f199251e2749f5f97ea" member_type: VOTER last_known_addr { host: "127.12.37.129" port: 43185 } } peers { permanent_uuid: "721c949796bb42bbac663dab9bd7433f" member_type: VOTER last_known_addr { host: "127.12.37.130" port: 45193 } } peers { permanent_uuid: "a60cec93a2634fc6ab01fe278e6a3c11" member_type: VOTER last_known_addr { host: "127.12.37.131" port: 46159 } }
I20260709 14:52:06.354852 13055 tablet_service.cc:1917] Received RequestConsensusVote() RPC: tablet_id: "89954c53864d43ca8081a887ad981a0c" candidate_uuid: "721c949796bb42bbac663dab9bd7433f" candidate_term: 1 candidate_status { last_received { term: 0 index: 0 } } ignore_live_leader: false dest_uuid: "ac72515ad2ec4f199251e2749f5f97ea"
I20260709 14:52:06.355394 13055 raft_consensus.cc:3060] T 89954c53864d43ca8081a887ad981a0c P ac72515ad2ec4f199251e2749f5f97ea [term 0 FOLLOWER]: Advancing to term 1
I20260709 14:52:06.357057 13245 consensus_queue.cc:260] T f88fdd124a4241cc9dec055874790216 P 721c949796bb42bbac663dab9bd7433f [NON_LEADER]: Queue going to NON_LEADER mode. State: All replicated index: 0, Majority replicated index: 0, Committed index: 0, Last appended: 0.0, Last appended by leader: 0, Current term: 0, Majority size: -1, State: 0, Mode: NON_LEADER, active raft config: opid_index: -1 OBSOLETE_local: false peers { permanent_uuid: "ac72515ad2ec4f199251e2749f5f97ea" member_type: VOTER last_known_addr { host: "127.12.37.129" port: 43185 } } peers { permanent_uuid: "a60cec93a2634fc6ab01fe278e6a3c11" member_type: VOTER last_known_addr { host: "127.12.37.131" port: 46159 } } peers { permanent_uuid: "721c949796bb42bbac663dab9bd7433f" member_type: VOTER last_known_addr { host: "127.12.37.130" port: 45193 } }
I20260709 14:52:06.359148 13245 ts_tablet_manager.cc:1434] T f88fdd124a4241cc9dec055874790216 P 721c949796bb42bbac663dab9bd7433f: Time spent starting tablet: real 0.012s	user 0.007s	sys 0.000s
I20260709 14:52:06.361943 13055 raft_consensus.cc:2468] T 89954c53864d43ca8081a887ad981a0c P ac72515ad2ec4f199251e2749f5f97ea [term 1 FOLLOWER]: Leader election vote request: Granting yes vote for candidate 721c949796bb42bbac663dab9bd7433f in term 1.
I20260709 14:52:06.363143 13094 leader_election.cc:304] T 89954c53864d43ca8081a887ad981a0c P 721c949796bb42bbac663dab9bd7433f [CANDIDATE]: Term 1 election: Election decided. Result: candidate won. Election summary: received 2 responses out of 3 voters: 2 yes votes; 0 no votes. yes voters: 721c949796bb42bbac663dab9bd7433f, ac72515ad2ec4f199251e2749f5f97ea; no voters: 
I20260709 14:52:06.364159 13277 raft_consensus.cc:2804] T 89954c53864d43ca8081a887ad981a0c P 721c949796bb42bbac663dab9bd7433f [term 1 FOLLOWER]: Leader election won for term 1
I20260709 14:52:06.364634 13277 raft_consensus.cc:697] T 89954c53864d43ca8081a887ad981a0c P 721c949796bb42bbac663dab9bd7433f [term 1 LEADER]: Becoming Leader. State: Replica: 721c949796bb42bbac663dab9bd7433f, State: Running, Role: LEADER
I20260709 14:52:06.365459 13277 consensus_queue.cc:237] T 89954c53864d43ca8081a887ad981a0c P 721c949796bb42bbac663dab9bd7433f [LEADER]: Queue going to LEADER mode. State: All replicated index: 0, Majority replicated index: 0, Committed index: 0, Last appended: 0.0, Last appended by leader: 0, Current term: 1, Majority size: 2, State: 0, Mode: LEADER, active raft config: opid_index: -1 OBSOLETE_local: false peers { permanent_uuid: "ac72515ad2ec4f199251e2749f5f97ea" member_type: VOTER last_known_addr { host: "127.12.37.129" port: 43185 } } peers { permanent_uuid: "721c949796bb42bbac663dab9bd7433f" member_type: VOTER last_known_addr { host: "127.12.37.130" port: 45193 } } peers { permanent_uuid: "a60cec93a2634fc6ab01fe278e6a3c11" member_type: VOTER last_known_addr { host: "127.12.37.131" port: 46159 } }
I20260709 14:52:06.368099 13250 leader_election.cc:290] T 89954c53864d43ca8081a887ad981a0c P 721c949796bb42bbac663dab9bd7433f [CANDIDATE]: Term 1 election: Requested vote from peers ac72515ad2ec4f199251e2749f5f97ea (127.12.37.129:43185), a60cec93a2634fc6ab01fe278e6a3c11 (127.12.37.131:46159)
I20260709 14:52:06.369110 13203 tablet_service.cc:1917] Received RequestConsensusVote() RPC: tablet_id: "89954c53864d43ca8081a887ad981a0c" candidate_uuid: "721c949796bb42bbac663dab9bd7433f" candidate_term: 1 candidate_status { last_received { term: 0 index: 0 } } ignore_live_leader: false dest_uuid: "a60cec93a2634fc6ab01fe278e6a3c11"
I20260709 14:52:06.369771 13203 raft_consensus.cc:3060] T 89954c53864d43ca8081a887ad981a0c P a60cec93a2634fc6ab01fe278e6a3c11 [term 0 FOLLOWER]: Advancing to term 1
I20260709 14:52:06.373955 13243 tablet_bootstrap.cc:492] T 35b15abab64b48568f7c3aa9553a24cc P a60cec93a2634fc6ab01fe278e6a3c11: No bootstrap required, opened a new log
I20260709 14:52:06.374379 13243 ts_tablet_manager.cc:1403] T 35b15abab64b48568f7c3aa9553a24cc P a60cec93a2634fc6ab01fe278e6a3c11: Time spent bootstrapping tablet: real 0.051s	user 0.032s	sys 0.015s
I20260709 14:52:06.374488 12950 catalog_manager.cc:5697] T 0ce27253e45f41888417145819a449ae P ac72515ad2ec4f199251e2749f5f97ea reported cstate change: term changed from 0 to 1, leader changed from <none> to ac72515ad2ec4f199251e2749f5f97ea (127.12.37.129). New cstate: current_term: 1 leader_uuid: "ac72515ad2ec4f199251e2749f5f97ea" committed_config { opid_index: -1 OBSOLETE_local: false peers { permanent_uuid: "ac72515ad2ec4f199251e2749f5f97ea" member_type: VOTER last_known_addr { host: "127.12.37.129" port: 43185 } health_report { overall_health: HEALTHY } } peers { permanent_uuid: "721c949796bb42bbac663dab9bd7433f" member_type: VOTER last_known_addr { host: "127.12.37.130" port: 45193 } health_report { overall_health: UNKNOWN } } peers { permanent_uuid: "a60cec93a2634fc6ab01fe278e6a3c11" member_type: VOTER last_known_addr { host: "127.12.37.131" port: 46159 } health_report { overall_health: UNKNOWN } } }
I20260709 14:52:06.377314 13203 raft_consensus.cc:2468] T 89954c53864d43ca8081a887ad981a0c P a60cec93a2634fc6ab01fe278e6a3c11 [term 1 FOLLOWER]: Leader election vote request: Granting yes vote for candidate 721c949796bb42bbac663dab9bd7433f in term 1.
