I20260709 14:52:05.387924 20462 consensus_queue.cc:1048] T d19635c9966746e08b11b7dd46b75ead P b670fd9a4ea94ba68999b56d8d6e41b4 [LEADER]: Connected to new peer: Peer: permanent_uuid: "d418ee2a0f364a83842bf2445ccf05be" member_type: VOTER last_known_addr { host: "127.19.35.65" port: 34447 }, Status: LMP_MISMATCH, Last received: 0.0, Next index: 2, Last known committed idx: 1, Time since last communication: 0.000s
I20260709 14:52:05.393023 20222 raft_consensus.cc:515] T 6d8ba159cbaf4d95b528c2506c699d36 P d418ee2a0f364a83842bf2445ccf05be [term 2 FOLLOWER]: Starting forced leader election with config: opid_index: -1 OBSOLETE_local: false peers { permanent_uuid: "d418ee2a0f364a83842bf2445ccf05be" member_type: VOTER last_known_addr { host: "127.19.35.65" port: 34447 } } peers { permanent_uuid: "b34001dea51e470e9a38f2de852ec3ac" member_type: VOTER last_known_addr { host: "127.19.35.66" port: 43063 } } peers { permanent_uuid: "b670fd9a4ea94ba68999b56d8d6e41b4" member_type: VOTER last_known_addr { host: "127.19.35.67" port: 45289 } }
I20260709 14:52:05.395321 20222 leader_election.cc:290] T 6d8ba159cbaf4d95b528c2506c699d36 P d418ee2a0f364a83842bf2445ccf05be [CANDIDATE]: Term 2 election: Requested vote from peers b34001dea51e470e9a38f2de852ec3ac (127.19.35.66:43063), b670fd9a4ea94ba68999b56d8d6e41b4 (127.19.35.67:45289)
I20260709 14:52:05.395249 20299 tablet_service.cc:1917] Received RequestConsensusVote() RPC: tablet_id: "6d8ba159cbaf4d95b528c2506c699d36" candidate_uuid: "d418ee2a0f364a83842bf2445ccf05be" candidate_term: 2 candidate_status { last_received { term: 1 index: 1 } } ignore_live_leader: true dest_uuid: "b34001dea51e470e9a38f2de852ec3ac"
I20260709 14:52:05.395524 20373 tablet_service.cc:1917] Received RequestConsensusVote() RPC: tablet_id: "6d8ba159cbaf4d95b528c2506c699d36" candidate_uuid: "d418ee2a0f364a83842bf2445ccf05be" candidate_term: 2 candidate_status { last_received { term: 1 index: 1 } } ignore_live_leader: true dest_uuid: "b670fd9a4ea94ba68999b56d8d6e41b4"
I20260709 14:52:05.395960 20299 raft_consensus.cc:3055] T 6d8ba159cbaf4d95b528c2506c699d36 P b34001dea51e470e9a38f2de852ec3ac [term 1 LEADER]: Stepping down as leader of term 1
I20260709 14:52:05.396059 20373 raft_consensus.cc:3060] T 6d8ba159cbaf4d95b528c2506c699d36 P b670fd9a4ea94ba68999b56d8d6e41b4 [term 1 FOLLOWER]: Advancing to term 2
I20260709 14:52:05.396324 20299 raft_consensus.cc:740] T 6d8ba159cbaf4d95b528c2506c699d36 P b34001dea51e470e9a38f2de852ec3ac [term 1 LEADER]: Becoming Follower/Learner. State: Replica: b34001dea51e470e9a38f2de852ec3ac, State: Running, Role: LEADER
I20260709 14:52:05.397116 20299 consensus_queue.cc:260] T 6d8ba159cbaf4d95b528c2506c699d36 P b34001dea51e470e9a38f2de852ec3ac [NON_LEADER]: Queue going to NON_LEADER mode. State: All replicated index: 0, Majority replicated index: 1, Committed index: 1, Last appended: 1.1, Last appended by leader: 1, Current term: 1, Majority size: -1, State: 0, Mode: NON_LEADER, active raft config: opid_index: -1 OBSOLETE_local: false peers { permanent_uuid: "d418ee2a0f364a83842bf2445ccf05be" member_type: VOTER last_known_addr { host: "127.19.35.65" port: 34447 } } peers { permanent_uuid: "b34001dea51e470e9a38f2de852ec3ac" member_type: VOTER last_known_addr { host: "127.19.35.66" port: 43063 } } peers { permanent_uuid: "b670fd9a4ea94ba68999b56d8d6e41b4" member_type: VOTER last_known_addr { host: "127.19.35.67" port: 45289 } }
I20260709 14:52:05.397966 20299 raft_consensus.cc:3060] T 6d8ba159cbaf4d95b528c2506c699d36 P b34001dea51e470e9a38f2de852ec3ac [term 1 FOLLOWER]: Advancing to term 2
I20260709 14:52:05.401171 20373 raft_consensus.cc:2468] T 6d8ba159cbaf4d95b528c2506c699d36 P b670fd9a4ea94ba68999b56d8d6e41b4 [term 2 FOLLOWER]: Leader election vote request: Granting yes vote for candidate d418ee2a0f364a83842bf2445ccf05be in term 2.
I20260709 14:52:05.402159 20190 leader_election.cc:304] T 6d8ba159cbaf4d95b528c2506c699d36 P d418ee2a0f364a83842bf2445ccf05be [CANDIDATE]: Term 2 election: Election decided. Result: candidate won. Election summary: received 2 responses out of 3 voters: 2 yes votes; 0 no votes. yes voters: b670fd9a4ea94ba68999b56d8d6e41b4, d418ee2a0f364a83842bf2445ccf05be; no voters: 
I20260709 14:52:05.402787 20482 raft_consensus.cc:2804] T 6d8ba159cbaf4d95b528c2506c699d36 P d418ee2a0f364a83842bf2445ccf05be [term 2 FOLLOWER]: Leader election won for term 2
I20260709 14:52:05.403314 20482 raft_consensus.cc:697] T 6d8ba159cbaf4d95b528c2506c699d36 P d418ee2a0f364a83842bf2445ccf05be [term 2 LEADER]: Becoming Leader. State: Replica: d418ee2a0f364a83842bf2445ccf05be, State: Running, Role: LEADER
I20260709 14:52:05.403568 20299 raft_consensus.cc:2468] T 6d8ba159cbaf4d95b528c2506c699d36 P b34001dea51e470e9a38f2de852ec3ac [term 2 FOLLOWER]: Leader election vote request: Granting yes vote for candidate d418ee2a0f364a83842bf2445ccf05be in term 2.
I20260709 14:52:05.404091 20482 consensus_queue.cc:237] T 6d8ba159cbaf4d95b528c2506c699d36 P d418ee2a0f364a83842bf2445ccf05be [LEADER]: Queue going to LEADER mode. State: All replicated index: 0, Majority replicated index: 1, Committed index: 1, Last appended: 1.1, Last appended by leader: 1, Current term: 2, Majority size: 2, State: 0, Mode: LEADER, active raft config: opid_index: -1 OBSOLETE_local: false peers { permanent_uuid: "d418ee2a0f364a83842bf2445ccf05be" member_type: VOTER last_known_addr { host: "127.19.35.65" port: 34447 } } peers { permanent_uuid: "b34001dea51e470e9a38f2de852ec3ac" member_type: VOTER last_known_addr { host: "127.19.35.66" port: 43063 } } peers { permanent_uuid: "b670fd9a4ea94ba68999b56d8d6e41b4" member_type: VOTER last_known_addr { host: "127.19.35.67" port: 45289 } }
I20260709 14:52:05.409809 20373 raft_consensus.cc:1275] T b8a4c06b6af14ec2ba757424102a48ea P b670fd9a4ea94ba68999b56d8d6e41b4 [term 2 FOLLOWER]: Refusing update from remote peer d418ee2a0f364a83842bf2445ccf05be: Log matching property violated. Preceding OpId in replica: term: 1 index: 1. Preceding OpId from leader: term: 2 index: 2. (index mismatch)
I20260709 14:52:05.411033 20482 consensus_queue.cc:1048] T b8a4c06b6af14ec2ba757424102a48ea P d418ee2a0f364a83842bf2445ccf05be [LEADER]: Connected to new peer: Peer: permanent_uuid: "b670fd9a4ea94ba68999b56d8d6e41b4" member_type: VOTER last_known_addr { host: "127.19.35.67" port: 45289 }, Status: LMP_MISMATCH, Last received: 0.0, Next index: 2, Last known committed idx: 1, Time since last communication: 0.000s
I20260709 14:52:05.411343 20120 catalog_manager.cc:5697] T 6d8ba159cbaf4d95b528c2506c699d36 P d418ee2a0f364a83842bf2445ccf05be reported cstate change: term changed from 1 to 2, leader changed from b34001dea51e470e9a38f2de852ec3ac (127.19.35.66) to d418ee2a0f364a83842bf2445ccf05be (127.19.35.65). New cstate: current_term: 2 leader_uuid: "d418ee2a0f364a83842bf2445ccf05be" committed_config { opid_index: -1 OBSOLETE_local: false peers { permanent_uuid: "d418ee2a0f364a83842bf2445ccf05be" member_type: VOTER last_known_addr { host: "127.19.35.65" port: 34447 } health_report { overall_health: HEALTHY } } peers { permanent_uuid: "b34001dea51e470e9a38f2de852ec3ac" member_type: VOTER last_known_addr { host: "127.19.35.66" port: 43063 } health_report { overall_health: UNKNOWN } } peers { permanent_uuid: "b670fd9a4ea94ba68999b56d8d6e41b4" member_type: VOTER last_known_addr { host: "127.19.35.67" port: 45289 } health_report { overall_health: UNKNOWN } } }
I20260709 14:52:05.413129 20299 raft_consensus.cc:1275] T b8a4c06b6af14ec2ba757424102a48ea P b34001dea51e470e9a38f2de852ec3ac [term 2 FOLLOWER]: Refusing update from remote peer d418ee2a0f364a83842bf2445ccf05be: Log matching property violated. Preceding OpId in replica: term: 1 index: 1. Preceding OpId from leader: term: 2 index: 2. (index mismatch)
I20260709 14:52:05.415803 20419 consensus_queue.cc:1048] T b8a4c06b6af14ec2ba757424102a48ea P d418ee2a0f364a83842bf2445ccf05be [LEADER]: Connected to new peer: Peer: permanent_uuid: "b34001dea51e470e9a38f2de852ec3ac" member_type: VOTER last_known_addr { host: "127.19.35.66" port: 43063 }, Status: LMP_MISMATCH, Last received: 0.0, Next index: 2, Last known committed idx: 1, Time since last communication: 0.000s
I20260709 14:52:05.595409 20373 raft_consensus.cc:1275] T 4f229736922645e39bd721fe6078adae P b670fd9a4ea94ba68999b56d8d6e41b4 [term 2 FOLLOWER]: Refusing update from remote peer d418ee2a0f364a83842bf2445ccf05be: Log matching property violated. Preceding OpId in replica: term: 1 index: 1. Preceding OpId from leader: term: 2 index: 2. (index mismatch)
I20260709 14:52:05.596544 20419 consensus_queue.cc:1048] T 4f229736922645e39bd721fe6078adae P d418ee2a0f364a83842bf2445ccf05be [LEADER]: Connected to new peer: Peer: permanent_uuid: "b670fd9a4ea94ba68999b56d8d6e41b4" member_type: VOTER last_known_addr { host: "127.19.35.67" port: 45289 }, Status: LMP_MISMATCH, Last received: 0.0, Next index: 2, Last known committed idx: 1, Time since last communication: 0.000s
I20260709 14:52:05.603346 20298 raft_consensus.cc:1275] T 4f229736922645e39bd721fe6078adae P b34001dea51e470e9a38f2de852ec3ac [term 2 FOLLOWER]: Refusing update from remote peer d418ee2a0f364a83842bf2445ccf05be: Log matching property violated. Preceding OpId in replica: term: 1 index: 1. Preceding OpId from leader: term: 2 index: 2. (index mismatch)
I20260709 14:52:05.604838 20506 consensus_queue.cc:1048] T 4f229736922645e39bd721fe6078adae P d418ee2a0f364a83842bf2445ccf05be [LEADER]: Connected to new peer: Peer: permanent_uuid: "b34001dea51e470e9a38f2de852ec3ac" member_type: VOTER last_known_addr { host: "127.19.35.66" port: 43063 }, Status: LMP_MISMATCH, Last received: 0.0, Next index: 2, Last known committed idx: 1, Time since last communication: 0.000s
I20260709 14:52:05.608418 20373 raft_consensus.cc:1275] T be51bcc694844831b4ca0a9641c9fbab P b670fd9a4ea94ba68999b56d8d6e41b4 [term 2 FOLLOWER]: Refusing update from remote peer b34001dea51e470e9a38f2de852ec3ac: Log matching property violated. Preceding OpId in replica: term: 1 index: 1. Preceding OpId from leader: term: 2 index: 2. (index mismatch)
I20260709 14:52:05.609691 20440 consensus_queue.cc:1048] T be51bcc694844831b4ca0a9641c9fbab P b34001dea51e470e9a38f2de852ec3ac [LEADER]: Connected to new peer: Peer: permanent_uuid: "b670fd9a4ea94ba68999b56d8d6e41b4" member_type: VOTER last_known_addr { host: "127.19.35.67" port: 45289 }, Status: LMP_MISMATCH, Last received: 0.0, Next index: 2, Last known committed idx: 1, Time since last communication: 0.000s
I20260709 14:52:05.612604 20371 raft_consensus.cc:1275] T a66400a1a8554ed9ab5c6d3578d81f75 P b670fd9a4ea94ba68999b56d8d6e41b4 [term 2 FOLLOWER]: Refusing update from remote peer d418ee2a0f364a83842bf2445ccf05be: Log matching property violated. Preceding OpId in replica: term: 1 index: 1. Preceding OpId from leader: term: 2 index: 2. (index mismatch)
I20260709 14:52:05.613900 20482 consensus_queue.cc:1048] T a66400a1a8554ed9ab5c6d3578d81f75 P d418ee2a0f364a83842bf2445ccf05be [LEADER]: Connected to new peer: Peer: permanent_uuid: "b670fd9a4ea94ba68999b56d8d6e41b4" member_type: VOTER last_known_addr { host: "127.19.35.67" port: 45289 }, Status: LMP_MISMATCH, Last received: 0.0, Next index: 2, Last known committed idx: 1, Time since last communication: 0.000s
I20260709 14:52:05.618765 20222 raft_consensus.cc:1275] T be51bcc694844831b4ca0a9641c9fbab P d418ee2a0f364a83842bf2445ccf05be [term 2 FOLLOWER]: Refusing update from remote peer b34001dea51e470e9a38f2de852ec3ac: Log matching property violated. Preceding OpId in replica: term: 1 index: 1. Preceding OpId from leader: term: 2 index: 2. (index mismatch)
I20260709 14:52:05.619918 20440 consensus_queue.cc:1048] T be51bcc694844831b4ca0a9641c9fbab P b34001dea51e470e9a38f2de852ec3ac [LEADER]: Connected to new peer: Peer: permanent_uuid: "d418ee2a0f364a83842bf2445ccf05be" member_type: VOTER last_known_addr { host: "127.19.35.65" port: 34447 }, Status: LMP_MISMATCH, Last received: 0.0, Next index: 2, Last known committed idx: 1, Time since last communication: 0.000s
I20260709 14:52:05.624531 20298 raft_consensus.cc:1275] T a66400a1a8554ed9ab5c6d3578d81f75 P b34001dea51e470e9a38f2de852ec3ac [term 2 FOLLOWER]: Refusing update from remote peer d418ee2a0f364a83842bf2445ccf05be: Log matching property violated. Preceding OpId in replica: term: 1 index: 1. Preceding OpId from leader: term: 2 index: 2. (index mismatch)
I20260709 14:52:05.625998 20419 consensus_queue.cc:1048] T a66400a1a8554ed9ab5c6d3578d81f75 P d418ee2a0f364a83842bf2445ccf05be [LEADER]: Connected to new peer: Peer: permanent_uuid: "b34001dea51e470e9a38f2de852ec3ac" member_type: VOTER last_known_addr { host: "127.19.35.66" port: 43063 }, Status: LMP_MISMATCH, Last received: 0.0, Next index: 2, Last known committed idx: 1, Time since last communication: 0.000s
I20260709 14:52:05.658798 20372 raft_consensus.cc:1275] T ee86ca8c2af247229601c9a0231503cf P b670fd9a4ea94ba68999b56d8d6e41b4 [term 2 FOLLOWER]: Refusing update from remote peer d418ee2a0f364a83842bf2445ccf05be: Log matching property violated. Preceding OpId in replica: term: 1 index: 1. Preceding OpId from leader: term: 2 index: 2. (index mismatch)
I20260709 14:52:05.659866 20506 consensus_queue.cc:1048] T ee86ca8c2af247229601c9a0231503cf P d418ee2a0f364a83842bf2445ccf05be [LEADER]: Connected to new peer: Peer: permanent_uuid: "b670fd9a4ea94ba68999b56d8d6e41b4" member_type: VOTER last_known_addr { host: "127.19.35.67" port: 45289 }, Status: LMP_MISMATCH, Last received: 0.0, Next index: 2, Last known committed idx: 1, Time since last communication: 0.000s
I20260709 14:52:05.666319 20298 raft_consensus.cc:1275] T ee86ca8c2af247229601c9a0231503cf P b34001dea51e470e9a38f2de852ec3ac [term 2 FOLLOWER]: Refusing update from remote peer d418ee2a0f364a83842bf2445ccf05be: Log matching property violated. Preceding OpId in replica: term: 1 index: 1. Preceding OpId from leader: term: 2 index: 2. (index mismatch)
I20260709 14:52:05.668056 20482 consensus_queue.cc:1048] T ee86ca8c2af247229601c9a0231503cf P d418ee2a0f364a83842bf2445ccf05be [LEADER]: Connected to new peer: Peer: permanent_uuid: "b34001dea51e470e9a38f2de852ec3ac" member_type: VOTER last_known_addr { host: "127.19.35.66" port: 43063 }, Status: LMP_MISMATCH, Last received: 0.0, Next index: 2, Last known committed idx: 1, Time since last communication: 0.000s
I20260709 14:52:05.790724 20372 raft_consensus.cc:1275] T 6d8ba159cbaf4d95b528c2506c699d36 P b670fd9a4ea94ba68999b56d8d6e41b4 [term 2 FOLLOWER]: Refusing update from remote peer d418ee2a0f364a83842bf2445ccf05be: Log matching property violated. Preceding OpId in replica: term: 1 index: 1. Preceding OpId from leader: term: 2 index: 2. (index mismatch)
I20260709 14:52:05.791733 20482 consensus_queue.cc:1048] T 6d8ba159cbaf4d95b528c2506c699d36 P d418ee2a0f364a83842bf2445ccf05be [LEADER]: Connected to new peer: Peer: permanent_uuid: "b670fd9a4ea94ba68999b56d8d6e41b4" member_type: VOTER last_known_addr { host: "127.19.35.67" port: 45289 }, Status: LMP_MISMATCH, Last received: 0.0, Next index: 2, Last known committed idx: 1, Time since last communication: 0.000s
I20260709 14:52:05.798853 20298 raft_consensus.cc:1275] T 6d8ba159cbaf4d95b528c2506c699d36 P b34001dea51e470e9a38f2de852ec3ac [term 2 FOLLOWER]: Refusing update from remote peer d418ee2a0f364a83842bf2445ccf05be: Log matching property violated. Preceding OpId in replica: term: 1 index: 1. Preceding OpId from leader: term: 2 index: 2. (index mismatch)
I20260709 14:52:05.800487 20419 consensus_queue.cc:1048] T 6d8ba159cbaf4d95b528c2506c699d36 P d418ee2a0f364a83842bf2445ccf05be [LEADER]: Connected to new peer: Peer: permanent_uuid: "b34001dea51e470e9a38f2de852ec3ac" member_type: VOTER last_known_addr { host: "127.19.35.66" port: 43063 }, Status: LMP_MISMATCH, Last received: 0.0, Next index: 2, Last known committed idx: 1, Time since last communication: 0.000s
I20260709 14:52:07.895170 19597 auto_leader_rebalancer-test.cc:410] The leader distribution is 
I20260709 14:52:07.895785 19597 auto_leader_rebalancer.cc:141] leader rebalance for table test-workload
I20260709 14:52:07.912595 20222 tablet_service.cc:2072] Received LeaderStepDown RPC: tablet_id: "4f229736922645e39bd721fe6078adae"
dest_uuid: "d418ee2a0f364a83842bf2445ccf05be"
mode: GRACEFUL
new_leader_uuid: "b670fd9a4ea94ba68999b56d8d6e41b4"
 from {username='slave'} at 127.0.0.1:45100
I20260709 14:52:07.912976 20222 raft_consensus.cc:606] T 4f229736922645e39bd721fe6078adae P d418ee2a0f364a83842bf2445ccf05be [term 2 LEADER]: Received request to transfer leadership to TS b670fd9a4ea94ba68999b56d8d6e41b4
I20260709 14:52:07.914896 20222 tablet_service.cc:2072] Received LeaderStepDown RPC: tablet_id: "b8a4c06b6af14ec2ba757424102a48ea"
dest_uuid: "d418ee2a0f364a83842bf2445ccf05be"
mode: GRACEFUL
new_leader_uuid: "b670fd9a4ea94ba68999b56d8d6e41b4"
 from {username='slave'} at 127.0.0.1:45100
I20260709 14:52:07.915238 20222 raft_consensus.cc:606] T b8a4c06b6af14ec2ba757424102a48ea P d418ee2a0f364a83842bf2445ccf05be [term 2 LEADER]: Received request to transfer leadership to TS b670fd9a4ea94ba68999b56d8d6e41b4
I20260709 14:52:07.915953 19597 auto_leader_rebalancer.cc:452] table: test-workload, leader rebalance finish, leader transfer count: 2
I20260709 14:52:07.916335 19597 auto_leader_rebalancer.cc:527] All tables' leader rebalancing finished this round
I20260709 14:52:08.065325 20514 raft_consensus.cc:993] T 4f229736922645e39bd721fe6078adae P d418ee2a0f364a83842bf2445ccf05be: : Instructing follower b670fd9a4ea94ba68999b56d8d6e41b4 to start an election
I20260709 14:52:08.065723 20419 raft_consensus.cc:1081] T 4f229736922645e39bd721fe6078adae P d418ee2a0f364a83842bf2445ccf05be [term 2 LEADER]: Signalling peer b670fd9a4ea94ba68999b56d8d6e41b4 to start an election
I20260709 14:52:08.067019 20372 tablet_service.cc:2044] Received Run Leader Election RPC: tablet_id: "4f229736922645e39bd721fe6078adae"
dest_uuid: "b670fd9a4ea94ba68999b56d8d6e41b4"
 from {username='slave'} at 127.0.0.1:60552
I20260709 14:52:08.067451 20372 raft_consensus.cc:493] T 4f229736922645e39bd721fe6078adae P b670fd9a4ea94ba68999b56d8d6e41b4 [term 2 FOLLOWER]: Starting forced leader election (received explicit request)
I20260709 14:52:08.067719 20372 raft_consensus.cc:3060] T 4f229736922645e39bd721fe6078adae P b670fd9a4ea94ba68999b56d8d6e41b4 [term 2 FOLLOWER]: Advancing to term 3
I20260709 14:52:08.071991 20372 raft_consensus.cc:515] T 4f229736922645e39bd721fe6078adae P b670fd9a4ea94ba68999b56d8d6e41b4 [term 3 FOLLOWER]: Starting forced leader election with config: opid_index: -1 OBSOLETE_local: false peers { permanent_uuid: "d418ee2a0f364a83842bf2445ccf05be" member_type: VOTER last_known_addr { host: "127.19.35.65" port: 34447 } } peers { permanent_uuid: "b34001dea51e470e9a38f2de852ec3ac" member_type: VOTER last_known_addr { host: "127.19.35.66" port: 43063 } } peers { permanent_uuid: "b670fd9a4ea94ba68999b56d8d6e41b4" member_type: VOTER last_known_addr { host: "127.19.35.67" port: 45289 } }
I20260709 14:52:08.073489 20372 leader_election.cc:290] T 4f229736922645e39bd721fe6078adae P b670fd9a4ea94ba68999b56d8d6e41b4 [CANDIDATE]: Term 3 election: Requested vote from peers d418ee2a0f364a83842bf2445ccf05be (127.19.35.65:34447), b34001dea51e470e9a38f2de852ec3ac (127.19.35.66:43063)
I20260709 14:52:08.074153 20222 tablet_service.cc:1917] Received RequestConsensusVote() RPC: tablet_id: "4f229736922645e39bd721fe6078adae" candidate_uuid: "b670fd9a4ea94ba68999b56d8d6e41b4" candidate_term: 3 candidate_status { last_received { term: 2 index: 2 } } ignore_live_leader: true dest_uuid: "d418ee2a0f364a83842bf2445ccf05be"
I20260709 14:52:08.074587 20222 raft_consensus.cc:3055] T 4f229736922645e39bd721fe6078adae P d418ee2a0f364a83842bf2445ccf05be [term 2 LEADER]: Stepping down as leader of term 2
I20260709 14:52:08.074455 20298 tablet_service.cc:1917] Received RequestConsensusVote() RPC: tablet_id: "4f229736922645e39bd721fe6078adae" candidate_uuid: "b670fd9a4ea94ba68999b56d8d6e41b4" candidate_term: 3 candidate_status { last_received { term: 2 index: 2 } } ignore_live_leader: true dest_uuid: "b34001dea51e470e9a38f2de852ec3ac"
I20260709 14:52:08.074817 20222 raft_consensus.cc:740] T 4f229736922645e39bd721fe6078adae P d418ee2a0f364a83842bf2445ccf05be [term 2 LEADER]: Becoming Follower/Learner. State: Replica: d418ee2a0f364a83842bf2445ccf05be, State: Running, Role: LEADER
I20260709 14:52:08.074982 20298 raft_consensus.cc:3060] T 4f229736922645e39bd721fe6078adae P b34001dea51e470e9a38f2de852ec3ac [term 2 FOLLOWER]: Advancing to term 3
I20260709 14:52:08.075459 20222 consensus_queue.cc:260] T 4f229736922645e39bd721fe6078adae P d418ee2a0f364a83842bf2445ccf05be [NON_LEADER]: Queue going to NON_LEADER mode. State: All replicated index: 0, Majority replicated index: 2, Committed index: 2, Last appended: 2.2, Last appended by leader: 2, Current term: 2, Majority size: -1, State: 0, Mode: NON_LEADER, active raft config: opid_index: -1 OBSOLETE_local: false peers { permanent_uuid: "d418ee2a0f364a83842bf2445ccf05be" member_type: VOTER last_known_addr { host: "127.19.35.65" port: 34447 } } peers { permanent_uuid: "b34001dea51e470e9a38f2de852ec3ac" member_type: VOTER last_known_addr { host: "127.19.35.66" port: 43063 } } peers { permanent_uuid: "b670fd9a4ea94ba68999b56d8d6e41b4" member_type: VOTER last_known_addr { host: "127.19.35.67" port: 45289 } }
I20260709 14:52:08.076251 20222 raft_consensus.cc:3060] T 4f229736922645e39bd721fe6078adae P d418ee2a0f364a83842bf2445ccf05be [term 2 FOLLOWER]: Advancing to term 3
I20260709 14:52:08.079221 20298 raft_consensus.cc:2468] T 4f229736922645e39bd721fe6078adae P b34001dea51e470e9a38f2de852ec3ac [term 3 FOLLOWER]: Leader election vote request: Granting yes vote for candidate b670fd9a4ea94ba68999b56d8d6e41b4 in term 3.
I20260709 14:52:08.080188 20222 raft_consensus.cc:2468] T 4f229736922645e39bd721fe6078adae P d418ee2a0f364a83842bf2445ccf05be [term 3 FOLLOWER]: Leader election vote request: Granting yes vote for candidate b670fd9a4ea94ba68999b56d8d6e41b4 in term 3.
I20260709 14:52:08.080178 20337 leader_election.cc:304] T 4f229736922645e39bd721fe6078adae P b670fd9a4ea94ba68999b56d8d6e41b4 [CANDIDATE]: Term 3 election: Election decided. Result: candidate won. Election summary: received 2 responses out of 3 voters: 2 yes votes; 0 no votes. yes voters: b34001dea51e470e9a38f2de852ec3ac, b670fd9a4ea94ba68999b56d8d6e41b4; no voters: 
I20260709 14:52:08.081130 20513 raft_consensus.cc:2804] T 4f229736922645e39bd721fe6078adae P b670fd9a4ea94ba68999b56d8d6e41b4 [term 3 FOLLOWER]: Leader election won for term 3
I20260709 14:52:08.082425 20513 raft_consensus.cc:697] T 4f229736922645e39bd721fe6078adae P b670fd9a4ea94ba68999b56d8d6e41b4 [term 3 LEADER]: Becoming Leader. State: Replica: b670fd9a4ea94ba68999b56d8d6e41b4, State: Running, Role: LEADER
I20260709 14:52:08.083228 20513 consensus_queue.cc:237] T 4f229736922645e39bd721fe6078adae P b670fd9a4ea94ba68999b56d8d6e41b4 [LEADER]: Queue going to LEADER mode. State: All replicated index: 0, Majority replicated index: 2, Committed index: 2, Last appended: 2.2, Last appended by leader: 2, Current term: 3, Majority size: 2, State: 0, Mode: LEADER, active raft config: opid_index: -1 OBSOLETE_local: false peers { permanent_uuid: "d418ee2a0f364a83842bf2445ccf05be" member_type: VOTER last_known_addr { host: "127.19.35.65" port: 34447 } } peers { permanent_uuid: "b34001dea51e470e9a38f2de852ec3ac" member_type: VOTER last_known_addr { host: "127.19.35.66" port: 43063 } } peers { permanent_uuid: "b670fd9a4ea94ba68999b56d8d6e41b4" member_type: VOTER last_known_addr { host: "127.19.35.67" port: 45289 } }
I20260709 14:52:08.091106 20122 catalog_manager.cc:5697] T 4f229736922645e39bd721fe6078adae P b670fd9a4ea94ba68999b56d8d6e41b4 reported cstate change: term changed from 2 to 3, leader changed from d418ee2a0f364a83842bf2445ccf05be (127.19.35.65) to b670fd9a4ea94ba68999b56d8d6e41b4 (127.19.35.67). New cstate: current_term: 3 leader_uuid: "b670fd9a4ea94ba68999b56d8d6e41b4" committed_config { opid_index: -1 OBSOLETE_local: false peers { permanent_uuid: "d418ee2a0f364a83842bf2445ccf05be" member_type: VOTER last_known_addr { host: "127.19.35.65" port: 34447 } health_report { overall_health: UNKNOWN } } peers { permanent_uuid: "b34001dea51e470e9a38f2de852ec3ac" member_type: VOTER last_known_addr { host: "127.19.35.66" port: 43063 } health_report { overall_health: UNKNOWN } } peers { permanent_uuid: "b670fd9a4ea94ba68999b56d8d6e41b4" member_type: VOTER last_known_addr { host: "127.19.35.67" port: 45289 } health_report { overall_health: HEALTHY } } }
I20260709 14:52:08.185132 20514 raft_consensus.cc:993] T b8a4c06b6af14ec2ba757424102a48ea P d418ee2a0f364a83842bf2445ccf05be: : Instructing follower b670fd9a4ea94ba68999b56d8d6e41b4 to start an election
I20260709 14:52:08.185534 20419 raft_consensus.cc:1081] T b8a4c06b6af14ec2ba757424102a48ea P d418ee2a0f364a83842bf2445ccf05be [term 2 LEADER]: Signalling peer b670fd9a4ea94ba68999b56d8d6e41b4 to start an election
I20260709 14:52:08.186753 20372 tablet_service.cc:2044] Received Run Leader Election RPC: tablet_id: "b8a4c06b6af14ec2ba757424102a48ea"
dest_uuid: "b670fd9a4ea94ba68999b56d8d6e41b4"
 from {username='slave'} at 127.0.0.1:60552
I20260709 14:52:08.187141 20372 raft_consensus.cc:493] T b8a4c06b6af14ec2ba757424102a48ea P b670fd9a4ea94ba68999b56d8d6e41b4 [term 2 FOLLOWER]: Starting forced leader election (received explicit request)
I20260709 14:52:08.187376 20372 raft_consensus.cc:3060] T b8a4c06b6af14ec2ba757424102a48ea P b670fd9a4ea94ba68999b56d8d6e41b4 [term 2 FOLLOWER]: Advancing to term 3
I20260709 14:52:08.191707 20372 raft_consensus.cc:515] T b8a4c06b6af14ec2ba757424102a48ea P b670fd9a4ea94ba68999b56d8d6e41b4 [term 3 FOLLOWER]: Starting forced leader election with config: opid_index: -1 OBSOLETE_local: false peers { permanent_uuid: "d418ee2a0f364a83842bf2445ccf05be" member_type: VOTER last_known_addr { host: "127.19.35.65" port: 34447 } } peers { permanent_uuid: "b34001dea51e470e9a38f2de852ec3ac" member_type: VOTER last_known_addr { host: "127.19.35.66" port: 43063 } } peers { permanent_uuid: "b670fd9a4ea94ba68999b56d8d6e41b4" member_type: VOTER last_known_addr { host: "127.19.35.67" port: 45289 } }
I20260709 14:52:08.193133 20372 leader_election.cc:290] T b8a4c06b6af14ec2ba757424102a48ea P b670fd9a4ea94ba68999b56d8d6e41b4 [CANDIDATE]: Term 3 election: Requested vote from peers d418ee2a0f364a83842bf2445ccf05be (127.19.35.65:34447), b34001dea51e470e9a38f2de852ec3ac (127.19.35.66:43063)
I20260709 14:52:08.193814 20222 tablet_service.cc:1917] Received RequestConsensusVote() RPC: tablet_id: "b8a4c06b6af14ec2ba757424102a48ea" candidate_uuid: "b670fd9a4ea94ba68999b56d8d6e41b4" candidate_term: 3 candidate_status { last_received { term: 2 index: 2 } } ignore_live_leader: true dest_uuid: "d418ee2a0f364a83842bf2445ccf05be"
I20260709 14:52:08.194166 20298 tablet_service.cc:1917] Received RequestConsensusVote() RPC: tablet_id: "b8a4c06b6af14ec2ba757424102a48ea" candidate_uuid: "b670fd9a4ea94ba68999b56d8d6e41b4" candidate_term: 3 candidate_status { last_received { term: 2 index: 2 } } ignore_live_leader: true dest_uuid: "b34001dea51e470e9a38f2de852ec3ac"
I20260709 14:52:08.194288 20222 raft_consensus.cc:3055] T b8a4c06b6af14ec2ba757424102a48ea P d418ee2a0f364a83842bf2445ccf05be [term 2 LEADER]: Stepping down as leader of term 2
I20260709 14:52:08.194566 20222 raft_consensus.cc:740] T b8a4c06b6af14ec2ba757424102a48ea P d418ee2a0f364a83842bf2445ccf05be [term 2 LEADER]: Becoming Follower/Learner. State: Replica: d418ee2a0f364a83842bf2445ccf05be, State: Running, Role: LEADER
I20260709 14:52:08.194603 20298 raft_consensus.cc:3060] T b8a4c06b6af14ec2ba757424102a48ea P b34001dea51e470e9a38f2de852ec3ac [term 2 FOLLOWER]: Advancing to term 3
I20260709 14:52:08.195144 20222 consensus_queue.cc:260] T b8a4c06b6af14ec2ba757424102a48ea P d418ee2a0f364a83842bf2445ccf05be [NON_LEADER]: Queue going to NON_LEADER mode. State: All replicated index: 0, Majority replicated index: 2, Committed index: 2, Last appended: 2.2, Last appended by leader: 2, Current term: 2, Majority size: -1, State: 0, Mode: NON_LEADER, active raft config: opid_index: -1 OBSOLETE_local: false peers { permanent_uuid: "d418ee2a0f364a83842bf2445ccf05be" member_type: VOTER last_known_addr { host: "127.19.35.65" port: 34447 } } peers { permanent_uuid: "b34001dea51e470e9a38f2de852ec3ac" member_type: VOTER last_known_addr { host: "127.19.35.66" port: 43063 } } peers { permanent_uuid: "b670fd9a4ea94ba68999b56d8d6e41b4" member_type: VOTER last_known_addr { host: "127.19.35.67" port: 45289 } }
I20260709 14:52:08.195910 20222 raft_consensus.cc:3060] T b8a4c06b6af14ec2ba757424102a48ea P d418ee2a0f364a83842bf2445ccf05be [term 2 FOLLOWER]: Advancing to term 3
I20260709 14:52:08.199107 20298 raft_consensus.cc:2468] T b8a4c06b6af14ec2ba757424102a48ea P b34001dea51e470e9a38f2de852ec3ac [term 3 FOLLOWER]: Leader election vote request: Granting yes vote for candidate b670fd9a4ea94ba68999b56d8d6e41b4 in term 3.
I20260709 14:52:08.199939 20337 leader_election.cc:304] T b8a4c06b6af14ec2ba757424102a48ea P b670fd9a4ea94ba68999b56d8d6e41b4 [CANDIDATE]: Term 3 election: Election decided. Result: candidate won. Election summary: received 2 responses out of 3 voters: 2 yes votes; 0 no votes. yes voters: b34001dea51e470e9a38f2de852ec3ac, b670fd9a4ea94ba68999b56d8d6e41b4; no voters: 
I20260709 14:52:08.200325 20222 raft_consensus.cc:2468] T b8a4c06b6af14ec2ba757424102a48ea P d418ee2a0f364a83842bf2445ccf05be [term 3 FOLLOWER]: Leader election vote request: Granting yes vote for candidate b670fd9a4ea94ba68999b56d8d6e41b4 in term 3.
I20260709 14:52:08.200625 20513 raft_consensus.cc:2804] T b8a4c06b6af14ec2ba757424102a48ea P b670fd9a4ea94ba68999b56d8d6e41b4 [term 3 FOLLOWER]: Leader election won for term 3
I20260709 14:52:08.201061 20513 raft_consensus.cc:697] T b8a4c06b6af14ec2ba757424102a48ea P b670fd9a4ea94ba68999b56d8d6e41b4 [term 3 LEADER]: Becoming Leader. State: Replica: b670fd9a4ea94ba68999b56d8d6e41b4, State: Running, Role: LEADER
I20260709 14:52:08.201730 20513 consensus_queue.cc:237] T b8a4c06b6af14ec2ba757424102a48ea P b670fd9a4ea94ba68999b56d8d6e41b4 [LEADER]: Queue going to LEADER mode. State: All replicated index: 0, Majority replicated index: 2, Committed index: 2, Last appended: 2.2, Last appended by leader: 2, Current term: 3, Majority size: 2, State: 0, Mode: LEADER, active raft config: opid_index: -1 OBSOLETE_local: false peers { permanent_uuid: "d418ee2a0f364a83842bf2445ccf05be" member_type: VOTER last_known_addr { host: "127.19.35.65" port: 34447 } } peers { permanent_uuid: "b34001dea51e470e9a38f2de852ec3ac" member_type: VOTER last_known_addr { host: "127.19.35.66" port: 43063 } } peers { permanent_uuid: "b670fd9a4ea94ba68999b56d8d6e41b4" member_type: VOTER last_known_addr { host: "127.19.35.67" port: 45289 } }
I20260709 14:52:08.207651 20122 catalog_manager.cc:5697] T b8a4c06b6af14ec2ba757424102a48ea P b670fd9a4ea94ba68999b56d8d6e41b4 reported cstate change: term changed from 2 to 3, leader changed from d418ee2a0f364a83842bf2445ccf05be (127.19.35.65) to b670fd9a4ea94ba68999b56d8d6e41b4 (127.19.35.67). New cstate: current_term: 3 leader_uuid: "b670fd9a4ea94ba68999b56d8d6e41b4" committed_config { opid_index: -1 OBSOLETE_local: false peers { permanent_uuid: "d418ee2a0f364a83842bf2445ccf05be" member_type: VOTER last_known_addr { host: "127.19.35.65" port: 34447 } health_report { overall_health: UNKNOWN } } peers { permanent_uuid: "b34001dea51e470e9a38f2de852ec3ac" member_type: VOTER last_known_addr { host: "127.19.35.66" port: 43063 } health_report { overall_health: UNKNOWN } } peers { permanent_uuid: "b670fd9a4ea94ba68999b56d8d6e41b4" member_type: VOTER last_known_addr { host: "127.19.35.67" port: 45289 } health_report { overall_health: HEALTHY } } }
W20260709 14:52:08.355397 20153 debug-util.cc:398] Leaking SignalData structure 0x7b0800052460 after lost signal to thread 19600
W20260709 14:52:08.356073 20153 debug-util.cc:398] Leaking SignalData structure 0x7b0800052b40 after lost signal to thread 20156
W20260709 14:52:08.357266 20153 debug-util.cc:398] Leaking SignalData structure 0x7b080017dc40 after lost signal to thread 20323
W20260709 14:52:08.357923 20153 debug-util.cc:398] Leaking SignalData structure 0x7b080010ae20 after lost signal to thread 20397
I20260709 14:52:08.665004 20223 raft_consensus.cc:1275] T b8a4c06b6af14ec2ba757424102a48ea P d418ee2a0f364a83842bf2445ccf05be [term 3 FOLLOWER]: Refusing update from remote peer b670fd9a4ea94ba68999b56d8d6e41b4: Log matching property violated. Preceding OpId in replica: term: 2 index: 2. Preceding OpId from leader: term: 3 index: 3. (index mismatch)
I20260709 14:52:08.666239 20513 consensus_queue.cc:1048] T b8a4c06b6af14ec2ba757424102a48ea P b670fd9a4ea94ba68999b56d8d6e41b4 [LEADER]: Connected to new peer: Peer: permanent_uuid: "d418ee2a0f364a83842bf2445ccf05be" member_type: VOTER last_known_addr { host: "127.19.35.65" port: 34447 }, Status: LMP_MISMATCH, Last received: 0.0, Next index: 3, Last known committed idx: 2, Time since last communication: 0.000s
I20260709 14:52:08.670925 20298 raft_consensus.cc:1275] T 4f229736922645e39bd721fe6078adae P b34001dea51e470e9a38f2de852ec3ac [term 3 FOLLOWER]: Refusing update from remote peer b670fd9a4ea94ba68999b56d8d6e41b4: Log matching property violated. Preceding OpId in replica: term: 2 index: 2. Preceding OpId from leader: term: 3 index: 3. (index mismatch)
I20260709 14:52:08.672421 20513 consensus_queue.cc:1048] T 4f229736922645e39bd721fe6078adae P b670fd9a4ea94ba68999b56d8d6e41b4 [LEADER]: Connected to new peer: Peer: permanent_uuid: "b34001dea51e470e9a38f2de852ec3ac" member_type: VOTER last_known_addr { host: "127.19.35.66" port: 43063 }, Status: LMP_MISMATCH, Last received: 0.0, Next index: 3, Last known committed idx: 2, Time since last communication: 0.000s
I20260709 14:52:08.687849 20299 raft_consensus.cc:1275] T b8a4c06b6af14ec2ba757424102a48ea P b34001dea51e470e9a38f2de852ec3ac [term 3 FOLLOWER]: Refusing update from remote peer b670fd9a4ea94ba68999b56d8d6e41b4: Log matching property violated. Preceding OpId in replica: term: 2 index: 2. Preceding OpId from leader: term: 3 index: 3. (index mismatch)
I20260709 14:52:08.699426 20222 raft_consensus.cc:1275] T 4f229736922645e39bd721fe6078adae P d418ee2a0f364a83842bf2445ccf05be [term 3 FOLLOWER]: Refusing update from remote peer b670fd9a4ea94ba68999b56d8d6e41b4: Log matching property violated. Preceding OpId in replica: term: 2 index: 2. Preceding OpId from leader: term: 3 index: 3. (index mismatch)
I20260709 14:52:08.699681 20518 consensus_queue.cc:1048] T b8a4c06b6af14ec2ba757424102a48ea P b670fd9a4ea94ba68999b56d8d6e41b4 [LEADER]: Connected to new peer: Peer: permanent_uuid: "b34001dea51e470e9a38f2de852ec3ac" member_type: VOTER last_known_addr { host: "127.19.35.66" port: 43063 }, Status: LMP_MISMATCH, Last received: 0.0, Next index: 3, Last known committed idx: 2, Time since last communication: 0.000s
I20260709 14:52:08.701551 20526 consensus_queue.cc:1048] T 4f229736922645e39bd721fe6078adae P b670fd9a4ea94ba68999b56d8d6e41b4 [LEADER]: Connected to new peer: Peer: permanent_uuid: "d418ee2a0f364a83842bf2445ccf05be" member_type: VOTER last_known_addr { host: "127.19.35.65" port: 34447 }, Status: LMP_MISMATCH, Last received: 0.0, Next index: 3, Last known committed idx: 2, Time since last communication: 0.000s
I20260709 14:52:08.916996 19597 auto_leader_rebalancer.cc:141] leader rebalance for table test-workload
I20260709 14:52:08.928966 20372 tablet_service.cc:2072] Received LeaderStepDown RPC: tablet_id: "4f229736922645e39bd721fe6078adae"
dest_uuid: "b670fd9a4ea94ba68999b56d8d6e41b4"
mode: GRACEFUL
new_leader_uuid: "d418ee2a0f364a83842bf2445ccf05be"
 from {username='slave'} at 127.0.0.1:60556
I20260709 14:52:08.929658 20372 raft_consensus.cc:606] T 4f229736922645e39bd721fe6078adae P b670fd9a4ea94ba68999b56d8d6e41b4 [term 3 LEADER]: Received request to transfer leadership to TS d418ee2a0f364a83842bf2445ccf05be
I20260709 14:52:08.934343 20372 tablet_service.cc:2072] Received LeaderStepDown RPC: tablet_id: "b8a4c06b6af14ec2ba757424102a48ea"
dest_uuid: "b670fd9a4ea94ba68999b56d8d6e41b4"
mode: GRACEFUL
new_leader_uuid: "d418ee2a0f364a83842bf2445ccf05be"
 from {username='slave'} at 127.0.0.1:60556
I20260709 14:52:08.934906 20372 raft_consensus.cc:606] T b8a4c06b6af14ec2ba757424102a48ea P b670fd9a4ea94ba68999b56d8d6e41b4 [term 3 LEADER]: Received request to transfer leadership to TS d418ee2a0f364a83842bf2445ccf05be
I20260709 14:52:08.944113 20298 tablet_service.cc:2072] Received LeaderStepDown RPC: tablet_id: "be51bcc694844831b4ca0a9641c9fbab"
dest_uuid: "b34001dea51e470e9a38f2de852ec3ac"
mode: GRACEFUL
new_leader_uuid: "d418ee2a0f364a83842bf2445ccf05be"
 from {username='slave'} at 127.0.0.1:52606
I20260709 14:52:08.944594 20298 raft_consensus.cc:606] T be51bcc694844831b4ca0a9641c9fbab P b34001dea51e470e9a38f2de852ec3ac [term 2 LEADER]: Received request to transfer leadership to TS d418ee2a0f364a83842bf2445ccf05be
I20260709 14:52:08.948879 20298 tablet_service.cc:2072] Received LeaderStepDown RPC: tablet_id: "bfa661fb12b74947bfb1be3ed6f23c24"
dest_uuid: "b34001dea51e470e9a38f2de852ec3ac"
mode: GRACEFUL
new_leader_uuid: "d418ee2a0f364a83842bf2445ccf05be"
 from {username='slave'} at 127.0.0.1:52606
I20260709 14:52:08.949326 20298 raft_consensus.cc:606] T bfa661fb12b74947bfb1be3ed6f23c24 P b34001dea51e470e9a38f2de852ec3ac [term 1 LEADER]: Received request to transfer leadership to TS d418ee2a0f364a83842bf2445ccf05be
I20260709 14:52:08.953418 20298 tablet_service.cc:2072] Received LeaderStepDown RPC: tablet_id: "cedb56f778ac4dc8be8ff2132227289c"
dest_uuid: "b34001dea51e470e9a38f2de852ec3ac"
mode: GRACEFUL
new_leader_uuid: "d418ee2a0f364a83842bf2445ccf05be"
 from {username='slave'} at 127.0.0.1:52606
I20260709 14:52:08.953827 20298 raft_consensus.cc:606] T cedb56f778ac4dc8be8ff2132227289c P b34001dea51e470e9a38f2de852ec3ac [term 1 LEADER]: Received request to transfer leadership to TS d418ee2a0f364a83842bf2445ccf05be
I20260709 14:52:08.957620 20440 raft_consensus.cc:993] T be51bcc694844831b4ca0a9641c9fbab P b34001dea51e470e9a38f2de852ec3ac: : Instructing follower d418ee2a0f364a83842bf2445ccf05be to start an election
I20260709 14:52:08.958026 20532 raft_consensus.cc:1081] T be51bcc694844831b4ca0a9641c9fbab P b34001dea51e470e9a38f2de852ec3ac [term 2 LEADER]: Signalling peer d418ee2a0f364a83842bf2445ccf05be to start an election
I20260709 14:52:08.959810 20222 tablet_service.cc:2044] Received Run Leader Election RPC: tablet_id: "be51bcc694844831b4ca0a9641c9fbab"
dest_uuid: "d418ee2a0f364a83842bf2445ccf05be"
 from {username='slave'} at 127.0.0.1:45074
I20260709 14:52:08.960340 20222 raft_consensus.cc:493] T be51bcc694844831b4ca0a9641c9fbab P d418ee2a0f364a83842bf2445ccf05be [term 2 FOLLOWER]: Starting forced leader election (received explicit request)
I20260709 14:52:08.960733 20222 raft_consensus.cc:3060] T be51bcc694844831b4ca0a9641c9fbab P d418ee2a0f364a83842bf2445ccf05be [term 2 FOLLOWER]: Advancing to term 3
I20260709 14:52:08.966486 20222 raft_consensus.cc:515] T be51bcc694844831b4ca0a9641c9fbab P d418ee2a0f364a83842bf2445ccf05be [term 3 FOLLOWER]: Starting forced leader election with config: opid_index: -1 OBSOLETE_local: false peers { permanent_uuid: "d418ee2a0f364a83842bf2445ccf05be" member_type: VOTER last_known_addr { host: "127.19.35.65" port: 34447 } } peers { permanent_uuid: "b34001dea51e470e9a38f2de852ec3ac" member_type: VOTER last_known_addr { host: "127.19.35.66" port: 43063 } } peers { permanent_uuid: "b670fd9a4ea94ba68999b56d8d6e41b4" member_type: VOTER last_known_addr { host: "127.19.35.67" port: 45289 } }
I20260709 14:52:08.968957 20298 tablet_service.cc:1917] Received RequestConsensusVote() RPC: tablet_id: "be51bcc694844831b4ca0a9641c9fbab" candidate_uuid: "d418ee2a0f364a83842bf2445ccf05be" candidate_term: 3 candidate_status { last_received { term: 2 index: 2 } } ignore_live_leader: true dest_uuid: "b34001dea51e470e9a38f2de852ec3ac"
I20260709 14:52:08.969213 20222 leader_election.cc:290] T be51bcc694844831b4ca0a9641c9fbab P d418ee2a0f364a83842bf2445ccf05be [CANDIDATE]: Term 3 election: Requested vote from peers b34001dea51e470e9a38f2de852ec3ac (127.19.35.66:43063), b670fd9a4ea94ba68999b56d8d6e41b4 (127.19.35.67:45289)
I20260709 14:52:08.969308 20372 tablet_service.cc:1917] Received RequestConsensusVote() RPC: tablet_id: "be51bcc694844831b4ca0a9641c9fbab" candidate_uuid: "d418ee2a0f364a83842bf2445ccf05be" candidate_term: 3 candidate_status { last_received { term: 2 index: 2 } } ignore_live_leader: true dest_uuid: "b670fd9a4ea94ba68999b56d8d6e41b4"
I20260709 14:52:08.969542 20298 raft_consensus.cc:3055] T be51bcc694844831b4ca0a9641c9fbab P b34001dea51e470e9a38f2de852ec3ac [term 2 LEADER]: Stepping down as leader of term 2
I20260709 14:52:08.969926 20372 raft_consensus.cc:3060] T be51bcc694844831b4ca0a9641c9fbab P b670fd9a4ea94ba68999b56d8d6e41b4 [term 2 FOLLOWER]: Advancing to term 3
I20260709 14:52:08.969924 20298 raft_consensus.cc:740] T be51bcc694844831b4ca0a9641c9fbab P b34001dea51e470e9a38f2de852ec3ac [term 2 LEADER]: Becoming Follower/Learner. State: Replica: b34001dea51e470e9a38f2de852ec3ac, State: Running, Role: LEADER
I20260709 14:52:08.970952 20298 consensus_queue.cc:260] T be51bcc694844831b4ca0a9641c9fbab P b34001dea51e470e9a38f2de852ec3ac [NON_LEADER]: Queue going to NON_LEADER mode. State: All replicated index: 0, Majority replicated index: 2, Committed index: 2, Last appended: 2.2, Last appended by leader: 2, Current term: 2, Majority size: -1, State: 0, Mode: NON_LEADER, active raft config: opid_index: -1 OBSOLETE_local: false peers { permanent_uuid: "d418ee2a0f364a83842bf2445ccf05be" member_type: VOTER last_known_addr { host: "127.19.35.65" port: 34447 } } peers { permanent_uuid: "b34001dea51e470e9a38f2de852ec3ac" member_type: VOTER last_known_addr { host: "127.19.35.66" port: 43063 } } peers { permanent_uuid: "b670fd9a4ea94ba68999b56d8d6e41b4" member_type: VOTER last_known_addr { host: "127.19.35.67" port: 45289 } }
I20260709 14:52:08.971951 20298 raft_consensus.cc:3060] T be51bcc694844831b4ca0a9641c9fbab P b34001dea51e470e9a38f2de852ec3ac [term 2 FOLLOWER]: Advancing to term 3
I20260709 14:52:08.976306 20372 raft_consensus.cc:2468] T be51bcc694844831b4ca0a9641c9fbab P b670fd9a4ea94ba68999b56d8d6e41b4 [term 3 FOLLOWER]: Leader election vote request: Granting yes vote for candidate d418ee2a0f364a83842bf2445ccf05be in term 3.
I20260709 14:52:08.977460 20190 leader_election.cc:304] T be51bcc694844831b4ca0a9641c9fbab P d418ee2a0f364a83842bf2445ccf05be [CANDIDATE]: Term 3 election: Election decided. Result: candidate won. Election summary: received 2 responses out of 3 voters: 2 yes votes; 0 no votes. yes voters: b670fd9a4ea94ba68999b56d8d6e41b4, d418ee2a0f364a83842bf2445ccf05be; no voters: 
I20260709 14:52:08.978223 20514 raft_consensus.cc:2804] T be51bcc694844831b4ca0a9641c9fbab P d418ee2a0f364a83842bf2445ccf05be [term 3 FOLLOWER]: Leader election won for term 3
I20260709 14:52:08.978183 20298 raft_consensus.cc:2468] T be51bcc694844831b4ca0a9641c9fbab P b34001dea51e470e9a38f2de852ec3ac [term 3 FOLLOWER]: Leader election vote request: Granting yes vote for candidate d418ee2a0f364a83842bf2445ccf05be in term 3.
I20260709 14:52:08.981002 20514 raft_consensus.cc:697] T be51bcc694844831b4ca0a9641c9fbab P d418ee2a0f364a83842bf2445ccf05be [term 3 LEADER]: Becoming Leader. State: Replica: d418ee2a0f364a83842bf2445ccf05be, State: Running, Role: LEADER
I20260709 14:52:08.981877 20514 consensus_queue.cc:237] T be51bcc694844831b4ca0a9641c9fbab P d418ee2a0f364a83842bf2445ccf05be [LEADER]: Queue going to LEADER mode. State: All replicated index: 0, Majority replicated index: 2, Committed index: 2, Last appended: 2.2, Last appended by leader: 2, Current term: 3, Majority size: 2, State: 0, Mode: LEADER, active raft config: opid_index: -1 OBSOLETE_local: false peers { permanent_uuid: "d418ee2a0f364a83842bf2445ccf05be" member_type: VOTER last_known_addr { host: "127.19.35.65" port: 34447 } } peers { permanent_uuid: "b34001dea51e470e9a38f2de852ec3ac" member_type: VOTER last_known_addr { host: "127.19.35.66" port: 43063 } } peers { permanent_uuid: "b670fd9a4ea94ba68999b56d8d6e41b4" member_type: VOTER last_known_addr { host: "127.19.35.67" port: 45289 } }
I20260709 14:52:08.988518 20122 catalog_manager.cc:5697] T be51bcc694844831b4ca0a9641c9fbab P d418ee2a0f364a83842bf2445ccf05be reported cstate change: term changed from 2 to 3, leader changed from b34001dea51e470e9a38f2de852ec3ac (127.19.35.66) to d418ee2a0f364a83842bf2445ccf05be (127.19.35.65). New cstate: current_term: 3 leader_uuid: "d418ee2a0f364a83842bf2445ccf05be" committed_config { opid_index: -1 OBSOLETE_local: false peers { permanent_uuid: "d418ee2a0f364a83842bf2445ccf05be" member_type: VOTER last_known_addr { host: "127.19.35.65" port: 34447 } health_report { overall_health: HEALTHY } } peers { permanent_uuid: "b34001dea51e470e9a38f2de852ec3ac" member_type: VOTER last_known_addr { host: "127.19.35.66" port: 43063 } health_report { overall_health: UNKNOWN } } peers { permanent_uuid: "b670fd9a4ea94ba68999b56d8d6e41b4" member_type: VOTER last_known_addr { host: "127.19.35.67" port: 45289 } health_report { overall_health: UNKNOWN } } }
I20260709 14:52:09.012540 20440 raft_consensus.cc:993] T cedb56f778ac4dc8be8ff2132227289c P b34001dea51e470e9a38f2de852ec3ac: : Instructing follower d418ee2a0f364a83842bf2445ccf05be to start an election
I20260709 14:52:09.012914 20532 raft_consensus.cc:1081] T cedb56f778ac4dc8be8ff2132227289c P b34001dea51e470e9a38f2de852ec3ac [term 1 LEADER]: Signalling peer d418ee2a0f364a83842bf2445ccf05be to start an election
I20260709 14:52:09.014173 20222 tablet_service.cc:2044] Received Run Leader Election RPC: tablet_id: "cedb56f778ac4dc8be8ff2132227289c"
dest_uuid: "d418ee2a0f364a83842bf2445ccf05be"
 from {username='slave'} at 127.0.0.1:45074
I20260709 14:52:09.014539 20222 raft_consensus.cc:493] T cedb56f778ac4dc8be8ff2132227289c P d418ee2a0f364a83842bf2445ccf05be [term 1 FOLLOWER]: Starting forced leader election (received explicit request)
I20260709 14:52:09.014770 20222 raft_consensus.cc:3060] T cedb56f778ac4dc8be8ff2132227289c P d418ee2a0f364a83842bf2445ccf05be [term 1 FOLLOWER]: Advancing to term 2
I20260709 14:52:09.018378 20222 raft_consensus.cc:515] T cedb56f778ac4dc8be8ff2132227289c P d418ee2a0f364a83842bf2445ccf05be [term 2 FOLLOWER]: Starting forced leader election with config: opid_index: -1 OBSOLETE_local: false peers { permanent_uuid: "d418ee2a0f364a83842bf2445ccf05be" member_type: VOTER last_known_addr { host: "127.19.35.65" port: 34447 } } peers { permanent_uuid: "b34001dea51e470e9a38f2de852ec3ac" member_type: VOTER last_known_addr { host: "127.19.35.66" port: 43063 } } peers { permanent_uuid: "b670fd9a4ea94ba68999b56d8d6e41b4" member_type: VOTER last_known_addr { host: "127.19.35.67" port: 45289 } }
I20260709 14:52:09.019656 20222 leader_election.cc:290] T cedb56f778ac4dc8be8ff2132227289c P d418ee2a0f364a83842bf2445ccf05be [CANDIDATE]: Term 2 election: Requested vote from peers b34001dea51e470e9a38f2de852ec3ac (127.19.35.66:43063), b670fd9a4ea94ba68999b56d8d6e41b4 (127.19.35.67:45289)
I20260709 14:52:09.020350 20298 tablet_service.cc:1917] Received RequestConsensusVote() RPC: tablet_id: "cedb56f778ac4dc8be8ff2132227289c" candidate_uuid: "d418ee2a0f364a83842bf2445ccf05be" candidate_term: 2 candidate_status { last_received { term: 1 index: 1 } } ignore_live_leader: true dest_uuid: "b34001dea51e470e9a38f2de852ec3ac"
I20260709 14:52:09.020877 20298 raft_consensus.cc:3055] T cedb56f778ac4dc8be8ff2132227289c P b34001dea51e470e9a38f2de852ec3ac [term 1 LEADER]: Stepping down as leader of term 1
I20260709 14:52:09.021205 20298 raft_consensus.cc:740] T cedb56f778ac4dc8be8ff2132227289c P b34001dea51e470e9a38f2de852ec3ac [term 1 LEADER]: Becoming Follower/Learner. State: Replica: b34001dea51e470e9a38f2de852ec3ac, State: Running, Role: LEADER
I20260709 14:52:09.021281 20372 tablet_service.cc:1917] Received RequestConsensusVote() RPC: tablet_id: "cedb56f778ac4dc8be8ff2132227289c" candidate_uuid: "d418ee2a0f364a83842bf2445ccf05be" candidate_term: 2 candidate_status { last_received { term: 1 index: 1 } } ignore_live_leader: true dest_uuid: "b670fd9a4ea94ba68999b56d8d6e41b4"
I20260709 14:52:09.021750 20372 raft_consensus.cc:3060] T cedb56f778ac4dc8be8ff2132227289c P b670fd9a4ea94ba68999b56d8d6e41b4 [term 1 FOLLOWER]: Advancing to term 2
I20260709 14:52:09.021986 20298 consensus_queue.cc:260] T cedb56f778ac4dc8be8ff2132227289c P b34001dea51e470e9a38f2de852ec3ac [NON_LEADER]: Queue going to NON_LEADER mode. State: All replicated index: 0, Majority replicated index: 1, Committed index: 1, Last appended: 1.1, Last appended by leader: 1, Current term: 1, Majority size: -1, State: 0, Mode: NON_LEADER, active raft config: opid_index: -1 OBSOLETE_local: false peers { permanent_uuid: "d418ee2a0f364a83842bf2445ccf05be" member_type: VOTER last_known_addr { host: "127.19.35.65" port: 34447 } } peers { permanent_uuid: "b34001dea51e470e9a38f2de852ec3ac" member_type: VOTER last_known_addr { host: "127.19.35.66" port: 43063 } } peers { permanent_uuid: "b670fd9a4ea94ba68999b56d8d6e41b4" member_type: VOTER last_known_addr { host: "127.19.35.67" port: 45289 } }
I20260709 14:52:09.023145 20298 raft_consensus.cc:3060] T cedb56f778ac4dc8be8ff2132227289c P b34001dea51e470e9a38f2de852ec3ac [term 1 FOLLOWER]: Advancing to term 2
I20260709 14:52:09.025924 20372 raft_consensus.cc:2468] T cedb56f778ac4dc8be8ff2132227289c P b670fd9a4ea94ba68999b56d8d6e41b4 [term 2 FOLLOWER]: Leader election vote request: Granting yes vote for candidate d418ee2a0f364a83842bf2445ccf05be in term 2.
I20260709 14:52:09.026716 20190 leader_election.cc:304] T cedb56f778ac4dc8be8ff2132227289c P d418ee2a0f364a83842bf2445ccf05be [CANDIDATE]: Term 2 election: Election decided. Result: candidate won. Election summary: received 2 responses out of 3 voters: 2 yes votes; 0 no votes. yes voters: b670fd9a4ea94ba68999b56d8d6e41b4, d418ee2a0f364a83842bf2445ccf05be; no voters: 
