I20260709 14:51:52.744783 19926 raft_consensus.cc:385] T 5e31d0d094c64eb9ad971feed59b4e2f P c9d4351427f5493ba7362c999d2f3882 [term 0 FOLLOWER]: Consensus starting up: Expiring failure detector timer to make a prompt election more likely
I20260709 14:51:52.745117 19926 raft_consensus.cc:740] T 5e31d0d094c64eb9ad971feed59b4e2f P c9d4351427f5493ba7362c999d2f3882 [term 0 FOLLOWER]: Becoming Follower/Learner. State: Replica: c9d4351427f5493ba7362c999d2f3882, State: Initialized, Role: FOLLOWER
I20260709 14:51:52.745990 19926 consensus_queue.cc:260] T 5e31d0d094c64eb9ad971feed59b4e2f P c9d4351427f5493ba7362c999d2f3882 [NON_LEADER]: Queue going to NON_LEADER mode. State: All replicated index: 0, Majority replicated index: 0, Committed index: 0, Last appended: 0.0, Last appended by leader: 0, Current term: 0, Majority size: -1, State: 0, Mode: NON_LEADER, active raft config: opid_index: -1 OBSOLETE_local: false peers { permanent_uuid: "2a6fd09dea89465f97224f205e468be3" member_type: VOTER last_known_addr { host: "127.19.35.65" port: 36019 } } peers { permanent_uuid: "c9d4351427f5493ba7362c999d2f3882" member_type: VOTER last_known_addr { host: "127.19.35.66" port: 38581 } } peers { permanent_uuid: "e81606a6d5f04b18b4666f7f28b45bad" member_type: VOTER last_known_addr { host: "127.19.35.67" port: 34787 } }
I20260709 14:51:52.750025 19924 tablet_bootstrap.cc:654] T 4281e2267740402b8d86ef3bc8f1a704 P e81606a6d5f04b18b4666f7f28b45bad: Neither blocks nor log segments found. Creating new log.
I20260709 14:51:52.752904 19757 heartbeater.cc:499] Master 127.19.35.126:38671 was elected leader, sending a full tablet report...
I20260709 14:51:52.753304 19925 ts_tablet_manager.cc:1434] T 1fa3ad3eff1d4249b132b19955ff7705 P 2a6fd09dea89465f97224f205e468be3: Time spent starting tablet: real 0.020s	user 0.011s	sys 0.008s
I20260709 14:51:52.754174 19925 tablet_bootstrap.cc:492] T e583b2a471a64203b1691c28bf50cde3 P 2a6fd09dea89465f97224f205e468be3: Bootstrap starting.
I20260709 14:51:52.762594 19924 tablet_bootstrap.cc:492] T 4281e2267740402b8d86ef3bc8f1a704 P e81606a6d5f04b18b4666f7f28b45bad: No bootstrap required, opened a new log
I20260709 14:51:52.763093 19925 tablet_bootstrap.cc:654] T e583b2a471a64203b1691c28bf50cde3 P 2a6fd09dea89465f97224f205e468be3: Neither blocks nor log segments found. Creating new log.
I20260709 14:51:52.763520 19924 ts_tablet_manager.cc:1403] T 4281e2267740402b8d86ef3bc8f1a704 P e81606a6d5f04b18b4666f7f28b45bad: Time spent bootstrapping tablet: real 0.020s	user 0.011s	sys 0.004s
I20260709 14:51:52.766404 19924 raft_consensus.cc:359] T 4281e2267740402b8d86ef3bc8f1a704 P e81606a6d5f04b18b4666f7f28b45bad [term 0 FOLLOWER]: Replica starting. Triggering 0 pending ops. Active config: opid_index: -1 OBSOLETE_local: false peers { permanent_uuid: "e81606a6d5f04b18b4666f7f28b45bad" member_type: VOTER last_known_addr { host: "127.19.35.67" port: 34787 } } peers { permanent_uuid: "2a6fd09dea89465f97224f205e468be3" member_type: VOTER last_known_addr { host: "127.19.35.65" port: 36019 } } peers { permanent_uuid: "c9d4351427f5493ba7362c999d2f3882" member_type: VOTER last_known_addr { host: "127.19.35.66" port: 38581 } }
I20260709 14:51:52.767102 19924 raft_consensus.cc:385] T 4281e2267740402b8d86ef3bc8f1a704 P e81606a6d5f04b18b4666f7f28b45bad [term 0 FOLLOWER]: Consensus starting up: Expiring failure detector timer to make a prompt election more likely
I20260709 14:51:52.767392 19924 raft_consensus.cc:740] T 4281e2267740402b8d86ef3bc8f1a704 P e81606a6d5f04b18b4666f7f28b45bad [term 0 FOLLOWER]: Becoming Follower/Learner. State: Replica: e81606a6d5f04b18b4666f7f28b45bad, State: Initialized, Role: FOLLOWER
I20260709 14:51:52.768077 19924 consensus_queue.cc:260] T 4281e2267740402b8d86ef3bc8f1a704 P e81606a6d5f04b18b4666f7f28b45bad [NON_LEADER]: Queue going to NON_LEADER mode. State: All replicated index: 0, Majority replicated index: 0, Committed index: 0, Last appended: 0.0, Last appended by leader: 0, Current term: 0, Majority size: -1, State: 0, Mode: NON_LEADER, active raft config: opid_index: -1 OBSOLETE_local: false peers { permanent_uuid: "e81606a6d5f04b18b4666f7f28b45bad" member_type: VOTER last_known_addr { host: "127.19.35.67" port: 34787 } } peers { permanent_uuid: "2a6fd09dea89465f97224f205e468be3" member_type: VOTER last_known_addr { host: "127.19.35.65" port: 36019 } } peers { permanent_uuid: "c9d4351427f5493ba7362c999d2f3882" member_type: VOTER last_known_addr { host: "127.19.35.66" port: 38581 } }
I20260709 14:51:52.770166 19924 ts_tablet_manager.cc:1434] T 4281e2267740402b8d86ef3bc8f1a704 P e81606a6d5f04b18b4666f7f28b45bad: Time spent starting tablet: real 0.006s	user 0.004s	sys 0.004s
I20260709 14:51:52.771075 19924 tablet_bootstrap.cc:492] T 76272d68018c41118f5b8cc42b097094 P e81606a6d5f04b18b4666f7f28b45bad: Bootstrap starting.
W20260709 14:51:52.773451 19907 tablet.cc:2406] T 4281e2267740402b8d86ef3bc8f1a704 P e81606a6d5f04b18b4666f7f28b45bad: Can't schedule compaction. Clean time has not been advanced past its initial value.
I20260709 14:51:52.774178 19925 tablet_bootstrap.cc:492] T e583b2a471a64203b1691c28bf50cde3 P 2a6fd09dea89465f97224f205e468be3: No bootstrap required, opened a new log
I20260709 14:51:52.774619 19925 ts_tablet_manager.cc:1403] T e583b2a471a64203b1691c28bf50cde3 P 2a6fd09dea89465f97224f205e468be3: Time spent bootstrapping tablet: real 0.021s	user 0.014s	sys 0.001s
I20260709 14:51:52.777243 19924 tablet_bootstrap.cc:654] T 76272d68018c41118f5b8cc42b097094 P e81606a6d5f04b18b4666f7f28b45bad: Neither blocks nor log segments found. Creating new log.
I20260709 14:51:52.777277 19925 raft_consensus.cc:359] T e583b2a471a64203b1691c28bf50cde3 P 2a6fd09dea89465f97224f205e468be3 [term 0 FOLLOWER]: Replica starting. Triggering 0 pending ops. Active config: opid_index: -1 OBSOLETE_local: false peers { permanent_uuid: "2a6fd09dea89465f97224f205e468be3" member_type: VOTER last_known_addr { host: "127.19.35.65" port: 36019 } } peers { permanent_uuid: "c9d4351427f5493ba7362c999d2f3882" member_type: VOTER last_known_addr { host: "127.19.35.66" port: 38581 } } peers { permanent_uuid: "e81606a6d5f04b18b4666f7f28b45bad" member_type: VOTER last_known_addr { host: "127.19.35.67" port: 34787 } }
I20260709 14:51:52.778055 19925 raft_consensus.cc:385] T e583b2a471a64203b1691c28bf50cde3 P 2a6fd09dea89465f97224f205e468be3 [term 0 FOLLOWER]: Consensus starting up: Expiring failure detector timer to make a prompt election more likely
I20260709 14:51:52.778343 19925 raft_consensus.cc:740] T e583b2a471a64203b1691c28bf50cde3 P 2a6fd09dea89465f97224f205e468be3 [term 0 FOLLOWER]: Becoming Follower/Learner. State: Replica: 2a6fd09dea89465f97224f205e468be3, State: Initialized, Role: FOLLOWER
I20260709 14:51:52.784183 19925 consensus_queue.cc:260] T e583b2a471a64203b1691c28bf50cde3 P 2a6fd09dea89465f97224f205e468be3 [NON_LEADER]: Queue going to NON_LEADER mode. State: All replicated index: 0, Majority replicated index: 0, Committed index: 0, Last appended: 0.0, Last appended by leader: 0, Current term: 0, Majority size: -1, State: 0, Mode: NON_LEADER, active raft config: opid_index: -1 OBSOLETE_local: false peers { permanent_uuid: "2a6fd09dea89465f97224f205e468be3" member_type: VOTER last_known_addr { host: "127.19.35.65" port: 36019 } } peers { permanent_uuid: "c9d4351427f5493ba7362c999d2f3882" member_type: VOTER last_known_addr { host: "127.19.35.66" port: 38581 } } peers { permanent_uuid: "e81606a6d5f04b18b4666f7f28b45bad" member_type: VOTER last_known_addr { host: "127.19.35.67" port: 34787 } }
I20260709 14:51:52.787119 19925 ts_tablet_manager.cc:1434] T e583b2a471a64203b1691c28bf50cde3 P 2a6fd09dea89465f97224f205e468be3: Time spent starting tablet: real 0.012s	user 0.004s	sys 0.003s
I20260709 14:51:52.787949 19925 tablet_bootstrap.cc:492] T 4281e2267740402b8d86ef3bc8f1a704 P 2a6fd09dea89465f97224f205e468be3: Bootstrap starting.
I20260709 14:51:52.788790 19924 tablet_bootstrap.cc:492] T 76272d68018c41118f5b8cc42b097094 P e81606a6d5f04b18b4666f7f28b45bad: No bootstrap required, opened a new log
I20260709 14:51:52.789265 19924 ts_tablet_manager.cc:1403] T 76272d68018c41118f5b8cc42b097094 P e81606a6d5f04b18b4666f7f28b45bad: Time spent bootstrapping tablet: real 0.018s	user 0.011s	sys 0.006s
I20260709 14:51:52.789556 19832 heartbeater.cc:499] Master 127.19.35.126:38671 was elected leader, sending a full tablet report...
I20260709 14:51:52.791662 19926 ts_tablet_manager.cc:1434] T 5e31d0d094c64eb9ad971feed59b4e2f P c9d4351427f5493ba7362c999d2f3882: Time spent starting tablet: real 0.050s	user 0.020s	sys 0.016s
I20260709 14:51:52.791993 19924 raft_consensus.cc:359] T 76272d68018c41118f5b8cc42b097094 P e81606a6d5f04b18b4666f7f28b45bad [term 0 FOLLOWER]: Replica starting. Triggering 0 pending ops. Active config: opid_index: -1 OBSOLETE_local: false peers { permanent_uuid: "2a6fd09dea89465f97224f205e468be3" member_type: VOTER last_known_addr { host: "127.19.35.65" port: 36019 } } peers { permanent_uuid: "c9d4351427f5493ba7362c999d2f3882" member_type: VOTER last_known_addr { host: "127.19.35.66" port: 38581 } } peers { permanent_uuid: "e81606a6d5f04b18b4666f7f28b45bad" member_type: VOTER last_known_addr { host: "127.19.35.67" port: 34787 } }
I20260709 14:51:52.792673 19924 raft_consensus.cc:385] T 76272d68018c41118f5b8cc42b097094 P e81606a6d5f04b18b4666f7f28b45bad [term 0 FOLLOWER]: Consensus starting up: Expiring failure detector timer to make a prompt election more likely
I20260709 14:51:52.792948 19924 raft_consensus.cc:740] T 76272d68018c41118f5b8cc42b097094 P e81606a6d5f04b18b4666f7f28b45bad [term 0 FOLLOWER]: Becoming Follower/Learner. State: Replica: e81606a6d5f04b18b4666f7f28b45bad, State: Initialized, Role: FOLLOWER
I20260709 14:51:52.793166 19926 tablet_bootstrap.cc:492] T 4281e2267740402b8d86ef3bc8f1a704 P c9d4351427f5493ba7362c999d2f3882: Bootstrap starting.
I20260709 14:51:52.793859 19924 consensus_queue.cc:260] T 76272d68018c41118f5b8cc42b097094 P e81606a6d5f04b18b4666f7f28b45bad [NON_LEADER]: Queue going to NON_LEADER mode. State: All replicated index: 0, Majority replicated index: 0, Committed index: 0, Last appended: 0.0, Last appended by leader: 0, Current term: 0, Majority size: -1, State: 0, Mode: NON_LEADER, active raft config: opid_index: -1 OBSOLETE_local: false peers { permanent_uuid: "2a6fd09dea89465f97224f205e468be3" member_type: VOTER last_known_addr { host: "127.19.35.65" port: 36019 } } peers { permanent_uuid: "c9d4351427f5493ba7362c999d2f3882" member_type: VOTER last_known_addr { host: "127.19.35.66" port: 38581 } } peers { permanent_uuid: "e81606a6d5f04b18b4666f7f28b45bad" member_type: VOTER last_known_addr { host: "127.19.35.67" port: 34787 } }
I20260709 14:51:52.795889 19924 ts_tablet_manager.cc:1434] T 76272d68018c41118f5b8cc42b097094 P e81606a6d5f04b18b4666f7f28b45bad: Time spent starting tablet: real 0.006s	user 0.004s	sys 0.000s
I20260709 14:51:52.796725 19924 tablet_bootstrap.cc:492] T 7a1053f5737948ac87e6ed2370444a9a P e81606a6d5f04b18b4666f7f28b45bad: Bootstrap starting.
I20260709 14:51:52.798856 19925 tablet_bootstrap.cc:654] T 4281e2267740402b8d86ef3bc8f1a704 P 2a6fd09dea89465f97224f205e468be3: Neither blocks nor log segments found. Creating new log.
I20260709 14:51:52.800024 19931 raft_consensus.cc:493] T e583b2a471a64203b1691c28bf50cde3 P 2a6fd09dea89465f97224f205e468be3 [term 0 FOLLOWER]: Starting pre-election (no leader contacted us within the election timeout)
I20260709 14:51:52.800479 19931 raft_consensus.cc:515] T e583b2a471a64203b1691c28bf50cde3 P 2a6fd09dea89465f97224f205e468be3 [term 0 FOLLOWER]: Starting pre-election with config: opid_index: -1 OBSOLETE_local: false peers { permanent_uuid: "2a6fd09dea89465f97224f205e468be3" member_type: VOTER last_known_addr { host: "127.19.35.65" port: 36019 } } peers { permanent_uuid: "c9d4351427f5493ba7362c999d2f3882" member_type: VOTER last_known_addr { host: "127.19.35.66" port: 38581 } } peers { permanent_uuid: "e81606a6d5f04b18b4666f7f28b45bad" member_type: VOTER last_known_addr { host: "127.19.35.67" port: 34787 } }
I20260709 14:51:52.803485 19931 leader_election.cc:290] T e583b2a471a64203b1691c28bf50cde3 P 2a6fd09dea89465f97224f205e468be3 [CANDIDATE]: Term 1 pre-election: Requested pre-vote from peers c9d4351427f5493ba7362c999d2f3882 (127.19.35.66:38581), e81606a6d5f04b18b4666f7f28b45bad (127.19.35.67:34787)
I20260709 14:51:52.806824 19924 tablet_bootstrap.cc:654] T 7a1053f5737948ac87e6ed2370444a9a P e81606a6d5f04b18b4666f7f28b45bad: Neither blocks nor log segments found. Creating new log.
I20260709 14:51:52.813944 19926 tablet_bootstrap.cc:654] T 4281e2267740402b8d86ef3bc8f1a704 P c9d4351427f5493ba7362c999d2f3882: Neither blocks nor log segments found. Creating new log.
I20260709 14:51:52.823433 19807 tablet_service.cc:1917] Received RequestConsensusVote() RPC: tablet_id: "e583b2a471a64203b1691c28bf50cde3" candidate_uuid: "2a6fd09dea89465f97224f205e468be3" candidate_term: 1 candidate_status { last_received { term: 0 index: 0 } } ignore_live_leader: false dest_uuid: "c9d4351427f5493ba7362c999d2f3882" is_pre_election: true
W20260709 14:51:52.825413 19696 leader_election.cc:343] T e583b2a471a64203b1691c28bf50cde3 P 2a6fd09dea89465f97224f205e468be3 [CANDIDATE]: Term 1 pre-election: Tablet error from VoteRequest() call to peer c9d4351427f5493ba7362c999d2f3882 (127.19.35.66:38581): Illegal state: must be running to vote when last-logged opid is not known
I20260709 14:51:52.825623 19924 tablet_bootstrap.cc:492] T 7a1053f5737948ac87e6ed2370444a9a P e81606a6d5f04b18b4666f7f28b45bad: No bootstrap required, opened a new log
I20260709 14:51:52.826538 19924 ts_tablet_manager.cc:1403] T 7a1053f5737948ac87e6ed2370444a9a P e81606a6d5f04b18b4666f7f28b45bad: Time spent bootstrapping tablet: real 0.030s	user 0.008s	sys 0.003s
I20260709 14:51:52.829264 19924 raft_consensus.cc:359] T 7a1053f5737948ac87e6ed2370444a9a P e81606a6d5f04b18b4666f7f28b45bad [term 0 FOLLOWER]: Replica starting. Triggering 0 pending ops. Active config: opid_index: -1 OBSOLETE_local: false peers { permanent_uuid: "2a6fd09dea89465f97224f205e468be3" member_type: VOTER last_known_addr { host: "127.19.35.65" port: 36019 } } peers { permanent_uuid: "c9d4351427f5493ba7362c999d2f3882" member_type: VOTER last_known_addr { host: "127.19.35.66" port: 38581 } } peers { permanent_uuid: "e81606a6d5f04b18b4666f7f28b45bad" member_type: VOTER last_known_addr { host: "127.19.35.67" port: 34787 } }
I20260709 14:51:52.829929 19924 raft_consensus.cc:385] T 7a1053f5737948ac87e6ed2370444a9a P e81606a6d5f04b18b4666f7f28b45bad [term 0 FOLLOWER]: Consensus starting up: Expiring failure detector timer to make a prompt election more likely
I20260709 14:51:52.830200 19924 raft_consensus.cc:740] T 7a1053f5737948ac87e6ed2370444a9a P e81606a6d5f04b18b4666f7f28b45bad [term 0 FOLLOWER]: Becoming Follower/Learner. State: Replica: e81606a6d5f04b18b4666f7f28b45bad, State: Initialized, Role: FOLLOWER
I20260709 14:51:52.830881 19924 consensus_queue.cc:260] T 7a1053f5737948ac87e6ed2370444a9a P e81606a6d5f04b18b4666f7f28b45bad [NON_LEADER]: Queue going to NON_LEADER mode. State: All replicated index: 0, Majority replicated index: 0, Committed index: 0, Last appended: 0.0, Last appended by leader: 0, Current term: 0, Majority size: -1, State: 0, Mode: NON_LEADER, active raft config: opid_index: -1 OBSOLETE_local: false peers { permanent_uuid: "2a6fd09dea89465f97224f205e468be3" member_type: VOTER last_known_addr { host: "127.19.35.65" port: 36019 } } peers { permanent_uuid: "c9d4351427f5493ba7362c999d2f3882" member_type: VOTER last_known_addr { host: "127.19.35.66" port: 38581 } } peers { permanent_uuid: "e81606a6d5f04b18b4666f7f28b45bad" member_type: VOTER last_known_addr { host: "127.19.35.67" port: 34787 } }
I20260709 14:51:52.831584 19925 tablet_bootstrap.cc:492] T 4281e2267740402b8d86ef3bc8f1a704 P 2a6fd09dea89465f97224f205e468be3: No bootstrap required, opened a new log
I20260709 14:51:52.831333 19881 tablet_service.cc:1917] Received RequestConsensusVote() RPC: tablet_id: "e583b2a471a64203b1691c28bf50cde3" candidate_uuid: "2a6fd09dea89465f97224f205e468be3" candidate_term: 1 candidate_status { last_received { term: 0 index: 0 } } ignore_live_leader: false dest_uuid: "e81606a6d5f04b18b4666f7f28b45bad" is_pre_election: true
I20260709 14:51:52.832082 19881 raft_consensus.cc:2468] T e583b2a471a64203b1691c28bf50cde3 P e81606a6d5f04b18b4666f7f28b45bad [term 0 FOLLOWER]: Leader pre-election vote request: Granting yes vote for candidate 2a6fd09dea89465f97224f205e468be3 in term 0.
I20260709 14:51:52.833331 19924 ts_tablet_manager.cc:1434] T 7a1053f5737948ac87e6ed2370444a9a P e81606a6d5f04b18b4666f7f28b45bad: Time spent starting tablet: real 0.006s	user 0.006s	sys 0.001s
I20260709 14:51:52.833503 19697 leader_election.cc:304] T e583b2a471a64203b1691c28bf50cde3 P 2a6fd09dea89465f97224f205e468be3 [CANDIDATE]: Term 1 pre-election: Election decided. Result: candidate won. Election summary: received 3 responses out of 3 voters: 2 yes votes; 1 no votes. yes voters: 2a6fd09dea89465f97224f205e468be3, e81606a6d5f04b18b4666f7f28b45bad; no voters: c9d4351427f5493ba7362c999d2f3882
I20260709 14:51:52.834256 19931 raft_consensus.cc:2804] T e583b2a471a64203b1691c28bf50cde3 P 2a6fd09dea89465f97224f205e468be3 [term 0 FOLLOWER]: Leader pre-election won for term 1
I20260709 14:51:52.834601 19931 raft_consensus.cc:493] T e583b2a471a64203b1691c28bf50cde3 P 2a6fd09dea89465f97224f205e468be3 [term 0 FOLLOWER]: Starting leader election (no leader contacted us within the election timeout)
I20260709 14:51:52.834911 19931 raft_consensus.cc:3060] T e583b2a471a64203b1691c28bf50cde3 P 2a6fd09dea89465f97224f205e468be3 [term 0 FOLLOWER]: Advancing to term 1
I20260709 14:51:52.835084 19925 ts_tablet_manager.cc:1403] T 4281e2267740402b8d86ef3bc8f1a704 P 2a6fd09dea89465f97224f205e468be3: Time spent bootstrapping tablet: real 0.047s	user 0.014s	sys 0.003s
I20260709 14:51:52.837831 19925 raft_consensus.cc:359] T 4281e2267740402b8d86ef3bc8f1a704 P 2a6fd09dea89465f97224f205e468be3 [term 0 FOLLOWER]: Replica starting. Triggering 0 pending ops. Active config: opid_index: -1 OBSOLETE_local: false peers { permanent_uuid: "e81606a6d5f04b18b4666f7f28b45bad" member_type: VOTER last_known_addr { host: "127.19.35.67" port: 34787 } } peers { permanent_uuid: "2a6fd09dea89465f97224f205e468be3" member_type: VOTER last_known_addr { host: "127.19.35.65" port: 36019 } } peers { permanent_uuid: "c9d4351427f5493ba7362c999d2f3882" member_type: VOTER last_known_addr { host: "127.19.35.66" port: 38581 } }
I20260709 14:51:52.840747 19925 raft_consensus.cc:385] T 4281e2267740402b8d86ef3bc8f1a704 P 2a6fd09dea89465f97224f205e468be3 [term 0 FOLLOWER]: Consensus starting up: Expiring failure detector timer to make a prompt election more likely
I20260709 14:51:52.841039 19925 raft_consensus.cc:740] T 4281e2267740402b8d86ef3bc8f1a704 P 2a6fd09dea89465f97224f205e468be3 [term 0 FOLLOWER]: Becoming Follower/Learner. State: Replica: 2a6fd09dea89465f97224f205e468be3, State: Initialized, Role: FOLLOWER
I20260709 14:51:52.841164 19931 raft_consensus.cc:515] T e583b2a471a64203b1691c28bf50cde3 P 2a6fd09dea89465f97224f205e468be3 [term 1 FOLLOWER]: Starting leader election with config: opid_index: -1 OBSOLETE_local: false peers { permanent_uuid: "2a6fd09dea89465f97224f205e468be3" member_type: VOTER last_known_addr { host: "127.19.35.65" port: 36019 } } peers { permanent_uuid: "c9d4351427f5493ba7362c999d2f3882" member_type: VOTER last_known_addr { host: "127.19.35.66" port: 38581 } } peers { permanent_uuid: "e81606a6d5f04b18b4666f7f28b45bad" member_type: VOTER last_known_addr { host: "127.19.35.67" port: 34787 } }
I20260709 14:51:52.841750 19925 consensus_queue.cc:260] T 4281e2267740402b8d86ef3bc8f1a704 P 2a6fd09dea89465f97224f205e468be3 [NON_LEADER]: Queue going to NON_LEADER mode. State: All replicated index: 0, Majority replicated index: 0, Committed index: 0, Last appended: 0.0, Last appended by leader: 0, Current term: 0, Majority size: -1, State: 0, Mode: NON_LEADER, active raft config: opid_index: -1 OBSOLETE_local: false peers { permanent_uuid: "e81606a6d5f04b18b4666f7f28b45bad" member_type: VOTER last_known_addr { host: "127.19.35.67" port: 34787 } } peers { permanent_uuid: "2a6fd09dea89465f97224f205e468be3" member_type: VOTER last_known_addr { host: "127.19.35.65" port: 36019 } } peers { permanent_uuid: "c9d4351427f5493ba7362c999d2f3882" member_type: VOTER last_known_addr { host: "127.19.35.66" port: 38581 } }
I20260709 14:51:52.843263 19924 tablet_bootstrap.cc:492] T 8522fcdc712c452f8ddf439e58a6a9b5 P e81606a6d5f04b18b4666f7f28b45bad: Bootstrap starting.
I20260709 14:51:52.844483 19807 tablet_service.cc:1917] Received RequestConsensusVote() RPC: tablet_id: "e583b2a471a64203b1691c28bf50cde3" candidate_uuid: "2a6fd09dea89465f97224f205e468be3" candidate_term: 1 candidate_status { last_received { term: 0 index: 0 } } ignore_live_leader: false dest_uuid: "c9d4351427f5493ba7362c999d2f3882"
I20260709 14:51:52.845485 19881 tablet_service.cc:1917] Received RequestConsensusVote() RPC: tablet_id: "e583b2a471a64203b1691c28bf50cde3" candidate_uuid: "2a6fd09dea89465f97224f205e468be3" candidate_term: 1 candidate_status { last_received { term: 0 index: 0 } } ignore_live_leader: false dest_uuid: "e81606a6d5f04b18b4666f7f28b45bad"
I20260709 14:51:52.845999 19881 raft_consensus.cc:3060] T e583b2a471a64203b1691c28bf50cde3 P e81606a6d5f04b18b4666f7f28b45bad [term 0 FOLLOWER]: Advancing to term 1
W20260709 14:51:52.848147 19696 leader_election.cc:343] T e583b2a471a64203b1691c28bf50cde3 P 2a6fd09dea89465f97224f205e468be3 [CANDIDATE]: Term 1 election: Tablet error from VoteRequest() call to peer c9d4351427f5493ba7362c999d2f3882 (127.19.35.66:38581): Illegal state: must be running to vote when last-logged opid is not known
I20260709 14:51:52.851411 19924 tablet_bootstrap.cc:654] T 8522fcdc712c452f8ddf439e58a6a9b5 P e81606a6d5f04b18b4666f7f28b45bad: Neither blocks nor log segments found. Creating new log.
I20260709 14:51:52.851969 19926 tablet_bootstrap.cc:492] T 4281e2267740402b8d86ef3bc8f1a704 P c9d4351427f5493ba7362c999d2f3882: No bootstrap required, opened a new log
I20260709 14:51:52.852507 19926 ts_tablet_manager.cc:1403] T 4281e2267740402b8d86ef3bc8f1a704 P c9d4351427f5493ba7362c999d2f3882: Time spent bootstrapping tablet: real 0.060s	user 0.024s	sys 0.003s
I20260709 14:51:52.853880 19881 raft_consensus.cc:2468] T e583b2a471a64203b1691c28bf50cde3 P e81606a6d5f04b18b4666f7f28b45bad [term 1 FOLLOWER]: Leader election vote request: Granting yes vote for candidate 2a6fd09dea89465f97224f205e468be3 in term 1.
I20260709 14:51:52.843952 19931 leader_election.cc:290] T e583b2a471a64203b1691c28bf50cde3 P 2a6fd09dea89465f97224f205e468be3 [CANDIDATE]: Term 1 election: Requested vote from peers c9d4351427f5493ba7362c999d2f3882 (127.19.35.66:38581), e81606a6d5f04b18b4666f7f28b45bad (127.19.35.67:34787)
I20260709 14:51:52.854921 19697 leader_election.cc:304] T e583b2a471a64203b1691c28bf50cde3 P 2a6fd09dea89465f97224f205e468be3 [CANDIDATE]: Term 1 election: Election decided. Result: candidate won. Election summary: received 3 responses out of 3 voters: 2 yes votes; 1 no votes. yes voters: 2a6fd09dea89465f97224f205e468be3, e81606a6d5f04b18b4666f7f28b45bad; no voters: c9d4351427f5493ba7362c999d2f3882
I20260709 14:51:52.855338 19926 raft_consensus.cc:359] T 4281e2267740402b8d86ef3bc8f1a704 P c9d4351427f5493ba7362c999d2f3882 [term 0 FOLLOWER]: Replica starting. Triggering 0 pending ops. Active config: opid_index: -1 OBSOLETE_local: false peers { permanent_uuid: "e81606a6d5f04b18b4666f7f28b45bad" member_type: VOTER last_known_addr { host: "127.19.35.67" port: 34787 } } peers { permanent_uuid: "2a6fd09dea89465f97224f205e468be3" member_type: VOTER last_known_addr { host: "127.19.35.65" port: 36019 } } peers { permanent_uuid: "c9d4351427f5493ba7362c999d2f3882" member_type: VOTER last_known_addr { host: "127.19.35.66" port: 38581 } }
I20260709 14:51:52.856015 19926 raft_consensus.cc:385] T 4281e2267740402b8d86ef3bc8f1a704 P c9d4351427f5493ba7362c999d2f3882 [term 0 FOLLOWER]: Consensus starting up: Expiring failure detector timer to make a prompt election more likely
I20260709 14:51:52.856267 19941 raft_consensus.cc:2804] T e583b2a471a64203b1691c28bf50cde3 P 2a6fd09dea89465f97224f205e468be3 [term 1 FOLLOWER]: Leader election won for term 1
I20260709 14:51:52.856777 19941 raft_consensus.cc:697] T e583b2a471a64203b1691c28bf50cde3 P 2a6fd09dea89465f97224f205e468be3 [term 1 LEADER]: Becoming Leader. State: Replica: 2a6fd09dea89465f97224f205e468be3, State: Running, Role: LEADER
I20260709 14:51:52.857151 19925 ts_tablet_manager.cc:1434] T 4281e2267740402b8d86ef3bc8f1a704 P 2a6fd09dea89465f97224f205e468be3: Time spent starting tablet: real 0.022s	user 0.005s	sys 0.006s
I20260709 14:51:52.858065 19925 tablet_bootstrap.cc:492] T 8522fcdc712c452f8ddf439e58a6a9b5 P 2a6fd09dea89465f97224f205e468be3: Bootstrap starting.
I20260709 14:51:52.857565 19941 consensus_queue.cc:237] T e583b2a471a64203b1691c28bf50cde3 P 2a6fd09dea89465f97224f205e468be3 [LEADER]: Queue going to LEADER mode. State: All replicated index: 0, Majority replicated index: 0, Committed index: 0, Last appended: 0.0, Last appended by leader: 0, Current term: 1, Majority size: 2, State: 0, Mode: LEADER, active raft config: opid_index: -1 OBSOLETE_local: false peers { permanent_uuid: "2a6fd09dea89465f97224f205e468be3" member_type: VOTER last_known_addr { host: "127.19.35.65" port: 36019 } } peers { permanent_uuid: "c9d4351427f5493ba7362c999d2f3882" member_type: VOTER last_known_addr { host: "127.19.35.66" port: 38581 } } peers { permanent_uuid: "e81606a6d5f04b18b4666f7f28b45bad" member_type: VOTER last_known_addr { host: "127.19.35.67" port: 34787 } }
I20260709 14:51:52.856292 19926 raft_consensus.cc:740] T 4281e2267740402b8d86ef3bc8f1a704 P c9d4351427f5493ba7362c999d2f3882 [term 0 FOLLOWER]: Becoming Follower/Learner. State: Replica: c9d4351427f5493ba7362c999d2f3882, State: Initialized, Role: FOLLOWER
I20260709 14:51:52.861764 19926 consensus_queue.cc:260] T 4281e2267740402b8d86ef3bc8f1a704 P c9d4351427f5493ba7362c999d2f3882 [NON_LEADER]: Queue going to NON_LEADER mode. State: All replicated index: 0, Majority replicated index: 0, Committed index: 0, Last appended: 0.0, Last appended by leader: 0, Current term: 0, Majority size: -1, State: 0, Mode: NON_LEADER, active raft config: opid_index: -1 OBSOLETE_local: false peers { permanent_uuid: "e81606a6d5f04b18b4666f7f28b45bad" member_type: VOTER last_known_addr { host: "127.19.35.67" port: 34787 } } peers { permanent_uuid: "2a6fd09dea89465f97224f205e468be3" member_type: VOTER last_known_addr { host: "127.19.35.65" port: 36019 } } peers { permanent_uuid: "c9d4351427f5493ba7362c999d2f3882" member_type: VOTER last_known_addr { host: "127.19.35.66" port: 38581 } }
I20260709 14:51:52.864491 19926 ts_tablet_manager.cc:1434] T 4281e2267740402b8d86ef3bc8f1a704 P c9d4351427f5493ba7362c999d2f3882: Time spent starting tablet: real 0.012s	user 0.002s	sys 0.003s
I20260709 14:51:52.864624 19924 tablet_bootstrap.cc:492] T 8522fcdc712c452f8ddf439e58a6a9b5 P e81606a6d5f04b18b4666f7f28b45bad: No bootstrap required, opened a new log
I20260709 14:51:52.865134 19924 ts_tablet_manager.cc:1403] T 8522fcdc712c452f8ddf439e58a6a9b5 P e81606a6d5f04b18b4666f7f28b45bad: Time spent bootstrapping tablet: real 0.031s	user 0.011s	sys 0.002s
I20260709 14:51:52.865324 19926 tablet_bootstrap.cc:492] T 8522fcdc712c452f8ddf439e58a6a9b5 P c9d4351427f5493ba7362c999d2f3882: Bootstrap starting.
I20260709 14:51:52.869016 19924 raft_consensus.cc:359] T 8522fcdc712c452f8ddf439e58a6a9b5 P e81606a6d5f04b18b4666f7f28b45bad [term 0 FOLLOWER]: Replica starting. Triggering 0 pending ops. Active config: opid_index: -1 OBSOLETE_local: false peers { permanent_uuid: "2a6fd09dea89465f97224f205e468be3" member_type: VOTER last_known_addr { host: "127.19.35.65" port: 36019 } } peers { permanent_uuid: "c9d4351427f5493ba7362c999d2f3882" member_type: VOTER last_known_addr { host: "127.19.35.66" port: 38581 } } peers { permanent_uuid: "e81606a6d5f04b18b4666f7f28b45bad" member_type: VOTER last_known_addr { host: "127.19.35.67" port: 34787 } }
I20260709 14:51:52.871188 19925 tablet_bootstrap.cc:654] T 8522fcdc712c452f8ddf439e58a6a9b5 P 2a6fd09dea89465f97224f205e468be3: Neither blocks nor log segments found. Creating new log.
I20260709 14:51:52.871532 19924 raft_consensus.cc:385] T 8522fcdc712c452f8ddf439e58a6a9b5 P e81606a6d5f04b18b4666f7f28b45bad [term 0 FOLLOWER]: Consensus starting up: Expiring failure detector timer to make a prompt election more likely
I20260709 14:51:52.871901 19924 raft_consensus.cc:740] T 8522fcdc712c452f8ddf439e58a6a9b5 P e81606a6d5f04b18b4666f7f28b45bad [term 0 FOLLOWER]: Becoming Follower/Learner. State: Replica: e81606a6d5f04b18b4666f7f28b45bad, State: Initialized, Role: FOLLOWER
I20260709 14:51:52.874521 19924 consensus_queue.cc:260] T 8522fcdc712c452f8ddf439e58a6a9b5 P e81606a6d5f04b18b4666f7f28b45bad [NON_LEADER]: Queue going to NON_LEADER mode. State: All replicated index: 0, Majority replicated index: 0, Committed index: 0, Last appended: 0.0, Last appended by leader: 0, Current term: 0, Majority size: -1, State: 0, Mode: NON_LEADER, active raft config: opid_index: -1 OBSOLETE_local: false peers { permanent_uuid: "2a6fd09dea89465f97224f205e468be3" member_type: VOTER last_known_addr { host: "127.19.35.65" port: 36019 } } peers { permanent_uuid: "c9d4351427f5493ba7362c999d2f3882" member_type: VOTER last_known_addr { host: "127.19.35.66" port: 38581 } } peers { permanent_uuid: "e81606a6d5f04b18b4666f7f28b45bad" member_type: VOTER last_known_addr { host: "127.19.35.67" port: 34787 } }
I20260709 14:51:52.878368 19924 ts_tablet_manager.cc:1434] T 8522fcdc712c452f8ddf439e58a6a9b5 P e81606a6d5f04b18b4666f7f28b45bad: Time spent starting tablet: real 0.013s	user 0.006s	sys 0.000s
I20260709 14:51:52.879323 19924 tablet_bootstrap.cc:492] T 5e31d0d094c64eb9ad971feed59b4e2f P e81606a6d5f04b18b4666f7f28b45bad: Bootstrap starting.
I20260709 14:51:52.886374 19926 tablet_bootstrap.cc:654] T 8522fcdc712c452f8ddf439e58a6a9b5 P c9d4351427f5493ba7362c999d2f3882: Neither blocks nor log segments found. Creating new log.
I20260709 14:51:52.889642 19924 tablet_bootstrap.cc:654] T 5e31d0d094c64eb9ad971feed59b4e2f P e81606a6d5f04b18b4666f7f28b45bad: Neither blocks nor log segments found. Creating new log.
I20260709 14:51:52.896374 19930 raft_consensus.cc:493] T 7a1053f5737948ac87e6ed2370444a9a P e81606a6d5f04b18b4666f7f28b45bad [term 0 FOLLOWER]: Starting pre-election (no leader contacted us within the election timeout)
I20260709 14:51:52.896865 19930 raft_consensus.cc:515] T 7a1053f5737948ac87e6ed2370444a9a P e81606a6d5f04b18b4666f7f28b45bad [term 0 FOLLOWER]: Starting pre-election with config: opid_index: -1 OBSOLETE_local: false peers { permanent_uuid: "2a6fd09dea89465f97224f205e468be3" member_type: VOTER last_known_addr { host: "127.19.35.65" port: 36019 } } peers { permanent_uuid: "c9d4351427f5493ba7362c999d2f3882" member_type: VOTER last_known_addr { host: "127.19.35.66" port: 38581 } } peers { permanent_uuid: "e81606a6d5f04b18b4666f7f28b45bad" member_type: VOTER last_known_addr { host: "127.19.35.67" port: 34787 } }
I20260709 14:51:52.902534 19930 leader_election.cc:290] T 7a1053f5737948ac87e6ed2370444a9a P e81606a6d5f04b18b4666f7f28b45bad [CANDIDATE]: Term 1 pre-election: Requested pre-vote from peers 2a6fd09dea89465f97224f205e468be3 (127.19.35.65:36019), c9d4351427f5493ba7362c999d2f3882 (127.19.35.66:38581)
I20260709 14:51:52.903872 19925 tablet_bootstrap.cc:492] T 8522fcdc712c452f8ddf439e58a6a9b5 P 2a6fd09dea89465f97224f205e468be3: No bootstrap required, opened a new log
I20260709 14:51:52.904295 19924 tablet_bootstrap.cc:492] T 5e31d0d094c64eb9ad971feed59b4e2f P e81606a6d5f04b18b4666f7f28b45bad: No bootstrap required, opened a new log
I20260709 14:51:52.904350 19925 ts_tablet_manager.cc:1403] T 8522fcdc712c452f8ddf439e58a6a9b5 P 2a6fd09dea89465f97224f205e468be3: Time spent bootstrapping tablet: real 0.046s	user 0.009s	sys 0.009s
I20260709 14:51:52.904877 19924 ts_tablet_manager.cc:1403] T 5e31d0d094c64eb9ad971feed59b4e2f P e81606a6d5f04b18b4666f7f28b45bad: Time spent bootstrapping tablet: real 0.026s	user 0.006s	sys 0.011s
I20260709 14:51:52.895315 19629 catalog_manager.cc:5697] T e583b2a471a64203b1691c28bf50cde3 P 2a6fd09dea89465f97224f205e468be3 reported cstate change: term changed from 0 to 1, leader changed from <none> to 2a6fd09dea89465f97224f205e468be3 (127.19.35.65). New cstate: current_term: 1 leader_uuid: "2a6fd09dea89465f97224f205e468be3" committed_config { opid_index: -1 OBSOLETE_local: false peers { permanent_uuid: "2a6fd09dea89465f97224f205e468be3" member_type: VOTER last_known_addr { host: "127.19.35.65" port: 36019 } health_report { overall_health: HEALTHY } } peers { permanent_uuid: "c9d4351427f5493ba7362c999d2f3882" member_type: VOTER last_known_addr { host: "127.19.35.66" port: 38581 } health_report { overall_health: UNKNOWN } } peers { permanent_uuid: "e81606a6d5f04b18b4666f7f28b45bad" member_type: VOTER last_known_addr { host: "127.19.35.67" port: 34787 } health_report { overall_health: UNKNOWN } } }
I20260709 14:51:52.907284 19925 raft_consensus.cc:359] T 8522fcdc712c452f8ddf439e58a6a9b5 P 2a6fd09dea89465f97224f205e468be3 [term 0 FOLLOWER]: Replica starting. Triggering 0 pending ops. Active config: opid_index: -1 OBSOLETE_local: false peers { permanent_uuid: "2a6fd09dea89465f97224f205e468be3" member_type: VOTER last_known_addr { host: "127.19.35.65" port: 36019 } } peers { permanent_uuid: "c9d4351427f5493ba7362c999d2f3882" member_type: VOTER last_known_addr { host: "127.19.35.66" port: 38581 } } peers { permanent_uuid: "e81606a6d5f04b18b4666f7f28b45bad" member_type: VOTER last_known_addr { host: "127.19.35.67" port: 34787 } }
I20260709 14:51:52.907596 19924 raft_consensus.cc:359] T 5e31d0d094c64eb9ad971feed59b4e2f P e81606a6d5f04b18b4666f7f28b45bad [term 0 FOLLOWER]: Replica starting. Triggering 0 pending ops. Active config: opid_index: -1 OBSOLETE_local: false peers { permanent_uuid: "2a6fd09dea89465f97224f205e468be3" member_type: VOTER last_known_addr { host: "127.19.35.65" port: 36019 } } peers { permanent_uuid: "c9d4351427f5493ba7362c999d2f3882" member_type: VOTER last_known_addr { host: "127.19.35.66" port: 38581 } } peers { permanent_uuid: "e81606a6d5f04b18b4666f7f28b45bad" member_type: VOTER last_known_addr { host: "127.19.35.67" port: 34787 } }
I20260709 14:51:52.907971 19925 raft_consensus.cc:385] T 8522fcdc712c452f8ddf439e58a6a9b5 P 2a6fd09dea89465f97224f205e468be3 [term 0 FOLLOWER]: Consensus starting up: Expiring failure detector timer to make a prompt election more likely
I20260709 14:51:52.908352 19925 raft_consensus.cc:740] T 8522fcdc712c452f8ddf439e58a6a9b5 P 2a6fd09dea89465f97224f205e468be3 [term 0 FOLLOWER]: Becoming Follower/Learner. State: Replica: 2a6fd09dea89465f97224f205e468be3, State: Initialized, Role: FOLLOWER
I20260709 14:51:52.909386 19931 raft_consensus.cc:493] T 1fa3ad3eff1d4249b132b19955ff7705 P 2a6fd09dea89465f97224f205e468be3 [term 0 FOLLOWER]: Starting pre-election (no leader contacted us within the election timeout)
I20260709 14:51:52.909113 19925 consensus_queue.cc:260] T 8522fcdc712c452f8ddf439e58a6a9b5 P 2a6fd09dea89465f97224f205e468be3 [NON_LEADER]: Queue going to NON_LEADER mode. State: All replicated index: 0, Majority replicated index: 0, Committed index: 0, Last appended: 0.0, Last appended by leader: 0, Current term: 0, Majority size: -1, State: 0, Mode: NON_LEADER, active raft config: opid_index: -1 OBSOLETE_local: false peers { permanent_uuid: "2a6fd09dea89465f97224f205e468be3" member_type: VOTER last_known_addr { host: "127.19.35.65" port: 36019 } } peers { permanent_uuid: "c9d4351427f5493ba7362c999d2f3882" member_type: VOTER last_known_addr { host: "127.19.35.66" port: 38581 } } peers { permanent_uuid: "e81606a6d5f04b18b4666f7f28b45bad" member_type: VOTER last_known_addr { host: "127.19.35.67" port: 34787 } }
I20260709 14:51:52.909855 19931 raft_consensus.cc:515] T 1fa3ad3eff1d4249b132b19955ff7705 P 2a6fd09dea89465f97224f205e468be3 [term 0 FOLLOWER]: Starting pre-election with config: opid_index: -1 OBSOLETE_local: false peers { permanent_uuid: "2a6fd09dea89465f97224f205e468be3" member_type: VOTER last_known_addr { host: "127.19.35.65" port: 36019 } } peers { permanent_uuid: "c9d4351427f5493ba7362c999d2f3882" member_type: VOTER last_known_addr { host: "127.19.35.66" port: 38581 } } peers { permanent_uuid: "e81606a6d5f04b18b4666f7f28b45bad" member_type: VOTER last_known_addr { host: "127.19.35.67" port: 34787 } }
I20260709 14:51:52.911913 19931 leader_election.cc:290] T 1fa3ad3eff1d4249b132b19955ff7705 P 2a6fd09dea89465f97224f205e468be3 [CANDIDATE]: Term 1 pre-election: Requested pre-vote from peers c9d4351427f5493ba7362c999d2f3882 (127.19.35.66:38581), e81606a6d5f04b18b4666f7f28b45bad (127.19.35.67:34787)
I20260709 14:51:52.913594 19807 tablet_service.cc:1917] Received RequestConsensusVote() RPC: tablet_id: "1fa3ad3eff1d4249b132b19955ff7705" candidate_uuid: "2a6fd09dea89465f97224f205e468be3" candidate_term: 1 candidate_status { last_received { term: 0 index: 0 } } ignore_live_leader: false dest_uuid: "c9d4351427f5493ba7362c999d2f3882" is_pre_election: true
I20260709 14:51:52.913991 19926 tablet_bootstrap.cc:492] T 8522fcdc712c452f8ddf439e58a6a9b5 P c9d4351427f5493ba7362c999d2f3882: No bootstrap required, opened a new log
I20260709 14:51:52.914265 19881 tablet_service.cc:1917] Received RequestConsensusVote() RPC: tablet_id: "1fa3ad3eff1d4249b132b19955ff7705" candidate_uuid: "2a6fd09dea89465f97224f205e468be3" candidate_term: 1 candidate_status { last_received { term: 0 index: 0 } } ignore_live_leader: false dest_uuid: "e81606a6d5f04b18b4666f7f28b45bad" is_pre_election: true
I20260709 14:51:52.914433 19926 ts_tablet_manager.cc:1403] T 8522fcdc712c452f8ddf439e58a6a9b5 P c9d4351427f5493ba7362c999d2f3882: Time spent bootstrapping tablet: real 0.049s	user 0.010s	sys 0.013s
W20260709 14:51:52.915073 19696 leader_election.cc:343] T 1fa3ad3eff1d4249b132b19955ff7705 P 2a6fd09dea89465f97224f205e468be3 [CANDIDATE]: Term 1 pre-election: Tablet error from VoteRequest() call to peer c9d4351427f5493ba7362c999d2f3882 (127.19.35.66:38581): Illegal state: must be running to vote when last-logged opid is not known
W20260709 14:51:52.915819 19697 leader_election.cc:343] T 1fa3ad3eff1d4249b132b19955ff7705 P 2a6fd09dea89465f97224f205e468be3 [CANDIDATE]: Term 1 pre-election: Tablet error from VoteRequest() call to peer e81606a6d5f04b18b4666f7f28b45bad (127.19.35.67:34787): Illegal state: must be running to vote when last-logged opid is not known
I20260709 14:51:52.916235 19697 leader_election.cc:304] T 1fa3ad3eff1d4249b132b19955ff7705 P 2a6fd09dea89465f97224f205e468be3 [CANDIDATE]: Term 1 pre-election: Election decided. Result: candidate lost. Election summary: received 3 responses out of 3 voters: 1 yes votes; 2 no votes. yes voters: 2a6fd09dea89465f97224f205e468be3; no voters: c9d4351427f5493ba7362c999d2f3882, e81606a6d5f04b18b4666f7f28b45bad
I20260709 14:51:52.916931 19941 raft_consensus.cc:2749] T 1fa3ad3eff1d4249b132b19955ff7705 P 2a6fd09dea89465f97224f205e468be3 [term 0 FOLLOWER]: Leader pre-election lost for term 1. Reason: could not achieve majority
I20260709 14:51:52.917165 19926 raft_consensus.cc:359] T 8522fcdc712c452f8ddf439e58a6a9b5 P c9d4351427f5493ba7362c999d2f3882 [term 0 FOLLOWER]: Replica starting. Triggering 0 pending ops. Active config: opid_index: -1 OBSOLETE_local: false peers { permanent_uuid: "2a6fd09dea89465f97224f205e468be3" member_type: VOTER last_known_addr { host: "127.19.35.65" port: 36019 } } peers { permanent_uuid: "c9d4351427f5493ba7362c999d2f3882" member_type: VOTER last_known_addr { host: "127.19.35.66" port: 38581 } } peers { permanent_uuid: "e81606a6d5f04b18b4666f7f28b45bad" member_type: VOTER last_known_addr { host: "127.19.35.67" port: 34787 } }
I20260709 14:51:52.917869 19926 raft_consensus.cc:385] T 8522fcdc712c452f8ddf439e58a6a9b5 P c9d4351427f5493ba7362c999d2f3882 [term 0 FOLLOWER]: Consensus starting up: Expiring failure detector timer to make a prompt election more likely
I20260709 14:51:52.918143 19926 raft_consensus.cc:740] T 8522fcdc712c452f8ddf439e58a6a9b5 P c9d4351427f5493ba7362c999d2f3882 [term 0 FOLLOWER]: Becoming Follower/Learner. State: Replica: c9d4351427f5493ba7362c999d2f3882, State: Initialized, Role: FOLLOWER
I20260709 14:51:52.918876 19926 consensus_queue.cc:260] T 8522fcdc712c452f8ddf439e58a6a9b5 P c9d4351427f5493ba7362c999d2f3882 [NON_LEADER]: Queue going to NON_LEADER mode. State: All replicated index: 0, Majority replicated index: 0, Committed index: 0, Last appended: 0.0, Last appended by leader: 0, Current term: 0, Majority size: -1, State: 0, Mode: NON_LEADER, active raft config: opid_index: -1 OBSOLETE_local: false peers { permanent_uuid: "2a6fd09dea89465f97224f205e468be3" member_type: VOTER last_known_addr { host: "127.19.35.65" port: 36019 } } peers { permanent_uuid: "c9d4351427f5493ba7362c999d2f3882" member_type: VOTER last_known_addr { host: "127.19.35.66" port: 38581 } } peers { permanent_uuid: "e81606a6d5f04b18b4666f7f28b45bad" member_type: VOTER last_known_addr { host: "127.19.35.67" port: 34787 } }
I20260709 14:51:52.923806 19925 ts_tablet_manager.cc:1434] T 8522fcdc712c452f8ddf439e58a6a9b5 P 2a6fd09dea89465f97224f205e468be3: Time spent starting tablet: real 0.019s	user 0.011s	sys 0.001s
I20260709 14:51:52.924783 19925 tablet_bootstrap.cc:492] T 5e31d0d094c64eb9ad971feed59b4e2f P 2a6fd09dea89465f97224f205e468be3: Bootstrap starting.
I20260709 14:51:52.908304 19924 raft_consensus.cc:385] T 5e31d0d094c64eb9ad971feed59b4e2f P e81606a6d5f04b18b4666f7f28b45bad [term 0 FOLLOWER]: Consensus starting up: Expiring failure detector timer to make a prompt election more likely
I20260709 14:51:52.925460 19924 raft_consensus.cc:740] T 5e31d0d094c64eb9ad971feed59b4e2f P e81606a6d5f04b18b4666f7f28b45bad [term 0 FOLLOWER]: Becoming Follower/Learner. State: Replica: e81606a6d5f04b18b4666f7f28b45bad, State: Initialized, Role: FOLLOWER
I20260709 14:51:52.926174 19924 consensus_queue.cc:260] T 5e31d0d094c64eb9ad971feed59b4e2f P e81606a6d5f04b18b4666f7f28b45bad [NON_LEADER]: Queue going to NON_LEADER mode. State: All replicated index: 0, Majority replicated index: 0, Committed index: 0, Last appended: 0.0, Last appended by leader: 0, Current term: 0, Majority size: -1, State: 0, Mode: NON_LEADER, active raft config: opid_index: -1 OBSOLETE_local: false peers { permanent_uuid: "2a6fd09dea89465f97224f205e468be3" member_type: VOTER last_known_addr { host: "127.19.35.65" port: 36019 } } peers { permanent_uuid: "c9d4351427f5493ba7362c999d2f3882" member_type: VOTER last_known_addr { host: "127.19.35.66" port: 38581 } } peers { permanent_uuid: "e81606a6d5f04b18b4666f7f28b45bad" member_type: VOTER last_known_addr { host: "127.19.35.67" port: 34787 } }
I20260709 14:51:52.927126 19926 ts_tablet_manager.cc:1434] T 8522fcdc712c452f8ddf439e58a6a9b5 P c9d4351427f5493ba7362c999d2f3882: Time spent starting tablet: real 0.012s	user 0.005s	sys 0.000s
I20260709 14:51:52.930274 19924 ts_tablet_manager.cc:1434] T 5e31d0d094c64eb9ad971feed59b4e2f P e81606a6d5f04b18b4666f7f28b45bad: Time spent starting tablet: real 0.025s	user 0.006s	sys 0.000s
I20260709 14:51:52.931161 19924 tablet_bootstrap.cc:492] T 428d3bd7e0364d6fb5598df42195d493 P e81606a6d5f04b18b4666f7f28b45bad: Bootstrap starting.
I20260709 14:51:52.931298 19925 tablet_bootstrap.cc:654] T 5e31d0d094c64eb9ad971feed59b4e2f P 2a6fd09dea89465f97224f205e468be3: Neither blocks nor log segments found. Creating new log.
I20260709 14:51:52.931767 19926 tablet_bootstrap.cc:492] T e583b2a471a64203b1691c28bf50cde3 P c9d4351427f5493ba7362c999d2f3882: Bootstrap starting.
I20260709 14:51:52.937305 19924 tablet_bootstrap.cc:654] T 428d3bd7e0364d6fb5598df42195d493 P e81606a6d5f04b18b4666f7f28b45bad: Neither blocks nor log segments found. Creating new log.
I20260709 14:51:52.938464 19926 tablet_bootstrap.cc:654] T e583b2a471a64203b1691c28bf50cde3 P c9d4351427f5493ba7362c999d2f3882: Neither blocks nor log segments found. Creating new log.
I20260709 14:51:52.944321 19925 tablet_bootstrap.cc:492] T 5e31d0d094c64eb9ad971feed59b4e2f P 2a6fd09dea89465f97224f205e468be3: No bootstrap required, opened a new log
I20260709 14:51:52.944810 19925 ts_tablet_manager.cc:1403] T 5e31d0d094c64eb9ad971feed59b4e2f P 2a6fd09dea89465f97224f205e468be3: Time spent bootstrapping tablet: real 0.020s	user 0.009s	sys 0.008s
I20260709 14:51:52.947566 19925 raft_consensus.cc:359] T 5e31d0d094c64eb9ad971feed59b4e2f P 2a6fd09dea89465f97224f205e468be3 [term 0 FOLLOWER]: Replica starting. Triggering 0 pending ops. Active config: opid_index: -1 OBSOLETE_local: false peers { permanent_uuid: "2a6fd09dea89465f97224f205e468be3" member_type: VOTER last_known_addr { host: "127.19.35.65" port: 36019 } } peers { permanent_uuid: "c9d4351427f5493ba7362c999d2f3882" member_type: VOTER last_known_addr { host: "127.19.35.66" port: 38581 } } peers { permanent_uuid: "e81606a6d5f04b18b4666f7f28b45bad" member_type: VOTER last_known_addr { host: "127.19.35.67" port: 34787 } }
I20260709 14:51:52.948348 19925 raft_consensus.cc:385] T 5e31d0d094c64eb9ad971feed59b4e2f P 2a6fd09dea89465f97224f205e468be3 [term 0 FOLLOWER]: Consensus starting up: Expiring failure detector timer to make a prompt election more likely
I20260709 14:51:52.948699 19925 raft_consensus.cc:740] T 5e31d0d094c64eb9ad971feed59b4e2f P 2a6fd09dea89465f97224f205e468be3 [term 0 FOLLOWER]: Becoming Follower/Learner. State: Replica: 2a6fd09dea89465f97224f205e468be3, State: Initialized, Role: FOLLOWER
I20260709 14:51:52.949553 19925 consensus_queue.cc:260] T 5e31d0d094c64eb9ad971feed59b4e2f P 2a6fd09dea89465f97224f205e468be3 [NON_LEADER]: Queue going to NON_LEADER mode. State: All replicated index: 0, Majority replicated index: 0, Committed index: 0, Last appended: 0.0, Last appended by leader: 0, Current term: 0, Majority size: -1, State: 0, Mode: NON_LEADER, active raft config: opid_index: -1 OBSOLETE_local: false peers { permanent_uuid: "2a6fd09dea89465f97224f205e468be3" member_type: VOTER last_known_addr { host: "127.19.35.65" port: 36019 } } peers { permanent_uuid: "c9d4351427f5493ba7362c999d2f3882" member_type: VOTER last_known_addr { host: "127.19.35.66" port: 38581 } } peers { permanent_uuid: "e81606a6d5f04b18b4666f7f28b45bad" member_type: VOTER last_known_addr { host: "127.19.35.67" port: 34787 } }
I20260709 14:51:52.951891 19925 ts_tablet_manager.cc:1434] T 5e31d0d094c64eb9ad971feed59b4e2f P 2a6fd09dea89465f97224f205e468be3: Time spent starting tablet: real 0.007s	user 0.002s	sys 0.003s
I20260709 14:51:52.952859 19925 tablet_bootstrap.cc:492] T 7a1053f5737948ac87e6ed2370444a9a P 2a6fd09dea89465f97224f205e468be3: Bootstrap starting.
I20260709 14:51:52.953322 19732 tablet_service.cc:1917] Received RequestConsensusVote() RPC: tablet_id: "7a1053f5737948ac87e6ed2370444a9a" candidate_uuid: "e81606a6d5f04b18b4666f7f28b45bad" candidate_term: 1 candidate_status { last_received { term: 0 index: 0 } } ignore_live_leader: false dest_uuid: "2a6fd09dea89465f97224f205e468be3" is_pre_election: true
I20260709 14:51:52.955204 19807 tablet_service.cc:1917] Received RequestConsensusVote() RPC: tablet_id: "7a1053f5737948ac87e6ed2370444a9a" candidate_uuid: "e81606a6d5f04b18b4666f7f28b45bad" candidate_term: 1 candidate_status { last_received { term: 0 index: 0 } } ignore_live_leader: false dest_uuid: "c9d4351427f5493ba7362c999d2f3882" is_pre_election: true
W20260709 14:51:52.955487 19847 leader_election.cc:343] T 7a1053f5737948ac87e6ed2370444a9a P e81606a6d5f04b18b4666f7f28b45bad [CANDIDATE]: Term 1 pre-election: Tablet error from VoteRequest() call to peer 2a6fd09dea89465f97224f205e468be3 (127.19.35.65:36019): Illegal state: must be running to vote when last-logged opid is not known
I20260709 14:51:52.956024 19930 raft_consensus.cc:493] T 4281e2267740402b8d86ef3bc8f1a704 P e81606a6d5f04b18b4666f7f28b45bad [term 0 FOLLOWER]: Starting pre-election (no leader contacted us within the election timeout)
I20260709 14:51:52.956432 19930 raft_consensus.cc:515] T 4281e2267740402b8d86ef3bc8f1a704 P e81606a6d5f04b18b4666f7f28b45bad [term 0 FOLLOWER]: Starting pre-election with config: opid_index: -1 OBSOLETE_local: false peers { permanent_uuid: "e81606a6d5f04b18b4666f7f28b45bad" member_type: VOTER last_known_addr { host: "127.19.35.67" port: 34787 } } peers { permanent_uuid: "2a6fd09dea89465f97224f205e468be3" member_type: VOTER last_known_addr { host: "127.19.35.65" port: 36019 } } peers { permanent_uuid: "c9d4351427f5493ba7362c999d2f3882" member_type: VOTER last_known_addr { host: "127.19.35.66" port: 38581 } }
I20260709 14:51:52.958366 19930 leader_election.cc:290] T 4281e2267740402b8d86ef3bc8f1a704 P e81606a6d5f04b18b4666f7f28b45bad [CANDIDATE]: Term 1 pre-election: Requested pre-vote from peers 2a6fd09dea89465f97224f205e468be3 (127.19.35.65:36019), c9d4351427f5493ba7362c999d2f3882 (127.19.35.66:38581)
W20260709 14:51:52.958564 19845 leader_election.cc:343] T 7a1053f5737948ac87e6ed2370444a9a P e81606a6d5f04b18b4666f7f28b45bad [CANDIDATE]: Term 1 pre-election: Tablet error from VoteRequest() call to peer c9d4351427f5493ba7362c999d2f3882 (127.19.35.66:38581): Illegal state: must be running to vote when last-logged opid is not known
I20260709 14:51:52.958964 19845 leader_election.cc:304] T 7a1053f5737948ac87e6ed2370444a9a P e81606a6d5f04b18b4666f7f28b45bad [CANDIDATE]: Term 1 pre-election: Election decided. Result: candidate lost. Election summary: received 3 responses out of 3 voters: 1 yes votes; 2 no votes. yes voters: e81606a6d5f04b18b4666f7f28b45bad; no voters: 2a6fd09dea89465f97224f205e468be3, c9d4351427f5493ba7362c999d2f3882
I20260709 14:51:52.959743 19732 tablet_service.cc:1917] Received RequestConsensusVote() RPC: tablet_id: "4281e2267740402b8d86ef3bc8f1a704" candidate_uuid: "e81606a6d5f04b18b4666f7f28b45bad" candidate_term: 1 candidate_status { last_received { term: 0 index: 0 } } ignore_live_leader: false dest_uuid: "2a6fd09dea89465f97224f205e468be3" is_pre_election: true
