I20260709 14:45:31.613152  1262 raft_consensus.cc:359] T 2cafbd52e7c94d1b84390c0627936f0d P fadf9d0dc8df4676b3cf84e25d536bca [term 0 FOLLOWER]: Replica starting. Triggering 0 pending ops. Active config: opid_index: -1 OBSOLETE_local: false peers { permanent_uuid: "20c156916800418a895031db9a8c4f25" member_type: VOTER last_known_addr { host: "127.0.107.193" port: 39987 } } peers { permanent_uuid: "1c838b73302141d4808e1e05de4e4fc2" member_type: VOTER last_known_addr { host: "127.0.107.194" port: 40361 } } peers { permanent_uuid: "fadf9d0dc8df4676b3cf84e25d536bca" member_type: VOTER last_known_addr { host: "127.0.107.195" port: 40843 } }
I20260709 14:45:31.614012  1262 raft_consensus.cc:385] T 2cafbd52e7c94d1b84390c0627936f0d P fadf9d0dc8df4676b3cf84e25d536bca [term 0 FOLLOWER]: Consensus starting up: Expiring failure detector timer to make a prompt election more likely
I20260709 14:45:31.614315  1262 raft_consensus.cc:740] T 2cafbd52e7c94d1b84390c0627936f0d P fadf9d0dc8df4676b3cf84e25d536bca [term 0 FOLLOWER]: Becoming Follower/Learner. State: Replica: fadf9d0dc8df4676b3cf84e25d536bca, State: Initialized, Role: FOLLOWER
I20260709 14:45:31.615224  1262 consensus_queue.cc:260] T 2cafbd52e7c94d1b84390c0627936f0d P fadf9d0dc8df4676b3cf84e25d536bca [NON_LEADER]: Queue going to NON_LEADER mode. State: All replicated index: 0, Majority replicated index: 0, Committed index: 0, Last appended: 0.0, Last appended by leader: 0, Current term: 0, Majority size: -1, State: 0, Mode: NON_LEADER, active raft config: opid_index: -1 OBSOLETE_local: false peers { permanent_uuid: "20c156916800418a895031db9a8c4f25" member_type: VOTER last_known_addr { host: "127.0.107.193" port: 39987 } } peers { permanent_uuid: "1c838b73302141d4808e1e05de4e4fc2" member_type: VOTER last_known_addr { host: "127.0.107.194" port: 40361 } } peers { permanent_uuid: "fadf9d0dc8df4676b3cf84e25d536bca" member_type: VOTER last_known_addr { host: "127.0.107.195" port: 40843 } }
I20260709 14:45:31.615451  1259 consensus_queue.cc:260] T b63732ecc72c41c2bbbe84647fc70d53 P 1c838b73302141d4808e1e05de4e4fc2 [NON_LEADER]: Queue going to NON_LEADER mode. State: All replicated index: 0, Majority replicated index: 0, Committed index: 0, Last appended: 0.0, Last appended by leader: 0, Current term: 0, Majority size: -1, State: 0, Mode: NON_LEADER, active raft config: opid_index: -1 OBSOLETE_local: false peers { permanent_uuid: "20c156916800418a895031db9a8c4f25" member_type: VOTER last_known_addr { host: "127.0.107.193" port: 39987 } } peers { permanent_uuid: "1c838b73302141d4808e1e05de4e4fc2" member_type: VOTER last_known_addr { host: "127.0.107.194" port: 40361 } } peers { permanent_uuid: "fadf9d0dc8df4676b3cf84e25d536bca" member_type: VOTER last_known_addr { host: "127.0.107.195" port: 40843 } }
I20260709 14:45:31.615742  1264 raft_consensus.cc:515] T 1804eeefa9b24089b6a6c84302bafd40 P 1c838b73302141d4808e1e05de4e4fc2 [term 1 FOLLOWER]: Starting leader election with config: opid_index: -1 OBSOLETE_local: false peers { permanent_uuid: "1c838b73302141d4808e1e05de4e4fc2" member_type: VOTER last_known_addr { host: "127.0.107.194" port: 40361 } } peers { permanent_uuid: "20c156916800418a895031db9a8c4f25" member_type: VOTER last_known_addr { host: "127.0.107.193" port: 39987 } } peers { permanent_uuid: "fadf9d0dc8df4676b3cf84e25d536bca" member_type: VOTER last_known_addr { host: "127.0.107.195" port: 40843 } }
I20260709 14:45:31.617398  1262 ts_tablet_manager.cc:1434] T 2cafbd52e7c94d1b84390c0627936f0d P fadf9d0dc8df4676b3cf84e25d536bca: Time spent starting tablet: real 0.007s	user 0.006s	sys 0.000s
I20260709 14:45:31.618345  1262 tablet_bootstrap.cc:492] T bc86a635d7184afc86338cefac9a86ec P fadf9d0dc8df4676b3cf84e25d536bca: Bootstrap starting.
I20260709 14:45:31.618681  1070 tablet_service.cc:1917] Received RequestConsensusVote() RPC: tablet_id: "1804eeefa9b24089b6a6c84302bafd40" candidate_uuid: "1c838b73302141d4808e1e05de4e4fc2" candidate_term: 1 candidate_status { last_received { term: 0 index: 0 } } ignore_live_leader: false dest_uuid: "20c156916800418a895031db9a8c4f25"
I20260709 14:45:31.619225  1070 raft_consensus.cc:3060] T 1804eeefa9b24089b6a6c84302bafd40 P 20c156916800418a895031db9a8c4f25 [term 0 FOLLOWER]: Advancing to term 1
I20260709 14:45:31.624387  1262 tablet_bootstrap.cc:654] T bc86a635d7184afc86338cefac9a86ec P fadf9d0dc8df4676b3cf84e25d536bca: Neither blocks nor log segments found. Creating new log.
I20260709 14:45:31.626269  1070 raft_consensus.cc:2468] T 1804eeefa9b24089b6a6c84302bafd40 P 20c156916800418a895031db9a8c4f25 [term 1 FOLLOWER]: Leader election vote request: Granting yes vote for candidate 1c838b73302141d4808e1e05de4e4fc2 in term 1.
I20260709 14:45:31.627605  1109 leader_election.cc:304] T 1804eeefa9b24089b6a6c84302bafd40 P 1c838b73302141d4808e1e05de4e4fc2 [CANDIDATE]: Term 1 election: Election decided. Result: candidate won. Election summary: received 2 responses out of 3 voters: 2 yes votes; 0 no votes. yes voters: 1c838b73302141d4808e1e05de4e4fc2, 20c156916800418a895031db9a8c4f25; no voters: 
I20260709 14:45:31.615880  1260 raft_consensus.cc:359] T b63732ecc72c41c2bbbe84647fc70d53 P 20c156916800418a895031db9a8c4f25 [term 0 FOLLOWER]: Replica starting. Triggering 0 pending ops. Active config: opid_index: -1 OBSOLETE_local: false peers { permanent_uuid: "20c156916800418a895031db9a8c4f25" member_type: VOTER last_known_addr { host: "127.0.107.193" port: 39987 } } peers { permanent_uuid: "1c838b73302141d4808e1e05de4e4fc2" member_type: VOTER last_known_addr { host: "127.0.107.194" port: 40361 } } peers { permanent_uuid: "fadf9d0dc8df4676b3cf84e25d536bca" member_type: VOTER last_known_addr { host: "127.0.107.195" port: 40843 } }
I20260709 14:45:31.632059  1260 raft_consensus.cc:385] T b63732ecc72c41c2bbbe84647fc70d53 P 20c156916800418a895031db9a8c4f25 [term 0 FOLLOWER]: Consensus starting up: Expiring failure detector timer to make a prompt election more likely
I20260709 14:45:31.632423  1260 raft_consensus.cc:740] T b63732ecc72c41c2bbbe84647fc70d53 P 20c156916800418a895031db9a8c4f25 [term 0 FOLLOWER]: Becoming Follower/Learner. State: Replica: 20c156916800418a895031db9a8c4f25, State: Initialized, Role: FOLLOWER
I20260709 14:45:31.633641  1264 leader_election.cc:290] T 1804eeefa9b24089b6a6c84302bafd40 P 1c838b73302141d4808e1e05de4e4fc2 [CANDIDATE]: Term 1 election: Requested vote from peers 20c156916800418a895031db9a8c4f25 (127.0.107.193:39987), fadf9d0dc8df4676b3cf84e25d536bca (127.0.107.195:40843)
I20260709 14:45:31.633494  1260 consensus_queue.cc:260] T b63732ecc72c41c2bbbe84647fc70d53 P 20c156916800418a895031db9a8c4f25 [NON_LEADER]: Queue going to NON_LEADER mode. State: All replicated index: 0, Majority replicated index: 0, Committed index: 0, Last appended: 0.0, Last appended by leader: 0, Current term: 0, Majority size: -1, State: 0, Mode: NON_LEADER, active raft config: opid_index: -1 OBSOLETE_local: false peers { permanent_uuid: "20c156916800418a895031db9a8c4f25" member_type: VOTER last_known_addr { host: "127.0.107.193" port: 39987 } } peers { permanent_uuid: "1c838b73302141d4808e1e05de4e4fc2" member_type: VOTER last_known_addr { host: "127.0.107.194" port: 40361 } } peers { permanent_uuid: "fadf9d0dc8df4676b3cf84e25d536bca" member_type: VOTER last_known_addr { host: "127.0.107.195" port: 40843 } }
I20260709 14:45:31.640237  1264 raft_consensus.cc:2804] T 1804eeefa9b24089b6a6c84302bafd40 P 1c838b73302141d4808e1e05de4e4fc2 [term 1 FOLLOWER]: Leader election won for term 1
I20260709 14:45:31.640834  1264 raft_consensus.cc:697] T 1804eeefa9b24089b6a6c84302bafd40 P 1c838b73302141d4808e1e05de4e4fc2 [term 1 LEADER]: Becoming Leader. State: Replica: 1c838b73302141d4808e1e05de4e4fc2, State: Running, Role: LEADER
I20260709 14:45:31.641710  1264 consensus_queue.cc:237] T 1804eeefa9b24089b6a6c84302bafd40 P 1c838b73302141d4808e1e05de4e4fc2 [LEADER]: Queue going to LEADER mode. State: All replicated index: 0, Majority replicated index: 0, Committed index: 0, Last appended: 0.0, Last appended by leader: 0, Current term: 1, Majority size: 2, State: 0, Mode: LEADER, active raft config: opid_index: -1 OBSOLETE_local: false peers { permanent_uuid: "1c838b73302141d4808e1e05de4e4fc2" member_type: VOTER last_known_addr { host: "127.0.107.194" port: 40361 } } peers { permanent_uuid: "20c156916800418a895031db9a8c4f25" member_type: VOTER last_known_addr { host: "127.0.107.193" port: 39987 } } peers { permanent_uuid: "fadf9d0dc8df4676b3cf84e25d536bca" member_type: VOTER last_known_addr { host: "127.0.107.195" port: 40843 } }
I20260709 14:45:31.646525  1260 ts_tablet_manager.cc:1434] T b63732ecc72c41c2bbbe84647fc70d53 P 20c156916800418a895031db9a8c4f25: Time spent starting tablet: real 0.033s	user 0.004s	sys 0.002s
I20260709 14:45:31.647586  1219 tablet_service.cc:1917] Received RequestConsensusVote() RPC: tablet_id: "1804eeefa9b24089b6a6c84302bafd40" candidate_uuid: "1c838b73302141d4808e1e05de4e4fc2" candidate_term: 1 candidate_status { last_received { term: 0 index: 0 } } ignore_live_leader: false dest_uuid: "fadf9d0dc8df4676b3cf84e25d536bca"
I20260709 14:45:31.648291  1219 raft_consensus.cc:3060] T 1804eeefa9b24089b6a6c84302bafd40 P fadf9d0dc8df4676b3cf84e25d536bca [term 0 FOLLOWER]: Advancing to term 1
I20260709 14:45:31.655687  1260 tablet_bootstrap.cc:492] T 59fcfe262185428f99dd308c9ffc679d P 20c156916800418a895031db9a8c4f25: Bootstrap starting.
I20260709 14:45:31.655928  1219 raft_consensus.cc:2468] T 1804eeefa9b24089b6a6c84302bafd40 P fadf9d0dc8df4676b3cf84e25d536bca [term 1 FOLLOWER]: Leader election vote request: Granting yes vote for candidate 1c838b73302141d4808e1e05de4e4fc2 in term 1.
I20260709 14:45:31.663655  1260 tablet_bootstrap.cc:654] T 59fcfe262185428f99dd308c9ffc679d P 20c156916800418a895031db9a8c4f25: Neither blocks nor log segments found. Creating new log.
I20260709 14:45:31.663631  1259 ts_tablet_manager.cc:1434] T b63732ecc72c41c2bbbe84647fc70d53 P 1c838b73302141d4808e1e05de4e4fc2: Time spent starting tablet: real 0.056s	user 0.016s	sys 0.034s
I20260709 14:45:31.665035  1259 tablet_bootstrap.cc:492] T d26acbfabade459a880186ceee32c870 P 1c838b73302141d4808e1e05de4e4fc2: Bootstrap starting.
I20260709 14:45:31.665480  1262 tablet_bootstrap.cc:492] T bc86a635d7184afc86338cefac9a86ec P fadf9d0dc8df4676b3cf84e25d536bca: No bootstrap required, opened a new log
W20260709 14:45:31.665951  1016 auto_rebalancer.cc:288] Could not retrieve cluster info: Service unavailable: Tablet not running
I20260709 14:45:31.666070  1262 ts_tablet_manager.cc:1403] T bc86a635d7184afc86338cefac9a86ec P fadf9d0dc8df4676b3cf84e25d536bca: Time spent bootstrapping tablet: real 0.048s	user 0.018s	sys 0.028s
I20260709 14:45:31.669571  1262 raft_consensus.cc:359] T bc86a635d7184afc86338cefac9a86ec P fadf9d0dc8df4676b3cf84e25d536bca [term 0 FOLLOWER]: Replica starting. Triggering 0 pending ops. Active config: opid_index: -1 OBSOLETE_local: false peers { permanent_uuid: "20c156916800418a895031db9a8c4f25" member_type: VOTER last_known_addr { host: "127.0.107.193" port: 39987 } } peers { permanent_uuid: "1c838b73302141d4808e1e05de4e4fc2" member_type: VOTER last_known_addr { host: "127.0.107.194" port: 40361 } } peers { permanent_uuid: "fadf9d0dc8df4676b3cf84e25d536bca" member_type: VOTER last_known_addr { host: "127.0.107.195" port: 40843 } }
I20260709 14:45:31.670333  1262 raft_consensus.cc:385] T bc86a635d7184afc86338cefac9a86ec P fadf9d0dc8df4676b3cf84e25d536bca [term 0 FOLLOWER]: Consensus starting up: Expiring failure detector timer to make a prompt election more likely
I20260709 14:45:31.670639  1262 raft_consensus.cc:740] T bc86a635d7184afc86338cefac9a86ec P fadf9d0dc8df4676b3cf84e25d536bca [term 0 FOLLOWER]: Becoming Follower/Learner. State: Replica: fadf9d0dc8df4676b3cf84e25d536bca, State: Initialized, Role: FOLLOWER
I20260709 14:45:31.671461  1262 consensus_queue.cc:260] T bc86a635d7184afc86338cefac9a86ec P fadf9d0dc8df4676b3cf84e25d536bca [NON_LEADER]: Queue going to NON_LEADER mode. State: All replicated index: 0, Majority replicated index: 0, Committed index: 0, Last appended: 0.0, Last appended by leader: 0, Current term: 0, Majority size: -1, State: 0, Mode: NON_LEADER, active raft config: opid_index: -1 OBSOLETE_local: false peers { permanent_uuid: "20c156916800418a895031db9a8c4f25" member_type: VOTER last_known_addr { host: "127.0.107.193" port: 39987 } } peers { permanent_uuid: "1c838b73302141d4808e1e05de4e4fc2" member_type: VOTER last_known_addr { host: "127.0.107.194" port: 40361 } } peers { permanent_uuid: "fadf9d0dc8df4676b3cf84e25d536bca" member_type: VOTER last_known_addr { host: "127.0.107.195" port: 40843 } }
I20260709 14:45:31.673354  1259 tablet_bootstrap.cc:654] T d26acbfabade459a880186ceee32c870 P 1c838b73302141d4808e1e05de4e4fc2: Neither blocks nor log segments found. Creating new log.
I20260709 14:45:31.673611  1262 ts_tablet_manager.cc:1434] T bc86a635d7184afc86338cefac9a86ec P fadf9d0dc8df4676b3cf84e25d536bca: Time spent starting tablet: real 0.007s	user 0.004s	sys 0.002s
I20260709 14:45:31.675354  1262 tablet_bootstrap.cc:492] T a18a71a575814f69a1f0f64d86b5a341 P fadf9d0dc8df4676b3cf84e25d536bca: Bootstrap starting.
I20260709 14:45:31.674571   967 catalog_manager.cc:5697] T 1804eeefa9b24089b6a6c84302bafd40 P 1c838b73302141d4808e1e05de4e4fc2 reported cstate change: term changed from 0 to 1, leader changed from <none> to 1c838b73302141d4808e1e05de4e4fc2 (127.0.107.194). New cstate: current_term: 1 leader_uuid: "1c838b73302141d4808e1e05de4e4fc2" committed_config { opid_index: -1 OBSOLETE_local: false peers { permanent_uuid: "1c838b73302141d4808e1e05de4e4fc2" member_type: VOTER last_known_addr { host: "127.0.107.194" port: 40361 } health_report { overall_health: HEALTHY } } peers { permanent_uuid: "20c156916800418a895031db9a8c4f25" member_type: VOTER last_known_addr { host: "127.0.107.193" port: 39987 } health_report { overall_health: UNKNOWN } } peers { permanent_uuid: "fadf9d0dc8df4676b3cf84e25d536bca" member_type: VOTER last_known_addr { host: "127.0.107.195" port: 40843 } health_report { overall_health: UNKNOWN } } }
I20260709 14:45:31.679220  1259 tablet_bootstrap.cc:492] T d26acbfabade459a880186ceee32c870 P 1c838b73302141d4808e1e05de4e4fc2: No bootstrap required, opened a new log
I20260709 14:45:31.679767  1259 ts_tablet_manager.cc:1403] T d26acbfabade459a880186ceee32c870 P 1c838b73302141d4808e1e05de4e4fc2: Time spent bootstrapping tablet: real 0.015s	user 0.011s	sys 0.000s
I20260709 14:45:31.682723  1262 tablet_bootstrap.cc:654] T a18a71a575814f69a1f0f64d86b5a341 P fadf9d0dc8df4676b3cf84e25d536bca: Neither blocks nor log segments found. Creating new log.
I20260709 14:45:31.683369  1259 raft_consensus.cc:359] T d26acbfabade459a880186ceee32c870 P 1c838b73302141d4808e1e05de4e4fc2 [term 0 FOLLOWER]: Replica starting. Triggering 0 pending ops. Active config: opid_index: -1 OBSOLETE_local: false peers { permanent_uuid: "20c156916800418a895031db9a8c4f25" member_type: VOTER last_known_addr { host: "127.0.107.193" port: 39987 } } peers { permanent_uuid: "1c838b73302141d4808e1e05de4e4fc2" member_type: VOTER last_known_addr { host: "127.0.107.194" port: 40361 } } peers { permanent_uuid: "fadf9d0dc8df4676b3cf84e25d536bca" member_type: VOTER last_known_addr { host: "127.0.107.195" port: 40843 } }
I20260709 14:45:31.684167  1259 raft_consensus.cc:385] T d26acbfabade459a880186ceee32c870 P 1c838b73302141d4808e1e05de4e4fc2 [term 0 FOLLOWER]: Consensus starting up: Expiring failure detector timer to make a prompt election more likely
I20260709 14:45:31.684508  1259 raft_consensus.cc:740] T d26acbfabade459a880186ceee32c870 P 1c838b73302141d4808e1e05de4e4fc2 [term 0 FOLLOWER]: Becoming Follower/Learner. State: Replica: 1c838b73302141d4808e1e05de4e4fc2, State: Initialized, Role: FOLLOWER
I20260709 14:45:31.685406  1259 consensus_queue.cc:260] T d26acbfabade459a880186ceee32c870 P 1c838b73302141d4808e1e05de4e4fc2 [NON_LEADER]: Queue going to NON_LEADER mode. State: All replicated index: 0, Majority replicated index: 0, Committed index: 0, Last appended: 0.0, Last appended by leader: 0, Current term: 0, Majority size: -1, State: 0, Mode: NON_LEADER, active raft config: opid_index: -1 OBSOLETE_local: false peers { permanent_uuid: "20c156916800418a895031db9a8c4f25" member_type: VOTER last_known_addr { host: "127.0.107.193" port: 39987 } } peers { permanent_uuid: "1c838b73302141d4808e1e05de4e4fc2" member_type: VOTER last_known_addr { host: "127.0.107.194" port: 40361 } } peers { permanent_uuid: "fadf9d0dc8df4676b3cf84e25d536bca" member_type: VOTER last_known_addr { host: "127.0.107.195" port: 40843 } }
I20260709 14:45:31.688328  1259 ts_tablet_manager.cc:1434] T d26acbfabade459a880186ceee32c870 P 1c838b73302141d4808e1e05de4e4fc2: Time spent starting tablet: real 0.008s	user 0.007s	sys 0.001s
I20260709 14:45:31.689531  1259 tablet_bootstrap.cc:492] T 65d45767a3ca4014985cdd9dd68d1205 P 1c838b73302141d4808e1e05de4e4fc2: Bootstrap starting.
I20260709 14:45:31.693158  1260 tablet_bootstrap.cc:492] T 59fcfe262185428f99dd308c9ffc679d P 20c156916800418a895031db9a8c4f25: No bootstrap required, opened a new log
I20260709 14:45:31.694037  1260 ts_tablet_manager.cc:1403] T 59fcfe262185428f99dd308c9ffc679d P 20c156916800418a895031db9a8c4f25: Time spent bootstrapping tablet: real 0.039s	user 0.019s	sys 0.000s
I20260709 14:45:31.694558  1262 tablet_bootstrap.cc:492] T a18a71a575814f69a1f0f64d86b5a341 P fadf9d0dc8df4676b3cf84e25d536bca: No bootstrap required, opened a new log
I20260709 14:45:31.695076  1262 ts_tablet_manager.cc:1403] T a18a71a575814f69a1f0f64d86b5a341 P fadf9d0dc8df4676b3cf84e25d536bca: Time spent bootstrapping tablet: real 0.020s	user 0.016s	sys 0.001s
I20260709 14:45:31.697414  1260 raft_consensus.cc:359] T 59fcfe262185428f99dd308c9ffc679d P 20c156916800418a895031db9a8c4f25 [term 0 FOLLOWER]: Replica starting. Triggering 0 pending ops. Active config: opid_index: -1 OBSOLETE_local: false peers { permanent_uuid: "20c156916800418a895031db9a8c4f25" member_type: VOTER last_known_addr { host: "127.0.107.193" port: 39987 } } peers { permanent_uuid: "1c838b73302141d4808e1e05de4e4fc2" member_type: VOTER last_known_addr { host: "127.0.107.194" port: 40361 } } peers { permanent_uuid: "fadf9d0dc8df4676b3cf84e25d536bca" member_type: VOTER last_known_addr { host: "127.0.107.195" port: 40843 } }
I20260709 14:45:31.698418  1260 raft_consensus.cc:385] T 59fcfe262185428f99dd308c9ffc679d P 20c156916800418a895031db9a8c4f25 [term 0 FOLLOWER]: Consensus starting up: Expiring failure detector timer to make a prompt election more likely
I20260709 14:45:31.698590  1259 tablet_bootstrap.cc:654] T 65d45767a3ca4014985cdd9dd68d1205 P 1c838b73302141d4808e1e05de4e4fc2: Neither blocks nor log segments found. Creating new log.
I20260709 14:45:31.697973  1262 raft_consensus.cc:359] T a18a71a575814f69a1f0f64d86b5a341 P fadf9d0dc8df4676b3cf84e25d536bca [term 0 FOLLOWER]: Replica starting. Triggering 0 pending ops. Active config: opid_index: -1 OBSOLETE_local: false peers { permanent_uuid: "20c156916800418a895031db9a8c4f25" member_type: VOTER last_known_addr { host: "127.0.107.193" port: 39987 } } peers { permanent_uuid: "1c838b73302141d4808e1e05de4e4fc2" member_type: VOTER last_known_addr { host: "127.0.107.194" port: 40361 } } peers { permanent_uuid: "fadf9d0dc8df4676b3cf84e25d536bca" member_type: VOTER last_known_addr { host: "127.0.107.195" port: 40843 } }
I20260709 14:45:31.698824  1260 raft_consensus.cc:740] T 59fcfe262185428f99dd308c9ffc679d P 20c156916800418a895031db9a8c4f25 [term 0 FOLLOWER]: Becoming Follower/Learner. State: Replica: 20c156916800418a895031db9a8c4f25, State: Initialized, Role: FOLLOWER
I20260709 14:45:31.699004  1262 raft_consensus.cc:385] T a18a71a575814f69a1f0f64d86b5a341 P fadf9d0dc8df4676b3cf84e25d536bca [term 0 FOLLOWER]: Consensus starting up: Expiring failure detector timer to make a prompt election more likely
I20260709 14:45:31.699379  1262 raft_consensus.cc:740] T a18a71a575814f69a1f0f64d86b5a341 P fadf9d0dc8df4676b3cf84e25d536bca [term 0 FOLLOWER]: Becoming Follower/Learner. State: Replica: fadf9d0dc8df4676b3cf84e25d536bca, State: Initialized, Role: FOLLOWER
I20260709 14:45:31.700264  1262 consensus_queue.cc:260] T a18a71a575814f69a1f0f64d86b5a341 P fadf9d0dc8df4676b3cf84e25d536bca [NON_LEADER]: Queue going to NON_LEADER mode. State: All replicated index: 0, Majority replicated index: 0, Committed index: 0, Last appended: 0.0, Last appended by leader: 0, Current term: 0, Majority size: -1, State: 0, Mode: NON_LEADER, active raft config: opid_index: -1 OBSOLETE_local: false peers { permanent_uuid: "20c156916800418a895031db9a8c4f25" member_type: VOTER last_known_addr { host: "127.0.107.193" port: 39987 } } peers { permanent_uuid: "1c838b73302141d4808e1e05de4e4fc2" member_type: VOTER last_known_addr { host: "127.0.107.194" port: 40361 } } peers { permanent_uuid: "fadf9d0dc8df4676b3cf84e25d536bca" member_type: VOTER last_known_addr { host: "127.0.107.195" port: 40843 } }
I20260709 14:45:31.699831  1260 consensus_queue.cc:260] T 59fcfe262185428f99dd308c9ffc679d P 20c156916800418a895031db9a8c4f25 [NON_LEADER]: Queue going to NON_LEADER mode. State: All replicated index: 0, Majority replicated index: 0, Committed index: 0, Last appended: 0.0, Last appended by leader: 0, Current term: 0, Majority size: -1, State: 0, Mode: NON_LEADER, active raft config: opid_index: -1 OBSOLETE_local: false peers { permanent_uuid: "20c156916800418a895031db9a8c4f25" member_type: VOTER last_known_addr { host: "127.0.107.193" port: 39987 } } peers { permanent_uuid: "1c838b73302141d4808e1e05de4e4fc2" member_type: VOTER last_known_addr { host: "127.0.107.194" port: 40361 } } peers { permanent_uuid: "fadf9d0dc8df4676b3cf84e25d536bca" member_type: VOTER last_known_addr { host: "127.0.107.195" port: 40843 } }
I20260709 14:45:31.702868  1260 ts_tablet_manager.cc:1434] T 59fcfe262185428f99dd308c9ffc679d P 20c156916800418a895031db9a8c4f25: Time spent starting tablet: real 0.009s	user 0.007s	sys 0.000s
I20260709 14:45:31.703896  1260 tablet_bootstrap.cc:492] T 7d6c7042197e435697ccb48401d681fc P 20c156916800418a895031db9a8c4f25: Bootstrap starting.
I20260709 14:45:31.705415  1262 ts_tablet_manager.cc:1434] T a18a71a575814f69a1f0f64d86b5a341 P fadf9d0dc8df4676b3cf84e25d536bca: Time spent starting tablet: real 0.010s	user 0.007s	sys 0.000s
I20260709 14:45:31.706452  1262 tablet_bootstrap.cc:492] T 59fcfe262185428f99dd308c9ffc679d P fadf9d0dc8df4676b3cf84e25d536bca: Bootstrap starting.
I20260709 14:45:31.710613  1260 tablet_bootstrap.cc:654] T 7d6c7042197e435697ccb48401d681fc P 20c156916800418a895031db9a8c4f25: Neither blocks nor log segments found. Creating new log.
I20260709 14:45:31.720856  1262 tablet_bootstrap.cc:654] T 59fcfe262185428f99dd308c9ffc679d P fadf9d0dc8df4676b3cf84e25d536bca: Neither blocks nor log segments found. Creating new log.
I20260709 14:45:31.727097  1267 raft_consensus.cc:493] T a18a71a575814f69a1f0f64d86b5a341 P 20c156916800418a895031db9a8c4f25 [term 0 FOLLOWER]: Starting pre-election (no leader contacted us within the election timeout)
I20260709 14:45:31.727797  1267 raft_consensus.cc:515] T a18a71a575814f69a1f0f64d86b5a341 P 20c156916800418a895031db9a8c4f25 [term 0 FOLLOWER]: Starting pre-election with config: opid_index: -1 OBSOLETE_local: false peers { permanent_uuid: "20c156916800418a895031db9a8c4f25" member_type: VOTER last_known_addr { host: "127.0.107.193" port: 39987 } } peers { permanent_uuid: "1c838b73302141d4808e1e05de4e4fc2" member_type: VOTER last_known_addr { host: "127.0.107.194" port: 40361 } } peers { permanent_uuid: "fadf9d0dc8df4676b3cf84e25d536bca" member_type: VOTER last_known_addr { host: "127.0.107.195" port: 40843 } }
I20260709 14:45:31.733496  1267 leader_election.cc:290] T a18a71a575814f69a1f0f64d86b5a341 P 20c156916800418a895031db9a8c4f25 [CANDIDATE]: Term 1 pre-election: Requested pre-vote from peers 1c838b73302141d4808e1e05de4e4fc2 (127.0.107.194:40361), fadf9d0dc8df4676b3cf84e25d536bca (127.0.107.195:40843)
I20260709 14:45:31.734295  1262 tablet_bootstrap.cc:492] T 59fcfe262185428f99dd308c9ffc679d P fadf9d0dc8df4676b3cf84e25d536bca: No bootstrap required, opened a new log
I20260709 14:45:31.734905  1262 ts_tablet_manager.cc:1403] T 59fcfe262185428f99dd308c9ffc679d P fadf9d0dc8df4676b3cf84e25d536bca: Time spent bootstrapping tablet: real 0.029s	user 0.008s	sys 0.004s
I20260709 14:45:31.737953  1262 raft_consensus.cc:359] T 59fcfe262185428f99dd308c9ffc679d P fadf9d0dc8df4676b3cf84e25d536bca [term 0 FOLLOWER]: Replica starting. Triggering 0 pending ops. Active config: opid_index: -1 OBSOLETE_local: false peers { permanent_uuid: "20c156916800418a895031db9a8c4f25" member_type: VOTER last_known_addr { host: "127.0.107.193" port: 39987 } } peers { permanent_uuid: "1c838b73302141d4808e1e05de4e4fc2" member_type: VOTER last_known_addr { host: "127.0.107.194" port: 40361 } } peers { permanent_uuid: "fadf9d0dc8df4676b3cf84e25d536bca" member_type: VOTER last_known_addr { host: "127.0.107.195" port: 40843 } }
I20260709 14:45:31.738866  1262 raft_consensus.cc:385] T 59fcfe262185428f99dd308c9ffc679d P fadf9d0dc8df4676b3cf84e25d536bca [term 0 FOLLOWER]: Consensus starting up: Expiring failure detector timer to make a prompt election more likely
I20260709 14:45:31.739212  1262 raft_consensus.cc:740] T 59fcfe262185428f99dd308c9ffc679d P fadf9d0dc8df4676b3cf84e25d536bca [term 0 FOLLOWER]: Becoming Follower/Learner. State: Replica: fadf9d0dc8df4676b3cf84e25d536bca, State: Initialized, Role: FOLLOWER
I20260709 14:45:31.740272  1262 consensus_queue.cc:260] T 59fcfe262185428f99dd308c9ffc679d P fadf9d0dc8df4676b3cf84e25d536bca [NON_LEADER]: Queue going to NON_LEADER mode. State: All replicated index: 0, Majority replicated index: 0, Committed index: 0, Last appended: 0.0, Last appended by leader: 0, Current term: 0, Majority size: -1, State: 0, Mode: NON_LEADER, active raft config: opid_index: -1 OBSOLETE_local: false peers { permanent_uuid: "20c156916800418a895031db9a8c4f25" member_type: VOTER last_known_addr { host: "127.0.107.193" port: 39987 } } peers { permanent_uuid: "1c838b73302141d4808e1e05de4e4fc2" member_type: VOTER last_known_addr { host: "127.0.107.194" port: 40361 } } peers { permanent_uuid: "fadf9d0dc8df4676b3cf84e25d536bca" member_type: VOTER last_known_addr { host: "127.0.107.195" port: 40843 } }
I20260709 14:45:31.745828  1262 ts_tablet_manager.cc:1434] T 59fcfe262185428f99dd308c9ffc679d P fadf9d0dc8df4676b3cf84e25d536bca: Time spent starting tablet: real 0.011s	user 0.006s	sys 0.000s
I20260709 14:45:31.746878  1262 tablet_bootstrap.cc:492] T 65d45767a3ca4014985cdd9dd68d1205 P fadf9d0dc8df4676b3cf84e25d536bca: Bootstrap starting.
I20260709 14:45:31.747395  1260 tablet_bootstrap.cc:492] T 7d6c7042197e435697ccb48401d681fc P 20c156916800418a895031db9a8c4f25: No bootstrap required, opened a new log
I20260709 14:45:31.748023  1260 ts_tablet_manager.cc:1403] T 7d6c7042197e435697ccb48401d681fc P 20c156916800418a895031db9a8c4f25: Time spent bootstrapping tablet: real 0.044s	user 0.013s	sys 0.004s
I20260709 14:45:31.750335  1219 tablet_service.cc:1917] Received RequestConsensusVote() RPC: tablet_id: "a18a71a575814f69a1f0f64d86b5a341" candidate_uuid: "20c156916800418a895031db9a8c4f25" candidate_term: 1 candidate_status { last_received { term: 0 index: 0 } } ignore_live_leader: false dest_uuid: "fadf9d0dc8df4676b3cf84e25d536bca" is_pre_election: true
I20260709 14:45:31.751008  1219 raft_consensus.cc:2468] T a18a71a575814f69a1f0f64d86b5a341 P fadf9d0dc8df4676b3cf84e25d536bca [term 0 FOLLOWER]: Leader pre-election vote request: Granting yes vote for candidate 20c156916800418a895031db9a8c4f25 in term 0.
I20260709 14:45:31.752586  1034 leader_election.cc:304] T a18a71a575814f69a1f0f64d86b5a341 P 20c156916800418a895031db9a8c4f25 [CANDIDATE]: Term 1 pre-election: Election decided. Result: candidate won. Election summary: received 2 responses out of 3 voters: 2 yes votes; 0 no votes. yes voters: 20c156916800418a895031db9a8c4f25, fadf9d0dc8df4676b3cf84e25d536bca; no voters: 
I20260709 14:45:31.753281  1262 tablet_bootstrap.cc:654] T 65d45767a3ca4014985cdd9dd68d1205 P fadf9d0dc8df4676b3cf84e25d536bca: Neither blocks nor log segments found. Creating new log.
I20260709 14:45:31.753638  1267 raft_consensus.cc:2804] T a18a71a575814f69a1f0f64d86b5a341 P 20c156916800418a895031db9a8c4f25 [term 0 FOLLOWER]: Leader pre-election won for term 1
I20260709 14:45:31.754048  1267 raft_consensus.cc:493] T a18a71a575814f69a1f0f64d86b5a341 P 20c156916800418a895031db9a8c4f25 [term 0 FOLLOWER]: Starting leader election (no leader contacted us within the election timeout)
I20260709 14:45:31.754436  1267 raft_consensus.cc:3060] T a18a71a575814f69a1f0f64d86b5a341 P 20c156916800418a895031db9a8c4f25 [term 0 FOLLOWER]: Advancing to term 1
I20260709 14:45:31.762351  1260 raft_consensus.cc:359] T 7d6c7042197e435697ccb48401d681fc P 20c156916800418a895031db9a8c4f25 [term 0 FOLLOWER]: Replica starting. Triggering 0 pending ops. Active config: opid_index: -1 OBSOLETE_local: false peers { permanent_uuid: "20c156916800418a895031db9a8c4f25" member_type: VOTER last_known_addr { host: "127.0.107.193" port: 39987 } } peers { permanent_uuid: "1c838b73302141d4808e1e05de4e4fc2" member_type: VOTER last_known_addr { host: "127.0.107.194" port: 40361 } } peers { permanent_uuid: "fadf9d0dc8df4676b3cf84e25d536bca" member_type: VOTER last_known_addr { host: "127.0.107.195" port: 40843 } }
I20260709 14:45:31.767254  1260 raft_consensus.cc:385] T 7d6c7042197e435697ccb48401d681fc P 20c156916800418a895031db9a8c4f25 [term 0 FOLLOWER]: Consensus starting up: Expiring failure detector timer to make a prompt election more likely
I20260709 14:45:31.767385  1259 tablet_bootstrap.cc:492] T 65d45767a3ca4014985cdd9dd68d1205 P 1c838b73302141d4808e1e05de4e4fc2: No bootstrap required, opened a new log
I20260709 14:45:31.767490  1266 raft_consensus.cc:493] T 2cafbd52e7c94d1b84390c0627936f0d P fadf9d0dc8df4676b3cf84e25d536bca [term 0 FOLLOWER]: Starting pre-election (no leader contacted us within the election timeout)
I20260709 14:45:31.768142  1259 ts_tablet_manager.cc:1403] T 65d45767a3ca4014985cdd9dd68d1205 P 1c838b73302141d4808e1e05de4e4fc2: Time spent bootstrapping tablet: real 0.079s	user 0.037s	sys 0.026s
I20260709 14:45:31.769111  1260 raft_consensus.cc:740] T 7d6c7042197e435697ccb48401d681fc P 20c156916800418a895031db9a8c4f25 [term 0 FOLLOWER]: Becoming Follower/Learner. State: Replica: 20c156916800418a895031db9a8c4f25, State: Initialized, Role: FOLLOWER
I20260709 14:45:31.768183  1266 raft_consensus.cc:515] T 2cafbd52e7c94d1b84390c0627936f0d P fadf9d0dc8df4676b3cf84e25d536bca [term 0 FOLLOWER]: Starting pre-election with config: opid_index: -1 OBSOLETE_local: false peers { permanent_uuid: "20c156916800418a895031db9a8c4f25" member_type: VOTER last_known_addr { host: "127.0.107.193" port: 39987 } } peers { permanent_uuid: "1c838b73302141d4808e1e05de4e4fc2" member_type: VOTER last_known_addr { host: "127.0.107.194" port: 40361 } } peers { permanent_uuid: "fadf9d0dc8df4676b3cf84e25d536bca" member_type: VOTER last_known_addr { host: "127.0.107.195" port: 40843 } }
I20260709 14:45:31.769488  1267 raft_consensus.cc:515] T a18a71a575814f69a1f0f64d86b5a341 P 20c156916800418a895031db9a8c4f25 [term 1 FOLLOWER]: Starting leader election with config: opid_index: -1 OBSOLETE_local: false peers { permanent_uuid: "20c156916800418a895031db9a8c4f25" member_type: VOTER last_known_addr { host: "127.0.107.193" port: 39987 } } peers { permanent_uuid: "1c838b73302141d4808e1e05de4e4fc2" member_type: VOTER last_known_addr { host: "127.0.107.194" port: 40361 } } peers { permanent_uuid: "fadf9d0dc8df4676b3cf84e25d536bca" member_type: VOTER last_known_addr { host: "127.0.107.195" port: 40843 } }
I20260709 14:45:31.770689  1260 consensus_queue.cc:260] T 7d6c7042197e435697ccb48401d681fc P 20c156916800418a895031db9a8c4f25 [NON_LEADER]: Queue going to NON_LEADER mode. State: All replicated index: 0, Majority replicated index: 0, Committed index: 0, Last appended: 0.0, Last appended by leader: 0, Current term: 0, Majority size: -1, State: 0, Mode: NON_LEADER, active raft config: opid_index: -1 OBSOLETE_local: false peers { permanent_uuid: "20c156916800418a895031db9a8c4f25" member_type: VOTER last_known_addr { host: "127.0.107.193" port: 39987 } } peers { permanent_uuid: "1c838b73302141d4808e1e05de4e4fc2" member_type: VOTER last_known_addr { host: "127.0.107.194" port: 40361 } } peers { permanent_uuid: "fadf9d0dc8df4676b3cf84e25d536bca" member_type: VOTER last_known_addr { host: "127.0.107.195" port: 40843 } }
I20260709 14:45:31.771600  1259 raft_consensus.cc:359] T 65d45767a3ca4014985cdd9dd68d1205 P 1c838b73302141d4808e1e05de4e4fc2 [term 0 FOLLOWER]: Replica starting. Triggering 0 pending ops. Active config: opid_index: -1 OBSOLETE_local: false peers { permanent_uuid: "20c156916800418a895031db9a8c4f25" member_type: VOTER last_known_addr { host: "127.0.107.193" port: 39987 } } peers { permanent_uuid: "1c838b73302141d4808e1e05de4e4fc2" member_type: VOTER last_known_addr { host: "127.0.107.194" port: 40361 } } peers { permanent_uuid: "fadf9d0dc8df4676b3cf84e25d536bca" member_type: VOTER last_known_addr { host: "127.0.107.195" port: 40843 } }
I20260709 14:45:31.772378  1259 raft_consensus.cc:385] T 65d45767a3ca4014985cdd9dd68d1205 P 1c838b73302141d4808e1e05de4e4fc2 [term 0 FOLLOWER]: Consensus starting up: Expiring failure detector timer to make a prompt election more likely
I20260709 14:45:31.772711  1259 raft_consensus.cc:740] T 65d45767a3ca4014985cdd9dd68d1205 P 1c838b73302141d4808e1e05de4e4fc2 [term 0 FOLLOWER]: Becoming Follower/Learner. State: Replica: 1c838b73302141d4808e1e05de4e4fc2, State: Initialized, Role: FOLLOWER
I20260709 14:45:31.774291  1144 tablet_service.cc:1917] Received RequestConsensusVote() RPC: tablet_id: "a18a71a575814f69a1f0f64d86b5a341" candidate_uuid: "20c156916800418a895031db9a8c4f25" candidate_term: 1 candidate_status { last_received { term: 0 index: 0 } } ignore_live_leader: false dest_uuid: "1c838b73302141d4808e1e05de4e4fc2"
I20260709 14:45:31.773903  1259 consensus_queue.cc:260] T 65d45767a3ca4014985cdd9dd68d1205 P 1c838b73302141d4808e1e05de4e4fc2 [NON_LEADER]: Queue going to NON_LEADER mode. State: All replicated index: 0, Majority replicated index: 0, Committed index: 0, Last appended: 0.0, Last appended by leader: 0, Current term: 0, Majority size: -1, State: 0, Mode: NON_LEADER, active raft config: opid_index: -1 OBSOLETE_local: false peers { permanent_uuid: "20c156916800418a895031db9a8c4f25" member_type: VOTER last_known_addr { host: "127.0.107.193" port: 39987 } } peers { permanent_uuid: "1c838b73302141d4808e1e05de4e4fc2" member_type: VOTER last_known_addr { host: "127.0.107.194" port: 40361 } } peers { permanent_uuid: "fadf9d0dc8df4676b3cf84e25d536bca" member_type: VOTER last_known_addr { host: "127.0.107.195" port: 40843 } }
I20260709 14:45:31.774878  1219 tablet_service.cc:1917] Received RequestConsensusVote() RPC: tablet_id: "a18a71a575814f69a1f0f64d86b5a341" candidate_uuid: "20c156916800418a895031db9a8c4f25" candidate_term: 1 candidate_status { last_received { term: 0 index: 0 } } ignore_live_leader: false dest_uuid: "fadf9d0dc8df4676b3cf84e25d536bca"
I20260709 14:45:31.775461  1219 raft_consensus.cc:3060] T a18a71a575814f69a1f0f64d86b5a341 P fadf9d0dc8df4676b3cf84e25d536bca [term 0 FOLLOWER]: Advancing to term 1
I20260709 14:45:31.768731  1145 tablet_service.cc:1917] Received RequestConsensusVote() RPC: tablet_id: "a18a71a575814f69a1f0f64d86b5a341" candidate_uuid: "20c156916800418a895031db9a8c4f25" candidate_term: 1 candidate_status { last_received { term: 0 index: 0 } } ignore_live_leader: false dest_uuid: "1c838b73302141d4808e1e05de4e4fc2" is_pre_election: true
W20260709 14:45:31.776733  1033 leader_election.cc:343] T a18a71a575814f69a1f0f64d86b5a341 P 20c156916800418a895031db9a8c4f25 [CANDIDATE]: Term 1 election: Tablet error from VoteRequest() call to peer 1c838b73302141d4808e1e05de4e4fc2 (127.0.107.194:40361): Illegal state: must be running to vote when last-logged opid is not known
W20260709 14:45:31.779896  1033 leader_election.cc:343] T a18a71a575814f69a1f0f64d86b5a341 P 20c156916800418a895031db9a8c4f25 [CANDIDATE]: Term 1 pre-election: Tablet error from VoteRequest() call to peer 1c838b73302141d4808e1e05de4e4fc2 (127.0.107.194:40361): Illegal state: must be running to vote when last-logged opid is not known
I20260709 14:45:31.784744  1264 raft_consensus.cc:493] T 2cafbd52e7c94d1b84390c0627936f0d P 1c838b73302141d4808e1e05de4e4fc2 [term 0 FOLLOWER]: Starting pre-election (no leader contacted us within the election timeout)
I20260709 14:45:31.785386  1264 raft_consensus.cc:515] T 2cafbd52e7c94d1b84390c0627936f0d P 1c838b73302141d4808e1e05de4e4fc2 [term 0 FOLLOWER]: Starting pre-election with config: opid_index: -1 OBSOLETE_local: false peers { permanent_uuid: "20c156916800418a895031db9a8c4f25" member_type: VOTER last_known_addr { host: "127.0.107.193" port: 39987 } } peers { permanent_uuid: "1c838b73302141d4808e1e05de4e4fc2" member_type: VOTER last_known_addr { host: "127.0.107.194" port: 40361 } } peers { permanent_uuid: "fadf9d0dc8df4676b3cf84e25d536bca" member_type: VOTER last_known_addr { host: "127.0.107.195" port: 40843 } }
I20260709 14:45:31.787832  1264 leader_election.cc:290] T 2cafbd52e7c94d1b84390c0627936f0d P 1c838b73302141d4808e1e05de4e4fc2 [CANDIDATE]: Term 1 pre-election: Requested pre-vote from peers 20c156916800418a895031db9a8c4f25 (127.0.107.193:39987), fadf9d0dc8df4676b3cf84e25d536bca (127.0.107.195:40843)
I20260709 14:45:31.788968  1266 leader_election.cc:290] T 2cafbd52e7c94d1b84390c0627936f0d P fadf9d0dc8df4676b3cf84e25d536bca [CANDIDATE]: Term 1 pre-election: Requested pre-vote from peers 20c156916800418a895031db9a8c4f25 (127.0.107.193:39987), 1c838b73302141d4808e1e05de4e4fc2 (127.0.107.194:40361)
I20260709 14:45:31.789686  1259 ts_tablet_manager.cc:1434] T 65d45767a3ca4014985cdd9dd68d1205 P 1c838b73302141d4808e1e05de4e4fc2: Time spent starting tablet: real 0.021s	user 0.004s	sys 0.004s
I20260709 14:45:31.789517  1070 tablet_service.cc:1917] Received RequestConsensusVote() RPC: tablet_id: "2cafbd52e7c94d1b84390c0627936f0d" candidate_uuid: "1c838b73302141d4808e1e05de4e4fc2" candidate_term: 1 candidate_status { last_received { term: 0 index: 0 } } ignore_live_leader: false dest_uuid: "20c156916800418a895031db9a8c4f25" is_pre_election: true
W20260709 14:45:31.791462  1109 leader_election.cc:343] T 2cafbd52e7c94d1b84390c0627936f0d P 1c838b73302141d4808e1e05de4e4fc2 [CANDIDATE]: Term 1 pre-election: Tablet error from VoteRequest() call to peer 20c156916800418a895031db9a8c4f25 (127.0.107.193:39987): Illegal state: must be running to vote when last-logged opid is not known
I20260709 14:45:31.792157  1267 leader_election.cc:290] T a18a71a575814f69a1f0f64d86b5a341 P 20c156916800418a895031db9a8c4f25 [CANDIDATE]: Term 1 election: Requested vote from peers 1c838b73302141d4808e1e05de4e4fc2 (127.0.107.194:40361), fadf9d0dc8df4676b3cf84e25d536bca (127.0.107.195:40843)
I20260709 14:45:31.765650  1262 tablet_bootstrap.cc:492] T 65d45767a3ca4014985cdd9dd68d1205 P fadf9d0dc8df4676b3cf84e25d536bca: No bootstrap required, opened a new log
I20260709 14:45:31.795061  1262 ts_tablet_manager.cc:1403] T 65d45767a3ca4014985cdd9dd68d1205 P fadf9d0dc8df4676b3cf84e25d536bca: Time spent bootstrapping tablet: real 0.048s	user 0.018s	sys 0.000s
I20260709 14:45:31.799396  1259 tablet_bootstrap.cc:492] T bc86a635d7184afc86338cefac9a86ec P 1c838b73302141d4808e1e05de4e4fc2: Bootstrap starting.
I20260709 14:45:31.803190  1262 raft_consensus.cc:359] T 65d45767a3ca4014985cdd9dd68d1205 P fadf9d0dc8df4676b3cf84e25d536bca [term 0 FOLLOWER]: Replica starting. Triggering 0 pending ops. Active config: opid_index: -1 OBSOLETE_local: false peers { permanent_uuid: "20c156916800418a895031db9a8c4f25" member_type: VOTER last_known_addr { host: "127.0.107.193" port: 39987 } } peers { permanent_uuid: "1c838b73302141d4808e1e05de4e4fc2" member_type: VOTER last_known_addr { host: "127.0.107.194" port: 40361 } } peers { permanent_uuid: "fadf9d0dc8df4676b3cf84e25d536bca" member_type: VOTER last_known_addr { host: "127.0.107.195" port: 40843 } }
I20260709 14:45:31.804169  1262 raft_consensus.cc:385] T 65d45767a3ca4014985cdd9dd68d1205 P fadf9d0dc8df4676b3cf84e25d536bca [term 0 FOLLOWER]: Consensus starting up: Expiring failure detector timer to make a prompt election more likely
I20260709 14:45:31.804512  1262 raft_consensus.cc:740] T 65d45767a3ca4014985cdd9dd68d1205 P fadf9d0dc8df4676b3cf84e25d536bca [term 0 FOLLOWER]: Becoming Follower/Learner. State: Replica: fadf9d0dc8df4676b3cf84e25d536bca, State: Initialized, Role: FOLLOWER
I20260709 14:45:31.786996  1219 raft_consensus.cc:2468] T a18a71a575814f69a1f0f64d86b5a341 P fadf9d0dc8df4676b3cf84e25d536bca [term 1 FOLLOWER]: Leader election vote request: Granting yes vote for candidate 20c156916800418a895031db9a8c4f25 in term 1.
I20260709 14:45:31.805464  1262 consensus_queue.cc:260] T 65d45767a3ca4014985cdd9dd68d1205 P fadf9d0dc8df4676b3cf84e25d536bca [NON_LEADER]: Queue going to NON_LEADER mode. State: All replicated index: 0, Majority replicated index: 0, Committed index: 0, Last appended: 0.0, Last appended by leader: 0, Current term: 0, Majority size: -1, State: 0, Mode: NON_LEADER, active raft config: opid_index: -1 OBSOLETE_local: false peers { permanent_uuid: "20c156916800418a895031db9a8c4f25" member_type: VOTER last_known_addr { host: "127.0.107.193" port: 39987 } } peers { permanent_uuid: "1c838b73302141d4808e1e05de4e4fc2" member_type: VOTER last_known_addr { host: "127.0.107.194" port: 40361 } } peers { permanent_uuid: "fadf9d0dc8df4676b3cf84e25d536bca" member_type: VOTER last_known_addr { host: "127.0.107.195" port: 40843 } }
I20260709 14:45:31.806169  1034 leader_election.cc:304] T a18a71a575814f69a1f0f64d86b5a341 P 20c156916800418a895031db9a8c4f25 [CANDIDATE]: Term 1 election: Election decided. Result: candidate won. Election summary: received 3 responses out of 3 voters: 2 yes votes; 1 no votes. yes voters: 20c156916800418a895031db9a8c4f25, fadf9d0dc8df4676b3cf84e25d536bca; no voters: 1c838b73302141d4808e1e05de4e4fc2
I20260709 14:45:31.807194  1259 tablet_bootstrap.cc:654] T bc86a635d7184afc86338cefac9a86ec P 1c838b73302141d4808e1e05de4e4fc2: Neither blocks nor log segments found. Creating new log.
I20260709 14:45:31.807490  1267 raft_consensus.cc:2804] T a18a71a575814f69a1f0f64d86b5a341 P 20c156916800418a895031db9a8c4f25 [term 1 FOLLOWER]: Leader election won for term 1
I20260709 14:45:31.808058  1267 raft_consensus.cc:697] T a18a71a575814f69a1f0f64d86b5a341 P 20c156916800418a895031db9a8c4f25 [term 1 LEADER]: Becoming Leader. State: Replica: 20c156916800418a895031db9a8c4f25, State: Running, Role: LEADER
I20260709 14:45:31.809051  1267 consensus_queue.cc:237] T a18a71a575814f69a1f0f64d86b5a341 P 20c156916800418a895031db9a8c4f25 [LEADER]: Queue going to LEADER mode. State: All replicated index: 0, Majority replicated index: 0, Committed index: 0, Last appended: 0.0, Last appended by leader: 0, Current term: 1, Majority size: 2, State: 0, Mode: LEADER, active raft config: opid_index: -1 OBSOLETE_local: false peers { permanent_uuid: "20c156916800418a895031db9a8c4f25" member_type: VOTER last_known_addr { host: "127.0.107.193" port: 39987 } } peers { permanent_uuid: "1c838b73302141d4808e1e05de4e4fc2" member_type: VOTER last_known_addr { host: "127.0.107.194" port: 40361 } } peers { permanent_uuid: "fadf9d0dc8df4676b3cf84e25d536bca" member_type: VOTER last_known_addr { host: "127.0.107.195" port: 40843 } }
I20260709 14:45:31.816268  1260 ts_tablet_manager.cc:1434] T 7d6c7042197e435697ccb48401d681fc P 20c156916800418a895031db9a8c4f25: Time spent starting tablet: real 0.068s	user 0.023s	sys 0.024s
I20260709 14:45:31.817831  1260 tablet_bootstrap.cc:492] T 65d45767a3ca4014985cdd9dd68d1205 P 20c156916800418a895031db9a8c4f25: Bootstrap starting.
I20260709 14:45:31.820899  1259 tablet_bootstrap.cc:492] T bc86a635d7184afc86338cefac9a86ec P 1c838b73302141d4808e1e05de4e4fc2: No bootstrap required, opened a new log
I20260709 14:45:31.821480  1259 ts_tablet_manager.cc:1403] T bc86a635d7184afc86338cefac9a86ec P 1c838b73302141d4808e1e05de4e4fc2: Time spent bootstrapping tablet: real 0.022s	user 0.018s	sys 0.002s
I20260709 14:45:31.825048  1260 tablet_bootstrap.cc:654] T 65d45767a3ca4014985cdd9dd68d1205 P 20c156916800418a895031db9a8c4f25: Neither blocks nor log segments found. Creating new log.
I20260709 14:45:31.824846  1259 raft_consensus.cc:359] T bc86a635d7184afc86338cefac9a86ec P 1c838b73302141d4808e1e05de4e4fc2 [term 0 FOLLOWER]: Replica starting. Triggering 0 pending ops. Active config: opid_index: -1 OBSOLETE_local: false peers { permanent_uuid: "20c156916800418a895031db9a8c4f25" member_type: VOTER last_known_addr { host: "127.0.107.193" port: 39987 } } peers { permanent_uuid: "1c838b73302141d4808e1e05de4e4fc2" member_type: VOTER last_known_addr { host: "127.0.107.194" port: 40361 } } peers { permanent_uuid: "fadf9d0dc8df4676b3cf84e25d536bca" member_type: VOTER last_known_addr { host: "127.0.107.195" port: 40843 } }
I20260709 14:45:31.825599  1259 raft_consensus.cc:385] T bc86a635d7184afc86338cefac9a86ec P 1c838b73302141d4808e1e05de4e4fc2 [term 0 FOLLOWER]: Consensus starting up: Expiring failure detector timer to make a prompt election more likely
I20260709 14:45:31.825924  1259 raft_consensus.cc:740] T bc86a635d7184afc86338cefac9a86ec P 1c838b73302141d4808e1e05de4e4fc2 [term 0 FOLLOWER]: Becoming Follower/Learner. State: Replica: 1c838b73302141d4808e1e05de4e4fc2, State: Initialized, Role: FOLLOWER
I20260709 14:45:31.827013  1259 consensus_queue.cc:260] T bc86a635d7184afc86338cefac9a86ec P 1c838b73302141d4808e1e05de4e4fc2 [NON_LEADER]: Queue going to NON_LEADER mode. State: All replicated index: 0, Majority replicated index: 0, Committed index: 0, Last appended: 0.0, Last appended by leader: 0, Current term: 0, Majority size: -1, State: 0, Mode: NON_LEADER, active raft config: opid_index: -1 OBSOLETE_local: false peers { permanent_uuid: "20c156916800418a895031db9a8c4f25" member_type: VOTER last_known_addr { host: "127.0.107.193" port: 39987 } } peers { permanent_uuid: "1c838b73302141d4808e1e05de4e4fc2" member_type: VOTER last_known_addr { host: "127.0.107.194" port: 40361 } } peers { permanent_uuid: "fadf9d0dc8df4676b3cf84e25d536bca" member_type: VOTER last_known_addr { host: "127.0.107.195" port: 40843 } }
I20260709 14:45:31.827742  1266 raft_consensus.cc:493] T b63732ecc72c41c2bbbe84647fc70d53 P fadf9d0dc8df4676b3cf84e25d536bca [term 0 FOLLOWER]: Starting pre-election (no leader contacted us within the election timeout)
I20260709 14:45:31.828318  1266 raft_consensus.cc:515] T b63732ecc72c41c2bbbe84647fc70d53 P fadf9d0dc8df4676b3cf84e25d536bca [term 0 FOLLOWER]: Starting pre-election with config: opid_index: -1 OBSOLETE_local: false peers { permanent_uuid: "20c156916800418a895031db9a8c4f25" member_type: VOTER last_known_addr { host: "127.0.107.193" port: 39987 } } peers { permanent_uuid: "1c838b73302141d4808e1e05de4e4fc2" member_type: VOTER last_known_addr { host: "127.0.107.194" port: 40361 } } peers { permanent_uuid: "fadf9d0dc8df4676b3cf84e25d536bca" member_type: VOTER last_known_addr { host: "127.0.107.195" port: 40843 } }
I20260709 14:45:31.830485  1266 leader_election.cc:290] T b63732ecc72c41c2bbbe84647fc70d53 P fadf9d0dc8df4676b3cf84e25d536bca [CANDIDATE]: Term 1 pre-election: Requested pre-vote from peers 20c156916800418a895031db9a8c4f25 (127.0.107.193:39987), 1c838b73302141d4808e1e05de4e4fc2 (127.0.107.194:40361)
I20260709 14:45:31.830668   966 catalog_manager.cc:5697] T a18a71a575814f69a1f0f64d86b5a341 P 20c156916800418a895031db9a8c4f25 reported cstate change: term changed from 0 to 1, leader changed from <none> to 20c156916800418a895031db9a8c4f25 (127.0.107.193). New cstate: current_term: 1 leader_uuid: "20c156916800418a895031db9a8c4f25" committed_config { opid_index: -1 OBSOLETE_local: false peers { permanent_uuid: "20c156916800418a895031db9a8c4f25" member_type: VOTER last_known_addr { host: "127.0.107.193" port: 39987 } health_report { overall_health: HEALTHY } } peers { permanent_uuid: "1c838b73302141d4808e1e05de4e4fc2" member_type: VOTER last_known_addr { host: "127.0.107.194" port: 40361 } health_report { overall_health: UNKNOWN } } peers { permanent_uuid: "fadf9d0dc8df4676b3cf84e25d536bca" member_type: VOTER last_known_addr { host: "127.0.107.195" port: 40843 } health_report { overall_health: UNKNOWN } } }
I20260709 14:45:31.832945  1262 ts_tablet_manager.cc:1434] T 65d45767a3ca4014985cdd9dd68d1205 P fadf9d0dc8df4676b3cf84e25d536bca: Time spent starting tablet: real 0.038s	user 0.009s	sys 0.000s
I20260709 14:45:31.834053  1262 tablet_bootstrap.cc:492] T 7d6c7042197e435697ccb48401d681fc P fadf9d0dc8df4676b3cf84e25d536bca: Bootstrap starting.
I20260709 14:45:31.838714  1260 tablet_bootstrap.cc:492] T 65d45767a3ca4014985cdd9dd68d1205 P 20c156916800418a895031db9a8c4f25: No bootstrap required, opened a new log
I20260709 14:45:31.839342  1260 ts_tablet_manager.cc:1403] T 65d45767a3ca4014985cdd9dd68d1205 P 20c156916800418a895031db9a8c4f25: Time spent bootstrapping tablet: real 0.022s	user 0.010s	sys 0.008s
I20260709 14:45:31.840622  1219 tablet_service.cc:1917] Received RequestConsensusVote() RPC: tablet_id: "2cafbd52e7c94d1b84390c0627936f0d" candidate_uuid: "1c838b73302141d4808e1e05de4e4fc2" candidate_term: 1 candidate_status { last_received { term: 0 index: 0 } } ignore_live_leader: false dest_uuid: "fadf9d0dc8df4676b3cf84e25d536bca" is_pre_election: true
I20260709 14:45:31.842032  1219 raft_consensus.cc:2468] T 2cafbd52e7c94d1b84390c0627936f0d P fadf9d0dc8df4676b3cf84e25d536bca [term 0 FOLLOWER]: Leader pre-election vote request: Granting yes vote for candidate 1c838b73302141d4808e1e05de4e4fc2 in term 0.
I20260709 14:45:31.837898  1259 ts_tablet_manager.cc:1434] T bc86a635d7184afc86338cefac9a86ec P 1c838b73302141d4808e1e05de4e4fc2: Time spent starting tablet: real 0.016s	user 0.007s	sys 0.000s
