I20260709 14:51:54.398315 18495 tablet_bootstrap.cc:492] T 1263b5e160034115bff200e7a776a131 P a2fdcfcd95a34ca8b1556ee46ef67b3f: No bootstrap required, opened a new log
I20260709 14:51:54.398615 18494 ts_tablet_manager.cc:1403] T c20af318dd234c3292569c82f63f225d P 965f6120946044e4a1ff8ce71f4d07f8: Time spent bootstrapping tablet: real 0.061s	user 0.008s	sys 0.013s
I20260709 14:51:54.398854 18495 ts_tablet_manager.cc:1403] T 1263b5e160034115bff200e7a776a131 P a2fdcfcd95a34ca8b1556ee46ef67b3f: Time spent bootstrapping tablet: real 0.047s	user 0.016s	sys 0.018s
I20260709 14:51:54.400810 18494 raft_consensus.cc:359] T c20af318dd234c3292569c82f63f225d P 965f6120946044e4a1ff8ce71f4d07f8 [term 0 FOLLOWER]: Replica starting. Triggering 0 pending ops. Active config: opid_index: -1 OBSOLETE_local: false peers { permanent_uuid: "a2fdcfcd95a34ca8b1556ee46ef67b3f" member_type: VOTER last_known_addr { host: "127.17.68.193" port: 39161 } } peers { permanent_uuid: "7ec70c13f9d4487bbaa27120292f8bd7" member_type: VOTER last_known_addr { host: "127.17.68.194" port: 43823 } } peers { permanent_uuid: "965f6120946044e4a1ff8ce71f4d07f8" member_type: VOTER last_known_addr { host: "127.17.68.195" port: 41877 } }
I20260709 14:51:54.401408 18494 raft_consensus.cc:385] T c20af318dd234c3292569c82f63f225d P 965f6120946044e4a1ff8ce71f4d07f8 [term 0 FOLLOWER]: Consensus starting up: Expiring failure detector timer to make a prompt election more likely
I20260709 14:51:54.401139 18495 raft_consensus.cc:359] T 1263b5e160034115bff200e7a776a131 P a2fdcfcd95a34ca8b1556ee46ef67b3f [term 0 FOLLOWER]: Replica starting. Triggering 0 pending ops. Active config: opid_index: -1 OBSOLETE_local: false peers { permanent_uuid: "7ec70c13f9d4487bbaa27120292f8bd7" member_type: VOTER last_known_addr { host: "127.17.68.194" port: 43823 } } peers { permanent_uuid: "a2fdcfcd95a34ca8b1556ee46ef67b3f" member_type: VOTER last_known_addr { host: "127.17.68.193" port: 39161 } } peers { permanent_uuid: "965f6120946044e4a1ff8ce71f4d07f8" member_type: VOTER last_known_addr { host: "127.17.68.195" port: 41877 } }
I20260709 14:51:54.401726 18494 raft_consensus.cc:740] T c20af318dd234c3292569c82f63f225d P 965f6120946044e4a1ff8ce71f4d07f8 [term 0 FOLLOWER]: Becoming Follower/Learner. State: Replica: 965f6120946044e4a1ff8ce71f4d07f8, State: Initialized, Role: FOLLOWER
I20260709 14:51:54.401873 18495 raft_consensus.cc:385] T 1263b5e160034115bff200e7a776a131 P a2fdcfcd95a34ca8b1556ee46ef67b3f [term 0 FOLLOWER]: Consensus starting up: Expiring failure detector timer to make a prompt election more likely
I20260709 14:51:54.402180 18495 raft_consensus.cc:740] T 1263b5e160034115bff200e7a776a131 P a2fdcfcd95a34ca8b1556ee46ef67b3f [term 0 FOLLOWER]: Becoming Follower/Learner. State: Replica: a2fdcfcd95a34ca8b1556ee46ef67b3f, State: Initialized, Role: FOLLOWER
I20260709 14:51:54.402637 18493 tablet_bootstrap.cc:492] T 4623c88072084fdb94ed18824aac8706 P 7ec70c13f9d4487bbaa27120292f8bd7: No bootstrap required, opened a new log
I20260709 14:51:54.402472 18494 consensus_queue.cc:260] T c20af318dd234c3292569c82f63f225d P 965f6120946044e4a1ff8ce71f4d07f8 [NON_LEADER]: Queue going to NON_LEADER mode. State: All replicated index: 0, Majority replicated index: 0, Committed index: 0, Last appended: 0.0, Last appended by leader: 0, Current term: 0, Majority size: -1, State: 0, Mode: NON_LEADER, active raft config: opid_index: -1 OBSOLETE_local: false peers { permanent_uuid: "a2fdcfcd95a34ca8b1556ee46ef67b3f" member_type: VOTER last_known_addr { host: "127.17.68.193" port: 39161 } } peers { permanent_uuid: "7ec70c13f9d4487bbaa27120292f8bd7" member_type: VOTER last_known_addr { host: "127.17.68.194" port: 43823 } } peers { permanent_uuid: "965f6120946044e4a1ff8ce71f4d07f8" member_type: VOTER last_known_addr { host: "127.17.68.195" port: 41877 } }
I20260709 14:51:54.403070 18493 ts_tablet_manager.cc:1403] T 4623c88072084fdb94ed18824aac8706 P 7ec70c13f9d4487bbaa27120292f8bd7: Time spent bootstrapping tablet: real 0.067s	user 0.013s	sys 0.007s
I20260709 14:51:54.402894 18495 consensus_queue.cc:260] T 1263b5e160034115bff200e7a776a131 P a2fdcfcd95a34ca8b1556ee46ef67b3f [NON_LEADER]: Queue going to NON_LEADER mode. State: All replicated index: 0, Majority replicated index: 0, Committed index: 0, Last appended: 0.0, Last appended by leader: 0, Current term: 0, Majority size: -1, State: 0, Mode: NON_LEADER, active raft config: opid_index: -1 OBSOLETE_local: false peers { permanent_uuid: "7ec70c13f9d4487bbaa27120292f8bd7" member_type: VOTER last_known_addr { host: "127.17.68.194" port: 43823 } } peers { permanent_uuid: "a2fdcfcd95a34ca8b1556ee46ef67b3f" member_type: VOTER last_known_addr { host: "127.17.68.193" port: 39161 } } peers { permanent_uuid: "965f6120946044e4a1ff8ce71f4d07f8" member_type: VOTER last_known_addr { host: "127.17.68.195" port: 41877 } }
I20260709 14:51:54.404633 18494 ts_tablet_manager.cc:1434] T c20af318dd234c3292569c82f63f225d P 965f6120946044e4a1ff8ce71f4d07f8: Time spent starting tablet: real 0.006s	user 0.002s	sys 0.000s
I20260709 14:51:54.405009 18495 ts_tablet_manager.cc:1434] T 1263b5e160034115bff200e7a776a131 P a2fdcfcd95a34ca8b1556ee46ef67b3f: Time spent starting tablet: real 0.006s	user 0.005s	sys 0.001s
I20260709 14:51:54.405547 18494 tablet_bootstrap.cc:492] T d7a57b645d1a49a58df72138a0b11a48 P 965f6120946044e4a1ff8ce71f4d07f8: Bootstrap starting.
I20260709 14:51:54.405882 18495 tablet_bootstrap.cc:492] T d7a57b645d1a49a58df72138a0b11a48 P a2fdcfcd95a34ca8b1556ee46ef67b3f: Bootstrap starting.
I20260709 14:51:54.405777 18493 raft_consensus.cc:359] T 4623c88072084fdb94ed18824aac8706 P 7ec70c13f9d4487bbaa27120292f8bd7 [term 0 FOLLOWER]: Replica starting. Triggering 0 pending ops. Active config: opid_index: -1 OBSOLETE_local: false peers { permanent_uuid: "a2fdcfcd95a34ca8b1556ee46ef67b3f" member_type: VOTER last_known_addr { host: "127.17.68.193" port: 39161 } } peers { permanent_uuid: "7ec70c13f9d4487bbaa27120292f8bd7" member_type: VOTER last_known_addr { host: "127.17.68.194" port: 43823 } } peers { permanent_uuid: "965f6120946044e4a1ff8ce71f4d07f8" member_type: VOTER last_known_addr { host: "127.17.68.195" port: 41877 } }
I20260709 14:51:54.406441 18493 raft_consensus.cc:385] T 4623c88072084fdb94ed18824aac8706 P 7ec70c13f9d4487bbaa27120292f8bd7 [term 0 FOLLOWER]: Consensus starting up: Expiring failure detector timer to make a prompt election more likely
I20260709 14:51:54.406747 18493 raft_consensus.cc:740] T 4623c88072084fdb94ed18824aac8706 P 7ec70c13f9d4487bbaa27120292f8bd7 [term 0 FOLLOWER]: Becoming Follower/Learner. State: Replica: 7ec70c13f9d4487bbaa27120292f8bd7, State: Initialized, Role: FOLLOWER
I20260709 14:51:54.407415 18493 consensus_queue.cc:260] T 4623c88072084fdb94ed18824aac8706 P 7ec70c13f9d4487bbaa27120292f8bd7 [NON_LEADER]: Queue going to NON_LEADER mode. State: All replicated index: 0, Majority replicated index: 0, Committed index: 0, Last appended: 0.0, Last appended by leader: 0, Current term: 0, Majority size: -1, State: 0, Mode: NON_LEADER, active raft config: opid_index: -1 OBSOLETE_local: false peers { permanent_uuid: "a2fdcfcd95a34ca8b1556ee46ef67b3f" member_type: VOTER last_known_addr { host: "127.17.68.193" port: 39161 } } peers { permanent_uuid: "7ec70c13f9d4487bbaa27120292f8bd7" member_type: VOTER last_known_addr { host: "127.17.68.194" port: 43823 } } peers { permanent_uuid: "965f6120946044e4a1ff8ce71f4d07f8" member_type: VOTER last_known_addr { host: "127.17.68.195" port: 41877 } }
I20260709 14:51:54.409626 18493 ts_tablet_manager.cc:1434] T 4623c88072084fdb94ed18824aac8706 P 7ec70c13f9d4487bbaa27120292f8bd7: Time spent starting tablet: real 0.006s	user 0.007s	sys 0.000s
I20260709 14:51:54.410537 18493 tablet_bootstrap.cc:492] T 1263b5e160034115bff200e7a776a131 P 7ec70c13f9d4487bbaa27120292f8bd7: Bootstrap starting.
I20260709 14:51:54.412005 18494 tablet_bootstrap.cc:654] T d7a57b645d1a49a58df72138a0b11a48 P 965f6120946044e4a1ff8ce71f4d07f8: Neither blocks nor log segments found. Creating new log.
I20260709 14:51:54.416878 18493 tablet_bootstrap.cc:654] T 1263b5e160034115bff200e7a776a131 P 7ec70c13f9d4487bbaa27120292f8bd7: Neither blocks nor log segments found. Creating new log.
I20260709 14:51:54.420228 18495 tablet_bootstrap.cc:654] T d7a57b645d1a49a58df72138a0b11a48 P a2fdcfcd95a34ca8b1556ee46ef67b3f: Neither blocks nor log segments found. Creating new log.
I20260709 14:51:54.425452 18494 tablet_bootstrap.cc:492] T d7a57b645d1a49a58df72138a0b11a48 P 965f6120946044e4a1ff8ce71f4d07f8: No bootstrap required, opened a new log
I20260709 14:51:54.425827 18493 tablet_bootstrap.cc:492] T 1263b5e160034115bff200e7a776a131 P 7ec70c13f9d4487bbaa27120292f8bd7: No bootstrap required, opened a new log
I20260709 14:51:54.425896 18494 ts_tablet_manager.cc:1403] T d7a57b645d1a49a58df72138a0b11a48 P 965f6120946044e4a1ff8ce71f4d07f8: Time spent bootstrapping tablet: real 0.021s	user 0.009s	sys 0.009s
I20260709 14:51:54.426290 18493 ts_tablet_manager.cc:1403] T 1263b5e160034115bff200e7a776a131 P 7ec70c13f9d4487bbaa27120292f8bd7: Time spent bootstrapping tablet: real 0.016s	user 0.000s	sys 0.013s
I20260709 14:51:54.428758 18494 raft_consensus.cc:359] T d7a57b645d1a49a58df72138a0b11a48 P 965f6120946044e4a1ff8ce71f4d07f8 [term 0 FOLLOWER]: Replica starting. Triggering 0 pending ops. Active config: opid_index: -1 OBSOLETE_local: false peers { permanent_uuid: "a2fdcfcd95a34ca8b1556ee46ef67b3f" member_type: VOTER last_known_addr { host: "127.17.68.193" port: 39161 } } peers { permanent_uuid: "7ec70c13f9d4487bbaa27120292f8bd7" member_type: VOTER last_known_addr { host: "127.17.68.194" port: 43823 } } peers { permanent_uuid: "965f6120946044e4a1ff8ce71f4d07f8" member_type: VOTER last_known_addr { host: "127.17.68.195" port: 41877 } }
I20260709 14:51:54.428892 18493 raft_consensus.cc:359] T 1263b5e160034115bff200e7a776a131 P 7ec70c13f9d4487bbaa27120292f8bd7 [term 0 FOLLOWER]: Replica starting. Triggering 0 pending ops. Active config: opid_index: -1 OBSOLETE_local: false peers { permanent_uuid: "7ec70c13f9d4487bbaa27120292f8bd7" member_type: VOTER last_known_addr { host: "127.17.68.194" port: 43823 } } peers { permanent_uuid: "a2fdcfcd95a34ca8b1556ee46ef67b3f" member_type: VOTER last_known_addr { host: "127.17.68.193" port: 39161 } } peers { permanent_uuid: "965f6120946044e4a1ff8ce71f4d07f8" member_type: VOTER last_known_addr { host: "127.17.68.195" port: 41877 } }
I20260709 14:51:54.429474 18494 raft_consensus.cc:385] T d7a57b645d1a49a58df72138a0b11a48 P 965f6120946044e4a1ff8ce71f4d07f8 [term 0 FOLLOWER]: Consensus starting up: Expiring failure detector timer to make a prompt election more likely
I20260709 14:51:54.429484 18495 tablet_bootstrap.cc:492] T d7a57b645d1a49a58df72138a0b11a48 P a2fdcfcd95a34ca8b1556ee46ef67b3f: No bootstrap required, opened a new log
I20260709 14:51:54.429571 18493 raft_consensus.cc:385] T 1263b5e160034115bff200e7a776a131 P 7ec70c13f9d4487bbaa27120292f8bd7 [term 0 FOLLOWER]: Consensus starting up: Expiring failure detector timer to make a prompt election more likely
I20260709 14:51:54.429862 18494 raft_consensus.cc:740] T d7a57b645d1a49a58df72138a0b11a48 P 965f6120946044e4a1ff8ce71f4d07f8 [term 0 FOLLOWER]: Becoming Follower/Learner. State: Replica: 965f6120946044e4a1ff8ce71f4d07f8, State: Initialized, Role: FOLLOWER
I20260709 14:51:54.430087 18493 raft_consensus.cc:740] T 1263b5e160034115bff200e7a776a131 P 7ec70c13f9d4487bbaa27120292f8bd7 [term 0 FOLLOWER]: Becoming Follower/Learner. State: Replica: 7ec70c13f9d4487bbaa27120292f8bd7, State: Initialized, Role: FOLLOWER
I20260709 14:51:54.430222 18495 ts_tablet_manager.cc:1403] T d7a57b645d1a49a58df72138a0b11a48 P a2fdcfcd95a34ca8b1556ee46ef67b3f: Time spent bootstrapping tablet: real 0.025s	user 0.010s	sys 0.004s
I20260709 14:51:54.430629 18494 consensus_queue.cc:260] T d7a57b645d1a49a58df72138a0b11a48 P 965f6120946044e4a1ff8ce71f4d07f8 [NON_LEADER]: Queue going to NON_LEADER mode. State: All replicated index: 0, Majority replicated index: 0, Committed index: 0, Last appended: 0.0, Last appended by leader: 0, Current term: 0, Majority size: -1, State: 0, Mode: NON_LEADER, active raft config: opid_index: -1 OBSOLETE_local: false peers { permanent_uuid: "a2fdcfcd95a34ca8b1556ee46ef67b3f" member_type: VOTER last_known_addr { host: "127.17.68.193" port: 39161 } } peers { permanent_uuid: "7ec70c13f9d4487bbaa27120292f8bd7" member_type: VOTER last_known_addr { host: "127.17.68.194" port: 43823 } } peers { permanent_uuid: "965f6120946044e4a1ff8ce71f4d07f8" member_type: VOTER last_known_addr { host: "127.17.68.195" port: 41877 } }
I20260709 14:51:54.430884 18493 consensus_queue.cc:260] T 1263b5e160034115bff200e7a776a131 P 7ec70c13f9d4487bbaa27120292f8bd7 [NON_LEADER]: Queue going to NON_LEADER mode. State: All replicated index: 0, Majority replicated index: 0, Committed index: 0, Last appended: 0.0, Last appended by leader: 0, Current term: 0, Majority size: -1, State: 0, Mode: NON_LEADER, active raft config: opid_index: -1 OBSOLETE_local: false peers { permanent_uuid: "7ec70c13f9d4487bbaa27120292f8bd7" member_type: VOTER last_known_addr { host: "127.17.68.194" port: 43823 } } peers { permanent_uuid: "a2fdcfcd95a34ca8b1556ee46ef67b3f" member_type: VOTER last_known_addr { host: "127.17.68.193" port: 39161 } } peers { permanent_uuid: "965f6120946044e4a1ff8ce71f4d07f8" member_type: VOTER last_known_addr { host: "127.17.68.195" port: 41877 } }
I20260709 14:51:54.432861 18494 ts_tablet_manager.cc:1434] T d7a57b645d1a49a58df72138a0b11a48 P 965f6120946044e4a1ff8ce71f4d07f8: Time spent starting tablet: real 0.007s	user 0.006s	sys 0.002s
I20260709 14:51:54.433038 18495 raft_consensus.cc:359] T d7a57b645d1a49a58df72138a0b11a48 P a2fdcfcd95a34ca8b1556ee46ef67b3f [term 0 FOLLOWER]: Replica starting. Triggering 0 pending ops. Active config: opid_index: -1 OBSOLETE_local: false peers { permanent_uuid: "a2fdcfcd95a34ca8b1556ee46ef67b3f" member_type: VOTER last_known_addr { host: "127.17.68.193" port: 39161 } } peers { permanent_uuid: "7ec70c13f9d4487bbaa27120292f8bd7" member_type: VOTER last_known_addr { host: "127.17.68.194" port: 43823 } } peers { permanent_uuid: "965f6120946044e4a1ff8ce71f4d07f8" member_type: VOTER last_known_addr { host: "127.17.68.195" port: 41877 } }
I20260709 14:51:54.433710 18494 tablet_bootstrap.cc:492] T 3a76e57d67614d29ab9c88ea30256ff7 P 965f6120946044e4a1ff8ce71f4d07f8: Bootstrap starting.
I20260709 14:51:54.433758 18495 raft_consensus.cc:385] T d7a57b645d1a49a58df72138a0b11a48 P a2fdcfcd95a34ca8b1556ee46ef67b3f [term 0 FOLLOWER]: Consensus starting up: Expiring failure detector timer to make a prompt election more likely
I20260709 14:51:54.434203 18495 raft_consensus.cc:740] T d7a57b645d1a49a58df72138a0b11a48 P a2fdcfcd95a34ca8b1556ee46ef67b3f [term 0 FOLLOWER]: Becoming Follower/Learner. State: Replica: a2fdcfcd95a34ca8b1556ee46ef67b3f, State: Initialized, Role: FOLLOWER
I20260709 14:51:54.435201 18493 ts_tablet_manager.cc:1434] T 1263b5e160034115bff200e7a776a131 P 7ec70c13f9d4487bbaa27120292f8bd7: Time spent starting tablet: real 0.009s	user 0.003s	sys 0.003s
I20260709 14:51:54.435001 18495 consensus_queue.cc:260] T d7a57b645d1a49a58df72138a0b11a48 P a2fdcfcd95a34ca8b1556ee46ef67b3f [NON_LEADER]: Queue going to NON_LEADER mode. State: All replicated index: 0, Majority replicated index: 0, Committed index: 0, Last appended: 0.0, Last appended by leader: 0, Current term: 0, Majority size: -1, State: 0, Mode: NON_LEADER, active raft config: opid_index: -1 OBSOLETE_local: false peers { permanent_uuid: "a2fdcfcd95a34ca8b1556ee46ef67b3f" member_type: VOTER last_known_addr { host: "127.17.68.193" port: 39161 } } peers { permanent_uuid: "7ec70c13f9d4487bbaa27120292f8bd7" member_type: VOTER last_known_addr { host: "127.17.68.194" port: 43823 } } peers { permanent_uuid: "965f6120946044e4a1ff8ce71f4d07f8" member_type: VOTER last_known_addr { host: "127.17.68.195" port: 41877 } }
I20260709 14:51:54.436105 18493 tablet_bootstrap.cc:492] T c6f9905daa734f5c8bcee9f2a759da21 P 7ec70c13f9d4487bbaa27120292f8bd7: Bootstrap starting.
I20260709 14:51:54.437127 18495 ts_tablet_manager.cc:1434] T d7a57b645d1a49a58df72138a0b11a48 P a2fdcfcd95a34ca8b1556ee46ef67b3f: Time spent starting tablet: real 0.007s	user 0.002s	sys 0.005s
I20260709 14:51:54.438017 18495 tablet_bootstrap.cc:492] T d63a0480b90d49bfa10da3e5c5c4c0a2 P a2fdcfcd95a34ca8b1556ee46ef67b3f: Bootstrap starting.
I20260709 14:51:54.440305 18494 tablet_bootstrap.cc:654] T 3a76e57d67614d29ab9c88ea30256ff7 P 965f6120946044e4a1ff8ce71f4d07f8: Neither blocks nor log segments found. Creating new log.
I20260709 14:51:54.440987 18497 raft_consensus.cc:493] T d63a0480b90d49bfa10da3e5c5c4c0a2 P 7ec70c13f9d4487bbaa27120292f8bd7 [term 0 FOLLOWER]: Starting pre-election (no leader contacted us within the election timeout)
I20260709 14:51:54.441458 18497 raft_consensus.cc:515] T d63a0480b90d49bfa10da3e5c5c4c0a2 P 7ec70c13f9d4487bbaa27120292f8bd7 [term 0 FOLLOWER]: Starting pre-election with config: opid_index: -1 OBSOLETE_local: false peers { permanent_uuid: "a2fdcfcd95a34ca8b1556ee46ef67b3f" member_type: VOTER last_known_addr { host: "127.17.68.193" port: 39161 } } peers { permanent_uuid: "7ec70c13f9d4487bbaa27120292f8bd7" member_type: VOTER last_known_addr { host: "127.17.68.194" port: 43823 } } peers { permanent_uuid: "965f6120946044e4a1ff8ce71f4d07f8" member_type: VOTER last_known_addr { host: "127.17.68.195" port: 41877 } }
I20260709 14:51:54.442592 18493 tablet_bootstrap.cc:654] T c6f9905daa734f5c8bcee9f2a759da21 P 7ec70c13f9d4487bbaa27120292f8bd7: Neither blocks nor log segments found. Creating new log.
I20260709 14:51:54.443961 18495 tablet_bootstrap.cc:654] T d63a0480b90d49bfa10da3e5c5c4c0a2 P a2fdcfcd95a34ca8b1556ee46ef67b3f: Neither blocks nor log segments found. Creating new log.
I20260709 14:51:54.443922 18497 leader_election.cc:290] T d63a0480b90d49bfa10da3e5c5c4c0a2 P 7ec70c13f9d4487bbaa27120292f8bd7 [CANDIDATE]: Term 1 pre-election: Requested pre-vote from peers a2fdcfcd95a34ca8b1556ee46ef67b3f (127.17.68.193:39161), 965f6120946044e4a1ff8ce71f4d07f8 (127.17.68.195:41877)
I20260709 14:51:54.458750 18495 tablet_bootstrap.cc:492] T d63a0480b90d49bfa10da3e5c5c4c0a2 P a2fdcfcd95a34ca8b1556ee46ef67b3f: No bootstrap required, opened a new log
I20260709 14:51:54.459251 18495 ts_tablet_manager.cc:1403] T d63a0480b90d49bfa10da3e5c5c4c0a2 P a2fdcfcd95a34ca8b1556ee46ef67b3f: Time spent bootstrapping tablet: real 0.021s	user 0.005s	sys 0.006s
I20260709 14:51:54.462039 18495 raft_consensus.cc:359] T d63a0480b90d49bfa10da3e5c5c4c0a2 P a2fdcfcd95a34ca8b1556ee46ef67b3f [term 0 FOLLOWER]: Replica starting. Triggering 0 pending ops. Active config: opid_index: -1 OBSOLETE_local: false peers { permanent_uuid: "a2fdcfcd95a34ca8b1556ee46ef67b3f" member_type: VOTER last_known_addr { host: "127.17.68.193" port: 39161 } } peers { permanent_uuid: "7ec70c13f9d4487bbaa27120292f8bd7" member_type: VOTER last_known_addr { host: "127.17.68.194" port: 43823 } } peers { permanent_uuid: "965f6120946044e4a1ff8ce71f4d07f8" member_type: VOTER last_known_addr { host: "127.17.68.195" port: 41877 } }
I20260709 14:51:54.462735 18495 raft_consensus.cc:385] T d63a0480b90d49bfa10da3e5c5c4c0a2 P a2fdcfcd95a34ca8b1556ee46ef67b3f [term 0 FOLLOWER]: Consensus starting up: Expiring failure detector timer to make a prompt election more likely
I20260709 14:51:54.467918 18495 raft_consensus.cc:740] T d63a0480b90d49bfa10da3e5c5c4c0a2 P a2fdcfcd95a34ca8b1556ee46ef67b3f [term 0 FOLLOWER]: Becoming Follower/Learner. State: Replica: a2fdcfcd95a34ca8b1556ee46ef67b3f, State: Initialized, Role: FOLLOWER
I20260709 14:51:54.470137 18305 tablet_service.cc:1917] Received RequestConsensusVote() RPC: tablet_id: "d63a0480b90d49bfa10da3e5c5c4c0a2" candidate_uuid: "7ec70c13f9d4487bbaa27120292f8bd7" candidate_term: 1 candidate_status { last_received { term: 0 index: 0 } } ignore_live_leader: false dest_uuid: "a2fdcfcd95a34ca8b1556ee46ef67b3f" is_pre_election: true
I20260709 14:51:54.471227 18495 consensus_queue.cc:260] T d63a0480b90d49bfa10da3e5c5c4c0a2 P a2fdcfcd95a34ca8b1556ee46ef67b3f [NON_LEADER]: Queue going to NON_LEADER mode. State: All replicated index: 0, Majority replicated index: 0, Committed index: 0, Last appended: 0.0, Last appended by leader: 0, Current term: 0, Majority size: -1, State: 0, Mode: NON_LEADER, active raft config: opid_index: -1 OBSOLETE_local: false peers { permanent_uuid: "a2fdcfcd95a34ca8b1556ee46ef67b3f" member_type: VOTER last_known_addr { host: "127.17.68.193" port: 39161 } } peers { permanent_uuid: "7ec70c13f9d4487bbaa27120292f8bd7" member_type: VOTER last_known_addr { host: "127.17.68.194" port: 43823 } } peers { permanent_uuid: "965f6120946044e4a1ff8ce71f4d07f8" member_type: VOTER last_known_addr { host: "127.17.68.195" port: 41877 } }
I20260709 14:51:54.474295 18495 ts_tablet_manager.cc:1434] T d63a0480b90d49bfa10da3e5c5c4c0a2 P a2fdcfcd95a34ca8b1556ee46ef67b3f: Time spent starting tablet: real 0.015s	user 0.008s	sys 0.000s
I20260709 14:51:54.474373 18305 raft_consensus.cc:2468] T d63a0480b90d49bfa10da3e5c5c4c0a2 P a2fdcfcd95a34ca8b1556ee46ef67b3f [term 0 FOLLOWER]: Leader pre-election vote request: Granting yes vote for candidate 7ec70c13f9d4487bbaa27120292f8bd7 in term 0.
I20260709 14:51:54.475616 18495 tablet_bootstrap.cc:492] T 4623c88072084fdb94ed18824aac8706 P a2fdcfcd95a34ca8b1556ee46ef67b3f: Bootstrap starting.
I20260709 14:51:54.477273 18502 raft_consensus.cc:493] T 3a76e57d67614d29ab9c88ea30256ff7 P a2fdcfcd95a34ca8b1556ee46ef67b3f [term 0 FOLLOWER]: Starting pre-election (no leader contacted us within the election timeout)
I20260709 14:51:54.477717 18502 raft_consensus.cc:515] T 3a76e57d67614d29ab9c88ea30256ff7 P a2fdcfcd95a34ca8b1556ee46ef67b3f [term 0 FOLLOWER]: Starting pre-election with config: opid_index: -1 OBSOLETE_local: false peers { permanent_uuid: "a2fdcfcd95a34ca8b1556ee46ef67b3f" member_type: VOTER last_known_addr { host: "127.17.68.193" port: 39161 } } peers { permanent_uuid: "7ec70c13f9d4487bbaa27120292f8bd7" member_type: VOTER last_known_addr { host: "127.17.68.194" port: 43823 } } peers { permanent_uuid: "965f6120946044e4a1ff8ce71f4d07f8" member_type: VOTER last_known_addr { host: "127.17.68.195" port: 41877 } }
I20260709 14:51:54.479684 18502 leader_election.cc:290] T 3a76e57d67614d29ab9c88ea30256ff7 P a2fdcfcd95a34ca8b1556ee46ef67b3f [CANDIDATE]: Term 1 pre-election: Requested pre-vote from peers 7ec70c13f9d4487bbaa27120292f8bd7 (127.17.68.194:43823), 965f6120946044e4a1ff8ce71f4d07f8 (127.17.68.195:41877)
I20260709 14:51:54.482722 18380 tablet_service.cc:1917] Received RequestConsensusVote() RPC: tablet_id: "3a76e57d67614d29ab9c88ea30256ff7" candidate_uuid: "a2fdcfcd95a34ca8b1556ee46ef67b3f" candidate_term: 1 candidate_status { last_received { term: 0 index: 0 } } ignore_live_leader: false dest_uuid: "7ec70c13f9d4487bbaa27120292f8bd7" is_pre_election: true
I20260709 14:51:54.483952 18454 tablet_service.cc:1917] Received RequestConsensusVote() RPC: tablet_id: "3a76e57d67614d29ab9c88ea30256ff7" candidate_uuid: "a2fdcfcd95a34ca8b1556ee46ef67b3f" candidate_term: 1 candidate_status { last_received { term: 0 index: 0 } } ignore_live_leader: false dest_uuid: "965f6120946044e4a1ff8ce71f4d07f8" is_pre_election: true
W20260709 14:51:54.486905 18268 leader_election.cc:343] T 3a76e57d67614d29ab9c88ea30256ff7 P a2fdcfcd95a34ca8b1556ee46ef67b3f [CANDIDATE]: Term 1 pre-election: Tablet error from VoteRequest() call to peer 965f6120946044e4a1ff8ce71f4d07f8 (127.17.68.195:41877): Illegal state: must be running to vote when last-logged opid is not known
I20260709 14:51:54.487375 18502 raft_consensus.cc:493] T 1263b5e160034115bff200e7a776a131 P a2fdcfcd95a34ca8b1556ee46ef67b3f [term 0 FOLLOWER]: Starting pre-election (no leader contacted us within the election timeout)
I20260709 14:51:54.487843 18502 raft_consensus.cc:515] T 1263b5e160034115bff200e7a776a131 P a2fdcfcd95a34ca8b1556ee46ef67b3f [term 0 FOLLOWER]: Starting pre-election with config: opid_index: -1 OBSOLETE_local: false peers { permanent_uuid: "7ec70c13f9d4487bbaa27120292f8bd7" member_type: VOTER last_known_addr { host: "127.17.68.194" port: 43823 } } peers { permanent_uuid: "a2fdcfcd95a34ca8b1556ee46ef67b3f" member_type: VOTER last_known_addr { host: "127.17.68.193" port: 39161 } } peers { permanent_uuid: "965f6120946044e4a1ff8ce71f4d07f8" member_type: VOTER last_known_addr { host: "127.17.68.195" port: 41877 } }
W20260709 14:51:54.488747 18268 leader_election.cc:343] T 3a76e57d67614d29ab9c88ea30256ff7 P a2fdcfcd95a34ca8b1556ee46ef67b3f [CANDIDATE]: Term 1 pre-election: Tablet error from VoteRequest() call to peer 7ec70c13f9d4487bbaa27120292f8bd7 (127.17.68.194:43823): Illegal state: must be running to vote when last-logged opid is not known
I20260709 14:51:54.489176 18268 leader_election.cc:304] T 3a76e57d67614d29ab9c88ea30256ff7 P a2fdcfcd95a34ca8b1556ee46ef67b3f [CANDIDATE]: Term 1 pre-election: Election decided. Result: candidate lost. Election summary: received 3 responses out of 3 voters: 1 yes votes; 2 no votes. yes voters: a2fdcfcd95a34ca8b1556ee46ef67b3f; no voters: 7ec70c13f9d4487bbaa27120292f8bd7, 965f6120946044e4a1ff8ce71f4d07f8
I20260709 14:51:54.489837 18502 leader_election.cc:290] T 1263b5e160034115bff200e7a776a131 P a2fdcfcd95a34ca8b1556ee46ef67b3f [CANDIDATE]: Term 1 pre-election: Requested pre-vote from peers 7ec70c13f9d4487bbaa27120292f8bd7 (127.17.68.194:43823), 965f6120946044e4a1ff8ce71f4d07f8 (127.17.68.195:41877)
I20260709 14:51:54.490020 18495 tablet_bootstrap.cc:654] T 4623c88072084fdb94ed18824aac8706 P a2fdcfcd95a34ca8b1556ee46ef67b3f: Neither blocks nor log segments found. Creating new log.
I20260709 14:51:54.490317 18502 raft_consensus.cc:2749] T 3a76e57d67614d29ab9c88ea30256ff7 P a2fdcfcd95a34ca8b1556ee46ef67b3f [term 0 FOLLOWER]: Leader pre-election lost for term 1. Reason: could not achieve majority
I20260709 14:51:54.490715 18493 tablet_bootstrap.cc:492] T c6f9905daa734f5c8bcee9f2a759da21 P 7ec70c13f9d4487bbaa27120292f8bd7: No bootstrap required, opened a new log
I20260709 14:51:54.491230 18493 ts_tablet_manager.cc:1403] T c6f9905daa734f5c8bcee9f2a759da21 P 7ec70c13f9d4487bbaa27120292f8bd7: Time spent bootstrapping tablet: real 0.055s	user 0.015s	sys 0.032s
I20260709 14:51:54.492359 18454 tablet_service.cc:1917] Received RequestConsensusVote() RPC: tablet_id: "1263b5e160034115bff200e7a776a131" candidate_uuid: "a2fdcfcd95a34ca8b1556ee46ef67b3f" candidate_term: 1 candidate_status { last_received { term: 0 index: 0 } } ignore_live_leader: false dest_uuid: "965f6120946044e4a1ff8ce71f4d07f8" is_pre_election: true
I20260709 14:51:54.492962 18454 raft_consensus.cc:2468] T 1263b5e160034115bff200e7a776a131 P 965f6120946044e4a1ff8ce71f4d07f8 [term 0 FOLLOWER]: Leader pre-election vote request: Granting yes vote for candidate a2fdcfcd95a34ca8b1556ee46ef67b3f in term 0.
I20260709 14:51:54.493984 18268 leader_election.cc:304] T 1263b5e160034115bff200e7a776a131 P a2fdcfcd95a34ca8b1556ee46ef67b3f [CANDIDATE]: Term 1 pre-election: Election decided. Result: candidate won. Election summary: received 2 responses out of 3 voters: 2 yes votes; 0 no votes. yes voters: 965f6120946044e4a1ff8ce71f4d07f8, a2fdcfcd95a34ca8b1556ee46ef67b3f; no voters: 
I20260709 14:51:54.494288 18380 tablet_service.cc:1917] Received RequestConsensusVote() RPC: tablet_id: "1263b5e160034115bff200e7a776a131" candidate_uuid: "a2fdcfcd95a34ca8b1556ee46ef67b3f" candidate_term: 1 candidate_status { last_received { term: 0 index: 0 } } ignore_live_leader: false dest_uuid: "7ec70c13f9d4487bbaa27120292f8bd7" is_pre_election: true
I20260709 14:51:54.494304 18493 raft_consensus.cc:359] T c6f9905daa734f5c8bcee9f2a759da21 P 7ec70c13f9d4487bbaa27120292f8bd7 [term 0 FOLLOWER]: Replica starting. Triggering 0 pending ops. Active config: opid_index: -1 OBSOLETE_local: false peers { permanent_uuid: "a2fdcfcd95a34ca8b1556ee46ef67b3f" member_type: VOTER last_known_addr { host: "127.17.68.193" port: 39161 } } peers { permanent_uuid: "7ec70c13f9d4487bbaa27120292f8bd7" member_type: VOTER last_known_addr { host: "127.17.68.194" port: 43823 } } peers { permanent_uuid: "965f6120946044e4a1ff8ce71f4d07f8" member_type: VOTER last_known_addr { host: "127.17.68.195" port: 41877 } }
I20260709 14:51:54.494817 18502 raft_consensus.cc:2804] T 1263b5e160034115bff200e7a776a131 P a2fdcfcd95a34ca8b1556ee46ef67b3f [term 0 FOLLOWER]: Leader pre-election won for term 1
I20260709 14:51:54.494987 18380 raft_consensus.cc:2468] T 1263b5e160034115bff200e7a776a131 P 7ec70c13f9d4487bbaa27120292f8bd7 [term 0 FOLLOWER]: Leader pre-election vote request: Granting yes vote for candidate a2fdcfcd95a34ca8b1556ee46ef67b3f in term 0.
I20260709 14:51:54.495178 18493 raft_consensus.cc:385] T c6f9905daa734f5c8bcee9f2a759da21 P 7ec70c13f9d4487bbaa27120292f8bd7 [term 0 FOLLOWER]: Consensus starting up: Expiring failure detector timer to make a prompt election more likely
I20260709 14:51:54.495225 18502 raft_consensus.cc:493] T 1263b5e160034115bff200e7a776a131 P a2fdcfcd95a34ca8b1556ee46ef67b3f [term 0 FOLLOWER]: Starting leader election (no leader contacted us within the election timeout)
I20260709 14:51:54.495723 18502 raft_consensus.cc:3060] T 1263b5e160034115bff200e7a776a131 P a2fdcfcd95a34ca8b1556ee46ef67b3f [term 0 FOLLOWER]: Advancing to term 1
I20260709 14:51:54.495620 18493 raft_consensus.cc:740] T c6f9905daa734f5c8bcee9f2a759da21 P 7ec70c13f9d4487bbaa27120292f8bd7 [term 0 FOLLOWER]: Becoming Follower/Learner. State: Replica: 7ec70c13f9d4487bbaa27120292f8bd7, State: Initialized, Role: FOLLOWER
I20260709 14:51:54.496809 18493 consensus_queue.cc:260] T c6f9905daa734f5c8bcee9f2a759da21 P 7ec70c13f9d4487bbaa27120292f8bd7 [NON_LEADER]: Queue going to NON_LEADER mode. State: All replicated index: 0, Majority replicated index: 0, Committed index: 0, Last appended: 0.0, Last appended by leader: 0, Current term: 0, Majority size: -1, State: 0, Mode: NON_LEADER, active raft config: opid_index: -1 OBSOLETE_local: false peers { permanent_uuid: "a2fdcfcd95a34ca8b1556ee46ef67b3f" member_type: VOTER last_known_addr { host: "127.17.68.193" port: 39161 } } peers { permanent_uuid: "7ec70c13f9d4487bbaa27120292f8bd7" member_type: VOTER last_known_addr { host: "127.17.68.194" port: 43823 } } peers { permanent_uuid: "965f6120946044e4a1ff8ce71f4d07f8" member_type: VOTER last_known_addr { host: "127.17.68.195" port: 41877 } }
W20260709 14:51:54.498658 18251 auto_rebalancer.cc:288] Could not retrieve cluster info: Service unavailable: Tablet not running
I20260709 14:51:54.499658 18493 ts_tablet_manager.cc:1434] T c6f9905daa734f5c8bcee9f2a759da21 P 7ec70c13f9d4487bbaa27120292f8bd7: Time spent starting tablet: real 0.008s	user 0.006s	sys 0.000s
I20260709 14:51:54.500886 18493 tablet_bootstrap.cc:492] T 3a76e57d67614d29ab9c88ea30256ff7 P 7ec70c13f9d4487bbaa27120292f8bd7: Bootstrap starting.
I20260709 14:51:54.503247 18502 raft_consensus.cc:515] T 1263b5e160034115bff200e7a776a131 P a2fdcfcd95a34ca8b1556ee46ef67b3f [term 1 FOLLOWER]: Starting leader election with config: opid_index: -1 OBSOLETE_local: false peers { permanent_uuid: "7ec70c13f9d4487bbaa27120292f8bd7" member_type: VOTER last_known_addr { host: "127.17.68.194" port: 43823 } } peers { permanent_uuid: "a2fdcfcd95a34ca8b1556ee46ef67b3f" member_type: VOTER last_known_addr { host: "127.17.68.193" port: 39161 } } peers { permanent_uuid: "965f6120946044e4a1ff8ce71f4d07f8" member_type: VOTER last_known_addr { host: "127.17.68.195" port: 41877 } }
I20260709 14:51:54.505915 18380 tablet_service.cc:1917] Received RequestConsensusVote() RPC: tablet_id: "1263b5e160034115bff200e7a776a131" candidate_uuid: "a2fdcfcd95a34ca8b1556ee46ef67b3f" candidate_term: 1 candidate_status { last_received { term: 0 index: 0 } } ignore_live_leader: false dest_uuid: "7ec70c13f9d4487bbaa27120292f8bd7"
I20260709 14:51:54.506471 18380 raft_consensus.cc:3060] T 1263b5e160034115bff200e7a776a131 P 7ec70c13f9d4487bbaa27120292f8bd7 [term 0 FOLLOWER]: Advancing to term 1
I20260709 14:51:54.507800 18343 leader_election.cc:304] T d63a0480b90d49bfa10da3e5c5c4c0a2 P 7ec70c13f9d4487bbaa27120292f8bd7 [CANDIDATE]: Term 1 pre-election: Election decided. Result: candidate won. Election summary: received 2 responses out of 3 voters: 2 yes votes; 0 no votes. yes voters: 7ec70c13f9d4487bbaa27120292f8bd7, a2fdcfcd95a34ca8b1556ee46ef67b3f; no voters: 
I20260709 14:51:54.509052 18497 raft_consensus.cc:2804] T d63a0480b90d49bfa10da3e5c5c4c0a2 P 7ec70c13f9d4487bbaa27120292f8bd7 [term 0 FOLLOWER]: Leader pre-election won for term 1
I20260709 14:51:54.509462 18497 raft_consensus.cc:493] T d63a0480b90d49bfa10da3e5c5c4c0a2 P 7ec70c13f9d4487bbaa27120292f8bd7 [term 0 FOLLOWER]: Starting leader election (no leader contacted us within the election timeout)
I20260709 14:51:54.509922 18497 raft_consensus.cc:3060] T d63a0480b90d49bfa10da3e5c5c4c0a2 P 7ec70c13f9d4487bbaa27120292f8bd7 [term 0 FOLLOWER]: Advancing to term 1
I20260709 14:51:54.512280 18493 tablet_bootstrap.cc:654] T 3a76e57d67614d29ab9c88ea30256ff7 P 7ec70c13f9d4487bbaa27120292f8bd7: Neither blocks nor log segments found. Creating new log.
I20260709 14:51:54.514245 18454 tablet_service.cc:1917] Received RequestConsensusVote() RPC: tablet_id: "1263b5e160034115bff200e7a776a131" candidate_uuid: "a2fdcfcd95a34ca8b1556ee46ef67b3f" candidate_term: 1 candidate_status { last_received { term: 0 index: 0 } } ignore_live_leader: false dest_uuid: "965f6120946044e4a1ff8ce71f4d07f8"
I20260709 14:51:54.514801 18454 raft_consensus.cc:3060] T 1263b5e160034115bff200e7a776a131 P 965f6120946044e4a1ff8ce71f4d07f8 [term 0 FOLLOWER]: Advancing to term 1
I20260709 14:51:54.521270 18501 raft_consensus.cc:493] T c20af318dd234c3292569c82f63f225d P 965f6120946044e4a1ff8ce71f4d07f8 [term 0 FOLLOWER]: Starting pre-election (no leader contacted us within the election timeout)
I20260709 14:51:54.521625 18497 raft_consensus.cc:515] T d63a0480b90d49bfa10da3e5c5c4c0a2 P 7ec70c13f9d4487bbaa27120292f8bd7 [term 1 FOLLOWER]: Starting leader election with config: opid_index: -1 OBSOLETE_local: false peers { permanent_uuid: "a2fdcfcd95a34ca8b1556ee46ef67b3f" member_type: VOTER last_known_addr { host: "127.17.68.193" port: 39161 } } peers { permanent_uuid: "7ec70c13f9d4487bbaa27120292f8bd7" member_type: VOTER last_known_addr { host: "127.17.68.194" port: 43823 } } peers { permanent_uuid: "965f6120946044e4a1ff8ce71f4d07f8" member_type: VOTER last_known_addr { host: "127.17.68.195" port: 41877 } }
I20260709 14:51:54.521718 18501 raft_consensus.cc:515] T c20af318dd234c3292569c82f63f225d P 965f6120946044e4a1ff8ce71f4d07f8 [term 0 FOLLOWER]: Starting pre-election with config: opid_index: -1 OBSOLETE_local: false peers { permanent_uuid: "a2fdcfcd95a34ca8b1556ee46ef67b3f" member_type: VOTER last_known_addr { host: "127.17.68.193" port: 39161 } } peers { permanent_uuid: "7ec70c13f9d4487bbaa27120292f8bd7" member_type: VOTER last_known_addr { host: "127.17.68.194" port: 43823 } } peers { permanent_uuid: "965f6120946044e4a1ff8ce71f4d07f8" member_type: VOTER last_known_addr { host: "127.17.68.195" port: 41877 } }
I20260709 14:51:54.523375 18453 tablet_service.cc:1917] Received RequestConsensusVote() RPC: tablet_id: "d63a0480b90d49bfa10da3e5c5c4c0a2" candidate_uuid: "7ec70c13f9d4487bbaa27120292f8bd7" candidate_term: 1 candidate_status { last_received { term: 0 index: 0 } } ignore_live_leader: false dest_uuid: "965f6120946044e4a1ff8ce71f4d07f8" is_pre_election: true
I20260709 14:51:54.525347 18501 leader_election.cc:290] T c20af318dd234c3292569c82f63f225d P 965f6120946044e4a1ff8ce71f4d07f8 [CANDIDATE]: Term 1 pre-election: Requested pre-vote from peers a2fdcfcd95a34ca8b1556ee46ef67b3f (127.17.68.193:39161), 7ec70c13f9d4487bbaa27120292f8bd7 (127.17.68.194:43823)
I20260709 14:51:54.525697 18305 tablet_service.cc:1917] Received RequestConsensusVote() RPC: tablet_id: "c20af318dd234c3292569c82f63f225d" candidate_uuid: "965f6120946044e4a1ff8ce71f4d07f8" candidate_term: 1 candidate_status { last_received { term: 0 index: 0 } } ignore_live_leader: false dest_uuid: "a2fdcfcd95a34ca8b1556ee46ef67b3f" is_pre_election: true
I20260709 14:51:54.520887 18502 leader_election.cc:290] T 1263b5e160034115bff200e7a776a131 P a2fdcfcd95a34ca8b1556ee46ef67b3f [CANDIDATE]: Term 1 election: Requested vote from peers 7ec70c13f9d4487bbaa27120292f8bd7 (127.17.68.194:43823), 965f6120946044e4a1ff8ce71f4d07f8 (127.17.68.195:41877)
I20260709 14:51:54.522850 18454 raft_consensus.cc:2468] T 1263b5e160034115bff200e7a776a131 P 965f6120946044e4a1ff8ce71f4d07f8 [term 1 FOLLOWER]: Leader election vote request: Granting yes vote for candidate a2fdcfcd95a34ca8b1556ee46ef67b3f in term 1.
W20260709 14:51:54.526767 18417 leader_election.cc:343] T c20af318dd234c3292569c82f63f225d P 965f6120946044e4a1ff8ce71f4d07f8 [CANDIDATE]: Term 1 pre-election: Tablet error from VoteRequest() call to peer a2fdcfcd95a34ca8b1556ee46ef67b3f (127.17.68.193:39161): Illegal state: must be running to vote when last-logged opid is not known
I20260709 14:51:54.527443 18380 raft_consensus.cc:2468] T 1263b5e160034115bff200e7a776a131 P 7ec70c13f9d4487bbaa27120292f8bd7 [term 1 FOLLOWER]: Leader election vote request: Granting yes vote for candidate a2fdcfcd95a34ca8b1556ee46ef67b3f in term 1.
I20260709 14:51:54.527741 18268 leader_election.cc:304] T 1263b5e160034115bff200e7a776a131 P a2fdcfcd95a34ca8b1556ee46ef67b3f [CANDIDATE]: Term 1 election: Election decided. Result: candidate won. Election summary: received 2 responses out of 3 voters: 2 yes votes; 0 no votes. yes voters: 965f6120946044e4a1ff8ce71f4d07f8, a2fdcfcd95a34ca8b1556ee46ef67b3f; no voters: 
I20260709 14:51:54.528477 18502 raft_consensus.cc:2804] T 1263b5e160034115bff200e7a776a131 P a2fdcfcd95a34ca8b1556ee46ef67b3f [term 1 FOLLOWER]: Leader election won for term 1
I20260709 14:51:54.529147 18502 raft_consensus.cc:697] T 1263b5e160034115bff200e7a776a131 P a2fdcfcd95a34ca8b1556ee46ef67b3f [term 1 LEADER]: Becoming Leader. State: Replica: a2fdcfcd95a34ca8b1556ee46ef67b3f, State: Running, Role: LEADER
I20260709 14:51:54.529932 18502 consensus_queue.cc:237] T 1263b5e160034115bff200e7a776a131 P a2fdcfcd95a34ca8b1556ee46ef67b3f [LEADER]: Queue going to LEADER mode. State: All replicated index: 0, Majority replicated index: 0, Committed index: 0, Last appended: 0.0, Last appended by leader: 0, Current term: 1, Majority size: 2, State: 0, Mode: LEADER, active raft config: opid_index: -1 OBSOLETE_local: false peers { permanent_uuid: "7ec70c13f9d4487bbaa27120292f8bd7" member_type: VOTER last_known_addr { host: "127.17.68.194" port: 43823 } } peers { permanent_uuid: "a2fdcfcd95a34ca8b1556ee46ef67b3f" member_type: VOTER last_known_addr { host: "127.17.68.193" port: 39161 } } peers { permanent_uuid: "965f6120946044e4a1ff8ce71f4d07f8" member_type: VOTER last_known_addr { host: "127.17.68.195" port: 41877 } }
W20260709 14:51:54.530835 18343 leader_election.cc:343] T d63a0480b90d49bfa10da3e5c5c4c0a2 P 7ec70c13f9d4487bbaa27120292f8bd7 [CANDIDATE]: Term 1 pre-election: Tablet error from VoteRequest() call to peer 965f6120946044e4a1ff8ce71f4d07f8 (127.17.68.195:41877): Illegal state: must be running to vote when last-logged opid is not known
I20260709 14:51:54.534205 18494 tablet_bootstrap.cc:492] T 3a76e57d67614d29ab9c88ea30256ff7 P 965f6120946044e4a1ff8ce71f4d07f8: No bootstrap required, opened a new log
I20260709 14:51:54.534313 18305 tablet_service.cc:1917] Received RequestConsensusVote() RPC: tablet_id: "d63a0480b90d49bfa10da3e5c5c4c0a2" candidate_uuid: "7ec70c13f9d4487bbaa27120292f8bd7" candidate_term: 1 candidate_status { last_received { term: 0 index: 0 } } ignore_live_leader: false dest_uuid: "a2fdcfcd95a34ca8b1556ee46ef67b3f"
I20260709 14:51:54.534639 18494 ts_tablet_manager.cc:1403] T 3a76e57d67614d29ab9c88ea30256ff7 P 965f6120946044e4a1ff8ce71f4d07f8: Time spent bootstrapping tablet: real 0.101s	user 0.037s	sys 0.043s
I20260709 14:51:54.535013 18305 raft_consensus.cc:3060] T d63a0480b90d49bfa10da3e5c5c4c0a2 P a2fdcfcd95a34ca8b1556ee46ef67b3f [term 0 FOLLOWER]: Advancing to term 1
I20260709 14:51:54.535280 18493 tablet_bootstrap.cc:492] T 3a76e57d67614d29ab9c88ea30256ff7 P 7ec70c13f9d4487bbaa27120292f8bd7: No bootstrap required, opened a new log
I20260709 14:51:54.535707 18493 ts_tablet_manager.cc:1403] T 3a76e57d67614d29ab9c88ea30256ff7 P 7ec70c13f9d4487bbaa27120292f8bd7: Time spent bootstrapping tablet: real 0.035s	user 0.016s	sys 0.004s
I20260709 14:51:54.537390 18494 raft_consensus.cc:359] T 3a76e57d67614d29ab9c88ea30256ff7 P 965f6120946044e4a1ff8ce71f4d07f8 [term 0 FOLLOWER]: Replica starting. Triggering 0 pending ops. Active config: opid_index: -1 OBSOLETE_local: false peers { permanent_uuid: "a2fdcfcd95a34ca8b1556ee46ef67b3f" member_type: VOTER last_known_addr { host: "127.17.68.193" port: 39161 } } peers { permanent_uuid: "7ec70c13f9d4487bbaa27120292f8bd7" member_type: VOTER last_known_addr { host: "127.17.68.194" port: 43823 } } peers { permanent_uuid: "965f6120946044e4a1ff8ce71f4d07f8" member_type: VOTER last_known_addr { host: "127.17.68.195" port: 41877 } }
I20260709 14:51:54.538038 18494 raft_consensus.cc:385] T 3a76e57d67614d29ab9c88ea30256ff7 P 965f6120946044e4a1ff8ce71f4d07f8 [term 0 FOLLOWER]: Consensus starting up: Expiring failure detector timer to make a prompt election more likely
I20260709 14:51:54.538072 18493 raft_consensus.cc:359] T 3a76e57d67614d29ab9c88ea30256ff7 P 7ec70c13f9d4487bbaa27120292f8bd7 [term 0 FOLLOWER]: Replica starting. Triggering 0 pending ops. Active config: opid_index: -1 OBSOLETE_local: false peers { permanent_uuid: "a2fdcfcd95a34ca8b1556ee46ef67b3f" member_type: VOTER last_known_addr { host: "127.17.68.193" port: 39161 } } peers { permanent_uuid: "7ec70c13f9d4487bbaa27120292f8bd7" member_type: VOTER last_known_addr { host: "127.17.68.194" port: 43823 } } peers { permanent_uuid: "965f6120946044e4a1ff8ce71f4d07f8" member_type: VOTER last_known_addr { host: "127.17.68.195" port: 41877 } }
I20260709 14:51:54.538436 18494 raft_consensus.cc:740] T 3a76e57d67614d29ab9c88ea30256ff7 P 965f6120946044e4a1ff8ce71f4d07f8 [term 0 FOLLOWER]: Becoming Follower/Learner. State: Replica: 965f6120946044e4a1ff8ce71f4d07f8, State: Initialized, Role: FOLLOWER
I20260709 14:51:54.538789 18493 raft_consensus.cc:385] T 3a76e57d67614d29ab9c88ea30256ff7 P 7ec70c13f9d4487bbaa27120292f8bd7 [term 0 FOLLOWER]: Consensus starting up: Expiring failure detector timer to make a prompt election more likely
I20260709 14:51:54.539070 18493 raft_consensus.cc:740] T 3a76e57d67614d29ab9c88ea30256ff7 P 7ec70c13f9d4487bbaa27120292f8bd7 [term 0 FOLLOWER]: Becoming Follower/Learner. State: Replica: 7ec70c13f9d4487bbaa27120292f8bd7, State: Initialized, Role: FOLLOWER
I20260709 14:51:54.539330 18494 consensus_queue.cc:260] T 3a76e57d67614d29ab9c88ea30256ff7 P 965f6120946044e4a1ff8ce71f4d07f8 [NON_LEADER]: Queue going to NON_LEADER mode. State: All replicated index: 0, Majority replicated index: 0, Committed index: 0, Last appended: 0.0, Last appended by leader: 0, Current term: 0, Majority size: -1, State: 0, Mode: NON_LEADER, active raft config: opid_index: -1 OBSOLETE_local: false peers { permanent_uuid: "a2fdcfcd95a34ca8b1556ee46ef67b3f" member_type: VOTER last_known_addr { host: "127.17.68.193" port: 39161 } } peers { permanent_uuid: "7ec70c13f9d4487bbaa27120292f8bd7" member_type: VOTER last_known_addr { host: "127.17.68.194" port: 43823 } } peers { permanent_uuid: "965f6120946044e4a1ff8ce71f4d07f8" member_type: VOTER last_known_addr { host: "127.17.68.195" port: 41877 } }
I20260709 14:51:54.544772 18380 tablet_service.cc:1917] Received RequestConsensusVote() RPC: tablet_id: "c20af318dd234c3292569c82f63f225d" candidate_uuid: "965f6120946044e4a1ff8ce71f4d07f8" candidate_term: 1 candidate_status { last_received { term: 0 index: 0 } } ignore_live_leader: false dest_uuid: "7ec70c13f9d4487bbaa27120292f8bd7" is_pre_election: true
I20260709 14:51:54.545635 18380 raft_consensus.cc:2468] T c20af318dd234c3292569c82f63f225d P 7ec70c13f9d4487bbaa27120292f8bd7 [term 0 FOLLOWER]: Leader pre-election vote request: Granting yes vote for candidate 965f6120946044e4a1ff8ce71f4d07f8 in term 0.
I20260709 14:51:54.546990 18497 leader_election.cc:290] T d63a0480b90d49bfa10da3e5c5c4c0a2 P 7ec70c13f9d4487bbaa27120292f8bd7 [CANDIDATE]: Term 1 election: Requested vote from peers a2fdcfcd95a34ca8b1556ee46ef67b3f (127.17.68.193:39161), 965f6120946044e4a1ff8ce71f4d07f8 (127.17.68.195:41877)
I20260709 14:51:54.548424 18417 leader_election.cc:304] T c20af318dd234c3292569c82f63f225d P 965f6120946044e4a1ff8ce71f4d07f8 [CANDIDATE]: Term 1 pre-election: Election decided. Result: candidate won. Election summary: received 3 responses out of 3 voters: 2 yes votes; 1 no votes. yes voters: 7ec70c13f9d4487bbaa27120292f8bd7, 965f6120946044e4a1ff8ce71f4d07f8; no voters: a2fdcfcd95a34ca8b1556ee46ef67b3f
I20260709 14:51:54.549000 18454 tablet_service.cc:1917] Received RequestConsensusVote() RPC: tablet_id: "d63a0480b90d49bfa10da3e5c5c4c0a2" candidate_uuid: "7ec70c13f9d4487bbaa27120292f8bd7" candidate_term: 1 candidate_status { last_received { term: 0 index: 0 } } ignore_live_leader: false dest_uuid: "965f6120946044e4a1ff8ce71f4d07f8"
I20260709 14:51:54.550019 18305 raft_consensus.cc:2468] T d63a0480b90d49bfa10da3e5c5c4c0a2 P a2fdcfcd95a34ca8b1556ee46ef67b3f [term 1 FOLLOWER]: Leader election vote request: Granting yes vote for candidate 7ec70c13f9d4487bbaa27120292f8bd7 in term 1.
I20260709 14:51:54.544766 18493 consensus_queue.cc:260] T 3a76e57d67614d29ab9c88ea30256ff7 P 7ec70c13f9d4487bbaa27120292f8bd7 [NON_LEADER]: Queue going to NON_LEADER mode. State: All replicated index: 0, Majority replicated index: 0, Committed index: 0, Last appended: 0.0, Last appended by leader: 0, Current term: 0, Majority size: -1, State: 0, Mode: NON_LEADER, active raft config: opid_index: -1 OBSOLETE_local: false peers { permanent_uuid: "a2fdcfcd95a34ca8b1556ee46ef67b3f" member_type: VOTER last_known_addr { host: "127.17.68.193" port: 39161 } } peers { permanent_uuid: "7ec70c13f9d4487bbaa27120292f8bd7" member_type: VOTER last_known_addr { host: "127.17.68.194" port: 43823 } } peers { permanent_uuid: "965f6120946044e4a1ff8ce71f4d07f8" member_type: VOTER last_known_addr { host: "127.17.68.195" port: 41877 } }
I20260709 14:51:54.550992 18501 raft_consensus.cc:2804] T c20af318dd234c3292569c82f63f225d P 965f6120946044e4a1ff8ce71f4d07f8 [term 0 FOLLOWER]: Leader pre-election won for term 1
I20260709 14:51:54.551095 18494 ts_tablet_manager.cc:1434] T 3a76e57d67614d29ab9c88ea30256ff7 P 965f6120946044e4a1ff8ce71f4d07f8: Time spent starting tablet: real 0.016s	user 0.008s	sys 0.000s
I20260709 14:51:54.551440 18501 raft_consensus.cc:493] T c20af318dd234c3292569c82f63f225d P 965f6120946044e4a1ff8ce71f4d07f8 [term 0 FOLLOWER]: Starting leader election (no leader contacted us within the election timeout)
I20260709 14:51:54.551789 18501 raft_consensus.cc:3060] T c20af318dd234c3292569c82f63f225d P 965f6120946044e4a1ff8ce71f4d07f8 [term 0 FOLLOWER]: Advancing to term 1
I20260709 14:51:54.552646 18493 ts_tablet_manager.cc:1434] T 3a76e57d67614d29ab9c88ea30256ff7 P 7ec70c13f9d4487bbaa27120292f8bd7: Time spent starting tablet: real 0.017s	user 0.006s	sys 0.000s
I20260709 14:51:54.553507 18493 tablet_bootstrap.cc:492] T 5df18d8db4984a64928d74271212c753 P 7ec70c13f9d4487bbaa27120292f8bd7: Bootstrap starting.
I20260709 14:51:54.555619 18494 tablet_bootstrap.cc:492] T 38f93c81031d4b01842cb2808b7e0adf P 965f6120946044e4a1ff8ce71f4d07f8: Bootstrap starting.
I20260709 14:51:54.563665 18493 tablet_bootstrap.cc:654] T 5df18d8db4984a64928d74271212c753 P 7ec70c13f9d4487bbaa27120292f8bd7: Neither blocks nor log segments found. Creating new log.
I20260709 14:51:54.564384 18494 tablet_bootstrap.cc:654] T 38f93c81031d4b01842cb2808b7e0adf P 965f6120946044e4a1ff8ce71f4d07f8: Neither blocks nor log segments found. Creating new log.
I20260709 14:51:54.572274 18343 leader_election.cc:304] T d63a0480b90d49bfa10da3e5c5c4c0a2 P 7ec70c13f9d4487bbaa27120292f8bd7 [CANDIDATE]: Term 1 election: Election decided. Result: candidate won. Election summary: received 2 responses out of 3 voters: 2 yes votes; 0 no votes. yes voters: 7ec70c13f9d4487bbaa27120292f8bd7, a2fdcfcd95a34ca8b1556ee46ef67b3f; no voters: 
I20260709 14:51:54.573609 18501 raft_consensus.cc:515] T c20af318dd234c3292569c82f63f225d P 965f6120946044e4a1ff8ce71f4d07f8 [term 1 FOLLOWER]: Starting leader election with config: opid_index: -1 OBSOLETE_local: false peers { permanent_uuid: "a2fdcfcd95a34ca8b1556ee46ef67b3f" member_type: VOTER last_known_addr { host: "127.17.68.193" port: 39161 } } peers { permanent_uuid: "7ec70c13f9d4487bbaa27120292f8bd7" member_type: VOTER last_known_addr { host: "127.17.68.194" port: 43823 } } peers { permanent_uuid: "965f6120946044e4a1ff8ce71f4d07f8" member_type: VOTER last_known_addr { host: "127.17.68.195" port: 41877 } }
I20260709 14:51:54.576011 18501 leader_election.cc:290] T c20af318dd234c3292569c82f63f225d P 965f6120946044e4a1ff8ce71f4d07f8 [CANDIDATE]: Term 1 election: Requested vote from peers a2fdcfcd95a34ca8b1556ee46ef67b3f (127.17.68.193:39161), 7ec70c13f9d4487bbaa27120292f8bd7 (127.17.68.194:43823)
I20260709 14:51:54.576547 18497 raft_consensus.cc:2804] T d63a0480b90d49bfa10da3e5c5c4c0a2 P 7ec70c13f9d4487bbaa27120292f8bd7 [term 1 FOLLOWER]: Leader election won for term 1
I20260709 14:51:54.577922 18497 raft_consensus.cc:697] T d63a0480b90d49bfa10da3e5c5c4c0a2 P 7ec70c13f9d4487bbaa27120292f8bd7 [term 1 LEADER]: Becoming Leader. State: Replica: 7ec70c13f9d4487bbaa27120292f8bd7, State: Running, Role: LEADER
I20260709 14:51:54.578424 18305 tablet_service.cc:1917] Received RequestConsensusVote() RPC: tablet_id: "c20af318dd234c3292569c82f63f225d" candidate_uuid: "965f6120946044e4a1ff8ce71f4d07f8" candidate_term: 1 candidate_status { last_received { term: 0 index: 0 } } ignore_live_leader: false dest_uuid: "a2fdcfcd95a34ca8b1556ee46ef67b3f"
