I20260709 14:51:51.833103 15781 consensus_queue.cc:260] T 4a4e2a985ec94edebeaeab0a1f870c24 P b43e47480d464dbaa3defb026f0a37fb [NON_LEADER]: Queue going to NON_LEADER mode. State: All replicated index: 0, Majority replicated index: 3, Committed index: 3, Last appended: 3.3, Last appended by leader: 3, Current term: 3, Majority size: -1, State: 0, Mode: NON_LEADER, active raft config: opid_index: -1 OBSOLETE_local: false peers { permanent_uuid: "bcf6e38d692840b6b02d22b4e0c910e4" member_type: VOTER last_known_addr { host: "127.15.53.65" port: 35663 } } peers { permanent_uuid: "b43e47480d464dbaa3defb026f0a37fb" member_type: VOTER last_known_addr { host: "127.15.53.66" port: 44587 } } peers { permanent_uuid: "2cc8ec7f4faa4048a792daf01ca63a2a" member_type: VOTER last_known_addr { host: "127.15.53.67" port: 40693 } }
I20260709 14:51:51.834308 15781 raft_consensus.cc:3060] T 4a4e2a985ec94edebeaeab0a1f870c24 P b43e47480d464dbaa3defb026f0a37fb [term 3 FOLLOWER]: Advancing to term 4
I20260709 14:51:51.836467 15855 raft_consensus.cc:2468] T 4a4e2a985ec94edebeaeab0a1f870c24 P 2cc8ec7f4faa4048a792daf01ca63a2a [term 4 FOLLOWER]: Leader election vote request: Granting yes vote for candidate bcf6e38d692840b6b02d22b4e0c910e4 in term 4.
I20260709 14:51:51.837868 15671 leader_election.cc:304] T 4a4e2a985ec94edebeaeab0a1f870c24 P bcf6e38d692840b6b02d22b4e0c910e4 [CANDIDATE]: Term 4 election: Election decided. Result: candidate won. Election summary: received 2 responses out of 3 voters: 2 yes votes; 0 no votes. yes voters: 2cc8ec7f4faa4048a792daf01ca63a2a, bcf6e38d692840b6b02d22b4e0c910e4; no voters: 
I20260709 14:51:51.839707 16045 raft_consensus.cc:2804] T 4a4e2a985ec94edebeaeab0a1f870c24 P bcf6e38d692840b6b02d22b4e0c910e4 [term 4 FOLLOWER]: Leader election won for term 4
I20260709 14:51:51.841135 15781 raft_consensus.cc:2468] T 4a4e2a985ec94edebeaeab0a1f870c24 P b43e47480d464dbaa3defb026f0a37fb [term 4 FOLLOWER]: Leader election vote request: Granting yes vote for candidate bcf6e38d692840b6b02d22b4e0c910e4 in term 4.
I20260709 14:51:51.842991 16045 raft_consensus.cc:697] T 4a4e2a985ec94edebeaeab0a1f870c24 P bcf6e38d692840b6b02d22b4e0c910e4 [term 4 LEADER]: Becoming Leader. State: Replica: bcf6e38d692840b6b02d22b4e0c910e4, State: Running, Role: LEADER
I20260709 14:51:51.843956 16045 consensus_queue.cc:237] T 4a4e2a985ec94edebeaeab0a1f870c24 P bcf6e38d692840b6b02d22b4e0c910e4 [LEADER]: Queue going to LEADER mode. State: All replicated index: 0, Majority replicated index: 3, Committed index: 3, Last appended: 3.3, Last appended by leader: 3, Current term: 4, Majority size: 2, State: 0, Mode: LEADER, active raft config: opid_index: -1 OBSOLETE_local: false peers { permanent_uuid: "bcf6e38d692840b6b02d22b4e0c910e4" member_type: VOTER last_known_addr { host: "127.15.53.65" port: 35663 } } peers { permanent_uuid: "b43e47480d464dbaa3defb026f0a37fb" member_type: VOTER last_known_addr { host: "127.15.53.66" port: 44587 } } peers { permanent_uuid: "2cc8ec7f4faa4048a792daf01ca63a2a" member_type: VOTER last_known_addr { host: "127.15.53.67" port: 40693 } }
I20260709 14:51:51.852807 15602 catalog_manager.cc:5697] T 4a4e2a985ec94edebeaeab0a1f870c24 P bcf6e38d692840b6b02d22b4e0c910e4 reported cstate change: term changed from 3 to 4, leader changed from b43e47480d464dbaa3defb026f0a37fb (127.15.53.66) to bcf6e38d692840b6b02d22b4e0c910e4 (127.15.53.65). New cstate: current_term: 4 leader_uuid: "bcf6e38d692840b6b02d22b4e0c910e4" committed_config { opid_index: -1 OBSOLETE_local: false peers { permanent_uuid: "bcf6e38d692840b6b02d22b4e0c910e4" member_type: VOTER last_known_addr { host: "127.15.53.65" port: 35663 } health_report { overall_health: HEALTHY } } peers { permanent_uuid: "b43e47480d464dbaa3defb026f0a37fb" member_type: VOTER last_known_addr { host: "127.15.53.66" port: 44587 } health_report { overall_health: UNKNOWN } } peers { permanent_uuid: "2cc8ec7f4faa4048a792daf01ca63a2a" member_type: VOTER last_known_addr { host: "127.15.53.67" port: 40693 } health_report { overall_health: UNKNOWN } } }
I20260709 14:51:51.911545 16038 raft_consensus.cc:993] T bc45719e8a544596acb569c7966edbd8 P b43e47480d464dbaa3defb026f0a37fb: : Instructing follower bcf6e38d692840b6b02d22b4e0c910e4 to start an election
I20260709 14:51:51.912101 16036 raft_consensus.cc:1081] T bc45719e8a544596acb569c7966edbd8 P b43e47480d464dbaa3defb026f0a37fb [term 4 LEADER]: Signalling peer bcf6e38d692840b6b02d22b4e0c910e4 to start an election
I20260709 14:51:51.913686 15707 tablet_service.cc:2044] Received Run Leader Election RPC: tablet_id: "bc45719e8a544596acb569c7966edbd8"
dest_uuid: "bcf6e38d692840b6b02d22b4e0c910e4"
 from {username='slave'} at 127.0.0.1:54458
I20260709 14:51:51.914139 15707 raft_consensus.cc:493] T bc45719e8a544596acb569c7966edbd8 P bcf6e38d692840b6b02d22b4e0c910e4 [term 4 FOLLOWER]: Starting forced leader election (received explicit request)
I20260709 14:51:51.914434 15707 raft_consensus.cc:3060] T bc45719e8a544596acb569c7966edbd8 P bcf6e38d692840b6b02d22b4e0c910e4 [term 4 FOLLOWER]: Advancing to term 5
I20260709 14:51:51.918599 15707 raft_consensus.cc:515] T bc45719e8a544596acb569c7966edbd8 P bcf6e38d692840b6b02d22b4e0c910e4 [term 5 FOLLOWER]: Starting forced leader election with config: opid_index: -1 OBSOLETE_local: false peers { permanent_uuid: "bcf6e38d692840b6b02d22b4e0c910e4" member_type: VOTER last_known_addr { host: "127.15.53.65" port: 35663 } } peers { permanent_uuid: "b43e47480d464dbaa3defb026f0a37fb" member_type: VOTER last_known_addr { host: "127.15.53.66" port: 44587 } } peers { permanent_uuid: "2cc8ec7f4faa4048a792daf01ca63a2a" member_type: VOTER last_known_addr { host: "127.15.53.67" port: 40693 } }
I20260709 14:51:51.920255 15707 leader_election.cc:290] T bc45719e8a544596acb569c7966edbd8 P bcf6e38d692840b6b02d22b4e0c910e4 [CANDIDATE]: Term 5 election: Requested vote from peers b43e47480d464dbaa3defb026f0a37fb (127.15.53.66:44587), 2cc8ec7f4faa4048a792daf01ca63a2a (127.15.53.67:40693)
I20260709 14:51:51.921039 15781 tablet_service.cc:1917] Received RequestConsensusVote() RPC: tablet_id: "bc45719e8a544596acb569c7966edbd8" candidate_uuid: "bcf6e38d692840b6b02d22b4e0c910e4" candidate_term: 5 candidate_status { last_received { term: 4 index: 4 } } ignore_live_leader: true dest_uuid: "b43e47480d464dbaa3defb026f0a37fb"
I20260709 14:51:51.921576 15781 raft_consensus.cc:3055] T bc45719e8a544596acb569c7966edbd8 P b43e47480d464dbaa3defb026f0a37fb [term 4 LEADER]: Stepping down as leader of term 4
I20260709 14:51:51.921672 15855 tablet_service.cc:1917] Received RequestConsensusVote() RPC: tablet_id: "bc45719e8a544596acb569c7966edbd8" candidate_uuid: "bcf6e38d692840b6b02d22b4e0c910e4" candidate_term: 5 candidate_status { last_received { term: 4 index: 4 } } ignore_live_leader: true dest_uuid: "2cc8ec7f4faa4048a792daf01ca63a2a"
I20260709 14:51:51.921892 15781 raft_consensus.cc:740] T bc45719e8a544596acb569c7966edbd8 P b43e47480d464dbaa3defb026f0a37fb [term 4 LEADER]: Becoming Follower/Learner. State: Replica: b43e47480d464dbaa3defb026f0a37fb, State: Running, Role: LEADER
I20260709 14:51:51.922168 15855 raft_consensus.cc:3060] T bc45719e8a544596acb569c7966edbd8 P 2cc8ec7f4faa4048a792daf01ca63a2a [term 4 FOLLOWER]: Advancing to term 5
I20260709 14:51:51.922657 15781 consensus_queue.cc:260] T bc45719e8a544596acb569c7966edbd8 P b43e47480d464dbaa3defb026f0a37fb [NON_LEADER]: Queue going to NON_LEADER mode. State: All replicated index: 0, Majority replicated index: 4, Committed index: 4, Last appended: 4.4, Last appended by leader: 4, Current term: 4, Majority size: -1, State: 0, Mode: NON_LEADER, active raft config: opid_index: -1 OBSOLETE_local: false peers { permanent_uuid: "bcf6e38d692840b6b02d22b4e0c910e4" member_type: VOTER last_known_addr { host: "127.15.53.65" port: 35663 } } peers { permanent_uuid: "b43e47480d464dbaa3defb026f0a37fb" member_type: VOTER last_known_addr { host: "127.15.53.66" port: 44587 } } peers { permanent_uuid: "2cc8ec7f4faa4048a792daf01ca63a2a" member_type: VOTER last_known_addr { host: "127.15.53.67" port: 40693 } }
I20260709 14:51:51.923736 15781 raft_consensus.cc:3060] T bc45719e8a544596acb569c7966edbd8 P b43e47480d464dbaa3defb026f0a37fb [term 4 FOLLOWER]: Advancing to term 5
I20260709 14:51:51.928126 15855 raft_consensus.cc:2468] T bc45719e8a544596acb569c7966edbd8 P 2cc8ec7f4faa4048a792daf01ca63a2a [term 5 FOLLOWER]: Leader election vote request: Granting yes vote for candidate bcf6e38d692840b6b02d22b4e0c910e4 in term 5.
I20260709 14:51:51.929193 15671 leader_election.cc:304] T bc45719e8a544596acb569c7966edbd8 P bcf6e38d692840b6b02d22b4e0c910e4 [CANDIDATE]: Term 5 election: Election decided. Result: candidate won. Election summary: received 2 responses out of 3 voters: 2 yes votes; 0 no votes. yes voters: 2cc8ec7f4faa4048a792daf01ca63a2a, bcf6e38d692840b6b02d22b4e0c910e4; no voters: 
I20260709 14:51:51.929726 15781 raft_consensus.cc:2468] T bc45719e8a544596acb569c7966edbd8 P b43e47480d464dbaa3defb026f0a37fb [term 5 FOLLOWER]: Leader election vote request: Granting yes vote for candidate bcf6e38d692840b6b02d22b4e0c910e4 in term 5.
I20260709 14:51:51.930064 16045 raft_consensus.cc:2804] T bc45719e8a544596acb569c7966edbd8 P bcf6e38d692840b6b02d22b4e0c910e4 [term 5 FOLLOWER]: Leader election won for term 5
I20260709 14:51:51.930661 16045 raft_consensus.cc:697] T bc45719e8a544596acb569c7966edbd8 P bcf6e38d692840b6b02d22b4e0c910e4 [term 5 LEADER]: Becoming Leader. State: Replica: bcf6e38d692840b6b02d22b4e0c910e4, State: Running, Role: LEADER
I20260709 14:51:51.931622 16045 consensus_queue.cc:237] T bc45719e8a544596acb569c7966edbd8 P bcf6e38d692840b6b02d22b4e0c910e4 [LEADER]: Queue going to LEADER mode. State: All replicated index: 0, Majority replicated index: 4, Committed index: 4, Last appended: 4.4, Last appended by leader: 4, Current term: 5, Majority size: 2, State: 0, Mode: LEADER, active raft config: opid_index: -1 OBSOLETE_local: false peers { permanent_uuid: "bcf6e38d692840b6b02d22b4e0c910e4" member_type: VOTER last_known_addr { host: "127.15.53.65" port: 35663 } } peers { permanent_uuid: "b43e47480d464dbaa3defb026f0a37fb" member_type: VOTER last_known_addr { host: "127.15.53.66" port: 44587 } } peers { permanent_uuid: "2cc8ec7f4faa4048a792daf01ca63a2a" member_type: VOTER last_known_addr { host: "127.15.53.67" port: 40693 } }
I20260709 14:51:51.939683 15602 catalog_manager.cc:5697] T bc45719e8a544596acb569c7966edbd8 P bcf6e38d692840b6b02d22b4e0c910e4 reported cstate change: term changed from 4 to 5, leader changed from b43e47480d464dbaa3defb026f0a37fb (127.15.53.66) to bcf6e38d692840b6b02d22b4e0c910e4 (127.15.53.65). New cstate: current_term: 5 leader_uuid: "bcf6e38d692840b6b02d22b4e0c910e4" committed_config { opid_index: -1 OBSOLETE_local: false peers { permanent_uuid: "bcf6e38d692840b6b02d22b4e0c910e4" member_type: VOTER last_known_addr { host: "127.15.53.65" port: 35663 } health_report { overall_health: HEALTHY } } peers { permanent_uuid: "b43e47480d464dbaa3defb026f0a37fb" member_type: VOTER last_known_addr { host: "127.15.53.66" port: 44587 } health_report { overall_health: UNKNOWN } } peers { permanent_uuid: "2cc8ec7f4faa4048a792daf01ca63a2a" member_type: VOTER last_known_addr { host: "127.15.53.67" port: 40693 } health_report { overall_health: UNKNOWN } } }
I20260709 14:51:52.037484 16038 raft_consensus.cc:993] T 78e5042823124d4786337c41e9838471 P b43e47480d464dbaa3defb026f0a37fb: : Instructing follower 2cc8ec7f4faa4048a792daf01ca63a2a to start an election
I20260709 14:51:52.037967 16036 raft_consensus.cc:1081] T 78e5042823124d4786337c41e9838471 P b43e47480d464dbaa3defb026f0a37fb [term 1 LEADER]: Signalling peer 2cc8ec7f4faa4048a792daf01ca63a2a to start an election
I20260709 14:51:52.039419 15855 tablet_service.cc:2044] Received Run Leader Election RPC: tablet_id: "78e5042823124d4786337c41e9838471"
dest_uuid: "2cc8ec7f4faa4048a792daf01ca63a2a"
 from {username='slave'} at 127.0.0.1:56086
I20260709 14:51:52.039878 15855 raft_consensus.cc:493] T 78e5042823124d4786337c41e9838471 P 2cc8ec7f4faa4048a792daf01ca63a2a [term 1 FOLLOWER]: Starting forced leader election (received explicit request)
I20260709 14:51:52.040179 15855 raft_consensus.cc:3060] T 78e5042823124d4786337c41e9838471 P 2cc8ec7f4faa4048a792daf01ca63a2a [term 1 FOLLOWER]: Advancing to term 2
I20260709 14:51:52.043942 15855 raft_consensus.cc:515] T 78e5042823124d4786337c41e9838471 P 2cc8ec7f4faa4048a792daf01ca63a2a [term 2 FOLLOWER]: Starting forced leader election with config: opid_index: -1 OBSOLETE_local: false peers { permanent_uuid: "bcf6e38d692840b6b02d22b4e0c910e4" member_type: VOTER last_known_addr { host: "127.15.53.65" port: 35663 } } peers { permanent_uuid: "b43e47480d464dbaa3defb026f0a37fb" member_type: VOTER last_known_addr { host: "127.15.53.66" port: 44587 } } peers { permanent_uuid: "2cc8ec7f4faa4048a792daf01ca63a2a" member_type: VOTER last_known_addr { host: "127.15.53.67" port: 40693 } }
I20260709 14:51:52.045470 15855 leader_election.cc:290] T 78e5042823124d4786337c41e9838471 P 2cc8ec7f4faa4048a792daf01ca63a2a [CANDIDATE]: Term 2 election: Requested vote from peers bcf6e38d692840b6b02d22b4e0c910e4 (127.15.53.65:35663), b43e47480d464dbaa3defb026f0a37fb (127.15.53.66:44587)
I20260709 14:51:52.046175 15707 tablet_service.cc:1917] Received RequestConsensusVote() RPC: tablet_id: "78e5042823124d4786337c41e9838471" candidate_uuid: "2cc8ec7f4faa4048a792daf01ca63a2a" candidate_term: 2 candidate_status { last_received { term: 1 index: 1 } } ignore_live_leader: true dest_uuid: "bcf6e38d692840b6b02d22b4e0c910e4"
I20260709 14:51:52.046542 15781 tablet_service.cc:1917] Received RequestConsensusVote() RPC: tablet_id: "78e5042823124d4786337c41e9838471" candidate_uuid: "2cc8ec7f4faa4048a792daf01ca63a2a" candidate_term: 2 candidate_status { last_received { term: 1 index: 1 } } ignore_live_leader: true dest_uuid: "b43e47480d464dbaa3defb026f0a37fb"
I20260709 14:51:52.046717 15707 raft_consensus.cc:3060] T 78e5042823124d4786337c41e9838471 P bcf6e38d692840b6b02d22b4e0c910e4 [term 1 FOLLOWER]: Advancing to term 2
I20260709 14:51:52.047117 15781 raft_consensus.cc:3055] T 78e5042823124d4786337c41e9838471 P b43e47480d464dbaa3defb026f0a37fb [term 1 LEADER]: Stepping down as leader of term 1
I20260709 14:51:52.047498 15781 raft_consensus.cc:740] T 78e5042823124d4786337c41e9838471 P b43e47480d464dbaa3defb026f0a37fb [term 1 LEADER]: Becoming Follower/Learner. State: Replica: b43e47480d464dbaa3defb026f0a37fb, State: Running, Role: LEADER
I20260709 14:51:52.048229 15781 consensus_queue.cc:260] T 78e5042823124d4786337c41e9838471 P b43e47480d464dbaa3defb026f0a37fb [NON_LEADER]: Queue going to NON_LEADER mode. State: All replicated index: 0, Majority replicated index: 1, Committed index: 1, Last appended: 1.1, Last appended by leader: 1, Current term: 1, Majority size: -1, State: 0, Mode: NON_LEADER, active raft config: opid_index: -1 OBSOLETE_local: false peers { permanent_uuid: "bcf6e38d692840b6b02d22b4e0c910e4" member_type: VOTER last_known_addr { host: "127.15.53.65" port: 35663 } } peers { permanent_uuid: "b43e47480d464dbaa3defb026f0a37fb" member_type: VOTER last_known_addr { host: "127.15.53.66" port: 44587 } } peers { permanent_uuid: "2cc8ec7f4faa4048a792daf01ca63a2a" member_type: VOTER last_known_addr { host: "127.15.53.67" port: 40693 } }
I20260709 14:51:52.049389 15781 raft_consensus.cc:3060] T 78e5042823124d4786337c41e9838471 P b43e47480d464dbaa3defb026f0a37fb [term 1 FOLLOWER]: Advancing to term 2
I20260709 14:51:52.051311 15707 raft_consensus.cc:2468] T 78e5042823124d4786337c41e9838471 P bcf6e38d692840b6b02d22b4e0c910e4 [term 2 FOLLOWER]: Leader election vote request: Granting yes vote for candidate 2cc8ec7f4faa4048a792daf01ca63a2a in term 2.
I20260709 14:51:52.052320 15823 leader_election.cc:304] T 78e5042823124d4786337c41e9838471 P 2cc8ec7f4faa4048a792daf01ca63a2a [CANDIDATE]: Term 2 election: Election decided. Result: candidate won. Election summary: received 2 responses out of 3 voters: 2 yes votes; 0 no votes. yes voters: 2cc8ec7f4faa4048a792daf01ca63a2a, bcf6e38d692840b6b02d22b4e0c910e4; no voters: 
I20260709 14:51:52.053030 16032 raft_consensus.cc:2804] T 78e5042823124d4786337c41e9838471 P 2cc8ec7f4faa4048a792daf01ca63a2a [term 2 FOLLOWER]: Leader election won for term 2
I20260709 14:51:52.053452 16032 raft_consensus.cc:697] T 78e5042823124d4786337c41e9838471 P 2cc8ec7f4faa4048a792daf01ca63a2a [term 2 LEADER]: Becoming Leader. State: Replica: 2cc8ec7f4faa4048a792daf01ca63a2a, State: Running, Role: LEADER
I20260709 14:51:52.054183 16032 consensus_queue.cc:237] T 78e5042823124d4786337c41e9838471 P 2cc8ec7f4faa4048a792daf01ca63a2a [LEADER]: Queue going to LEADER mode. State: All replicated index: 0, Majority replicated index: 1, Committed index: 1, Last appended: 1.1, Last appended by leader: 1, Current term: 2, Majority size: 2, State: 0, Mode: LEADER, active raft config: opid_index: -1 OBSOLETE_local: false peers { permanent_uuid: "bcf6e38d692840b6b02d22b4e0c910e4" member_type: VOTER last_known_addr { host: "127.15.53.65" port: 35663 } } peers { permanent_uuid: "b43e47480d464dbaa3defb026f0a37fb" member_type: VOTER last_known_addr { host: "127.15.53.66" port: 44587 } } peers { permanent_uuid: "2cc8ec7f4faa4048a792daf01ca63a2a" member_type: VOTER last_known_addr { host: "127.15.53.67" port: 40693 } }
I20260709 14:51:52.056015 15781 raft_consensus.cc:2468] T 78e5042823124d4786337c41e9838471 P b43e47480d464dbaa3defb026f0a37fb [term 2 FOLLOWER]: Leader election vote request: Granting yes vote for candidate 2cc8ec7f4faa4048a792daf01ca63a2a in term 2.
I20260709 14:51:52.062990 15603 catalog_manager.cc:5697] T 78e5042823124d4786337c41e9838471 P 2cc8ec7f4faa4048a792daf01ca63a2a reported cstate change: term changed from 1 to 2, leader changed from b43e47480d464dbaa3defb026f0a37fb (127.15.53.66) to 2cc8ec7f4faa4048a792daf01ca63a2a (127.15.53.67). New cstate: current_term: 2 leader_uuid: "2cc8ec7f4faa4048a792daf01ca63a2a" committed_config { opid_index: -1 OBSOLETE_local: false peers { permanent_uuid: "bcf6e38d692840b6b02d22b4e0c910e4" member_type: VOTER last_known_addr { host: "127.15.53.65" port: 35663 } health_report { overall_health: UNKNOWN } } peers { permanent_uuid: "b43e47480d464dbaa3defb026f0a37fb" member_type: VOTER last_known_addr { host: "127.15.53.66" port: 44587 } health_report { overall_health: UNKNOWN } } peers { permanent_uuid: "2cc8ec7f4faa4048a792daf01ca63a2a" member_type: VOTER last_known_addr { host: "127.15.53.67" port: 40693 } health_report { overall_health: HEALTHY } } }
I20260709 14:51:52.085953 16038 raft_consensus.cc:993] T ec3af4dbf3124249b31cb592a679ce50 P b43e47480d464dbaa3defb026f0a37fb: : Instructing follower bcf6e38d692840b6b02d22b4e0c910e4 to start an election
I20260709 14:51:52.086468 16036 raft_consensus.cc:1081] T ec3af4dbf3124249b31cb592a679ce50 P b43e47480d464dbaa3defb026f0a37fb [term 2 LEADER]: Signalling peer bcf6e38d692840b6b02d22b4e0c910e4 to start an election
I20260709 14:51:52.087941 15707 tablet_service.cc:2044] Received Run Leader Election RPC: tablet_id: "ec3af4dbf3124249b31cb592a679ce50"
dest_uuid: "bcf6e38d692840b6b02d22b4e0c910e4"
 from {username='slave'} at 127.0.0.1:54458
I20260709 14:51:52.088516 15707 raft_consensus.cc:493] T ec3af4dbf3124249b31cb592a679ce50 P bcf6e38d692840b6b02d22b4e0c910e4 [term 2 FOLLOWER]: Starting forced leader election (received explicit request)
I20260709 14:51:52.088874 15707 raft_consensus.cc:3060] T ec3af4dbf3124249b31cb592a679ce50 P bcf6e38d692840b6b02d22b4e0c910e4 [term 2 FOLLOWER]: Advancing to term 3
I20260709 14:51:52.095692 15707 raft_consensus.cc:515] T ec3af4dbf3124249b31cb592a679ce50 P bcf6e38d692840b6b02d22b4e0c910e4 [term 3 FOLLOWER]: Starting forced leader election with config: opid_index: -1 OBSOLETE_local: false peers { permanent_uuid: "bcf6e38d692840b6b02d22b4e0c910e4" member_type: VOTER last_known_addr { host: "127.15.53.65" port: 35663 } } peers { permanent_uuid: "b43e47480d464dbaa3defb026f0a37fb" member_type: VOTER last_known_addr { host: "127.15.53.66" port: 44587 } } peers { permanent_uuid: "2cc8ec7f4faa4048a792daf01ca63a2a" member_type: VOTER last_known_addr { host: "127.15.53.67" port: 40693 } }
I20260709 14:51:52.098326 15707 leader_election.cc:290] T ec3af4dbf3124249b31cb592a679ce50 P bcf6e38d692840b6b02d22b4e0c910e4 [CANDIDATE]: Term 3 election: Requested vote from peers b43e47480d464dbaa3defb026f0a37fb (127.15.53.66:44587), 2cc8ec7f4faa4048a792daf01ca63a2a (127.15.53.67:40693)
I20260709 14:51:52.098526 15781 tablet_service.cc:1917] Received RequestConsensusVote() RPC: tablet_id: "ec3af4dbf3124249b31cb592a679ce50" candidate_uuid: "bcf6e38d692840b6b02d22b4e0c910e4" candidate_term: 3 candidate_status { last_received { term: 2 index: 2 } } ignore_live_leader: true dest_uuid: "b43e47480d464dbaa3defb026f0a37fb"
I20260709 14:51:52.099169 15781 raft_consensus.cc:3055] T ec3af4dbf3124249b31cb592a679ce50 P b43e47480d464dbaa3defb026f0a37fb [term 2 LEADER]: Stepping down as leader of term 2
I20260709 14:51:52.099510 15781 raft_consensus.cc:740] T ec3af4dbf3124249b31cb592a679ce50 P b43e47480d464dbaa3defb026f0a37fb [term 2 LEADER]: Becoming Follower/Learner. State: Replica: b43e47480d464dbaa3defb026f0a37fb, State: Running, Role: LEADER
I20260709 14:51:52.099726 15708 raft_consensus.cc:1275] T f37c59abf2a44ad89ac5f6496aa5d246 P bcf6e38d692840b6b02d22b4e0c910e4 [term 3 FOLLOWER]: Refusing update from remote peer 2cc8ec7f4faa4048a792daf01ca63a2a: Log matching property violated. Preceding OpId in replica: term: 2 index: 2. Preceding OpId from leader: term: 3 index: 3. (index mismatch)
I20260709 14:51:52.100520 15855 tablet_service.cc:1917] Received RequestConsensusVote() RPC: tablet_id: "ec3af4dbf3124249b31cb592a679ce50" candidate_uuid: "bcf6e38d692840b6b02d22b4e0c910e4" candidate_term: 3 candidate_status { last_received { term: 2 index: 2 } } ignore_live_leader: true dest_uuid: "2cc8ec7f4faa4048a792daf01ca63a2a"
I20260709 14:51:52.100374 15781 consensus_queue.cc:260] T ec3af4dbf3124249b31cb592a679ce50 P b43e47480d464dbaa3defb026f0a37fb [NON_LEADER]: Queue going to NON_LEADER mode. State: All replicated index: 0, Majority replicated index: 2, Committed index: 2, Last appended: 2.2, Last appended by leader: 2, Current term: 2, Majority size: -1, State: 0, Mode: NON_LEADER, active raft config: opid_index: -1 OBSOLETE_local: false peers { permanent_uuid: "bcf6e38d692840b6b02d22b4e0c910e4" member_type: VOTER last_known_addr { host: "127.15.53.65" port: 35663 } } peers { permanent_uuid: "b43e47480d464dbaa3defb026f0a37fb" member_type: VOTER last_known_addr { host: "127.15.53.66" port: 44587 } } peers { permanent_uuid: "2cc8ec7f4faa4048a792daf01ca63a2a" member_type: VOTER last_known_addr { host: "127.15.53.67" port: 40693 } }
I20260709 14:51:52.101070 15855 raft_consensus.cc:3060] T ec3af4dbf3124249b31cb592a679ce50 P 2cc8ec7f4faa4048a792daf01ca63a2a [term 2 FOLLOWER]: Advancing to term 3
I20260709 14:51:52.101661 15781 raft_consensus.cc:3060] T ec3af4dbf3124249b31cb592a679ce50 P b43e47480d464dbaa3defb026f0a37fb [term 2 FOLLOWER]: Advancing to term 3
I20260709 14:51:52.101567 16032 consensus_queue.cc:1048] T f37c59abf2a44ad89ac5f6496aa5d246 P 2cc8ec7f4faa4048a792daf01ca63a2a [LEADER]: Connected to new peer: Peer: permanent_uuid: "bcf6e38d692840b6b02d22b4e0c910e4" member_type: VOTER last_known_addr { host: "127.15.53.65" port: 35663 }, Status: LMP_MISMATCH, Last received: 0.0, Next index: 3, Last known committed idx: 2, Time since last communication: 0.000s
I20260709 14:51:52.108467 15855 raft_consensus.cc:2468] T ec3af4dbf3124249b31cb592a679ce50 P 2cc8ec7f4faa4048a792daf01ca63a2a [term 3 FOLLOWER]: Leader election vote request: Granting yes vote for candidate bcf6e38d692840b6b02d22b4e0c910e4 in term 3.
I20260709 14:51:52.109014 15781 raft_consensus.cc:2468] T ec3af4dbf3124249b31cb592a679ce50 P b43e47480d464dbaa3defb026f0a37fb [term 3 FOLLOWER]: Leader election vote request: Granting yes vote for candidate bcf6e38d692840b6b02d22b4e0c910e4 in term 3.
I20260709 14:51:52.110023 15671 leader_election.cc:304] T ec3af4dbf3124249b31cb592a679ce50 P bcf6e38d692840b6b02d22b4e0c910e4 [CANDIDATE]: Term 3 election: Election decided. Result: candidate won. Election summary: received 2 responses out of 3 voters: 2 yes votes; 0 no votes. yes voters: 2cc8ec7f4faa4048a792daf01ca63a2a, bcf6e38d692840b6b02d22b4e0c910e4; no voters: 
I20260709 14:51:52.110973 16045 raft_consensus.cc:2804] T ec3af4dbf3124249b31cb592a679ce50 P bcf6e38d692840b6b02d22b4e0c910e4 [term 3 FOLLOWER]: Leader election won for term 3
I20260709 14:51:52.111495 16045 raft_consensus.cc:697] T ec3af4dbf3124249b31cb592a679ce50 P bcf6e38d692840b6b02d22b4e0c910e4 [term 3 LEADER]: Becoming Leader. State: Replica: bcf6e38d692840b6b02d22b4e0c910e4, State: Running, Role: LEADER
I20260709 14:51:52.112347 16045 consensus_queue.cc:237] T ec3af4dbf3124249b31cb592a679ce50 P bcf6e38d692840b6b02d22b4e0c910e4 [LEADER]: Queue going to LEADER mode. State: All replicated index: 0, Majority replicated index: 2, Committed index: 2, Last appended: 2.2, Last appended by leader: 2, Current term: 3, Majority size: 2, State: 0, Mode: LEADER, active raft config: opid_index: -1 OBSOLETE_local: false peers { permanent_uuid: "bcf6e38d692840b6b02d22b4e0c910e4" member_type: VOTER last_known_addr { host: "127.15.53.65" port: 35663 } } peers { permanent_uuid: "b43e47480d464dbaa3defb026f0a37fb" member_type: VOTER last_known_addr { host: "127.15.53.66" port: 44587 } } peers { permanent_uuid: "2cc8ec7f4faa4048a792daf01ca63a2a" member_type: VOTER last_known_addr { host: "127.15.53.67" port: 40693 } }
I20260709 14:51:52.123800 15603 catalog_manager.cc:5697] T ec3af4dbf3124249b31cb592a679ce50 P bcf6e38d692840b6b02d22b4e0c910e4 reported cstate change: term changed from 2 to 3, leader changed from b43e47480d464dbaa3defb026f0a37fb (127.15.53.66) to bcf6e38d692840b6b02d22b4e0c910e4 (127.15.53.65). New cstate: current_term: 3 leader_uuid: "bcf6e38d692840b6b02d22b4e0c910e4" committed_config { opid_index: -1 OBSOLETE_local: false peers { permanent_uuid: "bcf6e38d692840b6b02d22b4e0c910e4" member_type: VOTER last_known_addr { host: "127.15.53.65" port: 35663 } health_report { overall_health: HEALTHY } } peers { permanent_uuid: "b43e47480d464dbaa3defb026f0a37fb" member_type: VOTER last_known_addr { host: "127.15.53.66" port: 44587 } health_report { overall_health: UNKNOWN } } peers { permanent_uuid: "2cc8ec7f4faa4048a792daf01ca63a2a" member_type: VOTER last_known_addr { host: "127.15.53.67" port: 40693 } health_report { overall_health: UNKNOWN } } }
I20260709 14:51:52.132974 15781 raft_consensus.cc:1275] T f37c59abf2a44ad89ac5f6496aa5d246 P b43e47480d464dbaa3defb026f0a37fb [term 3 FOLLOWER]: Refusing update from remote peer 2cc8ec7f4faa4048a792daf01ca63a2a: Log matching property violated. Preceding OpId in replica: term: 2 index: 2. Preceding OpId from leader: term: 3 index: 3. (index mismatch)
I20260709 14:51:52.137859 16054 consensus_queue.cc:1048] T f37c59abf2a44ad89ac5f6496aa5d246 P 2cc8ec7f4faa4048a792daf01ca63a2a [LEADER]: Connected to new peer: Peer: permanent_uuid: "b43e47480d464dbaa3defb026f0a37fb" member_type: VOTER last_known_addr { host: "127.15.53.66" port: 44587 }, Status: LMP_MISMATCH, Last received: 0.0, Next index: 3, Last known committed idx: 2, Time since last communication: 0.001s
I20260709 14:51:52.334836 15781 raft_consensus.cc:1275] T 4a4e2a985ec94edebeaeab0a1f870c24 P b43e47480d464dbaa3defb026f0a37fb [term 4 FOLLOWER]: Refusing update from remote peer bcf6e38d692840b6b02d22b4e0c910e4: Log matching property violated. Preceding OpId in replica: term: 3 index: 3. Preceding OpId from leader: term: 4 index: 4. (index mismatch)
I20260709 14:51:52.336426 16045 consensus_queue.cc:1048] T 4a4e2a985ec94edebeaeab0a1f870c24 P bcf6e38d692840b6b02d22b4e0c910e4 [LEADER]: Connected to new peer: Peer: permanent_uuid: "b43e47480d464dbaa3defb026f0a37fb" member_type: VOTER last_known_addr { host: "127.15.53.66" port: 44587 }, Status: LMP_MISMATCH, Last received: 0.0, Next index: 4, Last known committed idx: 3, Time since last communication: 0.000s
I20260709 14:51:52.346222 15855 raft_consensus.cc:1275] T 4a4e2a985ec94edebeaeab0a1f870c24 P 2cc8ec7f4faa4048a792daf01ca63a2a [term 4 FOLLOWER]: Refusing update from remote peer bcf6e38d692840b6b02d22b4e0c910e4: Log matching property violated. Preceding OpId in replica: term: 3 index: 3. Preceding OpId from leader: term: 4 index: 4. (index mismatch)
I20260709 14:51:52.349136 16058 consensus_queue.cc:1048] T 4a4e2a985ec94edebeaeab0a1f870c24 P bcf6e38d692840b6b02d22b4e0c910e4 [LEADER]: Connected to new peer: Peer: permanent_uuid: "2cc8ec7f4faa4048a792daf01ca63a2a" member_type: VOTER last_known_addr { host: "127.15.53.67" port: 40693 }, Status: LMP_MISMATCH, Last received: 0.0, Next index: 4, Last known committed idx: 3, Time since last communication: 0.001s
I20260709 14:51:52.413841 15781 raft_consensus.cc:1275] T bc45719e8a544596acb569c7966edbd8 P b43e47480d464dbaa3defb026f0a37fb [term 5 FOLLOWER]: Refusing update from remote peer bcf6e38d692840b6b02d22b4e0c910e4: Log matching property violated. Preceding OpId in replica: term: 4 index: 4. Preceding OpId from leader: term: 5 index: 5. (index mismatch)
I20260709 14:51:52.415241 16058 consensus_queue.cc:1048] T bc45719e8a544596acb569c7966edbd8 P bcf6e38d692840b6b02d22b4e0c910e4 [LEADER]: Connected to new peer: Peer: permanent_uuid: "b43e47480d464dbaa3defb026f0a37fb" member_type: VOTER last_known_addr { host: "127.15.53.66" port: 44587 }, Status: LMP_MISMATCH, Last received: 0.0, Next index: 5, Last known committed idx: 4, Time since last communication: 0.000s
I20260709 14:51:52.420825 15855 raft_consensus.cc:1275] T bc45719e8a544596acb569c7966edbd8 P 2cc8ec7f4faa4048a792daf01ca63a2a [term 5 FOLLOWER]: Refusing update from remote peer bcf6e38d692840b6b02d22b4e0c910e4: Log matching property violated. Preceding OpId in replica: term: 4 index: 4. Preceding OpId from leader: term: 5 index: 5. (index mismatch)
I20260709 14:51:52.422242 16058 consensus_queue.cc:1048] T bc45719e8a544596acb569c7966edbd8 P bcf6e38d692840b6b02d22b4e0c910e4 [LEADER]: Connected to new peer: Peer: permanent_uuid: "2cc8ec7f4faa4048a792daf01ca63a2a" member_type: VOTER last_known_addr { host: "127.15.53.67" port: 40693 }, Status: LMP_MISMATCH, Last received: 0.0, Next index: 5, Last known committed idx: 4, Time since last communication: 0.000s
I20260709 14:51:52.435460 15781 raft_consensus.cc:1275] T 78e5042823124d4786337c41e9838471 P b43e47480d464dbaa3defb026f0a37fb [term 2 FOLLOWER]: Refusing update from remote peer 2cc8ec7f4faa4048a792daf01ca63a2a: Log matching property violated. Preceding OpId in replica: term: 1 index: 1. Preceding OpId from leader: term: 2 index: 2. (index mismatch)
I20260709 14:51:52.436854 16039 consensus_queue.cc:1048] T 78e5042823124d4786337c41e9838471 P 2cc8ec7f4faa4048a792daf01ca63a2a [LEADER]: Connected to new peer: Peer: permanent_uuid: "b43e47480d464dbaa3defb026f0a37fb" member_type: VOTER last_known_addr { host: "127.15.53.66" port: 44587 }, Status: LMP_MISMATCH, Last received: 0.0, Next index: 2, Last known committed idx: 1, Time since last communication: 0.001s
I20260709 14:51:52.455156 15708 raft_consensus.cc:1275] T 78e5042823124d4786337c41e9838471 P bcf6e38d692840b6b02d22b4e0c910e4 [term 2 FOLLOWER]: Refusing update from remote peer 2cc8ec7f4faa4048a792daf01ca63a2a: Log matching property violated. Preceding OpId in replica: term: 1 index: 1. Preceding OpId from leader: term: 2 index: 2. (index mismatch)
I20260709 14:51:52.457532 16039 consensus_queue.cc:1048] T 78e5042823124d4786337c41e9838471 P 2cc8ec7f4faa4048a792daf01ca63a2a [LEADER]: Connected to new peer: Peer: permanent_uuid: "bcf6e38d692840b6b02d22b4e0c910e4" member_type: VOTER last_known_addr { host: "127.15.53.65" port: 35663 }, Status: LMP_MISMATCH, Last received: 0.0, Next index: 2, Last known committed idx: 1, Time since last communication: 0.000s
I20260709 14:51:52.604977 15573 auto_leader_rebalancer.cc:141] leader rebalance for table test-workload
I20260709 14:51:52.610787 15573 tablet_server.cc:179] TabletServer@127.15.53.65:0 shutting down...
W20260709 14:51:52.623378 15749 proxy.cc:239] Call had error, refreshing address and retrying: Remote error: Service unavailable: service kudu.consensus.ConsensusService not registered on TabletServer
W20260709 14:51:52.628646 15749 consensus_peers.cc:597] T 3ab80cff76874a598889d22a443e4ca3 P b43e47480d464dbaa3defb026f0a37fb -> Peer bcf6e38d692840b6b02d22b4e0c910e4 (127.15.53.65:35663): Couldn't send request to peer bcf6e38d692840b6b02d22b4e0c910e4. Status: Remote error: Service unavailable: service kudu.consensus.ConsensusService not registered on TabletServer. This is attempt 1: this message will repeat every 5th retry.
I20260709 14:51:52.647286 15573 ts_tablet_manager.cc:1507] Shutting down tablet manager...
I20260709 14:51:52.648308 15573 tablet_replica.cc:333] T fb6517783b7b49eabd609300ee7160c5 P bcf6e38d692840b6b02d22b4e0c910e4: stopping tablet replica
I20260709 14:51:52.649296 15573 raft_consensus.cc:2243] T fb6517783b7b49eabd609300ee7160c5 P bcf6e38d692840b6b02d22b4e0c910e4 [term 1 FOLLOWER]: Raft consensus shutting down.
I20260709 14:51:52.649946 15573 raft_consensus.cc:2272] T fb6517783b7b49eabd609300ee7160c5 P bcf6e38d692840b6b02d22b4e0c910e4 [term 1 FOLLOWER]: Raft consensus is shut down!
I20260709 14:51:52.652947 15573 tablet_replica.cc:333] T 78e5042823124d4786337c41e9838471 P bcf6e38d692840b6b02d22b4e0c910e4: stopping tablet replica
I20260709 14:51:52.653482 15573 raft_consensus.cc:2243] T 78e5042823124d4786337c41e9838471 P bcf6e38d692840b6b02d22b4e0c910e4 [term 2 FOLLOWER]: Raft consensus shutting down.
I20260709 14:51:52.653893 15573 raft_consensus.cc:2272] T 78e5042823124d4786337c41e9838471 P bcf6e38d692840b6b02d22b4e0c910e4 [term 2 FOLLOWER]: Raft consensus is shut down!
I20260709 14:51:52.655893 15573 tablet_replica.cc:333] T 4a4e2a985ec94edebeaeab0a1f870c24 P bcf6e38d692840b6b02d22b4e0c910e4: stopping tablet replica
I20260709 14:51:52.656481 15573 raft_consensus.cc:2243] T 4a4e2a985ec94edebeaeab0a1f870c24 P bcf6e38d692840b6b02d22b4e0c910e4 [term 4 LEADER]: Raft consensus shutting down.
I20260709 14:51:52.657189 15573 raft_consensus.cc:2272] T 4a4e2a985ec94edebeaeab0a1f870c24 P bcf6e38d692840b6b02d22b4e0c910e4 [term 4 FOLLOWER]: Raft consensus is shut down!
I20260709 14:51:52.659274 15573 tablet_replica.cc:333] T 412cc30efcbc409abedd63ef9f4b8923 P bcf6e38d692840b6b02d22b4e0c910e4: stopping tablet replica
I20260709 14:51:52.659793 15573 raft_consensus.cc:2243] T 412cc30efcbc409abedd63ef9f4b8923 P bcf6e38d692840b6b02d22b4e0c910e4 [term 2 FOLLOWER]: Raft consensus shutting down.
I20260709 14:51:52.660426 15573 raft_consensus.cc:2272] T 412cc30efcbc409abedd63ef9f4b8923 P bcf6e38d692840b6b02d22b4e0c910e4 [term 2 FOLLOWER]: Raft consensus is shut down!
I20260709 14:51:52.662456 15781 raft_consensus.cc:1275] T ec3af4dbf3124249b31cb592a679ce50 P b43e47480d464dbaa3defb026f0a37fb [term 3 FOLLOWER]: Refusing update from remote peer bcf6e38d692840b6b02d22b4e0c910e4: Log matching property violated. Preceding OpId in replica: term: 2 index: 2. Preceding OpId from leader: term: 3 index: 3. (index mismatch)
I20260709 14:51:52.662828 15573 tablet_replica.cc:333] T 3ab80cff76874a598889d22a443e4ca3 P bcf6e38d692840b6b02d22b4e0c910e4: stopping tablet replica
I20260709 14:51:52.663532 15573 raft_consensus.cc:2243] T 3ab80cff76874a598889d22a443e4ca3 P bcf6e38d692840b6b02d22b4e0c910e4 [term 2 FOLLOWER]: Raft consensus shutting down.
I20260709 14:51:52.664009 15573 raft_consensus.cc:2272] T 3ab80cff76874a598889d22a443e4ca3 P bcf6e38d692840b6b02d22b4e0c910e4 [term 2 FOLLOWER]: Raft consensus is shut down!
I20260709 14:51:52.663761 16058 consensus_queue.cc:1048] T ec3af4dbf3124249b31cb592a679ce50 P bcf6e38d692840b6b02d22b4e0c910e4 [LEADER]: Connected to new peer: Peer: permanent_uuid: "b43e47480d464dbaa3defb026f0a37fb" member_type: VOTER last_known_addr { host: "127.15.53.66" port: 44587 }, Status: LMP_MISMATCH, Last received: 0.0, Next index: 3, Last known committed idx: 2, Time since last communication: 0.000s
I20260709 14:51:52.666476 15573 tablet_replica.cc:333] T ec3af4dbf3124249b31cb592a679ce50 P bcf6e38d692840b6b02d22b4e0c910e4: stopping tablet replica
I20260709 14:51:52.667510 15573 raft_consensus.cc:2243] T ec3af4dbf3124249b31cb592a679ce50 P bcf6e38d692840b6b02d22b4e0c910e4 [term 3 LEADER]: Raft consensus shutting down.
I20260709 14:51:52.672082 15573 pending_rounds.cc:70] T ec3af4dbf3124249b31cb592a679ce50 P bcf6e38d692840b6b02d22b4e0c910e4: Trying to abort 1 pending ops.
I20260709 14:51:52.672456 15573 pending_rounds.cc:77] T ec3af4dbf3124249b31cb592a679ce50 P bcf6e38d692840b6b02d22b4e0c910e4: Aborting op as it isn't in flight: id { term: 3 index: 3 } timestamp: 7305661284821794816 op_type: NO_OP noop_request { }
I20260709 14:51:52.672847 15573 raft_consensus.cc:2889] T ec3af4dbf3124249b31cb592a679ce50 P bcf6e38d692840b6b02d22b4e0c910e4 [term 3 LEADER]: NO_OP replication failed: Aborted: Op aborted
I20260709 14:51:52.673169 15573 raft_consensus.cc:2272] T ec3af4dbf3124249b31cb592a679ce50 P bcf6e38d692840b6b02d22b4e0c910e4 [term 3 FOLLOWER]: Raft consensus is shut down!
I20260709 14:51:52.675616 15573 tablet_replica.cc:333] T f37c59abf2a44ad89ac5f6496aa5d246 P bcf6e38d692840b6b02d22b4e0c910e4: stopping tablet replica
I20260709 14:51:52.676366 15573 raft_consensus.cc:2243] T f37c59abf2a44ad89ac5f6496aa5d246 P bcf6e38d692840b6b02d22b4e0c910e4 [term 3 FOLLOWER]: Raft consensus shutting down.
I20260709 14:51:52.676920 15573 raft_consensus.cc:2272] T f37c59abf2a44ad89ac5f6496aa5d246 P bcf6e38d692840b6b02d22b4e0c910e4 [term 3 FOLLOWER]: Raft consensus is shut down!
I20260709 14:51:52.679096 15573 tablet_replica.cc:333] T 2f119a870018407fa436141fcf402917 P bcf6e38d692840b6b02d22b4e0c910e4: stopping tablet replica
I20260709 14:51:52.679605 15573 raft_consensus.cc:2243] T 2f119a870018407fa436141fcf402917 P bcf6e38d692840b6b02d22b4e0c910e4 [term 3 FOLLOWER]: Raft consensus shutting down.
I20260709 14:51:52.680100 15573 raft_consensus.cc:2272] T 2f119a870018407fa436141fcf402917 P bcf6e38d692840b6b02d22b4e0c910e4 [term 3 FOLLOWER]: Raft consensus is shut down!
I20260709 14:51:52.683965 15573 tablet_replica.cc:333] T bc45719e8a544596acb569c7966edbd8 P bcf6e38d692840b6b02d22b4e0c910e4: stopping tablet replica
I20260709 14:51:52.684552 15573 raft_consensus.cc:2243] T bc45719e8a544596acb569c7966edbd8 P bcf6e38d692840b6b02d22b4e0c910e4 [term 5 LEADER]: Raft consensus shutting down.
I20260709 14:51:52.685374 15573 raft_consensus.cc:2272] T bc45719e8a544596acb569c7966edbd8 P bcf6e38d692840b6b02d22b4e0c910e4 [term 5 FOLLOWER]: Raft consensus is shut down!
I20260709 14:51:52.864734 15573 tablet_server.cc:196] TabletServer@127.15.53.65:0 shutdown complete.
W20260709 14:51:52.866878 15749 consensus_peers.cc:597] T 2f119a870018407fa436141fcf402917 P b43e47480d464dbaa3defb026f0a37fb -> Peer bcf6e38d692840b6b02d22b4e0c910e4 (127.15.53.65:35663): Couldn't send request to peer bcf6e38d692840b6b02d22b4e0c910e4. Status: Network error: Client connection negotiation failed: client connection to 127.15.53.65:35663: connect: Connection refused (error 111). This is attempt 1: this message will repeat every 5th retry.
W20260709 14:51:52.870455 15823 consensus_peers.cc:597] T f37c59abf2a44ad89ac5f6496aa5d246 P 2cc8ec7f4faa4048a792daf01ca63a2a -> Peer bcf6e38d692840b6b02d22b4e0c910e4 (127.15.53.65:35663): Couldn't send request to peer bcf6e38d692840b6b02d22b4e0c910e4. Status: Network error: Client connection negotiation failed: client connection to 127.15.53.65:35663: connect: Connection refused (error 111). This is attempt 1: this message will repeat every 5th retry.
W20260709 14:51:52.870965 15823 consensus_peers.cc:597] T fb6517783b7b49eabd609300ee7160c5 P 2cc8ec7f4faa4048a792daf01ca63a2a -> Peer bcf6e38d692840b6b02d22b4e0c910e4 (127.15.53.65:35663): Couldn't send request to peer bcf6e38d692840b6b02d22b4e0c910e4. Status: Network error: Client connection negotiation failed: client connection to 127.15.53.65:35663: connect: Connection refused (error 111). This is attempt 1: this message will repeat every 5th retry.
I20260709 14:51:52.887822 15573 tablet_server.cc:179] TabletServer@127.15.53.66:0 shutting down...
I20260709 14:51:52.920323 15573 ts_tablet_manager.cc:1507] Shutting down tablet manager...
I20260709 14:51:52.921051 15573 tablet_replica.cc:333] T 3ab80cff76874a598889d22a443e4ca3 P b43e47480d464dbaa3defb026f0a37fb: stopping tablet replica
I20260709 14:51:52.921952 15573 raft_consensus.cc:2243] T 3ab80cff76874a598889d22a443e4ca3 P b43e47480d464dbaa3defb026f0a37fb [term 2 LEADER]: Raft consensus shutting down.
I20260709 14:51:52.922848 15573 raft_consensus.cc:2272] T 3ab80cff76874a598889d22a443e4ca3 P b43e47480d464dbaa3defb026f0a37fb [term 2 FOLLOWER]: Raft consensus is shut down!
I20260709 14:51:52.924738 15573 tablet_replica.cc:333] T ec3af4dbf3124249b31cb592a679ce50 P b43e47480d464dbaa3defb026f0a37fb: stopping tablet replica
I20260709 14:51:52.925323 15573 raft_consensus.cc:2243] T ec3af4dbf3124249b31cb592a679ce50 P b43e47480d464dbaa3defb026f0a37fb [term 3 FOLLOWER]: Raft consensus shutting down.
I20260709 14:51:52.925688 15573 pending_rounds.cc:70] T ec3af4dbf3124249b31cb592a679ce50 P b43e47480d464dbaa3defb026f0a37fb: Trying to abort 1 pending ops.
I20260709 14:51:52.925861 15573 pending_rounds.cc:77] T ec3af4dbf3124249b31cb592a679ce50 P b43e47480d464dbaa3defb026f0a37fb: Aborting op as it isn't in flight: id { term: 3 index: 3 } timestamp: 7305661284821794816 op_type: NO_OP noop_request { }
I20260709 14:51:52.926141 15573 raft_consensus.cc:2889] T ec3af4dbf3124249b31cb592a679ce50 P b43e47480d464dbaa3defb026f0a37fb [term 3 FOLLOWER]: NO_OP replication failed: Aborted: Op aborted
I20260709 14:51:52.926419 15573 raft_consensus.cc:2272] T ec3af4dbf3124249b31cb592a679ce50 P b43e47480d464dbaa3defb026f0a37fb [term 3 FOLLOWER]: Raft consensus is shut down!
I20260709 14:51:52.928723 15573 tablet_replica.cc:333] T 412cc30efcbc409abedd63ef9f4b8923 P b43e47480d464dbaa3defb026f0a37fb: stopping tablet replica
I20260709 14:51:52.929214 15573 raft_consensus.cc:2243] T 412cc30efcbc409abedd63ef9f4b8923 P b43e47480d464dbaa3defb026f0a37fb [term 2 LEADER]: Raft consensus shutting down.
I20260709 14:51:52.930132 15573 raft_consensus.cc:2272] T 412cc30efcbc409abedd63ef9f4b8923 P b43e47480d464dbaa3defb026f0a37fb [term 2 FOLLOWER]: Raft consensus is shut down!
I20260709 14:51:52.932327 15573 tablet_replica.cc:333] T fb6517783b7b49eabd609300ee7160c5 P b43e47480d464dbaa3defb026f0a37fb: stopping tablet replica
I20260709 14:51:52.932996 15573 raft_consensus.cc:2243] T fb6517783b7b49eabd609300ee7160c5 P b43e47480d464dbaa3defb026f0a37fb [term 1 FOLLOWER]: Raft consensus shutting down.
I20260709 14:51:52.933517 15573 raft_consensus.cc:2272] T fb6517783b7b49eabd609300ee7160c5 P b43e47480d464dbaa3defb026f0a37fb [term 1 FOLLOWER]: Raft consensus is shut down!
W20260709 14:51:52.933816 15821 consensus_peers.cc:597] T 78e5042823124d4786337c41e9838471 P 2cc8ec7f4faa4048a792daf01ca63a2a -> Peer b43e47480d464dbaa3defb026f0a37fb (127.15.53.66:44587): Couldn't send request to peer b43e47480d464dbaa3defb026f0a37fb. Status: Remote error: Service unavailable: service kudu.consensus.ConsensusService not registered on TabletServer. This is attempt 1: this message will repeat every 5th retry.
I20260709 14:51:52.935468 15573 tablet_replica.cc:333] T 78e5042823124d4786337c41e9838471 P b43e47480d464dbaa3defb026f0a37fb: stopping tablet replica
I20260709 14:51:52.935995 15573 raft_consensus.cc:2243] T 78e5042823124d4786337c41e9838471 P b43e47480d464dbaa3defb026f0a37fb [term 2 FOLLOWER]: Raft consensus shutting down.
I20260709 14:51:52.936498 15573 raft_consensus.cc:2272] T 78e5042823124d4786337c41e9838471 P b43e47480d464dbaa3defb026f0a37fb [term 2 FOLLOWER]: Raft consensus is shut down!
I20260709 14:51:52.938532 15573 tablet_replica.cc:333] T 4a4e2a985ec94edebeaeab0a1f870c24 P b43e47480d464dbaa3defb026f0a37fb: stopping tablet replica
I20260709 14:51:52.939018 15573 raft_consensus.cc:2243] T 4a4e2a985ec94edebeaeab0a1f870c24 P b43e47480d464dbaa3defb026f0a37fb [term 4 FOLLOWER]: Raft consensus shutting down.
I20260709 14:51:52.939432 15573 raft_consensus.cc:2272] T 4a4e2a985ec94edebeaeab0a1f870c24 P b43e47480d464dbaa3defb026f0a37fb [term 4 FOLLOWER]: Raft consensus is shut down!
I20260709 14:51:52.941550 15573 tablet_replica.cc:333] T bc45719e8a544596acb569c7966edbd8 P b43e47480d464dbaa3defb026f0a37fb: stopping tablet replica
I20260709 14:51:52.942013 15573 raft_consensus.cc:2243] T bc45719e8a544596acb569c7966edbd8 P b43e47480d464dbaa3defb026f0a37fb [term 5 FOLLOWER]: Raft consensus shutting down.
I20260709 14:51:52.942392 15573 raft_consensus.cc:2272] T bc45719e8a544596acb569c7966edbd8 P b43e47480d464dbaa3defb026f0a37fb [term 5 FOLLOWER]: Raft consensus is shut down!
I20260709 14:51:52.944370 15573 tablet_replica.cc:333] T f37c59abf2a44ad89ac5f6496aa5d246 P b43e47480d464dbaa3defb026f0a37fb: stopping tablet replica
I20260709 14:51:52.944849 15573 raft_consensus.cc:2243] T f37c59abf2a44ad89ac5f6496aa5d246 P b43e47480d464dbaa3defb026f0a37fb [term 3 FOLLOWER]: Raft consensus shutting down.
I20260709 14:51:52.945230 15573 raft_consensus.cc:2272] T f37c59abf2a44ad89ac5f6496aa5d246 P b43e47480d464dbaa3defb026f0a37fb [term 3 FOLLOWER]: Raft consensus is shut down!
I20260709 14:51:52.947170 15573 tablet_replica.cc:333] T 2f119a870018407fa436141fcf402917 P b43e47480d464dbaa3defb026f0a37fb: stopping tablet replica
I20260709 14:51:52.947608 15573 raft_consensus.cc:2243] T 2f119a870018407fa436141fcf402917 P b43e47480d464dbaa3defb026f0a37fb [term 3 LEADER]: Raft consensus shutting down.
I20260709 14:51:52.948383 15573 raft_consensus.cc:2272] T 2f119a870018407fa436141fcf402917 P b43e47480d464dbaa3defb026f0a37fb [term 3 FOLLOWER]: Raft consensus is shut down!
W20260709 14:51:52.970904 15823 consensus_peers.cc:597] T 78e5042823124d4786337c41e9838471 P 2cc8ec7f4faa4048a792daf01ca63a2a -> Peer bcf6e38d692840b6b02d22b4e0c910e4 (127.15.53.65:35663): Couldn't send request to peer bcf6e38d692840b6b02d22b4e0c910e4. Status: Network error: Client connection negotiation failed: client connection to 127.15.53.65:35663: connect: Connection refused (error 111). This is attempt 1: this message will repeat every 5th retry.
I20260709 14:51:52.976742 15573 tablet_server.cc:196] TabletServer@127.15.53.66:0 shutdown complete.
I20260709 14:51:52.996295 15573 tablet_server.cc:179] TabletServer@127.15.53.67:0 shutting down...
I20260709 14:51:53.027230 15573 ts_tablet_manager.cc:1507] Shutting down tablet manager...
I20260709 14:51:53.027994 15573 tablet_replica.cc:333] T fb6517783b7b49eabd609300ee7160c5 P 2cc8ec7f4faa4048a792daf01ca63a2a: stopping tablet replica
I20260709 14:51:53.028903 15573 raft_consensus.cc:2243] T fb6517783b7b49eabd609300ee7160c5 P 2cc8ec7f4faa4048a792daf01ca63a2a [term 1 LEADER]: Raft consensus shutting down.
I20260709 14:51:53.029867 15573 raft_consensus.cc:2272] T fb6517783b7b49eabd609300ee7160c5 P 2cc8ec7f4faa4048a792daf01ca63a2a [term 1 FOLLOWER]: Raft consensus is shut down!
I20260709 14:51:53.031713 15573 tablet_replica.cc:333] T 412cc30efcbc409abedd63ef9f4b8923 P 2cc8ec7f4faa4048a792daf01ca63a2a: stopping tablet replica
I20260709 14:51:53.032315 15573 raft_consensus.cc:2243] T 412cc30efcbc409abedd63ef9f4b8923 P 2cc8ec7f4faa4048a792daf01ca63a2a [term 2 FOLLOWER]: Raft consensus shutting down.
I20260709 14:51:53.032738 15573 raft_consensus.cc:2272] T 412cc30efcbc409abedd63ef9f4b8923 P 2cc8ec7f4faa4048a792daf01ca63a2a [term 2 FOLLOWER]: Raft consensus is shut down!
I20260709 14:51:53.034400 15573 tablet_replica.cc:333] T ec3af4dbf3124249b31cb592a679ce50 P 2cc8ec7f4faa4048a792daf01ca63a2a: stopping tablet replica
I20260709 14:51:53.034920 15573 raft_consensus.cc:2243] T ec3af4dbf3124249b31cb592a679ce50 P 2cc8ec7f4faa4048a792daf01ca63a2a [term 3 FOLLOWER]: Raft consensus shutting down.
I20260709 14:51:53.035318 15573 raft_consensus.cc:2272] T ec3af4dbf3124249b31cb592a679ce50 P 2cc8ec7f4faa4048a792daf01ca63a2a [term 3 FOLLOWER]: Raft consensus is shut down!
I20260709 14:51:53.037066 15573 tablet_replica.cc:333] T 3ab80cff76874a598889d22a443e4ca3 P 2cc8ec7f4faa4048a792daf01ca63a2a: stopping tablet replica
I20260709 14:51:53.037540 15573 raft_consensus.cc:2243] T 3ab80cff76874a598889d22a443e4ca3 P 2cc8ec7f4faa4048a792daf01ca63a2a [term 2 FOLLOWER]: Raft consensus shutting down.
I20260709 14:51:53.037950 15573 raft_consensus.cc:2272] T 3ab80cff76874a598889d22a443e4ca3 P 2cc8ec7f4faa4048a792daf01ca63a2a [term 2 FOLLOWER]: Raft consensus is shut down!
I20260709 14:51:53.039549 15573 tablet_replica.cc:333] T 78e5042823124d4786337c41e9838471 P 2cc8ec7f4faa4048a792daf01ca63a2a: stopping tablet replica
I20260709 14:51:53.040071 15573 raft_consensus.cc:2243] T 78e5042823124d4786337c41e9838471 P 2cc8ec7f4faa4048a792daf01ca63a2a [term 2 LEADER]: Raft consensus shutting down.
I20260709 14:51:53.040766 15573 raft_consensus.cc:2272] T 78e5042823124d4786337c41e9838471 P 2cc8ec7f4faa4048a792daf01ca63a2a [term 2 FOLLOWER]: Raft consensus is shut down!
I20260709 14:51:53.042757 15573 tablet_replica.cc:333] T 4a4e2a985ec94edebeaeab0a1f870c24 P 2cc8ec7f4faa4048a792daf01ca63a2a: stopping tablet replica
I20260709 14:51:53.043279 15573 raft_consensus.cc:2243] T 4a4e2a985ec94edebeaeab0a1f870c24 P 2cc8ec7f4faa4048a792daf01ca63a2a [term 4 FOLLOWER]: Raft consensus shutting down.
I20260709 14:51:53.043687 15573 raft_consensus.cc:2272] T 4a4e2a985ec94edebeaeab0a1f870c24 P 2cc8ec7f4faa4048a792daf01ca63a2a [term 4 FOLLOWER]: Raft consensus is shut down!
I20260709 14:51:53.046190 15573 tablet_replica.cc:333] T f37c59abf2a44ad89ac5f6496aa5d246 P 2cc8ec7f4faa4048a792daf01ca63a2a: stopping tablet replica
I20260709 14:51:53.046924 15573 raft_consensus.cc:2243] T f37c59abf2a44ad89ac5f6496aa5d246 P 2cc8ec7f4faa4048a792daf01ca63a2a [term 3 LEADER]: Raft consensus shutting down.
