I20260709 14:51:43.791162 12499 raft_consensus.cc:515] T a0797d417e57483f91a7222b55497c9c P dcf362555a42411e87bf2495eeaa49d7 [term 3 FOLLOWER]: Starting forced leader election with config: opid_index: -1 OBSOLETE_local: false peers { permanent_uuid: "4a630bba37bb4a099d0008165ddcc2ce" member_type: VOTER last_known_addr { host: "127.12.0.129" port: 42103 } } peers { permanent_uuid: "dcf362555a42411e87bf2495eeaa49d7" member_type: VOTER last_known_addr { host: "127.12.0.130" port: 33859 } } peers { permanent_uuid: "f6de1d1f347b4f05800e2b647b4b040a" member_type: VOTER last_known_addr { host: "127.12.0.131" port: 39843 } }
I20260709 14:51:43.791301 12500 raft_consensus.cc:515] T f9f505ebee2944fcb639ff6610068b41 P dcf362555a42411e87bf2495eeaa49d7 [term 3 FOLLOWER]: Starting forced leader election with config: opid_index: -1 OBSOLETE_local: false peers { permanent_uuid: "4a630bba37bb4a099d0008165ddcc2ce" member_type: VOTER last_known_addr { host: "127.12.0.129" port: 42103 } } peers { permanent_uuid: "dcf362555a42411e87bf2495eeaa49d7" member_type: VOTER last_known_addr { host: "127.12.0.130" port: 33859 } } peers { permanent_uuid: "f6de1d1f347b4f05800e2b647b4b040a" member_type: VOTER last_known_addr { host: "127.12.0.131" port: 39843 } }
I20260709 14:51:43.792624 12717 raft_consensus.cc:993] T 4f1c23f85e1240d3884bd1149c295866 P 4a630bba37bb4a099d0008165ddcc2ce: : Instructing follower dcf362555a42411e87bf2495eeaa49d7 to start an election
I20260709 14:51:43.793102 12728 raft_consensus.cc:1081] T 4f1c23f85e1240d3884bd1149c295866 P 4a630bba37bb4a099d0008165ddcc2ce [term 1 LEADER]: Signalling peer dcf362555a42411e87bf2495eeaa49d7 to start an election
I20260709 14:51:43.793526 12500 leader_election.cc:290] T f9f505ebee2944fcb639ff6610068b41 P dcf362555a42411e87bf2495eeaa49d7 [CANDIDATE]: Term 3 election: Requested vote from peers 4a630bba37bb4a099d0008165ddcc2ce (127.12.0.129:42103), f6de1d1f347b4f05800e2b647b4b040a (127.12.0.131:39843)
I20260709 14:51:43.794566 12425 tablet_service.cc:1917] Received RequestConsensusVote() RPC: tablet_id: "f9f505ebee2944fcb639ff6610068b41" candidate_uuid: "dcf362555a42411e87bf2495eeaa49d7" candidate_term: 3 candidate_status { last_received { term: 2 index: 2 } } ignore_live_leader: true dest_uuid: "4a630bba37bb4a099d0008165ddcc2ce"
I20260709 14:51:43.794955 12423 tablet_service.cc:1917] Received RequestConsensusVote() RPC: tablet_id: "a0797d417e57483f91a7222b55497c9c" candidate_uuid: "dcf362555a42411e87bf2495eeaa49d7" candidate_term: 3 candidate_status { last_received { term: 2 index: 2 } } ignore_live_leader: true dest_uuid: "4a630bba37bb4a099d0008165ddcc2ce"
I20260709 14:51:43.795554 12423 raft_consensus.cc:3055] T a0797d417e57483f91a7222b55497c9c P 4a630bba37bb4a099d0008165ddcc2ce [term 2 LEADER]: Stepping down as leader of term 2
I20260709 14:51:43.795217 12425 raft_consensus.cc:3060] T f9f505ebee2944fcb639ff6610068b41 P 4a630bba37bb4a099d0008165ddcc2ce [term 2 FOLLOWER]: Advancing to term 3
I20260709 14:51:43.795845 12423 raft_consensus.cc:740] T a0797d417e57483f91a7222b55497c9c P 4a630bba37bb4a099d0008165ddcc2ce [term 2 LEADER]: Becoming Follower/Learner. State: Replica: 4a630bba37bb4a099d0008165ddcc2ce, State: Running, Role: LEADER
I20260709 14:51:43.795728 12574 tablet_service.cc:1917] Received RequestConsensusVote() RPC: tablet_id: "f9f505ebee2944fcb639ff6610068b41" candidate_uuid: "dcf362555a42411e87bf2495eeaa49d7" candidate_term: 3 candidate_status { last_received { term: 2 index: 2 } } ignore_live_leader: true dest_uuid: "f6de1d1f347b4f05800e2b647b4b040a"
I20260709 14:51:43.794036 12499 leader_election.cc:290] T a0797d417e57483f91a7222b55497c9c P dcf362555a42411e87bf2495eeaa49d7 [CANDIDATE]: Term 3 election: Requested vote from peers 4a630bba37bb4a099d0008165ddcc2ce (127.12.0.129:42103), f6de1d1f347b4f05800e2b647b4b040a (127.12.0.131:39843)
I20260709 14:51:43.795284 12498 tablet_service.cc:2044] Received Run Leader Election RPC: tablet_id: "4f1c23f85e1240d3884bd1149c295866"
dest_uuid: "dcf362555a42411e87bf2495eeaa49d7"
 from {username='slave'} at 127.0.0.1:53776
I20260709 14:51:43.796638 12574 raft_consensus.cc:3055] T f9f505ebee2944fcb639ff6610068b41 P f6de1d1f347b4f05800e2b647b4b040a [term 2 LEADER]: Stepping down as leader of term 2
I20260709 14:51:43.797375 12574 raft_consensus.cc:740] T f9f505ebee2944fcb639ff6610068b41 P f6de1d1f347b4f05800e2b647b4b040a [term 2 LEADER]: Becoming Follower/Learner. State: Replica: f6de1d1f347b4f05800e2b647b4b040a, State: Running, Role: LEADER
I20260709 14:51:43.797333 12498 raft_consensus.cc:493] T 4f1c23f85e1240d3884bd1149c295866 P dcf362555a42411e87bf2495eeaa49d7 [term 1 FOLLOWER]: Starting forced leader election (received explicit request)
I20260709 14:51:43.797057 12423 consensus_queue.cc:260] T a0797d417e57483f91a7222b55497c9c P 4a630bba37bb4a099d0008165ddcc2ce [NON_LEADER]: Queue going to NON_LEADER mode. State: All replicated index: 0, Majority replicated index: 2, Committed index: 2, Last appended: 2.2, Last appended by leader: 2, Current term: 2, Majority size: -1, State: 0, Mode: NON_LEADER, active raft config: opid_index: -1 OBSOLETE_local: false peers { permanent_uuid: "4a630bba37bb4a099d0008165ddcc2ce" member_type: VOTER last_known_addr { host: "127.12.0.129" port: 42103 } } peers { permanent_uuid: "dcf362555a42411e87bf2495eeaa49d7" member_type: VOTER last_known_addr { host: "127.12.0.130" port: 33859 } } peers { permanent_uuid: "f6de1d1f347b4f05800e2b647b4b040a" member_type: VOTER last_known_addr { host: "127.12.0.131" port: 39843 } }
I20260709 14:51:43.797947 12498 raft_consensus.cc:3060] T 4f1c23f85e1240d3884bd1149c295866 P dcf362555a42411e87bf2495eeaa49d7 [term 1 FOLLOWER]: Advancing to term 2
I20260709 14:51:43.798301 12423 raft_consensus.cc:3060] T a0797d417e57483f91a7222b55497c9c P 4a630bba37bb4a099d0008165ddcc2ce [term 2 FOLLOWER]: Advancing to term 3
I20260709 14:51:43.795680 12572 tablet_service.cc:1917] Received RequestConsensusVote() RPC: tablet_id: "a0797d417e57483f91a7222b55497c9c" candidate_uuid: "dcf362555a42411e87bf2495eeaa49d7" candidate_term: 3 candidate_status { last_received { term: 2 index: 2 } } ignore_live_leader: true dest_uuid: "f6de1d1f347b4f05800e2b647b4b040a"
I20260709 14:51:43.798257 12574 consensus_queue.cc:260] T f9f505ebee2944fcb639ff6610068b41 P f6de1d1f347b4f05800e2b647b4b040a [NON_LEADER]: Queue going to NON_LEADER mode. State: All replicated index: 0, Majority replicated index: 2, Committed index: 2, Last appended: 2.2, Last appended by leader: 2, Current term: 2, Majority size: -1, State: 0, Mode: NON_LEADER, active raft config: opid_index: -1 OBSOLETE_local: false peers { permanent_uuid: "4a630bba37bb4a099d0008165ddcc2ce" member_type: VOTER last_known_addr { host: "127.12.0.129" port: 42103 } } peers { permanent_uuid: "dcf362555a42411e87bf2495eeaa49d7" member_type: VOTER last_known_addr { host: "127.12.0.130" port: 33859 } } peers { permanent_uuid: "f6de1d1f347b4f05800e2b647b4b040a" member_type: VOTER last_known_addr { host: "127.12.0.131" port: 39843 } }
I20260709 14:51:43.799230 12572 raft_consensus.cc:3060] T a0797d417e57483f91a7222b55497c9c P f6de1d1f347b4f05800e2b647b4b040a [term 2 FOLLOWER]: Advancing to term 3
I20260709 14:51:43.799692 12574 raft_consensus.cc:3060] T f9f505ebee2944fcb639ff6610068b41 P f6de1d1f347b4f05800e2b647b4b040a [term 2 FOLLOWER]: Advancing to term 3
I20260709 14:51:43.804649 12423 raft_consensus.cc:2468] T a0797d417e57483f91a7222b55497c9c P 4a630bba37bb4a099d0008165ddcc2ce [term 3 FOLLOWER]: Leader election vote request: Granting yes vote for candidate dcf362555a42411e87bf2495eeaa49d7 in term 3.
I20260709 14:51:43.805791 12464 leader_election.cc:304] T a0797d417e57483f91a7222b55497c9c P dcf362555a42411e87bf2495eeaa49d7 [CANDIDATE]: Term 3 election: Election decided. Result: candidate won. Election summary: received 2 responses out of 3 voters: 2 yes votes; 0 no votes. yes voters: 4a630bba37bb4a099d0008165ddcc2ce, dcf362555a42411e87bf2495eeaa49d7; no voters: 
I20260709 14:51:43.806104 12574 raft_consensus.cc:2468] T f9f505ebee2944fcb639ff6610068b41 P f6de1d1f347b4f05800e2b647b4b040a [term 3 FOLLOWER]: Leader election vote request: Granting yes vote for candidate dcf362555a42411e87bf2495eeaa49d7 in term 3.
I20260709 14:51:43.804678 12498 raft_consensus.cc:515] T 4f1c23f85e1240d3884bd1149c295866 P dcf362555a42411e87bf2495eeaa49d7 [term 2 FOLLOWER]: Starting forced leader election with config: opid_index: -1 OBSOLETE_local: false peers { permanent_uuid: "4a630bba37bb4a099d0008165ddcc2ce" member_type: VOTER last_known_addr { host: "127.12.0.129" port: 42103 } } peers { permanent_uuid: "dcf362555a42411e87bf2495eeaa49d7" member_type: VOTER last_known_addr { host: "127.12.0.130" port: 33859 } } peers { permanent_uuid: "f6de1d1f347b4f05800e2b647b4b040a" member_type: VOTER last_known_addr { host: "127.12.0.131" port: 39843 } }
I20260709 14:51:43.806490 12710 raft_consensus.cc:2804] T a0797d417e57483f91a7222b55497c9c P dcf362555a42411e87bf2495eeaa49d7 [term 3 FOLLOWER]: Leader election won for term 3
I20260709 14:51:43.807152 12710 raft_consensus.cc:697] T a0797d417e57483f91a7222b55497c9c P dcf362555a42411e87bf2495eeaa49d7 [term 3 LEADER]: Becoming Leader. State: Replica: dcf362555a42411e87bf2495eeaa49d7, State: Running, Role: LEADER
I20260709 14:51:43.807479 12463 leader_election.cc:304] T f9f505ebee2944fcb639ff6610068b41 P dcf362555a42411e87bf2495eeaa49d7 [CANDIDATE]: Term 3 election: Election decided. Result: candidate won. Election summary: received 2 responses out of 3 voters: 2 yes votes; 0 no votes. yes voters: dcf362555a42411e87bf2495eeaa49d7, f6de1d1f347b4f05800e2b647b4b040a; no voters: 
I20260709 14:51:43.808027 12710 consensus_queue.cc:237] T a0797d417e57483f91a7222b55497c9c P dcf362555a42411e87bf2495eeaa49d7 [LEADER]: Queue going to LEADER mode. State: All replicated index: 0, Majority replicated index: 2, Committed index: 2, Last appended: 2.2, Last appended by leader: 2, Current term: 3, Majority size: 2, State: 0, Mode: LEADER, active raft config: opid_index: -1 OBSOLETE_local: false peers { permanent_uuid: "4a630bba37bb4a099d0008165ddcc2ce" member_type: VOTER last_known_addr { host: "127.12.0.129" port: 42103 } } peers { permanent_uuid: "dcf362555a42411e87bf2495eeaa49d7" member_type: VOTER last_known_addr { host: "127.12.0.130" port: 33859 } } peers { permanent_uuid: "f6de1d1f347b4f05800e2b647b4b040a" member_type: VOTER last_known_addr { host: "127.12.0.131" port: 39843 } }
I20260709 14:51:43.808662 12425 raft_consensus.cc:2468] T f9f505ebee2944fcb639ff6610068b41 P 4a630bba37bb4a099d0008165ddcc2ce [term 3 FOLLOWER]: Leader election vote request: Granting yes vote for candidate dcf362555a42411e87bf2495eeaa49d7 in term 3.
I20260709 14:51:43.809871 12572 raft_consensus.cc:2468] T a0797d417e57483f91a7222b55497c9c P f6de1d1f347b4f05800e2b647b4b040a [term 3 FOLLOWER]: Leader election vote request: Granting yes vote for candidate dcf362555a42411e87bf2495eeaa49d7 in term 3.
I20260709 14:51:43.810503 12727 raft_consensus.cc:2804] T f9f505ebee2944fcb639ff6610068b41 P dcf362555a42411e87bf2495eeaa49d7 [term 3 FOLLOWER]: Leader election won for term 3
I20260709 14:51:43.810989 12727 raft_consensus.cc:697] T f9f505ebee2944fcb639ff6610068b41 P dcf362555a42411e87bf2495eeaa49d7 [term 3 LEADER]: Becoming Leader. State: Replica: dcf362555a42411e87bf2495eeaa49d7, State: Running, Role: LEADER
I20260709 14:51:43.811885 12727 consensus_queue.cc:237] T f9f505ebee2944fcb639ff6610068b41 P dcf362555a42411e87bf2495eeaa49d7 [LEADER]: Queue going to LEADER mode. State: All replicated index: 0, Majority replicated index: 2, Committed index: 2, Last appended: 2.2, Last appended by leader: 2, Current term: 3, Majority size: 2, State: 0, Mode: LEADER, active raft config: opid_index: -1 OBSOLETE_local: false peers { permanent_uuid: "4a630bba37bb4a099d0008165ddcc2ce" member_type: VOTER last_known_addr { host: "127.12.0.129" port: 42103 } } peers { permanent_uuid: "dcf362555a42411e87bf2495eeaa49d7" member_type: VOTER last_known_addr { host: "127.12.0.130" port: 33859 } } peers { permanent_uuid: "f6de1d1f347b4f05800e2b647b4b040a" member_type: VOTER last_known_addr { host: "127.12.0.131" port: 39843 } }
I20260709 14:51:43.813688 12498 leader_election.cc:290] T 4f1c23f85e1240d3884bd1149c295866 P dcf362555a42411e87bf2495eeaa49d7 [CANDIDATE]: Term 2 election: Requested vote from peers 4a630bba37bb4a099d0008165ddcc2ce (127.12.0.129:42103), f6de1d1f347b4f05800e2b647b4b040a (127.12.0.131:39843)
I20260709 14:51:43.816056 12425 tablet_service.cc:1917] Received RequestConsensusVote() RPC: tablet_id: "4f1c23f85e1240d3884bd1149c295866" candidate_uuid: "dcf362555a42411e87bf2495eeaa49d7" candidate_term: 2 candidate_status { last_received { term: 1 index: 1 } } ignore_live_leader: true dest_uuid: "4a630bba37bb4a099d0008165ddcc2ce"
I20260709 14:51:43.816742 12425 raft_consensus.cc:3055] T 4f1c23f85e1240d3884bd1149c295866 P 4a630bba37bb4a099d0008165ddcc2ce [term 1 LEADER]: Stepping down as leader of term 1
I20260709 14:51:43.817234 12425 raft_consensus.cc:740] T 4f1c23f85e1240d3884bd1149c295866 P 4a630bba37bb4a099d0008165ddcc2ce [term 1 LEADER]: Becoming Follower/Learner. State: Replica: 4a630bba37bb4a099d0008165ddcc2ce, State: Running, Role: LEADER
I20260709 14:51:43.818161 12425 consensus_queue.cc:260] T 4f1c23f85e1240d3884bd1149c295866 P 4a630bba37bb4a099d0008165ddcc2ce [NON_LEADER]: Queue going to NON_LEADER mode. State: All replicated index: 0, Majority replicated index: 1, Committed index: 1, Last appended: 1.1, Last appended by leader: 1, Current term: 1, Majority size: -1, State: 0, Mode: NON_LEADER, active raft config: opid_index: -1 OBSOLETE_local: false peers { permanent_uuid: "4a630bba37bb4a099d0008165ddcc2ce" member_type: VOTER last_known_addr { host: "127.12.0.129" port: 42103 } } peers { permanent_uuid: "dcf362555a42411e87bf2495eeaa49d7" member_type: VOTER last_known_addr { host: "127.12.0.130" port: 33859 } } peers { permanent_uuid: "f6de1d1f347b4f05800e2b647b4b040a" member_type: VOTER last_known_addr { host: "127.12.0.131" port: 39843 } }
I20260709 14:51:43.819036 12425 raft_consensus.cc:3060] T 4f1c23f85e1240d3884bd1149c295866 P 4a630bba37bb4a099d0008165ddcc2ce [term 1 FOLLOWER]: Advancing to term 2
I20260709 14:51:43.819104 12319 catalog_manager.cc:5697] T a0797d417e57483f91a7222b55497c9c P dcf362555a42411e87bf2495eeaa49d7 reported cstate change: term changed from 2 to 3, leader changed from 4a630bba37bb4a099d0008165ddcc2ce (127.12.0.129) to dcf362555a42411e87bf2495eeaa49d7 (127.12.0.130). New cstate: current_term: 3 leader_uuid: "dcf362555a42411e87bf2495eeaa49d7" committed_config { opid_index: -1 OBSOLETE_local: false peers { permanent_uuid: "4a630bba37bb4a099d0008165ddcc2ce" member_type: VOTER last_known_addr { host: "127.12.0.129" port: 42103 } health_report { overall_health: UNKNOWN } } peers { permanent_uuid: "dcf362555a42411e87bf2495eeaa49d7" member_type: VOTER last_known_addr { host: "127.12.0.130" port: 33859 } health_report { overall_health: HEALTHY } } peers { permanent_uuid: "f6de1d1f347b4f05800e2b647b4b040a" member_type: VOTER last_known_addr { host: "127.12.0.131" port: 39843 } health_report { overall_health: UNKNOWN } } }
I20260709 14:51:43.817104 12572 tablet_service.cc:1917] Received RequestConsensusVote() RPC: tablet_id: "4f1c23f85e1240d3884bd1149c295866" candidate_uuid: "dcf362555a42411e87bf2495eeaa49d7" candidate_term: 2 candidate_status { last_received { term: 1 index: 1 } } ignore_live_leader: true dest_uuid: "f6de1d1f347b4f05800e2b647b4b040a"
I20260709 14:51:43.822443 12572 raft_consensus.cc:3060] T 4f1c23f85e1240d3884bd1149c295866 P f6de1d1f347b4f05800e2b647b4b040a [term 1 FOLLOWER]: Advancing to term 2
I20260709 14:51:43.825124 12425 raft_consensus.cc:2468] T 4f1c23f85e1240d3884bd1149c295866 P 4a630bba37bb4a099d0008165ddcc2ce [term 2 FOLLOWER]: Leader election vote request: Granting yes vote for candidate dcf362555a42411e87bf2495eeaa49d7 in term 2.
I20260709 14:51:43.825275 12728 raft_consensus.cc:993] T c4f2395ac6ee41a3b1674bd534d99261 P 4a630bba37bb4a099d0008165ddcc2ce: : Instructing follower dcf362555a42411e87bf2495eeaa49d7 to start an election
I20260709 14:51:43.825941 12717 raft_consensus.cc:1081] T c4f2395ac6ee41a3b1674bd534d99261 P 4a630bba37bb4a099d0008165ddcc2ce [term 2 LEADER]: Signalling peer dcf362555a42411e87bf2495eeaa49d7 to start an election
I20260709 14:51:43.826927 12464 leader_election.cc:304] T 4f1c23f85e1240d3884bd1149c295866 P dcf362555a42411e87bf2495eeaa49d7 [CANDIDATE]: Term 2 election: Election decided. Result: candidate won. Election summary: received 2 responses out of 3 voters: 2 yes votes; 0 no votes. yes voters: 4a630bba37bb4a099d0008165ddcc2ce, dcf362555a42411e87bf2495eeaa49d7; no voters: 
I20260709 14:51:43.827832 12710 raft_consensus.cc:2804] T 4f1c23f85e1240d3884bd1149c295866 P dcf362555a42411e87bf2495eeaa49d7 [term 2 FOLLOWER]: Leader election won for term 2
I20260709 14:51:43.828393 12499 tablet_service.cc:2044] Received Run Leader Election RPC: tablet_id: "c4f2395ac6ee41a3b1674bd534d99261"
dest_uuid: "dcf362555a42411e87bf2495eeaa49d7"
 from {username='slave'} at 127.0.0.1:53776
I20260709 14:51:43.829043 12499 raft_consensus.cc:493] T c4f2395ac6ee41a3b1674bd534d99261 P dcf362555a42411e87bf2495eeaa49d7 [term 2 FOLLOWER]: Starting forced leader election (received explicit request)
I20260709 14:51:43.829406 12499 raft_consensus.cc:3060] T c4f2395ac6ee41a3b1674bd534d99261 P dcf362555a42411e87bf2495eeaa49d7 [term 2 FOLLOWER]: Advancing to term 3
I20260709 14:51:43.829597 12572 raft_consensus.cc:2468] T 4f1c23f85e1240d3884bd1149c295866 P f6de1d1f347b4f05800e2b647b4b040a [term 2 FOLLOWER]: Leader election vote request: Granting yes vote for candidate dcf362555a42411e87bf2495eeaa49d7 in term 2.
I20260709 14:51:43.830583 12710 raft_consensus.cc:697] T 4f1c23f85e1240d3884bd1149c295866 P dcf362555a42411e87bf2495eeaa49d7 [term 2 LEADER]: Becoming Leader. State: Replica: dcf362555a42411e87bf2495eeaa49d7, State: Running, Role: LEADER
I20260709 14:51:43.831456 12710 consensus_queue.cc:237] T 4f1c23f85e1240d3884bd1149c295866 P dcf362555a42411e87bf2495eeaa49d7 [LEADER]: Queue going to LEADER mode. State: All replicated index: 0, Majority replicated index: 1, Committed index: 1, Last appended: 1.1, Last appended by leader: 1, Current term: 2, Majority size: 2, State: 0, Mode: LEADER, active raft config: opid_index: -1 OBSOLETE_local: false peers { permanent_uuid: "4a630bba37bb4a099d0008165ddcc2ce" member_type: VOTER last_known_addr { host: "127.12.0.129" port: 42103 } } peers { permanent_uuid: "dcf362555a42411e87bf2495eeaa49d7" member_type: VOTER last_known_addr { host: "127.12.0.130" port: 33859 } } peers { permanent_uuid: "f6de1d1f347b4f05800e2b647b4b040a" member_type: VOTER last_known_addr { host: "127.12.0.131" port: 39843 } }
I20260709 14:51:43.839789 12499 raft_consensus.cc:515] T c4f2395ac6ee41a3b1674bd534d99261 P dcf362555a42411e87bf2495eeaa49d7 [term 3 FOLLOWER]: Starting forced leader election with config: opid_index: -1 OBSOLETE_local: false peers { permanent_uuid: "4a630bba37bb4a099d0008165ddcc2ce" member_type: VOTER last_known_addr { host: "127.12.0.129" port: 42103 } } peers { permanent_uuid: "dcf362555a42411e87bf2495eeaa49d7" member_type: VOTER last_known_addr { host: "127.12.0.130" port: 33859 } } peers { permanent_uuid: "f6de1d1f347b4f05800e2b647b4b040a" member_type: VOTER last_known_addr { host: "127.12.0.131" port: 39843 } }
I20260709 14:51:43.840533 12319 catalog_manager.cc:5697] T f9f505ebee2944fcb639ff6610068b41 P dcf362555a42411e87bf2495eeaa49d7 reported cstate change: term changed from 2 to 3, leader changed from f6de1d1f347b4f05800e2b647b4b040a (127.12.0.131) to dcf362555a42411e87bf2495eeaa49d7 (127.12.0.130). New cstate: current_term: 3 leader_uuid: "dcf362555a42411e87bf2495eeaa49d7" committed_config { opid_index: -1 OBSOLETE_local: false peers { permanent_uuid: "4a630bba37bb4a099d0008165ddcc2ce" member_type: VOTER last_known_addr { host: "127.12.0.129" port: 42103 } health_report { overall_health: UNKNOWN } } peers { permanent_uuid: "dcf362555a42411e87bf2495eeaa49d7" member_type: VOTER last_known_addr { host: "127.12.0.130" port: 33859 } health_report { overall_health: HEALTHY } } peers { permanent_uuid: "f6de1d1f347b4f05800e2b647b4b040a" member_type: VOTER last_known_addr { host: "127.12.0.131" port: 39843 } health_report { overall_health: UNKNOWN } } }
I20260709 14:51:43.842164 12319 catalog_manager.cc:5697] T 4f1c23f85e1240d3884bd1149c295866 P dcf362555a42411e87bf2495eeaa49d7 reported cstate change: term changed from 1 to 2, leader changed from 4a630bba37bb4a099d0008165ddcc2ce (127.12.0.129) to dcf362555a42411e87bf2495eeaa49d7 (127.12.0.130). New cstate: current_term: 2 leader_uuid: "dcf362555a42411e87bf2495eeaa49d7" committed_config { opid_index: -1 OBSOLETE_local: false peers { permanent_uuid: "4a630bba37bb4a099d0008165ddcc2ce" member_type: VOTER last_known_addr { host: "127.12.0.129" port: 42103 } health_report { overall_health: UNKNOWN } } peers { permanent_uuid: "dcf362555a42411e87bf2495eeaa49d7" member_type: VOTER last_known_addr { host: "127.12.0.130" port: 33859 } health_report { overall_health: HEALTHY } } peers { permanent_uuid: "f6de1d1f347b4f05800e2b647b4b040a" member_type: VOTER last_known_addr { host: "127.12.0.131" port: 39843 } health_report { overall_health: UNKNOWN } } }
I20260709 14:51:43.842720 12499 leader_election.cc:290] T c4f2395ac6ee41a3b1674bd534d99261 P dcf362555a42411e87bf2495eeaa49d7 [CANDIDATE]: Term 3 election: Requested vote from peers 4a630bba37bb4a099d0008165ddcc2ce (127.12.0.129:42103), f6de1d1f347b4f05800e2b647b4b040a (127.12.0.131:39843)
I20260709 14:51:43.842716 12425 tablet_service.cc:1917] Received RequestConsensusVote() RPC: tablet_id: "c4f2395ac6ee41a3b1674bd534d99261" candidate_uuid: "dcf362555a42411e87bf2495eeaa49d7" candidate_term: 3 candidate_status { last_received { term: 2 index: 1 } } ignore_live_leader: true dest_uuid: "4a630bba37bb4a099d0008165ddcc2ce"
I20260709 14:51:43.843252 12572 tablet_service.cc:1917] Received RequestConsensusVote() RPC: tablet_id: "c4f2395ac6ee41a3b1674bd534d99261" candidate_uuid: "dcf362555a42411e87bf2495eeaa49d7" candidate_term: 3 candidate_status { last_received { term: 2 index: 1 } } ignore_live_leader: true dest_uuid: "f6de1d1f347b4f05800e2b647b4b040a"
I20260709 14:51:43.843636 12425 raft_consensus.cc:3055] T c4f2395ac6ee41a3b1674bd534d99261 P 4a630bba37bb4a099d0008165ddcc2ce [term 2 LEADER]: Stepping down as leader of term 2
I20260709 14:51:43.843806 12572 raft_consensus.cc:3060] T c4f2395ac6ee41a3b1674bd534d99261 P f6de1d1f347b4f05800e2b647b4b040a [term 2 FOLLOWER]: Advancing to term 3
I20260709 14:51:43.843982 12425 raft_consensus.cc:740] T c4f2395ac6ee41a3b1674bd534d99261 P 4a630bba37bb4a099d0008165ddcc2ce [term 2 LEADER]: Becoming Follower/Learner. State: Replica: 4a630bba37bb4a099d0008165ddcc2ce, State: Running, Role: LEADER
I20260709 14:51:43.844803 12425 consensus_queue.cc:260] T c4f2395ac6ee41a3b1674bd534d99261 P 4a630bba37bb4a099d0008165ddcc2ce [NON_LEADER]: Queue going to NON_LEADER mode. State: All replicated index: 0, Majority replicated index: 1, Committed index: 1, Last appended: 2.1, Last appended by leader: 1, Current term: 2, Majority size: -1, State: 0, Mode: NON_LEADER, active raft config: opid_index: -1 OBSOLETE_local: false peers { permanent_uuid: "4a630bba37bb4a099d0008165ddcc2ce" member_type: VOTER last_known_addr { host: "127.12.0.129" port: 42103 } } peers { permanent_uuid: "dcf362555a42411e87bf2495eeaa49d7" member_type: VOTER last_known_addr { host: "127.12.0.130" port: 33859 } } peers { permanent_uuid: "f6de1d1f347b4f05800e2b647b4b040a" member_type: VOTER last_known_addr { host: "127.12.0.131" port: 39843 } }
I20260709 14:51:43.845973 12425 raft_consensus.cc:3060] T c4f2395ac6ee41a3b1674bd534d99261 P 4a630bba37bb4a099d0008165ddcc2ce [term 2 FOLLOWER]: Advancing to term 3
I20260709 14:51:43.850628 12572 raft_consensus.cc:2468] T c4f2395ac6ee41a3b1674bd534d99261 P f6de1d1f347b4f05800e2b647b4b040a [term 3 FOLLOWER]: Leader election vote request: Granting yes vote for candidate dcf362555a42411e87bf2495eeaa49d7 in term 3.
I20260709 14:51:43.851871 12463 leader_election.cc:304] T c4f2395ac6ee41a3b1674bd534d99261 P dcf362555a42411e87bf2495eeaa49d7 [CANDIDATE]: Term 3 election: Election decided. Result: candidate won. Election summary: received 2 responses out of 3 voters: 2 yes votes; 0 no votes. yes voters: dcf362555a42411e87bf2495eeaa49d7, f6de1d1f347b4f05800e2b647b4b040a; no voters: 
I20260709 14:51:43.852406 12425 raft_consensus.cc:2468] T c4f2395ac6ee41a3b1674bd534d99261 P 4a630bba37bb4a099d0008165ddcc2ce [term 3 FOLLOWER]: Leader election vote request: Granting yes vote for candidate dcf362555a42411e87bf2495eeaa49d7 in term 3.
I20260709 14:51:43.852562 12710 raft_consensus.cc:2804] T c4f2395ac6ee41a3b1674bd534d99261 P dcf362555a42411e87bf2495eeaa49d7 [term 3 FOLLOWER]: Leader election won for term 3
I20260709 14:51:43.853071 12710 raft_consensus.cc:697] T c4f2395ac6ee41a3b1674bd534d99261 P dcf362555a42411e87bf2495eeaa49d7 [term 3 LEADER]: Becoming Leader. State: Replica: dcf362555a42411e87bf2495eeaa49d7, State: Running, Role: LEADER
I20260709 14:51:43.853802 12710 consensus_queue.cc:237] T c4f2395ac6ee41a3b1674bd534d99261 P dcf362555a42411e87bf2495eeaa49d7 [LEADER]: Queue going to LEADER mode. State: All replicated index: 0, Majority replicated index: 1, Committed index: 1, Last appended: 2.1, Last appended by leader: 1, Current term: 3, Majority size: 2, State: 0, Mode: LEADER, active raft config: opid_index: -1 OBSOLETE_local: false peers { permanent_uuid: "4a630bba37bb4a099d0008165ddcc2ce" member_type: VOTER last_known_addr { host: "127.12.0.129" port: 42103 } } peers { permanent_uuid: "dcf362555a42411e87bf2495eeaa49d7" member_type: VOTER last_known_addr { host: "127.12.0.130" port: 33859 } } peers { permanent_uuid: "f6de1d1f347b4f05800e2b647b4b040a" member_type: VOTER last_known_addr { host: "127.12.0.131" port: 39843 } }
I20260709 14:51:43.860001 12319 catalog_manager.cc:5697] T c4f2395ac6ee41a3b1674bd534d99261 P dcf362555a42411e87bf2495eeaa49d7 reported cstate change: term changed from 2 to 3, leader changed from 4a630bba37bb4a099d0008165ddcc2ce (127.12.0.129) to dcf362555a42411e87bf2495eeaa49d7 (127.12.0.130). New cstate: current_term: 3 leader_uuid: "dcf362555a42411e87bf2495eeaa49d7" committed_config { opid_index: -1 OBSOLETE_local: false peers { permanent_uuid: "4a630bba37bb4a099d0008165ddcc2ce" member_type: VOTER last_known_addr { host: "127.12.0.129" port: 42103 } health_report { overall_health: UNKNOWN } } peers { permanent_uuid: "dcf362555a42411e87bf2495eeaa49d7" member_type: VOTER last_known_addr { host: "127.12.0.130" port: 33859 } health_report { overall_health: HEALTHY } } peers { permanent_uuid: "f6de1d1f347b4f05800e2b647b4b040a" member_type: VOTER last_known_addr { host: "127.12.0.131" port: 39843 } health_report { overall_health: UNKNOWN } } }
I20260709 14:51:43.993757 12721 raft_consensus.cc:993] T 03edf7f085fa48309d025d8b80d7a5a6 P f6de1d1f347b4f05800e2b647b4b040a: : Instructing follower dcf362555a42411e87bf2495eeaa49d7 to start an election
I20260709 14:51:43.994155 12711 raft_consensus.cc:1081] T 03edf7f085fa48309d025d8b80d7a5a6 P f6de1d1f347b4f05800e2b647b4b040a [term 3 LEADER]: Signalling peer dcf362555a42411e87bf2495eeaa49d7 to start an election
I20260709 14:51:43.995651 12499 tablet_service.cc:2044] Received Run Leader Election RPC: tablet_id: "03edf7f085fa48309d025d8b80d7a5a6"
dest_uuid: "dcf362555a42411e87bf2495eeaa49d7"
 from {username='slave'} at 127.0.0.1:53772
I20260709 14:51:43.996145 12499 raft_consensus.cc:493] T 03edf7f085fa48309d025d8b80d7a5a6 P dcf362555a42411e87bf2495eeaa49d7 [term 3 FOLLOWER]: Starting forced leader election (received explicit request)
I20260709 14:51:43.996510 12499 raft_consensus.cc:3060] T 03edf7f085fa48309d025d8b80d7a5a6 P dcf362555a42411e87bf2495eeaa49d7 [term 3 FOLLOWER]: Advancing to term 4
I20260709 14:51:44.001072 12499 raft_consensus.cc:515] T 03edf7f085fa48309d025d8b80d7a5a6 P dcf362555a42411e87bf2495eeaa49d7 [term 4 FOLLOWER]: Starting forced leader election with config: opid_index: -1 OBSOLETE_local: false peers { permanent_uuid: "dcf362555a42411e87bf2495eeaa49d7" member_type: VOTER last_known_addr { host: "127.12.0.130" port: 33859 } } peers { permanent_uuid: "4a630bba37bb4a099d0008165ddcc2ce" member_type: VOTER last_known_addr { host: "127.12.0.129" port: 42103 } } peers { permanent_uuid: "f6de1d1f347b4f05800e2b647b4b040a" member_type: VOTER last_known_addr { host: "127.12.0.131" port: 39843 } }
I20260709 14:51:44.002666 12499 leader_election.cc:290] T 03edf7f085fa48309d025d8b80d7a5a6 P dcf362555a42411e87bf2495eeaa49d7 [CANDIDATE]: Term 4 election: Requested vote from peers 4a630bba37bb4a099d0008165ddcc2ce (127.12.0.129:42103), f6de1d1f347b4f05800e2b647b4b040a (127.12.0.131:39843)
I20260709 14:51:44.003484 12425 tablet_service.cc:1917] Received RequestConsensusVote() RPC: tablet_id: "03edf7f085fa48309d025d8b80d7a5a6" candidate_uuid: "dcf362555a42411e87bf2495eeaa49d7" candidate_term: 4 candidate_status { last_received { term: 3 index: 3 } } ignore_live_leader: true dest_uuid: "4a630bba37bb4a099d0008165ddcc2ce"
I20260709 14:51:44.003705 12572 tablet_service.cc:1917] Received RequestConsensusVote() RPC: tablet_id: "03edf7f085fa48309d025d8b80d7a5a6" candidate_uuid: "dcf362555a42411e87bf2495eeaa49d7" candidate_term: 4 candidate_status { last_received { term: 3 index: 3 } } ignore_live_leader: true dest_uuid: "f6de1d1f347b4f05800e2b647b4b040a"
I20260709 14:51:44.004010 12425 raft_consensus.cc:3060] T 03edf7f085fa48309d025d8b80d7a5a6 P 4a630bba37bb4a099d0008165ddcc2ce [term 3 FOLLOWER]: Advancing to term 4
I20260709 14:51:44.004254 12572 raft_consensus.cc:3055] T 03edf7f085fa48309d025d8b80d7a5a6 P f6de1d1f347b4f05800e2b647b4b040a [term 3 LEADER]: Stepping down as leader of term 3
I20260709 14:51:44.004583 12572 raft_consensus.cc:740] T 03edf7f085fa48309d025d8b80d7a5a6 P f6de1d1f347b4f05800e2b647b4b040a [term 3 LEADER]: Becoming Follower/Learner. State: Replica: f6de1d1f347b4f05800e2b647b4b040a, State: Running, Role: LEADER
I20260709 14:51:44.005251 12572 consensus_queue.cc:260] T 03edf7f085fa48309d025d8b80d7a5a6 P f6de1d1f347b4f05800e2b647b4b040a [NON_LEADER]: Queue going to NON_LEADER mode. State: All replicated index: 0, Majority replicated index: 3, Committed index: 3, Last appended: 3.3, Last appended by leader: 3, Current term: 3, Majority size: -1, State: 0, Mode: NON_LEADER, active raft config: opid_index: -1 OBSOLETE_local: false peers { permanent_uuid: "dcf362555a42411e87bf2495eeaa49d7" member_type: VOTER last_known_addr { host: "127.12.0.130" port: 33859 } } peers { permanent_uuid: "4a630bba37bb4a099d0008165ddcc2ce" member_type: VOTER last_known_addr { host: "127.12.0.129" port: 42103 } } peers { permanent_uuid: "f6de1d1f347b4f05800e2b647b4b040a" member_type: VOTER last_known_addr { host: "127.12.0.131" port: 39843 } }
I20260709 14:51:44.006132 12572 raft_consensus.cc:3060] T 03edf7f085fa48309d025d8b80d7a5a6 P f6de1d1f347b4f05800e2b647b4b040a [term 3 FOLLOWER]: Advancing to term 4
I20260709 14:51:44.009426 12425 raft_consensus.cc:2468] T 03edf7f085fa48309d025d8b80d7a5a6 P 4a630bba37bb4a099d0008165ddcc2ce [term 4 FOLLOWER]: Leader election vote request: Granting yes vote for candidate dcf362555a42411e87bf2495eeaa49d7 in term 4.
I20260709 14:51:44.010851 12572 raft_consensus.cc:2468] T 03edf7f085fa48309d025d8b80d7a5a6 P f6de1d1f347b4f05800e2b647b4b040a [term 4 FOLLOWER]: Leader election vote request: Granting yes vote for candidate dcf362555a42411e87bf2495eeaa49d7 in term 4.
I20260709 14:51:44.010892 12464 leader_election.cc:304] T 03edf7f085fa48309d025d8b80d7a5a6 P dcf362555a42411e87bf2495eeaa49d7 [CANDIDATE]: Term 4 election: Election decided. Result: candidate won. Election summary: received 2 responses out of 3 voters: 2 yes votes; 0 no votes. yes voters: 4a630bba37bb4a099d0008165ddcc2ce, dcf362555a42411e87bf2495eeaa49d7; no voters: 
I20260709 14:51:44.011741 12710 raft_consensus.cc:2804] T 03edf7f085fa48309d025d8b80d7a5a6 P dcf362555a42411e87bf2495eeaa49d7 [term 4 FOLLOWER]: Leader election won for term 4
I20260709 14:51:44.012336 12710 raft_consensus.cc:697] T 03edf7f085fa48309d025d8b80d7a5a6 P dcf362555a42411e87bf2495eeaa49d7 [term 4 LEADER]: Becoming Leader. State: Replica: dcf362555a42411e87bf2495eeaa49d7, State: Running, Role: LEADER
I20260709 14:51:44.013067 12710 consensus_queue.cc:237] T 03edf7f085fa48309d025d8b80d7a5a6 P dcf362555a42411e87bf2495eeaa49d7 [LEADER]: Queue going to LEADER mode. State: All replicated index: 0, Majority replicated index: 3, Committed index: 3, Last appended: 3.3, Last appended by leader: 3, Current term: 4, Majority size: 2, State: 0, Mode: LEADER, active raft config: opid_index: -1 OBSOLETE_local: false peers { permanent_uuid: "dcf362555a42411e87bf2495eeaa49d7" member_type: VOTER last_known_addr { host: "127.12.0.130" port: 33859 } } peers { permanent_uuid: "4a630bba37bb4a099d0008165ddcc2ce" member_type: VOTER last_known_addr { host: "127.12.0.129" port: 42103 } } peers { permanent_uuid: "f6de1d1f347b4f05800e2b647b4b040a" member_type: VOTER last_known_addr { host: "127.12.0.131" port: 39843 } }
I20260709 14:51:44.018955 12319 catalog_manager.cc:5697] T 03edf7f085fa48309d025d8b80d7a5a6 P dcf362555a42411e87bf2495eeaa49d7 reported cstate change: term changed from 3 to 4, leader changed from f6de1d1f347b4f05800e2b647b4b040a (127.12.0.131) to dcf362555a42411e87bf2495eeaa49d7 (127.12.0.130). New cstate: current_term: 4 leader_uuid: "dcf362555a42411e87bf2495eeaa49d7" committed_config { opid_index: -1 OBSOLETE_local: false peers { permanent_uuid: "dcf362555a42411e87bf2495eeaa49d7" member_type: VOTER last_known_addr { host: "127.12.0.130" port: 33859 } health_report { overall_health: HEALTHY } } peers { permanent_uuid: "4a630bba37bb4a099d0008165ddcc2ce" member_type: VOTER last_known_addr { host: "127.12.0.129" port: 42103 } health_report { overall_health: UNKNOWN } } peers { permanent_uuid: "f6de1d1f347b4f05800e2b647b4b040a" member_type: VOTER last_known_addr { host: "127.12.0.131" port: 39843 } health_report { overall_health: UNKNOWN } } }
I20260709 14:51:44.277835 12425 raft_consensus.cc:1275] T f9f505ebee2944fcb639ff6610068b41 P 4a630bba37bb4a099d0008165ddcc2ce [term 3 FOLLOWER]: Refusing update from remote peer dcf362555a42411e87bf2495eeaa49d7: Log matching property violated. Preceding OpId in replica: term: 2 index: 2. Preceding OpId from leader: term: 3 index: 3. (index mismatch)
I20260709 14:51:44.278232 12572 raft_consensus.cc:1275] T 4f1c23f85e1240d3884bd1149c295866 P f6de1d1f347b4f05800e2b647b4b040a [term 2 FOLLOWER]: Refusing update from remote peer dcf362555a42411e87bf2495eeaa49d7: Log matching property violated. Preceding OpId in replica: term: 1 index: 1. Preceding OpId from leader: term: 2 index: 2. (index mismatch)
I20260709 14:51:44.279317 12727 consensus_queue.cc:1048] T f9f505ebee2944fcb639ff6610068b41 P dcf362555a42411e87bf2495eeaa49d7 [LEADER]: Connected to new peer: Peer: permanent_uuid: "4a630bba37bb4a099d0008165ddcc2ce" member_type: VOTER last_known_addr { host: "127.12.0.129" port: 42103 }, Status: LMP_MISMATCH, Last received: 0.0, Next index: 3, Last known committed idx: 2, Time since last communication: 0.000s
I20260709 14:51:44.279702 12710 consensus_queue.cc:1048] T 4f1c23f85e1240d3884bd1149c295866 P dcf362555a42411e87bf2495eeaa49d7 [LEADER]: Connected to new peer: Peer: permanent_uuid: "f6de1d1f347b4f05800e2b647b4b040a" member_type: VOTER last_known_addr { host: "127.12.0.131" port: 39843 }, Status: LMP_MISMATCH, Last received: 0.0, Next index: 2, Last known committed idx: 1, Time since last communication: 0.000s
I20260709 14:51:44.298053 12574 raft_consensus.cc:1275] T f9f505ebee2944fcb639ff6610068b41 P f6de1d1f347b4f05800e2b647b4b040a [term 3 FOLLOWER]: Refusing update from remote peer dcf362555a42411e87bf2495eeaa49d7: Log matching property violated. Preceding OpId in replica: term: 2 index: 2. Preceding OpId from leader: term: 3 index: 3. (index mismatch)
I20260709 14:51:44.298275 12425 raft_consensus.cc:1275] T 4f1c23f85e1240d3884bd1149c295866 P 4a630bba37bb4a099d0008165ddcc2ce [term 2 FOLLOWER]: Refusing update from remote peer dcf362555a42411e87bf2495eeaa49d7: Log matching property violated. Preceding OpId in replica: term: 1 index: 1. Preceding OpId from leader: term: 2 index: 2. (index mismatch)
I20260709 14:51:44.300450 12740 consensus_queue.cc:1048] T f9f505ebee2944fcb639ff6610068b41 P dcf362555a42411e87bf2495eeaa49d7 [LEADER]: Connected to new peer: Peer: permanent_uuid: "f6de1d1f347b4f05800e2b647b4b040a" member_type: VOTER last_known_addr { host: "127.12.0.131" port: 39843 }, Status: LMP_MISMATCH, Last received: 0.0, Next index: 3, Last known committed idx: 2, Time since last communication: 0.000s
I20260709 14:51:44.302382 12727 consensus_queue.cc:1048] T 4f1c23f85e1240d3884bd1149c295866 P dcf362555a42411e87bf2495eeaa49d7 [LEADER]: Connected to new peer: Peer: permanent_uuid: "4a630bba37bb4a099d0008165ddcc2ce" member_type: VOTER last_known_addr { host: "127.12.0.129" port: 42103 }, Status: LMP_MISMATCH, Last received: 0.0, Next index: 2, Last known committed idx: 1, Time since last communication: 0.000s
I20260709 14:51:44.344508 12574 raft_consensus.cc:1275] T c4f2395ac6ee41a3b1674bd534d99261 P f6de1d1f347b4f05800e2b647b4b040a [term 3 FOLLOWER]: Refusing update from remote peer dcf362555a42411e87bf2495eeaa49d7: Log matching property violated. Preceding OpId in replica: term: 2 index: 1. Preceding OpId from leader: term: 3 index: 2. (index mismatch)
I20260709 14:51:44.345693 12710 consensus_queue.cc:1048] T c4f2395ac6ee41a3b1674bd534d99261 P dcf362555a42411e87bf2495eeaa49d7 [LEADER]: Connected to new peer: Peer: permanent_uuid: "f6de1d1f347b4f05800e2b647b4b040a" member_type: VOTER last_known_addr { host: "127.12.0.131" port: 39843 }, Status: LMP_MISMATCH, Last received: 0.0, Next index: 2, Last known committed idx: 1, Time since last communication: 0.000s
I20260709 14:51:44.352326 12574 raft_consensus.cc:1275] T a0797d417e57483f91a7222b55497c9c P f6de1d1f347b4f05800e2b647b4b040a [term 3 FOLLOWER]: Refusing update from remote peer dcf362555a42411e87bf2495eeaa49d7: Log matching property violated. Preceding OpId in replica: term: 2 index: 2. Preceding OpId from leader: term: 3 index: 3. (index mismatch)
I20260709 14:51:44.355104 12425 raft_consensus.cc:1275] T c4f2395ac6ee41a3b1674bd534d99261 P 4a630bba37bb4a099d0008165ddcc2ce [term 3 FOLLOWER]: Refusing update from remote peer dcf362555a42411e87bf2495eeaa49d7: Log matching property violated. Preceding OpId in replica: term: 2 index: 1. Preceding OpId from leader: term: 3 index: 2. (index mismatch)
I20260709 14:51:44.355338 12727 consensus_queue.cc:1048] T a0797d417e57483f91a7222b55497c9c P dcf362555a42411e87bf2495eeaa49d7 [LEADER]: Connected to new peer: Peer: permanent_uuid: "f6de1d1f347b4f05800e2b647b4b040a" member_type: VOTER last_known_addr { host: "127.12.0.131" port: 39843 }, Status: LMP_MISMATCH, Last received: 0.0, Next index: 3, Last known committed idx: 2, Time since last communication: 0.000s
I20260709 14:51:44.356771 12710 consensus_queue.cc:1048] T c4f2395ac6ee41a3b1674bd534d99261 P dcf362555a42411e87bf2495eeaa49d7 [LEADER]: Connected to new peer: Peer: permanent_uuid: "4a630bba37bb4a099d0008165ddcc2ce" member_type: VOTER last_known_addr { host: "127.12.0.129" port: 42103 }, Status: LMP_MISMATCH, Last received: 0.0, Next index: 2, Last known committed idx: 1, Time since last communication: 0.000s
I20260709 14:51:44.366952 12423 raft_consensus.cc:1275] T a0797d417e57483f91a7222b55497c9c P 4a630bba37bb4a099d0008165ddcc2ce [term 3 FOLLOWER]: Refusing update from remote peer dcf362555a42411e87bf2495eeaa49d7: Log matching property violated. Preceding OpId in replica: term: 2 index: 2. Preceding OpId from leader: term: 3 index: 3. (index mismatch)
I20260709 14:51:44.369482 12739 consensus_queue.cc:1048] T a0797d417e57483f91a7222b55497c9c P dcf362555a42411e87bf2495eeaa49d7 [LEADER]: Connected to new peer: Peer: permanent_uuid: "4a630bba37bb4a099d0008165ddcc2ce" member_type: VOTER last_known_addr { host: "127.12.0.129" port: 42103 }, Status: LMP_MISMATCH, Last received: 0.0, Next index: 3, Last known committed idx: 2, Time since last communication: 0.000s
I20260709 14:51:44.406363 12572 raft_consensus.cc:1275] T 03edf7f085fa48309d025d8b80d7a5a6 P f6de1d1f347b4f05800e2b647b4b040a [term 4 FOLLOWER]: Refusing update from remote peer dcf362555a42411e87bf2495eeaa49d7: Log matching property violated. Preceding OpId in replica: term: 3 index: 3. Preceding OpId from leader: term: 4 index: 4. (index mismatch)
I20260709 14:51:44.407680 12727 consensus_queue.cc:1048] T 03edf7f085fa48309d025d8b80d7a5a6 P dcf362555a42411e87bf2495eeaa49d7 [LEADER]: Connected to new peer: Peer: permanent_uuid: "f6de1d1f347b4f05800e2b647b4b040a" member_type: VOTER last_known_addr { host: "127.12.0.131" port: 39843 }, Status: LMP_MISMATCH, Last received: 0.0, Next index: 4, Last known committed idx: 3, Time since last communication: 0.000s
I20260709 14:51:44.414938 12423 raft_consensus.cc:1275] T 03edf7f085fa48309d025d8b80d7a5a6 P 4a630bba37bb4a099d0008165ddcc2ce [term 4 FOLLOWER]: Refusing update from remote peer dcf362555a42411e87bf2495eeaa49d7: Log matching property violated. Preceding OpId in replica: term: 3 index: 3. Preceding OpId from leader: term: 4 index: 4. (index mismatch)
I20260709 14:51:44.416077 12739 consensus_queue.cc:1048] T 03edf7f085fa48309d025d8b80d7a5a6 P dcf362555a42411e87bf2495eeaa49d7 [LEADER]: Connected to new peer: Peer: permanent_uuid: "4a630bba37bb4a099d0008165ddcc2ce" member_type: VOTER last_known_addr { host: "127.12.0.129" port: 42103 }, Status: LMP_MISMATCH, Last received: 0.0, Next index: 4, Last known committed idx: 3, Time since last communication: 0.000s
I20260709 14:51:46.764243 12754 raft_consensus.cc:493] T 03edf7f085fa48309d025d8b80d7a5a6 P f6de1d1f347b4f05800e2b647b4b040a [term 4 FOLLOWER]: Starting pre-election (detected failure of leader dcf362555a42411e87bf2495eeaa49d7)
I20260709 14:51:46.765754 12754 raft_consensus.cc:515] T 03edf7f085fa48309d025d8b80d7a5a6 P f6de1d1f347b4f05800e2b647b4b040a [term 4 FOLLOWER]: Starting pre-election with config: opid_index: -1 OBSOLETE_local: false peers { permanent_uuid: "dcf362555a42411e87bf2495eeaa49d7" member_type: VOTER last_known_addr { host: "127.12.0.130" port: 33859 } } peers { permanent_uuid: "4a630bba37bb4a099d0008165ddcc2ce" member_type: VOTER last_known_addr { host: "127.12.0.129" port: 42103 } } peers { permanent_uuid: "f6de1d1f347b4f05800e2b647b4b040a" member_type: VOTER last_known_addr { host: "127.12.0.131" port: 39843 } }
I20260709 14:51:46.893060 12754 leader_election.cc:290] T 03edf7f085fa48309d025d8b80d7a5a6 P f6de1d1f347b4f05800e2b647b4b040a [CANDIDATE]: Term 5 pre-election: Requested pre-vote from peers dcf362555a42411e87bf2495eeaa49d7 (127.12.0.130:33859), 4a630bba37bb4a099d0008165ddcc2ce (127.12.0.129:42103)
I20260709 14:51:46.883149 12757 raft_consensus.cc:493] T 57bfccc839a94521a55a8d6ede61f22a P f6de1d1f347b4f05800e2b647b4b040a [term 1 FOLLOWER]: Starting pre-election (detected failure of leader dcf362555a42411e87bf2495eeaa49d7)
I20260709 14:51:47.005628 12757 raft_consensus.cc:515] T 57bfccc839a94521a55a8d6ede61f22a P f6de1d1f347b4f05800e2b647b4b040a [term 1 FOLLOWER]: Starting pre-election with config: opid_index: -1 OBSOLETE_local: false peers { permanent_uuid: "4a630bba37bb4a099d0008165ddcc2ce" member_type: VOTER last_known_addr { host: "127.12.0.129" port: 42103 } } peers { permanent_uuid: "dcf362555a42411e87bf2495eeaa49d7" member_type: VOTER last_known_addr { host: "127.12.0.130" port: 33859 } } peers { permanent_uuid: "f6de1d1f347b4f05800e2b647b4b040a" member_type: VOTER last_known_addr { host: "127.12.0.131" port: 39843 } }
I20260709 14:51:47.008453 12757 leader_election.cc:290] T 57bfccc839a94521a55a8d6ede61f22a P f6de1d1f347b4f05800e2b647b4b040a [CANDIDATE]: Term 2 pre-election: Requested pre-vote from peers 4a630bba37bb4a099d0008165ddcc2ce (127.12.0.129:42103), dcf362555a42411e87bf2495eeaa49d7 (127.12.0.130:33859)
I20260709 14:51:46.791589 12755 raft_consensus.cc:493] T c1dbbe534db146a093c5ca9bceb59bee P f6de1d1f347b4f05800e2b647b4b040a [term 1 FOLLOWER]: Starting pre-election (detected failure of leader dcf362555a42411e87bf2495eeaa49d7)
I20260709 14:51:47.009676 12755 raft_consensus.cc:515] T c1dbbe534db146a093c5ca9bceb59bee P f6de1d1f347b4f05800e2b647b4b040a [term 1 FOLLOWER]: Starting pre-election with config: opid_index: -1 OBSOLETE_local: false peers { permanent_uuid: "4a630bba37bb4a099d0008165ddcc2ce" member_type: VOTER last_known_addr { host: "127.12.0.129" port: 42103 } } peers { permanent_uuid: "dcf362555a42411e87bf2495eeaa49d7" member_type: VOTER last_known_addr { host: "127.12.0.130" port: 33859 } } peers { permanent_uuid: "f6de1d1f347b4f05800e2b647b4b040a" member_type: VOTER last_known_addr { host: "127.12.0.131" port: 39843 } }
I20260709 14:51:47.010332 12500 tablet_service.cc:1917] Received RequestConsensusVote() RPC: tablet_id: "57bfccc839a94521a55a8d6ede61f22a" candidate_uuid: "f6de1d1f347b4f05800e2b647b4b040a" candidate_term: 2 candidate_status { last_received { term: 1 index: 1 } } ignore_live_leader: false dest_uuid: "dcf362555a42411e87bf2495eeaa49d7" is_pre_election: true
I20260709 14:51:47.015955 12500 tablet_service.cc:1917] Received RequestConsensusVote() RPC: tablet_id: "c1dbbe534db146a093c5ca9bceb59bee" candidate_uuid: "f6de1d1f347b4f05800e2b647b4b040a" candidate_term: 2 candidate_status { last_received { term: 1 index: 1 } } ignore_live_leader: false dest_uuid: "dcf362555a42411e87bf2495eeaa49d7" is_pre_election: true
I20260709 14:51:47.016772 12755 leader_election.cc:290] T c1dbbe534db146a093c5ca9bceb59bee P f6de1d1f347b4f05800e2b647b4b040a [CANDIDATE]: Term 2 pre-election: Requested pre-vote from peers 4a630bba37bb4a099d0008165ddcc2ce (127.12.0.129:42103), dcf362555a42411e87bf2495eeaa49d7 (127.12.0.130:33859)
I20260709 14:51:46.938192 12758 raft_consensus.cc:493] T f9f505ebee2944fcb639ff6610068b41 P f6de1d1f347b4f05800e2b647b4b040a [term 3 FOLLOWER]: Starting pre-election (detected failure of leader dcf362555a42411e87bf2495eeaa49d7)
I20260709 14:51:47.019093 12758 raft_consensus.cc:515] T f9f505ebee2944fcb639ff6610068b41 P f6de1d1f347b4f05800e2b647b4b040a [term 3 FOLLOWER]: Starting pre-election with config: opid_index: -1 OBSOLETE_local: false peers { permanent_uuid: "4a630bba37bb4a099d0008165ddcc2ce" member_type: VOTER last_known_addr { host: "127.12.0.129" port: 42103 } } peers { permanent_uuid: "dcf362555a42411e87bf2495eeaa49d7" member_type: VOTER last_known_addr { host: "127.12.0.130" port: 33859 } } peers { permanent_uuid: "f6de1d1f347b4f05800e2b647b4b040a" member_type: VOTER last_known_addr { host: "127.12.0.131" port: 39843 } }
I20260709 14:51:47.027878 12758 leader_election.cc:290] T f9f505ebee2944fcb639ff6610068b41 P f6de1d1f347b4f05800e2b647b4b040a [CANDIDATE]: Term 4 pre-election: Requested pre-vote from peers 4a630bba37bb4a099d0008165ddcc2ce (127.12.0.129:42103), dcf362555a42411e87bf2495eeaa49d7 (127.12.0.130:33859)
I20260709 14:51:46.990842 12759 raft_consensus.cc:493] T 922463c75e9146b8be1d9661217ae3b2 P 4a630bba37bb4a099d0008165ddcc2ce [term 2 FOLLOWER]: Starting pre-election (detected failure of leader f6de1d1f347b4f05800e2b647b4b040a)
I20260709 14:51:47.033361 12500 tablet_service.cc:1917] Received RequestConsensusVote() RPC: tablet_id: "f9f505ebee2944fcb639ff6610068b41" candidate_uuid: "f6de1d1f347b4f05800e2b647b4b040a" candidate_term: 4 candidate_status { last_received { term: 3 index: 3 } } ignore_live_leader: false dest_uuid: "dcf362555a42411e87bf2495eeaa49d7" is_pre_election: true
I20260709 14:51:46.886947 12756 raft_consensus.cc:493] T 4f1c23f85e1240d3884bd1149c295866 P f6de1d1f347b4f05800e2b647b4b040a [term 2 FOLLOWER]: Starting pre-election (detected failure of leader dcf362555a42411e87bf2495eeaa49d7)
I20260709 14:51:47.035647 12756 raft_consensus.cc:515] T 4f1c23f85e1240d3884bd1149c295866 P f6de1d1f347b4f05800e2b647b4b040a [term 2 FOLLOWER]: Starting pre-election with config: opid_index: -1 OBSOLETE_local: false peers { permanent_uuid: "4a630bba37bb4a099d0008165ddcc2ce" member_type: VOTER last_known_addr { host: "127.12.0.129" port: 42103 } } peers { permanent_uuid: "dcf362555a42411e87bf2495eeaa49d7" member_type: VOTER last_known_addr { host: "127.12.0.130" port: 33859 } } peers { permanent_uuid: "f6de1d1f347b4f05800e2b647b4b040a" member_type: VOTER last_known_addr { host: "127.12.0.131" port: 39843 } }
I20260709 14:51:47.018436 12753 raft_consensus.cc:493] T 922463c75e9146b8be1d9661217ae3b2 P dcf362555a42411e87bf2495eeaa49d7 [term 2 FOLLOWER]: Starting pre-election (detected failure of leader f6de1d1f347b4f05800e2b647b4b040a)
I20260709 14:51:47.039172 12753 raft_consensus.cc:515] T 922463c75e9146b8be1d9661217ae3b2 P dcf362555a42411e87bf2495eeaa49d7 [term 2 FOLLOWER]: Starting pre-election with config: opid_index: -1 OBSOLETE_local: false peers { permanent_uuid: "4a630bba37bb4a099d0008165ddcc2ce" member_type: VOTER last_known_addr { host: "127.12.0.129" port: 42103 } } peers { permanent_uuid: "dcf362555a42411e87bf2495eeaa49d7" member_type: VOTER last_known_addr { host: "127.12.0.130" port: 33859 } } peers { permanent_uuid: "f6de1d1f347b4f05800e2b647b4b040a" member_type: VOTER last_known_addr { host: "127.12.0.131" port: 39843 } }
I20260709 14:51:47.042060 12753 leader_election.cc:290] T 922463c75e9146b8be1d9661217ae3b2 P dcf362555a42411e87bf2495eeaa49d7 [CANDIDATE]: Term 3 pre-election: Requested pre-vote from peers 4a630bba37bb4a099d0008165ddcc2ce (127.12.0.129:42103), f6de1d1f347b4f05800e2b647b4b040a (127.12.0.131:39843)
I20260709 14:51:47.042692 12756 leader_election.cc:290] T 4f1c23f85e1240d3884bd1149c295866 P f6de1d1f347b4f05800e2b647b4b040a [CANDIDATE]: Term 3 pre-election: Requested pre-vote from peers 4a630bba37bb4a099d0008165ddcc2ce (127.12.0.129:42103), dcf362555a42411e87bf2495eeaa49d7 (127.12.0.130:33859)
