I20260709 14:52:03.755103  9959 raft_consensus.cc:2749] T 07532d746153427588554569d393b0e5 P 5f31bece25054b6683837cda70a6aa9c [term 0 FOLLOWER]: Leader pre-election lost for term 1. Reason: could not achieve majority
I20260709 14:52:03.753460  9775 tablet_service.cc:1917] Received RequestConsensusVote() RPC: tablet_id: "1f8474e60bb4402dbcc0ceb01e76dbdb" candidate_uuid: "b58a724d8ee045bc8c177efd3aa8dc36" candidate_term: 1 candidate_status { last_received { term: 0 index: 0 } } ignore_live_leader: false dest_uuid: "5f31bece25054b6683837cda70a6aa9c" is_pre_election: true
W20260709 14:52:03.756184  9814 leader_election.cc:343] T 1f8474e60bb4402dbcc0ceb01e76dbdb P b58a724d8ee045bc8c177efd3aa8dc36 [CANDIDATE]: Term 1 pre-election: Tablet error from VoteRequest() call to peer b89a61c23ec040859419313338748b24 (127.8.100.1:40633): Illegal state: must be running to vote when last-logged opid is not known
I20260709 14:52:03.756186  9775 raft_consensus.cc:2468] T 1f8474e60bb4402dbcc0ceb01e76dbdb P 5f31bece25054b6683837cda70a6aa9c [term 0 FOLLOWER]: Leader pre-election vote request: Granting yes vote for candidate b58a724d8ee045bc8c177efd3aa8dc36 in term 0.
I20260709 14:52:03.758595  9815 leader_election.cc:304] T 1f8474e60bb4402dbcc0ceb01e76dbdb P b58a724d8ee045bc8c177efd3aa8dc36 [CANDIDATE]: Term 1 pre-election: Election decided. Result: candidate won. Election summary: received 3 responses out of 3 voters: 2 yes votes; 1 no votes. yes voters: 5f31bece25054b6683837cda70a6aa9c, b58a724d8ee045bc8c177efd3aa8dc36; no voters: b89a61c23ec040859419313338748b24
I20260709 14:52:03.760787  9943 raft_consensus.cc:2804] T 1f8474e60bb4402dbcc0ceb01e76dbdb P b58a724d8ee045bc8c177efd3aa8dc36 [term 0 FOLLOWER]: Leader pre-election won for term 1
I20260709 14:52:03.761178  9943 raft_consensus.cc:493] T 1f8474e60bb4402dbcc0ceb01e76dbdb P b58a724d8ee045bc8c177efd3aa8dc36 [term 0 FOLLOWER]: Starting leader election (no leader contacted us within the election timeout)
I20260709 14:52:03.761520  9943 raft_consensus.cc:3060] T 1f8474e60bb4402dbcc0ceb01e76dbdb P b58a724d8ee045bc8c177efd3aa8dc36 [term 0 FOLLOWER]: Advancing to term 1
I20260709 14:52:03.762449  9892 tablet_bootstrap.cc:654] T c60d9354efd840e0aa4f16a9225b6c08 P 5f31bece25054b6683837cda70a6aa9c: Neither blocks nor log segments found. Creating new log.
I20260709 14:52:03.774214  9894 tablet_bootstrap.cc:492] T 07532d746153427588554569d393b0e5 P b89a61c23ec040859419313338748b24: No bootstrap required, opened a new log
I20260709 14:52:03.766283  9777 raft_consensus.cc:2468] T 28dcdadc4c904ce1ad2b278b773cfe8f P 5f31bece25054b6683837cda70a6aa9c [term 1 FOLLOWER]: Leader election vote request: Granting yes vote for candidate b58a724d8ee045bc8c177efd3aa8dc36 in term 1.
I20260709 14:52:03.775671  9894 ts_tablet_manager.cc:1403] T 07532d746153427588554569d393b0e5 P b89a61c23ec040859419313338748b24: Time spent bootstrapping tablet: real 0.068s	user 0.011s	sys 0.003s
I20260709 14:52:03.776217  9891 tablet_bootstrap.cc:492] T c9bc6b2ba2e94a87a891480ebccda1e7 P b58a724d8ee045bc8c177efd3aa8dc36: No bootstrap required, opened a new log
I20260709 14:52:03.776615  9891 ts_tablet_manager.cc:1403] T c9bc6b2ba2e94a87a891480ebccda1e7 P b58a724d8ee045bc8c177efd3aa8dc36: Time spent bootstrapping tablet: real 0.080s	user 0.013s	sys 0.012s
I20260709 14:52:03.777006  9979 raft_consensus.cc:493] T f2b39803d7e54da6bd7c4c42861e2809 P b58a724d8ee045bc8c177efd3aa8dc36 [term 0 FOLLOWER]: Starting pre-election (no leader contacted us within the election timeout)
I20260709 14:52:03.777501  9979 raft_consensus.cc:515] T f2b39803d7e54da6bd7c4c42861e2809 P b58a724d8ee045bc8c177efd3aa8dc36 [term 0 FOLLOWER]: Starting pre-election with config: opid_index: -1 OBSOLETE_local: false peers { permanent_uuid: "b89a61c23ec040859419313338748b24" member_type: VOTER last_known_addr { host: "127.8.100.1" port: 40633 } } peers { permanent_uuid: "5f31bece25054b6683837cda70a6aa9c" member_type: VOTER last_known_addr { host: "127.8.100.2" port: 46413 } } peers { permanent_uuid: "b58a724d8ee045bc8c177efd3aa8dc36" member_type: VOTER last_known_addr { host: "127.8.100.3" port: 37769 } }
I20260709 14:52:03.778317  9894 raft_consensus.cc:359] T 07532d746153427588554569d393b0e5 P b89a61c23ec040859419313338748b24 [term 0 FOLLOWER]: Replica starting. Triggering 0 pending ops. Active config: opid_index: -1 OBSOLETE_local: false peers { permanent_uuid: "b89a61c23ec040859419313338748b24" member_type: VOTER last_known_addr { host: "127.8.100.1" port: 40633 } } peers { permanent_uuid: "5f31bece25054b6683837cda70a6aa9c" member_type: VOTER last_known_addr { host: "127.8.100.2" port: 46413 } } peers { permanent_uuid: "b58a724d8ee045bc8c177efd3aa8dc36" member_type: VOTER last_known_addr { host: "127.8.100.3" port: 37769 } }
I20260709 14:52:03.778947  9894 raft_consensus.cc:385] T 07532d746153427588554569d393b0e5 P b89a61c23ec040859419313338748b24 [term 0 FOLLOWER]: Consensus starting up: Expiring failure detector timer to make a prompt election more likely
I20260709 14:52:03.778987  9891 raft_consensus.cc:359] T c9bc6b2ba2e94a87a891480ebccda1e7 P b58a724d8ee045bc8c177efd3aa8dc36 [term 0 FOLLOWER]: Replica starting. Triggering 0 pending ops. Active config: opid_index: -1 OBSOLETE_local: false peers { permanent_uuid: "b89a61c23ec040859419313338748b24" member_type: VOTER last_known_addr { host: "127.8.100.1" port: 40633 } } peers { permanent_uuid: "5f31bece25054b6683837cda70a6aa9c" member_type: VOTER last_known_addr { host: "127.8.100.2" port: 46413 } } peers { permanent_uuid: "b58a724d8ee045bc8c177efd3aa8dc36" member_type: VOTER last_known_addr { host: "127.8.100.3" port: 37769 } }
I20260709 14:52:03.779260  9986 raft_consensus.cc:493] T f2b39803d7e54da6bd7c4c42861e2809 P b89a61c23ec040859419313338748b24 [term 0 FOLLOWER]: Starting pre-election (no leader contacted us within the election timeout)
I20260709 14:52:03.767252  9943 raft_consensus.cc:515] T 1f8474e60bb4402dbcc0ceb01e76dbdb P b58a724d8ee045bc8c177efd3aa8dc36 [term 1 FOLLOWER]: Starting leader election with config: opid_index: -1 OBSOLETE_local: false peers { permanent_uuid: "b89a61c23ec040859419313338748b24" member_type: VOTER last_known_addr { host: "127.8.100.1" port: 40633 } } peers { permanent_uuid: "5f31bece25054b6683837cda70a6aa9c" member_type: VOTER last_known_addr { host: "127.8.100.2" port: 46413 } } peers { permanent_uuid: "b58a724d8ee045bc8c177efd3aa8dc36" member_type: VOTER last_known_addr { host: "127.8.100.3" port: 37769 } }
I20260709 14:52:03.779794  9986 raft_consensus.cc:515] T f2b39803d7e54da6bd7c4c42861e2809 P b89a61c23ec040859419313338748b24 [term 0 FOLLOWER]: Starting pre-election with config: opid_index: -1 OBSOLETE_local: false peers { permanent_uuid: "b89a61c23ec040859419313338748b24" member_type: VOTER last_known_addr { host: "127.8.100.1" port: 40633 } } peers { permanent_uuid: "5f31bece25054b6683837cda70a6aa9c" member_type: VOTER last_known_addr { host: "127.8.100.2" port: 46413 } } peers { permanent_uuid: "b58a724d8ee045bc8c177efd3aa8dc36" member_type: VOTER last_known_addr { host: "127.8.100.3" port: 37769 } }
I20260709 14:52:03.781085  9979 leader_election.cc:290] T f2b39803d7e54da6bd7c4c42861e2809 P b58a724d8ee045bc8c177efd3aa8dc36 [CANDIDATE]: Term 1 pre-election: Requested pre-vote from peers b89a61c23ec040859419313338748b24 (127.8.100.1:40633), 5f31bece25054b6683837cda70a6aa9c (127.8.100.2:46413)
I20260709 14:52:03.781709  9986 leader_election.cc:290] T f2b39803d7e54da6bd7c4c42861e2809 P b89a61c23ec040859419313338748b24 [CANDIDATE]: Term 1 pre-election: Requested pre-vote from peers 5f31bece25054b6683837cda70a6aa9c (127.8.100.2:46413), b58a724d8ee045bc8c177efd3aa8dc36 (127.8.100.3:37769)
I20260709 14:52:03.781795  9700 tablet_service.cc:1917] Received RequestConsensusVote() RPC: tablet_id: "f2b39803d7e54da6bd7c4c42861e2809" candidate_uuid: "b58a724d8ee045bc8c177efd3aa8dc36" candidate_term: 1 candidate_status { last_received { term: 0 index: 0 } } ignore_live_leader: false dest_uuid: "b89a61c23ec040859419313338748b24" is_pre_election: true
I20260709 14:52:03.782428  9702 tablet_service.cc:1917] Received RequestConsensusVote() RPC: tablet_id: "1f8474e60bb4402dbcc0ceb01e76dbdb" candidate_uuid: "b58a724d8ee045bc8c177efd3aa8dc36" candidate_term: 1 candidate_status { last_received { term: 0 index: 0 } } ignore_live_leader: false dest_uuid: "b89a61c23ec040859419313338748b24"
I20260709 14:52:03.781371  9775 tablet_service.cc:1917] Received RequestConsensusVote() RPC: tablet_id: "f2b39803d7e54da6bd7c4c42861e2809" candidate_uuid: "b58a724d8ee045bc8c177efd3aa8dc36" candidate_term: 1 candidate_status { last_received { term: 0 index: 0 } } ignore_live_leader: false dest_uuid: "5f31bece25054b6683837cda70a6aa9c" is_pre_election: true
I20260709 14:52:03.782822  9774 tablet_service.cc:1917] Received RequestConsensusVote() RPC: tablet_id: "f2b39803d7e54da6bd7c4c42861e2809" candidate_uuid: "b89a61c23ec040859419313338748b24" candidate_term: 1 candidate_status { last_received { term: 0 index: 0 } } ignore_live_leader: false dest_uuid: "5f31bece25054b6683837cda70a6aa9c" is_pre_election: true
W20260709 14:52:03.784142  9815 leader_election.cc:343] T f2b39803d7e54da6bd7c4c42861e2809 P b58a724d8ee045bc8c177efd3aa8dc36 [CANDIDATE]: Term 1 pre-election: Tablet error from VoteRequest() call to peer 5f31bece25054b6683837cda70a6aa9c (127.8.100.2:46413): Illegal state: must be running to vote when last-logged opid is not known
W20260709 14:52:03.784520  9666 leader_election.cc:343] T f2b39803d7e54da6bd7c4c42861e2809 P b89a61c23ec040859419313338748b24 [CANDIDATE]: Term 1 pre-election: Tablet error from VoteRequest() call to peer 5f31bece25054b6683837cda70a6aa9c (127.8.100.2:46413): Illegal state: must be running to vote when last-logged opid is not known
I20260709 14:52:03.782430  9700 raft_consensus.cc:2468] T f2b39803d7e54da6bd7c4c42861e2809 P b89a61c23ec040859419313338748b24 [term 0 FOLLOWER]: Leader pre-election vote request: Granting yes vote for candidate b58a724d8ee045bc8c177efd3aa8dc36 in term 0.
I20260709 14:52:03.779280  9894 raft_consensus.cc:740] T 07532d746153427588554569d393b0e5 P b89a61c23ec040859419313338748b24 [term 0 FOLLOWER]: Becoming Follower/Learner. State: Replica: b89a61c23ec040859419313338748b24, State: Initialized, Role: FOLLOWER
I20260709 14:52:03.785665  9891 raft_consensus.cc:385] T c9bc6b2ba2e94a87a891480ebccda1e7 P b58a724d8ee045bc8c177efd3aa8dc36 [term 0 FOLLOWER]: Consensus starting up: Expiring failure detector timer to make a prompt election more likely
I20260709 14:52:03.786078  9891 raft_consensus.cc:740] T c9bc6b2ba2e94a87a891480ebccda1e7 P b58a724d8ee045bc8c177efd3aa8dc36 [term 0 FOLLOWER]: Becoming Follower/Learner. State: Replica: b58a724d8ee045bc8c177efd3aa8dc36, State: Initialized, Role: FOLLOWER
I20260709 14:52:03.785897  9894 consensus_queue.cc:260] T 07532d746153427588554569d393b0e5 P b89a61c23ec040859419313338748b24 [NON_LEADER]: Queue going to NON_LEADER mode. State: All replicated index: 0, Majority replicated index: 0, Committed index: 0, Last appended: 0.0, Last appended by leader: 0, Current term: 0, Majority size: -1, State: 0, Mode: NON_LEADER, active raft config: opid_index: -1 OBSOLETE_local: false peers { permanent_uuid: "b89a61c23ec040859419313338748b24" member_type: VOTER last_known_addr { host: "127.8.100.1" port: 40633 } } peers { permanent_uuid: "5f31bece25054b6683837cda70a6aa9c" member_type: VOTER last_known_addr { host: "127.8.100.2" port: 46413 } } peers { permanent_uuid: "b58a724d8ee045bc8c177efd3aa8dc36" member_type: VOTER last_known_addr { host: "127.8.100.3" port: 37769 } }
I20260709 14:52:03.788184  9894 ts_tablet_manager.cc:1434] T 07532d746153427588554569d393b0e5 P b89a61c23ec040859419313338748b24: Time spent starting tablet: real 0.012s	user 0.004s	sys 0.000s
I20260709 14:52:03.789354  9814 leader_election.cc:304] T f2b39803d7e54da6bd7c4c42861e2809 P b58a724d8ee045bc8c177efd3aa8dc36 [CANDIDATE]: Term 1 pre-election: Election decided. Result: candidate won. Election summary: received 3 responses out of 3 voters: 2 yes votes; 1 no votes. yes voters: b58a724d8ee045bc8c177efd3aa8dc36, b89a61c23ec040859419313338748b24; no voters: 5f31bece25054b6683837cda70a6aa9c
I20260709 14:52:03.790512  9894 tablet_bootstrap.cc:492] T a11c5e27d82441e88a0b17e65cf87ecb P b89a61c23ec040859419313338748b24: Bootstrap starting.
W20260709 14:52:03.790446  9814 leader_election.cc:343] T 1f8474e60bb4402dbcc0ceb01e76dbdb P b58a724d8ee045bc8c177efd3aa8dc36 [CANDIDATE]: Term 1 election: Tablet error from VoteRequest() call to peer b89a61c23ec040859419313338748b24 (127.8.100.1:40633): Illegal state: must be running to vote when last-logged opid is not known
I20260709 14:52:03.792128  9851 tablet_service.cc:1917] Received RequestConsensusVote() RPC: tablet_id: "f2b39803d7e54da6bd7c4c42861e2809" candidate_uuid: "b89a61c23ec040859419313338748b24" candidate_term: 1 candidate_status { last_received { term: 0 index: 0 } } ignore_live_leader: false dest_uuid: "b58a724d8ee045bc8c177efd3aa8dc36" is_pre_election: true
I20260709 14:52:03.792716  9851 raft_consensus.cc:2468] T f2b39803d7e54da6bd7c4c42861e2809 P b58a724d8ee045bc8c177efd3aa8dc36 [term 0 FOLLOWER]: Leader pre-election vote request: Granting yes vote for candidate b89a61c23ec040859419313338748b24 in term 0.
I20260709 14:52:03.793697  9668 leader_election.cc:304] T f2b39803d7e54da6bd7c4c42861e2809 P b89a61c23ec040859419313338748b24 [CANDIDATE]: Term 1 pre-election: Election decided. Result: candidate won. Election summary: received 3 responses out of 3 voters: 2 yes votes; 1 no votes. yes voters: b58a724d8ee045bc8c177efd3aa8dc36, b89a61c23ec040859419313338748b24; no voters: 5f31bece25054b6683837cda70a6aa9c
I20260709 14:52:03.794420  9777 tablet_service.cc:1917] Received RequestConsensusVote() RPC: tablet_id: "1f8474e60bb4402dbcc0ceb01e76dbdb" candidate_uuid: "b58a724d8ee045bc8c177efd3aa8dc36" candidate_term: 1 candidate_status { last_received { term: 0 index: 0 } } ignore_live_leader: false dest_uuid: "5f31bece25054b6683837cda70a6aa9c"
I20260709 14:52:03.794677  9986 raft_consensus.cc:2804] T f2b39803d7e54da6bd7c4c42861e2809 P b89a61c23ec040859419313338748b24 [term 0 FOLLOWER]: Leader pre-election won for term 1
I20260709 14:52:03.795336  9986 raft_consensus.cc:493] T f2b39803d7e54da6bd7c4c42861e2809 P b89a61c23ec040859419313338748b24 [term 0 FOLLOWER]: Starting leader election (no leader contacted us within the election timeout)
I20260709 14:52:03.795723  9986 raft_consensus.cc:3060] T f2b39803d7e54da6bd7c4c42861e2809 P b89a61c23ec040859419313338748b24 [term 0 FOLLOWER]: Advancing to term 1
I20260709 14:52:03.798638  9597 catalog_manager.cc:5697] T 28dcdadc4c904ce1ad2b278b773cfe8f P b58a724d8ee045bc8c177efd3aa8dc36 reported cstate change: term changed from 0 to 1, leader changed from <none> to b58a724d8ee045bc8c177efd3aa8dc36 (127.8.100.3). New cstate: current_term: 1 leader_uuid: "b58a724d8ee045bc8c177efd3aa8dc36" committed_config { opid_index: -1 OBSOLETE_local: false peers { permanent_uuid: "b89a61c23ec040859419313338748b24" member_type: VOTER last_known_addr { host: "127.8.100.1" port: 40633 } health_report { overall_health: UNKNOWN } } peers { permanent_uuid: "5f31bece25054b6683837cda70a6aa9c" member_type: VOTER last_known_addr { host: "127.8.100.2" port: 46413 } health_report { overall_health: UNKNOWN } } peers { permanent_uuid: "b58a724d8ee045bc8c177efd3aa8dc36" member_type: VOTER last_known_addr { host: "127.8.100.3" port: 37769 } health_report { overall_health: HEALTHY } } }
I20260709 14:52:03.801700  9891 consensus_queue.cc:260] T c9bc6b2ba2e94a87a891480ebccda1e7 P b58a724d8ee045bc8c177efd3aa8dc36 [NON_LEADER]: Queue going to NON_LEADER mode. State: All replicated index: 0, Majority replicated index: 0, Committed index: 0, Last appended: 0.0, Last appended by leader: 0, Current term: 0, Majority size: -1, State: 0, Mode: NON_LEADER, active raft config: opid_index: -1 OBSOLETE_local: false peers { permanent_uuid: "b89a61c23ec040859419313338748b24" member_type: VOTER last_known_addr { host: "127.8.100.1" port: 40633 } } peers { permanent_uuid: "5f31bece25054b6683837cda70a6aa9c" member_type: VOTER last_known_addr { host: "127.8.100.2" port: 46413 } } peers { permanent_uuid: "b58a724d8ee045bc8c177efd3aa8dc36" member_type: VOTER last_known_addr { host: "127.8.100.3" port: 37769 } }
I20260709 14:52:03.794924  9979 raft_consensus.cc:2804] T f2b39803d7e54da6bd7c4c42861e2809 P b58a724d8ee045bc8c177efd3aa8dc36 [term 0 FOLLOWER]: Leader pre-election won for term 1
I20260709 14:52:03.803828  9891 ts_tablet_manager.cc:1434] T c9bc6b2ba2e94a87a891480ebccda1e7 P b58a724d8ee045bc8c177efd3aa8dc36: Time spent starting tablet: real 0.027s	user 0.003s	sys 0.001s
I20260709 14:52:03.802217  9777 raft_consensus.cc:3060] T 1f8474e60bb4402dbcc0ceb01e76dbdb P 5f31bece25054b6683837cda70a6aa9c [term 0 FOLLOWER]: Advancing to term 1
I20260709 14:52:03.803916  9894 tablet_bootstrap.cc:654] T a11c5e27d82441e88a0b17e65cf87ecb P b89a61c23ec040859419313338748b24: Neither blocks nor log segments found. Creating new log.
I20260709 14:52:03.804843  9891 tablet_bootstrap.cc:492] T 18e562528ab5458ea4a9a1d57eb52228 P b58a724d8ee045bc8c177efd3aa8dc36: Bootstrap starting.
I20260709 14:52:03.805611  9979 raft_consensus.cc:493] T f2b39803d7e54da6bd7c4c42861e2809 P b58a724d8ee045bc8c177efd3aa8dc36 [term 0 FOLLOWER]: Starting leader election (no leader contacted us within the election timeout)
I20260709 14:52:03.812907  9979 raft_consensus.cc:3060] T f2b39803d7e54da6bd7c4c42861e2809 P b58a724d8ee045bc8c177efd3aa8dc36 [term 0 FOLLOWER]: Advancing to term 1
I20260709 14:52:03.809144  9945 raft_consensus.cc:493] T 0ad456396a434816872ea9e01bbcc928 P b89a61c23ec040859419313338748b24 [term 0 FOLLOWER]: Starting pre-election (no leader contacted us within the election timeout)
I20260709 14:52:03.813796  9943 leader_election.cc:290] T 1f8474e60bb4402dbcc0ceb01e76dbdb P b58a724d8ee045bc8c177efd3aa8dc36 [CANDIDATE]: Term 1 election: Requested vote from peers b89a61c23ec040859419313338748b24 (127.8.100.1:40633), 5f31bece25054b6683837cda70a6aa9c (127.8.100.2:46413)
I20260709 14:52:03.813464  9986 raft_consensus.cc:515] T f2b39803d7e54da6bd7c4c42861e2809 P b89a61c23ec040859419313338748b24 [term 1 FOLLOWER]: Starting leader election with config: opid_index: -1 OBSOLETE_local: false peers { permanent_uuid: "b89a61c23ec040859419313338748b24" member_type: VOTER last_known_addr { host: "127.8.100.1" port: 40633 } } peers { permanent_uuid: "5f31bece25054b6683837cda70a6aa9c" member_type: VOTER last_known_addr { host: "127.8.100.2" port: 46413 } } peers { permanent_uuid: "b58a724d8ee045bc8c177efd3aa8dc36" member_type: VOTER last_known_addr { host: "127.8.100.3" port: 37769 } }
I20260709 14:52:03.811584  9891 tablet_bootstrap.cc:654] T 18e562528ab5458ea4a9a1d57eb52228 P b58a724d8ee045bc8c177efd3aa8dc36: Neither blocks nor log segments found. Creating new log.
I20260709 14:52:03.813853  9945 raft_consensus.cc:515] T 0ad456396a434816872ea9e01bbcc928 P b89a61c23ec040859419313338748b24 [term 0 FOLLOWER]: Starting pre-election with config: opid_index: -1 OBSOLETE_local: false peers { permanent_uuid: "b89a61c23ec040859419313338748b24" member_type: VOTER last_known_addr { host: "127.8.100.1" port: 40633 } } peers { permanent_uuid: "5f31bece25054b6683837cda70a6aa9c" member_type: VOTER last_known_addr { host: "127.8.100.2" port: 46413 } } peers { permanent_uuid: "b58a724d8ee045bc8c177efd3aa8dc36" member_type: VOTER last_known_addr { host: "127.8.100.3" port: 37769 } }
I20260709 14:52:03.815837  9945 leader_election.cc:290] T 0ad456396a434816872ea9e01bbcc928 P b89a61c23ec040859419313338748b24 [CANDIDATE]: Term 1 pre-election: Requested pre-vote from peers 5f31bece25054b6683837cda70a6aa9c (127.8.100.2:46413), b58a724d8ee045bc8c177efd3aa8dc36 (127.8.100.3:37769)
I20260709 14:52:03.817198  9774 tablet_service.cc:1917] Received RequestConsensusVote() RPC: tablet_id: "f2b39803d7e54da6bd7c4c42861e2809" candidate_uuid: "b89a61c23ec040859419313338748b24" candidate_term: 1 candidate_status { last_received { term: 0 index: 0 } } ignore_live_leader: false dest_uuid: "5f31bece25054b6683837cda70a6aa9c"
I20260709 14:52:03.817591  9851 tablet_service.cc:1917] Received RequestConsensusVote() RPC: tablet_id: "0ad456396a434816872ea9e01bbcc928" candidate_uuid: "b89a61c23ec040859419313338748b24" candidate_term: 1 candidate_status { last_received { term: 0 index: 0 } } ignore_live_leader: false dest_uuid: "b58a724d8ee045bc8c177efd3aa8dc36" is_pre_election: true
I20260709 14:52:03.818171  9851 raft_consensus.cc:2468] T 0ad456396a434816872ea9e01bbcc928 P b58a724d8ee045bc8c177efd3aa8dc36 [term 0 FOLLOWER]: Leader pre-election vote request: Granting yes vote for candidate b89a61c23ec040859419313338748b24 in term 0.
I20260709 14:52:03.818228  9775 tablet_service.cc:1917] Received RequestConsensusVote() RPC: tablet_id: "0ad456396a434816872ea9e01bbcc928" candidate_uuid: "b89a61c23ec040859419313338748b24" candidate_term: 1 candidate_status { last_received { term: 0 index: 0 } } ignore_live_leader: false dest_uuid: "5f31bece25054b6683837cda70a6aa9c" is_pre_election: true
I20260709 14:52:03.819186  9668 leader_election.cc:304] T 0ad456396a434816872ea9e01bbcc928 P b89a61c23ec040859419313338748b24 [CANDIDATE]: Term 1 pre-election: Election decided. Result: candidate won. Election summary: received 2 responses out of 3 voters: 2 yes votes; 0 no votes. yes voters: b58a724d8ee045bc8c177efd3aa8dc36, b89a61c23ec040859419313338748b24; no voters: 
I20260709 14:52:03.819294  9959 raft_consensus.cc:493] T f84e55f97d1f42f5ba0e33bcb56dd065 P 5f31bece25054b6683837cda70a6aa9c [term 0 FOLLOWER]: Starting pre-election (no leader contacted us within the election timeout)
I20260709 14:52:03.819911  9945 raft_consensus.cc:2804] T 0ad456396a434816872ea9e01bbcc928 P b89a61c23ec040859419313338748b24 [term 0 FOLLOWER]: Leader pre-election won for term 1
I20260709 14:52:03.819831  9959 raft_consensus.cc:515] T f84e55f97d1f42f5ba0e33bcb56dd065 P 5f31bece25054b6683837cda70a6aa9c [term 0 FOLLOWER]: Starting pre-election with config: opid_index: -1 OBSOLETE_local: false peers { permanent_uuid: "b89a61c23ec040859419313338748b24" member_type: VOTER last_known_addr { host: "127.8.100.1" port: 40633 } } peers { permanent_uuid: "5f31bece25054b6683837cda70a6aa9c" member_type: VOTER last_known_addr { host: "127.8.100.2" port: 46413 } } peers { permanent_uuid: "b58a724d8ee045bc8c177efd3aa8dc36" member_type: VOTER last_known_addr { host: "127.8.100.3" port: 37769 } }
I20260709 14:52:03.820272  9945 raft_consensus.cc:493] T 0ad456396a434816872ea9e01bbcc928 P b89a61c23ec040859419313338748b24 [term 0 FOLLOWER]: Starting leader election (no leader contacted us within the election timeout)
I20260709 14:52:03.820613  9945 raft_consensus.cc:3060] T 0ad456396a434816872ea9e01bbcc928 P b89a61c23ec040859419313338748b24 [term 0 FOLLOWER]: Advancing to term 1
I20260709 14:52:03.821753  9959 leader_election.cc:290] T f84e55f97d1f42f5ba0e33bcb56dd065 P 5f31bece25054b6683837cda70a6aa9c [CANDIDATE]: Term 1 pre-election: Requested pre-vote from peers b89a61c23ec040859419313338748b24 (127.8.100.1:40633), b58a724d8ee045bc8c177efd3aa8dc36 (127.8.100.3:37769)
I20260709 14:52:03.811056  9777 raft_consensus.cc:2468] T 1f8474e60bb4402dbcc0ceb01e76dbdb P 5f31bece25054b6683837cda70a6aa9c [term 1 FOLLOWER]: Leader election vote request: Granting yes vote for candidate b58a724d8ee045bc8c177efd3aa8dc36 in term 1.
I20260709 14:52:03.823539  9815 leader_election.cc:304] T 1f8474e60bb4402dbcc0ceb01e76dbdb P b58a724d8ee045bc8c177efd3aa8dc36 [CANDIDATE]: Term 1 election: Election decided. Result: candidate won. Election summary: received 3 responses out of 3 voters: 2 yes votes; 1 no votes. yes voters: 5f31bece25054b6683837cda70a6aa9c, b58a724d8ee045bc8c177efd3aa8dc36; no voters: b89a61c23ec040859419313338748b24
I20260709 14:52:03.824173  9979 raft_consensus.cc:515] T f2b39803d7e54da6bd7c4c42861e2809 P b58a724d8ee045bc8c177efd3aa8dc36 [term 1 FOLLOWER]: Starting leader election with config: opid_index: -1 OBSOLETE_local: false peers { permanent_uuid: "b89a61c23ec040859419313338748b24" member_type: VOTER last_known_addr { host: "127.8.100.1" port: 40633 } } peers { permanent_uuid: "5f31bece25054b6683837cda70a6aa9c" member_type: VOTER last_known_addr { host: "127.8.100.2" port: 46413 } } peers { permanent_uuid: "b58a724d8ee045bc8c177efd3aa8dc36" member_type: VOTER last_known_addr { host: "127.8.100.3" port: 37769 } }
I20260709 14:52:03.824781  9851 tablet_service.cc:1917] Received RequestConsensusVote() RPC: tablet_id: "f84e55f97d1f42f5ba0e33bcb56dd065" candidate_uuid: "5f31bece25054b6683837cda70a6aa9c" candidate_term: 1 candidate_status { last_received { term: 0 index: 0 } } ignore_live_leader: false dest_uuid: "b58a724d8ee045bc8c177efd3aa8dc36" is_pre_election: true
I20260709 14:52:03.825347  9851 raft_consensus.cc:2468] T f84e55f97d1f42f5ba0e33bcb56dd065 P b58a724d8ee045bc8c177efd3aa8dc36 [term 0 FOLLOWER]: Leader pre-election vote request: Granting yes vote for candidate 5f31bece25054b6683837cda70a6aa9c in term 0.
I20260709 14:52:03.826153  9979 leader_election.cc:290] T f2b39803d7e54da6bd7c4c42861e2809 P b58a724d8ee045bc8c177efd3aa8dc36 [CANDIDATE]: Term 1 election: Requested vote from peers b89a61c23ec040859419313338748b24 (127.8.100.1:40633), 5f31bece25054b6683837cda70a6aa9c (127.8.100.2:46413)
I20260709 14:52:03.826548  9743 leader_election.cc:304] T f84e55f97d1f42f5ba0e33bcb56dd065 P 5f31bece25054b6683837cda70a6aa9c [CANDIDATE]: Term 1 pre-election: Election decided. Result: candidate won. Election summary: received 2 responses out of 3 voters: 2 yes votes; 0 no votes. yes voters: 5f31bece25054b6683837cda70a6aa9c, b58a724d8ee045bc8c177efd3aa8dc36; no voters: 
I20260709 14:52:03.826730  9979 raft_consensus.cc:2804] T 1f8474e60bb4402dbcc0ceb01e76dbdb P b58a724d8ee045bc8c177efd3aa8dc36 [term 1 FOLLOWER]: Leader election won for term 1
I20260709 14:52:03.827188  9979 raft_consensus.cc:697] T 1f8474e60bb4402dbcc0ceb01e76dbdb P b58a724d8ee045bc8c177efd3aa8dc36 [term 1 LEADER]: Becoming Leader. State: Replica: b58a724d8ee045bc8c177efd3aa8dc36, State: Running, Role: LEADER
I20260709 14:52:03.827996  9979 consensus_queue.cc:237] T 1f8474e60bb4402dbcc0ceb01e76dbdb P b58a724d8ee045bc8c177efd3aa8dc36 [LEADER]: Queue going to LEADER mode. State: All replicated index: 0, Majority replicated index: 0, Committed index: 0, Last appended: 0.0, Last appended by leader: 0, Current term: 1, Majority size: 2, State: 0, Mode: LEADER, active raft config: opid_index: -1 OBSOLETE_local: false peers { permanent_uuid: "b89a61c23ec040859419313338748b24" member_type: VOTER last_known_addr { host: "127.8.100.1" port: 40633 } } peers { permanent_uuid: "5f31bece25054b6683837cda70a6aa9c" member_type: VOTER last_known_addr { host: "127.8.100.2" port: 46413 } } peers { permanent_uuid: "b58a724d8ee045bc8c177efd3aa8dc36" member_type: VOTER last_known_addr { host: "127.8.100.3" port: 37769 } }
I20260709 14:52:03.828425  9700 tablet_service.cc:1917] Received RequestConsensusVote() RPC: tablet_id: "f2b39803d7e54da6bd7c4c42861e2809" candidate_uuid: "b58a724d8ee045bc8c177efd3aa8dc36" candidate_term: 1 candidate_status { last_received { term: 0 index: 0 } } ignore_live_leader: false dest_uuid: "b89a61c23ec040859419313338748b24"
I20260709 14:52:03.829157  9700 raft_consensus.cc:2393] T f2b39803d7e54da6bd7c4c42861e2809 P b89a61c23ec040859419313338748b24 [term 1 FOLLOWER]: Leader election vote request: Denying vote to candidate b58a724d8ee045bc8c177efd3aa8dc36 in current term 1: Already voted for candidate b89a61c23ec040859419313338748b24 in this term.
I20260709 14:52:03.826942  9945 raft_consensus.cc:515] T 0ad456396a434816872ea9e01bbcc928 P b89a61c23ec040859419313338748b24 [term 1 FOLLOWER]: Starting leader election with config: opid_index: -1 OBSOLETE_local: false peers { permanent_uuid: "b89a61c23ec040859419313338748b24" member_type: VOTER last_known_addr { host: "127.8.100.1" port: 40633 } } peers { permanent_uuid: "5f31bece25054b6683837cda70a6aa9c" member_type: VOTER last_known_addr { host: "127.8.100.2" port: 46413 } } peers { permanent_uuid: "b58a724d8ee045bc8c177efd3aa8dc36" member_type: VOTER last_known_addr { host: "127.8.100.3" port: 37769 } }
I20260709 14:52:03.832042  9892 tablet_bootstrap.cc:492] T c60d9354efd840e0aa4f16a9225b6c08 P 5f31bece25054b6683837cda70a6aa9c: No bootstrap required, opened a new log
I20260709 14:52:03.832499  9892 ts_tablet_manager.cc:1403] T c60d9354efd840e0aa4f16a9225b6c08 P 5f31bece25054b6683837cda70a6aa9c: Time spent bootstrapping tablet: real 0.105s	user 0.004s	sys 0.026s
I20260709 14:52:03.832880  9700 tablet_service.cc:1917] Received RequestConsensusVote() RPC: tablet_id: "f84e55f97d1f42f5ba0e33bcb56dd065" candidate_uuid: "5f31bece25054b6683837cda70a6aa9c" candidate_term: 1 candidate_status { last_received { term: 0 index: 0 } } ignore_live_leader: false dest_uuid: "b89a61c23ec040859419313338748b24" is_pre_election: true
I20260709 14:52:03.833490  9851 tablet_service.cc:1917] Received RequestConsensusVote() RPC: tablet_id: "0ad456396a434816872ea9e01bbcc928" candidate_uuid: "b89a61c23ec040859419313338748b24" candidate_term: 1 candidate_status { last_received { term: 0 index: 0 } } ignore_live_leader: false dest_uuid: "b58a724d8ee045bc8c177efd3aa8dc36"
I20260709 14:52:03.833985  9851 raft_consensus.cc:3060] T 0ad456396a434816872ea9e01bbcc928 P b58a724d8ee045bc8c177efd3aa8dc36 [term 0 FOLLOWER]: Advancing to term 1
W20260709 14:52:03.834714  9666 leader_election.cc:343] T f2b39803d7e54da6bd7c4c42861e2809 P b89a61c23ec040859419313338748b24 [CANDIDATE]: Term 1 election: Tablet error from VoteRequest() call to peer 5f31bece25054b6683837cda70a6aa9c (127.8.100.2:46413): Illegal state: must be running to vote when last-logged opid is not known
W20260709 14:52:03.835318  9666 leader_election.cc:343] T 0ad456396a434816872ea9e01bbcc928 P b89a61c23ec040859419313338748b24 [CANDIDATE]: Term 1 pre-election: Tablet error from VoteRequest() call to peer 5f31bece25054b6683837cda70a6aa9c (127.8.100.2:46413): Illegal state: must be running to vote when last-logged opid is not known
W20260709 14:52:03.835952  9740 leader_election.cc:343] T f84e55f97d1f42f5ba0e33bcb56dd065 P 5f31bece25054b6683837cda70a6aa9c [CANDIDATE]: Term 1 pre-election: Tablet error from VoteRequest() call to peer b89a61c23ec040859419313338748b24 (127.8.100.1:40633): Illegal state: must be running to vote when last-logged opid is not known
I20260709 14:52:03.835294  9892 raft_consensus.cc:359] T c60d9354efd840e0aa4f16a9225b6c08 P 5f31bece25054b6683837cda70a6aa9c [term 0 FOLLOWER]: Replica starting. Triggering 0 pending ops. Active config: opid_index: -1 OBSOLETE_local: false peers { permanent_uuid: "b89a61c23ec040859419313338748b24" member_type: VOTER last_known_addr { host: "127.8.100.1" port: 40633 } } peers { permanent_uuid: "5f31bece25054b6683837cda70a6aa9c" member_type: VOTER last_known_addr { host: "127.8.100.2" port: 46413 } } peers { permanent_uuid: "b58a724d8ee045bc8c177efd3aa8dc36" member_type: VOTER last_known_addr { host: "127.8.100.3" port: 37769 } }
I20260709 14:52:03.836918  9892 raft_consensus.cc:385] T c60d9354efd840e0aa4f16a9225b6c08 P 5f31bece25054b6683837cda70a6aa9c [term 0 FOLLOWER]: Consensus starting up: Expiring failure detector timer to make a prompt election more likely
I20260709 14:52:03.837005  9775 tablet_service.cc:1917] Received RequestConsensusVote() RPC: tablet_id: "0ad456396a434816872ea9e01bbcc928" candidate_uuid: "b89a61c23ec040859419313338748b24" candidate_term: 1 candidate_status { last_received { term: 0 index: 0 } } ignore_live_leader: false dest_uuid: "5f31bece25054b6683837cda70a6aa9c"
I20260709 14:52:03.837205  9892 raft_consensus.cc:740] T c60d9354efd840e0aa4f16a9225b6c08 P 5f31bece25054b6683837cda70a6aa9c [term 0 FOLLOWER]: Becoming Follower/Learner. State: Replica: 5f31bece25054b6683837cda70a6aa9c, State: Initialized, Role: FOLLOWER
I20260709 14:52:03.837493  9897 raft_consensus.cc:493] T 07532d746153427588554569d393b0e5 P b89a61c23ec040859419313338748b24 [term 0 FOLLOWER]: Starting pre-election (no leader contacted us within the election timeout)
I20260709 14:52:03.840385  9945 leader_election.cc:290] T 0ad456396a434816872ea9e01bbcc928 P b89a61c23ec040859419313338748b24 [CANDIDATE]: Term 1 election: Requested vote from peers 5f31bece25054b6683837cda70a6aa9c (127.8.100.2:46413), b58a724d8ee045bc8c177efd3aa8dc36 (127.8.100.3:37769)
I20260709 14:52:03.843420  9849 tablet_service.cc:1917] Received RequestConsensusVote() RPC: tablet_id: "f2b39803d7e54da6bd7c4c42861e2809" candidate_uuid: "b89a61c23ec040859419313338748b24" candidate_term: 1 candidate_status { last_received { term: 0 index: 0 } } ignore_live_leader: false dest_uuid: "b58a724d8ee045bc8c177efd3aa8dc36"
I20260709 14:52:03.847036  9849 raft_consensus.cc:2393] T f2b39803d7e54da6bd7c4c42861e2809 P b58a724d8ee045bc8c177efd3aa8dc36 [term 1 FOLLOWER]: Leader election vote request: Denying vote to candidate b89a61c23ec040859419313338748b24 in current term 1: Already voted for candidate b58a724d8ee045bc8c177efd3aa8dc36 in this term.
I20260709 14:52:03.840257  9851 raft_consensus.cc:2468] T 0ad456396a434816872ea9e01bbcc928 P b58a724d8ee045bc8c177efd3aa8dc36 [term 1 FOLLOWER]: Leader election vote request: Granting yes vote for candidate b89a61c23ec040859419313338748b24 in term 1.
W20260709 14:52:03.838409  9666 leader_election.cc:343] T 0ad456396a434816872ea9e01bbcc928 P b89a61c23ec040859419313338748b24 [CANDIDATE]: Term 1 election: Tablet error from VoteRequest() call to peer 5f31bece25054b6683837cda70a6aa9c (127.8.100.2:46413): Illegal state: must be running to vote when last-logged opid is not known
I20260709 14:52:03.837922  9892 consensus_queue.cc:260] T c60d9354efd840e0aa4f16a9225b6c08 P 5f31bece25054b6683837cda70a6aa9c [NON_LEADER]: Queue going to NON_LEADER mode. State: All replicated index: 0, Majority replicated index: 0, Committed index: 0, Last appended: 0.0, Last appended by leader: 0, Current term: 0, Majority size: -1, State: 0, Mode: NON_LEADER, active raft config: opid_index: -1 OBSOLETE_local: false peers { permanent_uuid: "b89a61c23ec040859419313338748b24" member_type: VOTER last_known_addr { host: "127.8.100.1" port: 40633 } } peers { permanent_uuid: "5f31bece25054b6683837cda70a6aa9c" member_type: VOTER last_known_addr { host: "127.8.100.2" port: 46413 } } peers { permanent_uuid: "b58a724d8ee045bc8c177efd3aa8dc36" member_type: VOTER last_known_addr { host: "127.8.100.3" port: 37769 } }
I20260709 14:52:03.837983  9959 raft_consensus.cc:2804] T f84e55f97d1f42f5ba0e33bcb56dd065 P 5f31bece25054b6683837cda70a6aa9c [term 0 FOLLOWER]: Leader pre-election won for term 1
I20260709 14:52:03.848992  9959 raft_consensus.cc:493] T f84e55f97d1f42f5ba0e33bcb56dd065 P 5f31bece25054b6683837cda70a6aa9c [term 0 FOLLOWER]: Starting leader election (no leader contacted us within the election timeout)
I20260709 14:52:03.849335  9959 raft_consensus.cc:3060] T f84e55f97d1f42f5ba0e33bcb56dd065 P 5f31bece25054b6683837cda70a6aa9c [term 0 FOLLOWER]: Advancing to term 1
I20260709 14:52:03.850097  9892 ts_tablet_manager.cc:1434] T c60d9354efd840e0aa4f16a9225b6c08 P 5f31bece25054b6683837cda70a6aa9c: Time spent starting tablet: real 0.017s	user 0.005s	sys 0.000s
I20260709 14:52:03.851516  9892 tablet_bootstrap.cc:492] T 28b775424ffc4e9e831d4dd0e88cf8c8 P 5f31bece25054b6683837cda70a6aa9c: Bootstrap starting.
I20260709 14:52:03.848476  9668 leader_election.cc:304] T f2b39803d7e54da6bd7c4c42861e2809 P b89a61c23ec040859419313338748b24 [CANDIDATE]: Term 1 election: Election decided. Result: candidate lost. Election summary: received 3 responses out of 3 voters: 1 yes votes; 2 no votes. yes voters: b89a61c23ec040859419313338748b24; no voters: 5f31bece25054b6683837cda70a6aa9c, b58a724d8ee045bc8c177efd3aa8dc36
I20260709 14:52:03.854768  9986 leader_election.cc:290] T f2b39803d7e54da6bd7c4c42861e2809 P b89a61c23ec040859419313338748b24 [CANDIDATE]: Term 1 election: Requested vote from peers 5f31bece25054b6683837cda70a6aa9c (127.8.100.2:46413), b58a724d8ee045bc8c177efd3aa8dc36 (127.8.100.3:37769)
I20260709 14:52:03.837900  9897 raft_consensus.cc:515] T 07532d746153427588554569d393b0e5 P b89a61c23ec040859419313338748b24 [term 0 FOLLOWER]: Starting pre-election with config: opid_index: -1 OBSOLETE_local: false peers { permanent_uuid: "b89a61c23ec040859419313338748b24" member_type: VOTER last_known_addr { host: "127.8.100.1" port: 40633 } } peers { permanent_uuid: "5f31bece25054b6683837cda70a6aa9c" member_type: VOTER last_known_addr { host: "127.8.100.2" port: 46413 } } peers { permanent_uuid: "b58a724d8ee045bc8c177efd3aa8dc36" member_type: VOTER last_known_addr { host: "127.8.100.3" port: 37769 } }
I20260709 14:52:03.855671  9986 raft_consensus.cc:2749] T f2b39803d7e54da6bd7c4c42861e2809 P b89a61c23ec040859419313338748b24 [term 1 FOLLOWER]: Leader election lost for term 1. Reason: could not achieve majority
I20260709 14:52:03.856812  9897 leader_election.cc:290] T 07532d746153427588554569d393b0e5 P b89a61c23ec040859419313338748b24 [CANDIDATE]: Term 1 pre-election: Requested pre-vote from peers 5f31bece25054b6683837cda70a6aa9c (127.8.100.2:46413), b58a724d8ee045bc8c177efd3aa8dc36 (127.8.100.3:37769)
I20260709 14:52:03.857038  9777 tablet_service.cc:1917] Received RequestConsensusVote() RPC: tablet_id: "f2b39803d7e54da6bd7c4c42861e2809" candidate_uuid: "b58a724d8ee045bc8c177efd3aa8dc36" candidate_term: 1 candidate_status { last_received { term: 0 index: 0 } } ignore_live_leader: false dest_uuid: "5f31bece25054b6683837cda70a6aa9c"
I20260709 14:52:03.860338  9775 tablet_service.cc:1917] Received RequestConsensusVote() RPC: tablet_id: "07532d746153427588554569d393b0e5" candidate_uuid: "b89a61c23ec040859419313338748b24" candidate_term: 1 candidate_status { last_received { term: 0 index: 0 } } ignore_live_leader: false dest_uuid: "5f31bece25054b6683837cda70a6aa9c" is_pre_election: true
I20260709 14:52:03.869656  9892 tablet_bootstrap.cc:654] T 28b775424ffc4e9e831d4dd0e88cf8c8 P 5f31bece25054b6683837cda70a6aa9c: Neither blocks nor log segments found. Creating new log.
I20260709 14:52:03.872008  9775 raft_consensus.cc:2468] T 07532d746153427588554569d393b0e5 P 5f31bece25054b6683837cda70a6aa9c [term 0 FOLLOWER]: Leader pre-election vote request: Granting yes vote for candidate b89a61c23ec040859419313338748b24 in term 0.
W20260709 14:52:03.872460  9815 leader_election.cc:343] T f2b39803d7e54da6bd7c4c42861e2809 P b58a724d8ee045bc8c177efd3aa8dc36 [CANDIDATE]: Term 1 election: Tablet error from VoteRequest() call to peer 5f31bece25054b6683837cda70a6aa9c (127.8.100.2:46413): Illegal state: must be running to vote when last-logged opid is not known
I20260709 14:52:03.872915  9815 leader_election.cc:304] T f2b39803d7e54da6bd7c4c42861e2809 P b58a724d8ee045bc8c177efd3aa8dc36 [CANDIDATE]: Term 1 election: Election decided. Result: candidate lost. Election summary: received 3 responses out of 3 voters: 1 yes votes; 2 no votes. yes voters: b58a724d8ee045bc8c177efd3aa8dc36; no voters: 5f31bece25054b6683837cda70a6aa9c, b89a61c23ec040859419313338748b24
I20260709 14:52:03.873133  9666 leader_election.cc:304] T 07532d746153427588554569d393b0e5 P b89a61c23ec040859419313338748b24 [CANDIDATE]: Term 1 pre-election: Election decided. Result: candidate won. Election summary: received 2 responses out of 3 voters: 2 yes votes; 0 no votes. yes voters: 5f31bece25054b6683837cda70a6aa9c, b89a61c23ec040859419313338748b24; no voters: 
I20260709 14:52:03.874114  9943 raft_consensus.cc:2749] T f2b39803d7e54da6bd7c4c42861e2809 P b58a724d8ee045bc8c177efd3aa8dc36 [term 1 FOLLOWER]: Leader election lost for term 1. Reason: could not achieve majority
I20260709 14:52:03.879882  9959 raft_consensus.cc:515] T f84e55f97d1f42f5ba0e33bcb56dd065 P 5f31bece25054b6683837cda70a6aa9c [term 1 FOLLOWER]: Starting leader election with config: opid_index: -1 OBSOLETE_local: false peers { permanent_uuid: "b89a61c23ec040859419313338748b24" member_type: VOTER last_known_addr { host: "127.8.100.1" port: 40633 } } peers { permanent_uuid: "5f31bece25054b6683837cda70a6aa9c" member_type: VOTER last_known_addr { host: "127.8.100.2" port: 46413 } } peers { permanent_uuid: "b58a724d8ee045bc8c177efd3aa8dc36" member_type: VOTER last_known_addr { host: "127.8.100.3" port: 37769 } }
I20260709 14:52:03.881676  9897 raft_consensus.cc:2804] T 07532d746153427588554569d393b0e5 P b89a61c23ec040859419313338748b24 [term 0 FOLLOWER]: Leader pre-election won for term 1
I20260709 14:52:03.882308  9897 raft_consensus.cc:493] T 07532d746153427588554569d393b0e5 P b89a61c23ec040859419313338748b24 [term 0 FOLLOWER]: Starting leader election (no leader contacted us within the election timeout)
I20260709 14:52:03.882632  9897 raft_consensus.cc:3060] T 07532d746153427588554569d393b0e5 P b89a61c23ec040859419313338748b24 [term 0 FOLLOWER]: Advancing to term 1
I20260709 14:52:03.883188  9894 tablet_bootstrap.cc:492] T a11c5e27d82441e88a0b17e65cf87ecb P b89a61c23ec040859419313338748b24: No bootstrap required, opened a new log
I20260709 14:52:03.883366  9851 tablet_service.cc:1917] Received RequestConsensusVote() RPC: tablet_id: "07532d746153427588554569d393b0e5" candidate_uuid: "b89a61c23ec040859419313338748b24" candidate_term: 1 candidate_status { last_received { term: 0 index: 0 } } ignore_live_leader: false dest_uuid: "b58a724d8ee045bc8c177efd3aa8dc36" is_pre_election: true
I20260709 14:52:03.883615  9894 ts_tablet_manager.cc:1403] T a11c5e27d82441e88a0b17e65cf87ecb P b89a61c23ec040859419313338748b24: Time spent bootstrapping tablet: real 0.093s	user 0.017s	sys 0.012s
I20260709 14:52:03.887097  9959 leader_election.cc:290] T f84e55f97d1f42f5ba0e33bcb56dd065 P 5f31bece25054b6683837cda70a6aa9c [CANDIDATE]: Term 1 election: Requested vote from peers b89a61c23ec040859419313338748b24 (127.8.100.1:40633), b58a724d8ee045bc8c177efd3aa8dc36 (127.8.100.3:37769)
I20260709 14:52:03.887300  9851 tablet_service.cc:1917] Received RequestConsensusVote() RPC: tablet_id: "f84e55f97d1f42f5ba0e33bcb56dd065" candidate_uuid: "5f31bece25054b6683837cda70a6aa9c" candidate_term: 1 candidate_status { last_received { term: 0 index: 0 } } ignore_live_leader: false dest_uuid: "b58a724d8ee045bc8c177efd3aa8dc36"
I20260709 14:52:03.887836  9851 raft_consensus.cc:3060] T f84e55f97d1f42f5ba0e33bcb56dd065 P b58a724d8ee045bc8c177efd3aa8dc36 [term 0 FOLLOWER]: Advancing to term 1
I20260709 14:52:03.892014  9943 raft_consensus.cc:493] T 1fef05e5a28042238a04f9bdcf37499d P b58a724d8ee045bc8c177efd3aa8dc36 [term 0 FOLLOWER]: Starting pre-election (no leader contacted us within the election timeout)
I20260709 14:52:03.892565  9943 raft_consensus.cc:515] T 1fef05e5a28042238a04f9bdcf37499d P b58a724d8ee045bc8c177efd3aa8dc36 [term 0 FOLLOWER]: Starting pre-election with config: opid_index: -1 OBSOLETE_local: false peers { permanent_uuid: "b89a61c23ec040859419313338748b24" member_type: VOTER last_known_addr { host: "127.8.100.1" port: 40633 } } peers { permanent_uuid: "5f31bece25054b6683837cda70a6aa9c" member_type: VOTER last_known_addr { host: "127.8.100.2" port: 46413 } } peers { permanent_uuid: "b58a724d8ee045bc8c177efd3aa8dc36" member_type: VOTER last_known_addr { host: "127.8.100.3" port: 37769 } }
I20260709 14:52:03.903837  9959 raft_consensus.cc:493] T c60d9354efd840e0aa4f16a9225b6c08 P 5f31bece25054b6683837cda70a6aa9c [term 0 FOLLOWER]: Starting pre-election (no leader contacted us within the election timeout)
I20260709 14:52:03.904335  9959 raft_consensus.cc:515] T c60d9354efd840e0aa4f16a9225b6c08 P 5f31bece25054b6683837cda70a6aa9c [term 0 FOLLOWER]: Starting pre-election with config: opid_index: -1 OBSOLETE_local: false peers { permanent_uuid: "b89a61c23ec040859419313338748b24" member_type: VOTER last_known_addr { host: "127.8.100.1" port: 40633 } } peers { permanent_uuid: "5f31bece25054b6683837cda70a6aa9c" member_type: VOTER last_known_addr { host: "127.8.100.2" port: 46413 } } peers { permanent_uuid: "b58a724d8ee045bc8c177efd3aa8dc36" member_type: VOTER last_known_addr { host: "127.8.100.3" port: 37769 } }
I20260709 14:52:03.936192  9891 tablet_bootstrap.cc:492] T 18e562528ab5458ea4a9a1d57eb52228 P b58a724d8ee045bc8c177efd3aa8dc36: No bootstrap required, opened a new log
I20260709 14:52:03.939638  9891 ts_tablet_manager.cc:1403] T 18e562528ab5458ea4a9a1d57eb52228 P b58a724d8ee045bc8c177efd3aa8dc36: Time spent bootstrapping tablet: real 0.135s	user 0.011s	sys 0.015s
I20260709 14:52:03.936506  9668 leader_election.cc:304] T 0ad456396a434816872ea9e01bbcc928 P b89a61c23ec040859419313338748b24 [CANDIDATE]: Term 1 election: Election decided. Result: candidate won. Election summary: received 3 responses out of 3 voters: 2 yes votes; 1 no votes. yes voters: b58a724d8ee045bc8c177efd3aa8dc36, b89a61c23ec040859419313338748b24; no voters: 5f31bece25054b6683837cda70a6aa9c
I20260709 14:52:03.951258  9775 raft_consensus.cc:3060] T c60d9354efd840e0aa4f16a9225b6c08 P 5f31bece25054b6683837cda70a6aa9c [term 0 FOLLOWER]: Advancing to term 1
I20260709 14:52:03.952099  9700 tablet_service.cc:1917] Received RequestConsensusVote() RPC: tablet_id: "1fef05e5a28042238a04f9bdcf37499d" candidate_uuid: "b58a724d8ee045bc8c177efd3aa8dc36" candidate_term: 1 candidate_status { last_received { term: 0 index: 0 } } ignore_live_leader: false dest_uuid: "b89a61c23ec040859419313338748b24" is_pre_election: true
W20260709 14:52:03.954638  9668 leader_election.cc:343] T 07532d746153427588554569d393b0e5 P b89a61c23ec040859419313338748b24 [CANDIDATE]: Term 1 pre-election: Tablet error from VoteRequest() call to peer b58a724d8ee045bc8c177efd3aa8dc36 (127.8.100.3:37769): Illegal state: must be running to vote when last-logged opid is not known
W20260709 14:52:03.955269  9814 leader_election.cc:343] T 1fef05e5a28042238a04f9bdcf37499d P b58a724d8ee045bc8c177efd3aa8dc36 [CANDIDATE]: Term 1 pre-election: Tablet error from VoteRequest() call to peer b89a61c23ec040859419313338748b24 (127.8.100.1:40633): Illegal state: must be running to vote when last-logged opid is not known
I20260709 14:52:03.958658  9700 tablet_service.cc:1917] Received RequestConsensusVote() RPC: tablet_id: "f84e55f97d1f42f5ba0e33bcb56dd065" candidate_uuid: "5f31bece25054b6683837cda70a6aa9c" candidate_term: 1 candidate_status { last_received { term: 0 index: 0 } } ignore_live_leader: false dest_uuid: "b89a61c23ec040859419313338748b24"
I20260709 14:52:03.958801  9702 tablet_service.cc:1917] Received RequestConsensusVote() RPC: tablet_id: "c60d9354efd840e0aa4f16a9225b6c08" candidate_uuid: "5f31bece25054b6683837cda70a6aa9c" candidate_term: 1 candidate_status { last_received { term: 0 index: 0 } } ignore_live_leader: false dest_uuid: "b89a61c23ec040859419313338748b24" is_pre_election: true
I20260709 14:52:03.959445  9702 raft_consensus.cc:2393] T c60d9354efd840e0aa4f16a9225b6c08 P b89a61c23ec040859419313338748b24 [term 1 FOLLOWER]: Leader pre-election vote request: Denying vote to candidate 5f31bece25054b6683837cda70a6aa9c in current term 1: Already voted for candidate b58a724d8ee045bc8c177efd3aa8dc36 in this term.
W20260709 14:52:03.961731  9740 leader_election.cc:343] T f84e55f97d1f42f5ba0e33bcb56dd065 P 5f31bece25054b6683837cda70a6aa9c [CANDIDATE]: Term 1 election: Tablet error from VoteRequest() call to peer b89a61c23ec040859419313338748b24 (127.8.100.1:40633): Illegal state: must be running to vote when last-logged opid is not known
I20260709 14:52:03.963444  9851 raft_consensus.cc:2468] T f84e55f97d1f42f5ba0e33bcb56dd065 P b58a724d8ee045bc8c177efd3aa8dc36 [term 1 FOLLOWER]: Leader election vote request: Granting yes vote for candidate 5f31bece25054b6683837cda70a6aa9c in term 1.
I20260709 14:52:03.966190 10057 raft_consensus.cc:2804] T 0ad456396a434816872ea9e01bbcc928 P b89a61c23ec040859419313338748b24 [term 1 FOLLOWER]: Leader election won for term 1
I20260709 14:52:03.966782 10057 raft_consensus.cc:697] T 0ad456396a434816872ea9e01bbcc928 P b89a61c23ec040859419313338748b24 [term 1 LEADER]: Becoming Leader. State: Replica: b89a61c23ec040859419313338748b24, State: Running, Role: LEADER
I20260709 14:52:03.967057  9743 leader_election.cc:304] T f84e55f97d1f42f5ba0e33bcb56dd065 P 5f31bece25054b6683837cda70a6aa9c [CANDIDATE]: Term 1 election: Election decided. Result: candidate won. Election summary: received 3 responses out of 3 voters: 2 yes votes; 1 no votes. yes voters: 5f31bece25054b6683837cda70a6aa9c, b58a724d8ee045bc8c177efd3aa8dc36; no voters: b89a61c23ec040859419313338748b24
I20260709 14:52:03.968475  9957 raft_consensus.cc:2804] T f84e55f97d1f42f5ba0e33bcb56dd065 P 5f31bece25054b6683837cda70a6aa9c [term 1 FOLLOWER]: Leader election won for term 1
I20260709 14:52:03.968533  9777 tablet_service.cc:1917] Received RequestConsensusVote() RPC: tablet_id: "1fef05e5a28042238a04f9bdcf37499d" candidate_uuid: "b58a724d8ee045bc8c177efd3aa8dc36" candidate_term: 1 candidate_status { last_received { term: 0 index: 0 } } ignore_live_leader: false dest_uuid: "5f31bece25054b6683837cda70a6aa9c" is_pre_election: true
I20260709 14:52:03.968318  9943 leader_election.cc:290] T 1fef05e5a28042238a04f9bdcf37499d P b58a724d8ee045bc8c177efd3aa8dc36 [CANDIDATE]: Term 1 pre-election: Requested pre-vote from peers b89a61c23ec040859419313338748b24 (127.8.100.1:40633), 5f31bece25054b6683837cda70a6aa9c (127.8.100.2:46413)
I20260709 14:52:03.971200  9894 raft_consensus.cc:359] T a11c5e27d82441e88a0b17e65cf87ecb P b89a61c23ec040859419313338748b24 [term 0 FOLLOWER]: Replica starting. Triggering 0 pending ops. Active config: opid_index: -1 OBSOLETE_local: false peers { permanent_uuid: "b89a61c23ec040859419313338748b24" member_type: VOTER last_known_addr { host: "127.8.100.1" port: 40633 } } peers { permanent_uuid: "5f31bece25054b6683837cda70a6aa9c" member_type: VOTER last_known_addr { host: "127.8.100.2" port: 46413 } } peers { permanent_uuid: "b58a724d8ee045bc8c177efd3aa8dc36" member_type: VOTER last_known_addr { host: "127.8.100.3" port: 37769 } }
