I20260709 14:52:03.814822 13484 tablet_bootstrap.cc:492] T aceeecdc50e54aaa8c377f92d86a2c3b P 71c74fa53d5e44a79b87719a25f227e6: No bootstrap required, opened a new log
I20260709 14:52:03.795943 13293 raft_consensus.cc:3060] T e196a80401cb4d2ea698986dcfd876be P ed2c993fc7f948609d5ab06ecca07f26 [term 0 FOLLOWER]: Advancing to term 1
I20260709 14:52:03.818409 13366 tablet_service.cc:1917] Received RequestConsensusVote() RPC: tablet_id: "b79d8fc5463a4f5cba32961f4cd14304" candidate_uuid: "ed2c993fc7f948609d5ab06ecca07f26" candidate_term: 1 candidate_status { last_received { term: 0 index: 0 } } ignore_live_leader: false dest_uuid: "71c74fa53d5e44a79b87719a25f227e6" is_pre_election: true
I20260709 14:52:03.818449 13294 raft_consensus.cc:3060] T d4d25df0eb384f70b85dc91cf7ba1d6d P ed2c993fc7f948609d5ab06ecca07f26 [term 0 FOLLOWER]: Advancing to term 1
I20260709 14:52:03.820582 13290 raft_consensus.cc:2468] T f04bc3f85fad4ba8b6ffda366eecaa46 P ed2c993fc7f948609d5ab06ecca07f26 [term 0 FOLLOWER]: Leader pre-election vote request: Granting yes vote for candidate 71c74fa53d5e44a79b87719a25f227e6 in term 0.
I20260709 14:52:03.821718 13370 raft_consensus.cc:3060] T 7404937470014df39ac033541eb18553 P 71c74fa53d5e44a79b87719a25f227e6 [term 0 FOLLOWER]: Advancing to term 1
I20260709 14:52:03.823305 13484 ts_tablet_manager.cc:1403] T aceeecdc50e54aaa8c377f92d86a2c3b P 71c74fa53d5e44a79b87719a25f227e6: Time spent bootstrapping tablet: real 0.591s	user 0.017s	sys 0.023s
I20260709 14:52:03.825214 13654 consensus_queue.cc:1048] T d86e1e54fd8043caabfe55492c715a3b P ed2c993fc7f948609d5ab06ecca07f26 [LEADER]: Connected to new peer: Peer: permanent_uuid: "ee9c73a1f7794b6d93c4a48a5b9ede85" member_type: VOTER last_known_addr { host: "127.11.226.131" port: 42655 }, Status: LMP_MISMATCH, Last received: 0.0, Next index: 1, Last known committed idx: 0, Time since last communication: 0.004s
I20260709 14:52:03.829335 13193 catalog_manager.cc:5697] T af470df452a24afd9649b857781083d8 P ee9c73a1f7794b6d93c4a48a5b9ede85 reported cstate change: term changed from 0 to 1, leader changed from <none> to ee9c73a1f7794b6d93c4a48a5b9ede85 (127.11.226.131). New cstate: current_term: 1 leader_uuid: "ee9c73a1f7794b6d93c4a48a5b9ede85" committed_config { opid_index: -1 OBSOLETE_local: false peers { permanent_uuid: "ed2c993fc7f948609d5ab06ecca07f26" member_type: VOTER last_known_addr { host: "127.11.226.129" port: 44981 } health_report { overall_health: UNKNOWN } } peers { permanent_uuid: "71c74fa53d5e44a79b87719a25f227e6" member_type: VOTER last_known_addr { host: "127.11.226.130" port: 42291 } health_report { overall_health: UNKNOWN } } peers { permanent_uuid: "ee9c73a1f7794b6d93c4a48a5b9ede85" member_type: VOTER last_known_addr { host: "127.11.226.131" port: 42655 } health_report { overall_health: HEALTHY } } }
I20260709 14:52:03.829984 13190 catalog_manager.cc:5697] T 308ed1262bcf47c88e42159bdaa6cc32 P ed2c993fc7f948609d5ab06ecca07f26 reported cstate change: term changed from 0 to 1, leader changed from <none> to ed2c993fc7f948609d5ab06ecca07f26 (127.11.226.129). New cstate: current_term: 1 leader_uuid: "ed2c993fc7f948609d5ab06ecca07f26" committed_config { opid_index: -1 OBSOLETE_local: false peers { permanent_uuid: "ed2c993fc7f948609d5ab06ecca07f26" member_type: VOTER last_known_addr { host: "127.11.226.129" port: 44981 } health_report { overall_health: HEALTHY } } peers { permanent_uuid: "71c74fa53d5e44a79b87719a25f227e6" member_type: VOTER last_known_addr { host: "127.11.226.130" port: 42291 } health_report { overall_health: UNKNOWN } } peers { permanent_uuid: "ee9c73a1f7794b6d93c4a48a5b9ede85" member_type: VOTER last_known_addr { host: "127.11.226.131" port: 42655 } health_report { overall_health: UNKNOWN } } }
I20260709 14:52:03.834681 13370 raft_consensus.cc:2468] T 7404937470014df39ac033541eb18553 P 71c74fa53d5e44a79b87719a25f227e6 [term 1 FOLLOWER]: Leader election vote request: Granting yes vote for candidate ed2c993fc7f948609d5ab06ecca07f26 in term 1.
I20260709 14:52:03.835188 13484 raft_consensus.cc:359] T aceeecdc50e54aaa8c377f92d86a2c3b P 71c74fa53d5e44a79b87719a25f227e6 [term 0 FOLLOWER]: Replica starting. Triggering 0 pending ops. Active config: opid_index: -1 OBSOLETE_local: false peers { permanent_uuid: "ed2c993fc7f948609d5ab06ecca07f26" member_type: VOTER last_known_addr { host: "127.11.226.129" port: 44981 } } peers { permanent_uuid: "71c74fa53d5e44a79b87719a25f227e6" member_type: VOTER last_known_addr { host: "127.11.226.130" port: 42291 } } peers { permanent_uuid: "ee9c73a1f7794b6d93c4a48a5b9ede85" member_type: VOTER last_known_addr { host: "127.11.226.131" port: 42655 } }
I20260709 14:52:03.835892 13484 raft_consensus.cc:385] T aceeecdc50e54aaa8c377f92d86a2c3b P 71c74fa53d5e44a79b87719a25f227e6 [term 0 FOLLOWER]: Consensus starting up: Expiring failure detector timer to make a prompt election more likely
I20260709 14:52:03.836133 13484 raft_consensus.cc:740] T aceeecdc50e54aaa8c377f92d86a2c3b P 71c74fa53d5e44a79b87719a25f227e6 [term 0 FOLLOWER]: Becoming Follower/Learner. State: Replica: 71c74fa53d5e44a79b87719a25f227e6, State: Initialized, Role: FOLLOWER
I20260709 14:52:03.837759 13484 consensus_queue.cc:260] T aceeecdc50e54aaa8c377f92d86a2c3b P 71c74fa53d5e44a79b87719a25f227e6 [NON_LEADER]: Queue going to NON_LEADER mode. State: All replicated index: 0, Majority replicated index: 0, Committed index: 0, Last appended: 0.0, Last appended by leader: 0, Current term: 0, Majority size: -1, State: 0, Mode: NON_LEADER, active raft config: opid_index: -1 OBSOLETE_local: false peers { permanent_uuid: "ed2c993fc7f948609d5ab06ecca07f26" member_type: VOTER last_known_addr { host: "127.11.226.129" port: 44981 } } peers { permanent_uuid: "71c74fa53d5e44a79b87719a25f227e6" member_type: VOTER last_known_addr { host: "127.11.226.130" port: 42291 } } peers { permanent_uuid: "ee9c73a1f7794b6d93c4a48a5b9ede85" member_type: VOTER last_known_addr { host: "127.11.226.131" port: 42655 } }
I20260709 14:52:03.840137 13484 ts_tablet_manager.cc:1434] T aceeecdc50e54aaa8c377f92d86a2c3b P 71c74fa53d5e44a79b87719a25f227e6: Time spent starting tablet: real 0.016s	user 0.005s	sys 0.002s
I20260709 14:52:03.841310 13294 raft_consensus.cc:2468] T d4d25df0eb384f70b85dc91cf7ba1d6d P ed2c993fc7f948609d5ab06ecca07f26 [term 1 FOLLOWER]: Leader election vote request: Granting yes vote for candidate ee9c73a1f7794b6d93c4a48a5b9ede85 in term 1.
I20260709 14:52:03.844748 13443 raft_consensus.cc:2468] T 7404937470014df39ac033541eb18553 P ee9c73a1f7794b6d93c4a48a5b9ede85 [term 1 FOLLOWER]: Leader election vote request: Granting yes vote for candidate ed2c993fc7f948609d5ab06ecca07f26 in term 1.
I20260709 14:52:03.846298 13410 leader_election.cc:304] T f04bc3f85fad4ba8b6ffda366eecaa46 P ee9c73a1f7794b6d93c4a48a5b9ede85 [CANDIDATE]: Term 1 pre-election: Election decided. Result: candidate won. Election summary: received 2 responses out of 3 voters: 2 yes votes; 0 no votes. yes voters: ed2c993fc7f948609d5ab06ecca07f26, ee9c73a1f7794b6d93c4a48a5b9ede85; no voters: 
I20260709 14:52:03.851505 13719 raft_consensus.cc:2804] T f04bc3f85fad4ba8b6ffda366eecaa46 P ee9c73a1f7794b6d93c4a48a5b9ede85 [term 0 FOLLOWER]: Leader pre-election won for term 1
I20260709 14:52:03.851948 13719 raft_consensus.cc:493] T f04bc3f85fad4ba8b6ffda366eecaa46 P ee9c73a1f7794b6d93c4a48a5b9ede85 [term 0 FOLLOWER]: Starting leader election (no leader contacted us within the election timeout)
I20260709 14:52:03.852340 13719 raft_consensus.cc:3060] T f04bc3f85fad4ba8b6ffda366eecaa46 P ee9c73a1f7794b6d93c4a48a5b9ede85 [term 0 FOLLOWER]: Advancing to term 1
W20260709 14:52:03.854707 13261 leader_election.cc:343] T b79d8fc5463a4f5cba32961f4cd14304 P ed2c993fc7f948609d5ab06ecca07f26 [CANDIDATE]: Term 1 pre-election: Tablet error from VoteRequest() call to peer ee9c73a1f7794b6d93c4a48a5b9ede85 (127.11.226.131:42655): Illegal state: must be running to vote when last-logged opid is not known
I20260709 14:52:03.855597 13261 leader_election.cc:304] T 7404937470014df39ac033541eb18553 P ed2c993fc7f948609d5ab06ecca07f26 [CANDIDATE]: Term 1 election: Election decided. Result: candidate won. Election summary: received 2 responses out of 3 voters: 2 yes votes; 0 no votes. yes voters: ed2c993fc7f948609d5ab06ecca07f26, ee9c73a1f7794b6d93c4a48a5b9ede85; no voters: 
I20260709 14:52:03.860903 13410 leader_election.cc:304] T d4d25df0eb384f70b85dc91cf7ba1d6d P ee9c73a1f7794b6d93c4a48a5b9ede85 [CANDIDATE]: Term 1 election: Election decided. Result: candidate won. Election summary: received 2 responses out of 3 voters: 2 yes votes; 0 no votes. yes voters: ed2c993fc7f948609d5ab06ecca07f26, ee9c73a1f7794b6d93c4a48a5b9ede85; no voters: 
W20260709 14:52:03.869741 13258 leader_election.cc:343] T 308ed1262bcf47c88e42159bdaa6cc32 P ed2c993fc7f948609d5ab06ecca07f26 [CANDIDATE]: Term 1 election: Tablet error from VoteRequest() call to peer 71c74fa53d5e44a79b87719a25f227e6 (127.11.226.130:42291): Illegal state: must be running to vote when last-logged opid is not known
I20260709 14:52:03.875923 13258 leader_election.cc:304] T e196a80401cb4d2ea698986dcfd876be P ed2c993fc7f948609d5ab06ecca07f26 [CANDIDATE]: Term 1 pre-election: Election decided. Result: candidate lost. Election summary: received 3 responses out of 3 voters: 1 yes votes; 2 no votes. yes voters: ed2c993fc7f948609d5ab06ecca07f26; no voters: 71c74fa53d5e44a79b87719a25f227e6, ee9c73a1f7794b6d93c4a48a5b9ede85
I20260709 14:52:03.866797 13786 raft_consensus.cc:2804] T d4d25df0eb384f70b85dc91cf7ba1d6d P ee9c73a1f7794b6d93c4a48a5b9ede85 [term 1 FOLLOWER]: Leader election won for term 1
I20260709 14:52:03.863876 13438 raft_consensus.cc:2468] T 2478b20346d74643af6c67214eab9251 P ee9c73a1f7794b6d93c4a48a5b9ede85 [term 1 FOLLOWER]: Leader election vote request: Granting yes vote for candidate ed2c993fc7f948609d5ab06ecca07f26 in term 1.
I20260709 14:52:03.880705 13565 consensus_queue.cc:1048] T 089eff4d6dcc439f89c3586a2599d470 P ed2c993fc7f948609d5ab06ecca07f26 [LEADER]: Connected to new peer: Peer: permanent_uuid: "71c74fa53d5e44a79b87719a25f227e6" member_type: VOTER last_known_addr { host: "127.11.226.130" port: 42291 }, Status: LMP_MISMATCH, Last received: 0.0, Next index: 1, Last known committed idx: 0, Time since last communication: 0.000s
W20260709 14:52:03.884584 13258 leader_election.cc:343] T 2478b20346d74643af6c67214eab9251 P ed2c993fc7f948609d5ab06ecca07f26 [CANDIDATE]: Term 1 election: Tablet error from VoteRequest() call to peer 71c74fa53d5e44a79b87719a25f227e6 (127.11.226.130:42291): Illegal state: must be running to vote when last-logged opid is not known
I20260709 14:52:03.888707 13708 consensus_queue.cc:1048] T d86e1e54fd8043caabfe55492c715a3b P ed2c993fc7f948609d5ab06ecca07f26 [LEADER]: Connected to new peer: Peer: permanent_uuid: "71c74fa53d5e44a79b87719a25f227e6" member_type: VOTER last_known_addr { host: "127.11.226.130" port: 42291 }, Status: LMP_MISMATCH, Last received: 0.0, Next index: 1, Last known committed idx: 0, Time since last communication: 0.000s
I20260709 14:52:03.890326 13484 tablet_bootstrap.cc:492] T 2478b20346d74643af6c67214eab9251 P 71c74fa53d5e44a79b87719a25f227e6: Bootstrap starting.
W20260709 14:52:03.894685 13258 leader_election.cc:343] T b79d8fc5463a4f5cba32961f4cd14304 P ed2c993fc7f948609d5ab06ecca07f26 [CANDIDATE]: Term 1 pre-election: Tablet error from VoteRequest() call to peer 71c74fa53d5e44a79b87719a25f227e6 (127.11.226.130:42291): Illegal state: must be running to vote when last-logged opid is not known
I20260709 14:52:03.895150 13258 leader_election.cc:304] T b79d8fc5463a4f5cba32961f4cd14304 P ed2c993fc7f948609d5ab06ecca07f26 [CANDIDATE]: Term 1 pre-election: Election decided. Result: candidate lost. Election summary: received 3 responses out of 3 voters: 1 yes votes; 2 no votes. yes voters: ed2c993fc7f948609d5ab06ecca07f26; no voters: 71c74fa53d5e44a79b87719a25f227e6, ee9c73a1f7794b6d93c4a48a5b9ede85
I20260709 14:52:03.897266 13777 raft_consensus.cc:2804] T 7404937470014df39ac033541eb18553 P ed2c993fc7f948609d5ab06ecca07f26 [term 1 FOLLOWER]: Leader election won for term 1
I20260709 14:52:03.902128 13336 leader_election.cc:304] T f04bc3f85fad4ba8b6ffda366eecaa46 P 71c74fa53d5e44a79b87719a25f227e6 [CANDIDATE]: Term 1 pre-election: Election decided. Result: candidate won. Election summary: received 2 responses out of 3 voters: 2 yes votes; 0 no votes. yes voters: 71c74fa53d5e44a79b87719a25f227e6, ee9c73a1f7794b6d93c4a48a5b9ede85; no voters: 
I20260709 14:52:03.892163 13786 raft_consensus.cc:697] T d4d25df0eb384f70b85dc91cf7ba1d6d P ee9c73a1f7794b6d93c4a48a5b9ede85 [term 1 LEADER]: Becoming Leader. State: Replica: ee9c73a1f7794b6d93c4a48a5b9ede85, State: Running, Role: LEADER
I20260709 14:52:03.906214 13261 leader_election.cc:304] T 2478b20346d74643af6c67214eab9251 P ed2c993fc7f948609d5ab06ecca07f26 [CANDIDATE]: Term 1 election: Election decided. Result: candidate won. Election summary: received 3 responses out of 3 voters: 2 yes votes; 1 no votes. yes voters: ed2c993fc7f948609d5ab06ecca07f26, ee9c73a1f7794b6d93c4a48a5b9ede85; no voters: 71c74fa53d5e44a79b87719a25f227e6
I20260709 14:52:03.902221 13777 raft_consensus.cc:697] T 7404937470014df39ac033541eb18553 P ed2c993fc7f948609d5ab06ecca07f26 [term 1 LEADER]: Becoming Leader. State: Replica: ed2c993fc7f948609d5ab06ecca07f26, State: Running, Role: LEADER
I20260709 14:52:03.902606 13588 raft_consensus.cc:2749] T b79d8fc5463a4f5cba32961f4cd14304 P ed2c993fc7f948609d5ab06ecca07f26 [term 0 FOLLOWER]: Leader pre-election lost for term 1. Reason: could not achieve majority
I20260709 14:52:03.911911 13545 raft_consensus.cc:2804] T f04bc3f85fad4ba8b6ffda366eecaa46 P 71c74fa53d5e44a79b87719a25f227e6 [term 0 FOLLOWER]: Leader pre-election won for term 1
W20260709 14:52:03.922964 13336 leader_election.cc:343] T 9793ca6be46d4bc5bce39719b3644bc7 P 71c74fa53d5e44a79b87719a25f227e6 [CANDIDATE]: Term 1 pre-election: Tablet error from VoteRequest() call to peer ed2c993fc7f948609d5ab06ecca07f26 (127.11.226.129:44981): Illegal state: must be running to vote when last-logged opid is not known
I20260709 14:52:03.923696 13336 leader_election.cc:304] T 9793ca6be46d4bc5bce39719b3644bc7 P 71c74fa53d5e44a79b87719a25f227e6 [CANDIDATE]: Term 1 pre-election: Election decided. Result: candidate lost. Election summary: received 3 responses out of 3 voters: 1 yes votes; 2 no votes. yes voters: 71c74fa53d5e44a79b87719a25f227e6; no voters: ed2c993fc7f948609d5ab06ecca07f26, ee9c73a1f7794b6d93c4a48a5b9ede85
I20260709 14:52:03.925488 13788 raft_consensus.cc:2804] T 2478b20346d74643af6c67214eab9251 P ed2c993fc7f948609d5ab06ecca07f26 [term 1 FOLLOWER]: Leader election won for term 1
I20260709 14:52:03.926002 13788 raft_consensus.cc:697] T 2478b20346d74643af6c67214eab9251 P ed2c993fc7f948609d5ab06ecca07f26 [term 1 LEADER]: Becoming Leader. State: Replica: ed2c993fc7f948609d5ab06ecca07f26, State: Running, Role: LEADER
I20260709 14:52:03.921387 13545 raft_consensus.cc:493] T f04bc3f85fad4ba8b6ffda366eecaa46 P 71c74fa53d5e44a79b87719a25f227e6 [term 0 FOLLOWER]: Starting leader election (no leader contacted us within the election timeout)
W20260709 14:52:03.923849 13793 log.cc:927] Time spent T 308ed1262bcf47c88e42159bdaa6cc32 P ed2c993fc7f948609d5ab06ecca07f26: Append to log took a long time: real 0.082s	user 0.001s	sys 0.000s
I20260709 14:52:03.928691 13545 raft_consensus.cc:3060] T f04bc3f85fad4ba8b6ffda366eecaa46 P 71c74fa53d5e44a79b87719a25f227e6 [term 0 FOLLOWER]: Advancing to term 1
I20260709 14:52:03.931048 13487 tablet_bootstrap.cc:654] T 9793ca6be46d4bc5bce39719b3644bc7 P ee9c73a1f7794b6d93c4a48a5b9ede85: Neither blocks nor log segments found. Creating new log.
I20260709 14:52:03.924875 13509 raft_consensus.cc:2749] T 9793ca6be46d4bc5bce39719b3644bc7 P 71c74fa53d5e44a79b87719a25f227e6 [term 0 FOLLOWER]: Leader pre-election lost for term 1. Reason: could not achieve majority
I20260709 14:52:03.926479 13777 consensus_queue.cc:237] T 7404937470014df39ac033541eb18553 P ed2c993fc7f948609d5ab06ecca07f26 [LEADER]: Queue going to LEADER mode. State: All replicated index: 0, Majority replicated index: 0, Committed index: 0, Last appended: 0.0, Last appended by leader: 0, Current term: 1, Majority size: 2, State: 0, Mode: LEADER, active raft config: opid_index: -1 OBSOLETE_local: false peers { permanent_uuid: "ed2c993fc7f948609d5ab06ecca07f26" member_type: VOTER last_known_addr { host: "127.11.226.129" port: 44981 } } peers { permanent_uuid: "71c74fa53d5e44a79b87719a25f227e6" member_type: VOTER last_known_addr { host: "127.11.226.130" port: 42291 } } peers { permanent_uuid: "ee9c73a1f7794b6d93c4a48a5b9ede85" member_type: VOTER last_known_addr { host: "127.11.226.131" port: 42655 } }
I20260709 14:52:03.951037 13488 tablet_bootstrap.cc:492] T 5f6cb57bf31545a9af84d3c0abe3749e P ed2c993fc7f948609d5ab06ecca07f26: No bootstrap required, opened a new log
I20260709 14:52:03.951485 13488 ts_tablet_manager.cc:1403] T 5f6cb57bf31545a9af84d3c0abe3749e P ed2c993fc7f948609d5ab06ecca07f26: Time spent bootstrapping tablet: real 0.372s	user 0.012s	sys 0.016s
I20260709 14:52:03.933848 13786 consensus_queue.cc:237] T d4d25df0eb384f70b85dc91cf7ba1d6d P ee9c73a1f7794b6d93c4a48a5b9ede85 [LEADER]: Queue going to LEADER mode. State: All replicated index: 0, Majority replicated index: 0, Committed index: 0, Last appended: 0.0, Last appended by leader: 0, Current term: 1, Majority size: 2, State: 0, Mode: LEADER, active raft config: opid_index: -1 OBSOLETE_local: false peers { permanent_uuid: "ed2c993fc7f948609d5ab06ecca07f26" member_type: VOTER last_known_addr { host: "127.11.226.129" port: 44981 } } peers { permanent_uuid: "71c74fa53d5e44a79b87719a25f227e6" member_type: VOTER last_known_addr { host: "127.11.226.130" port: 42291 } } peers { permanent_uuid: "ee9c73a1f7794b6d93c4a48a5b9ede85" member_type: VOTER last_known_addr { host: "127.11.226.131" port: 42655 } }
I20260709 14:52:03.926906 13788 consensus_queue.cc:237] T 2478b20346d74643af6c67214eab9251 P ed2c993fc7f948609d5ab06ecca07f26 [LEADER]: Queue going to LEADER mode. State: All replicated index: 0, Majority replicated index: 0, Committed index: 0, Last appended: 0.0, Last appended by leader: 0, Current term: 1, Majority size: 2, State: 0, Mode: LEADER, active raft config: opid_index: -1 OBSOLETE_local: false peers { permanent_uuid: "ed2c993fc7f948609d5ab06ecca07f26" member_type: VOTER last_known_addr { host: "127.11.226.129" port: 44981 } } peers { permanent_uuid: "71c74fa53d5e44a79b87719a25f227e6" member_type: VOTER last_known_addr { host: "127.11.226.130" port: 42291 } } peers { permanent_uuid: "ee9c73a1f7794b6d93c4a48a5b9ede85" member_type: VOTER last_known_addr { host: "127.11.226.131" port: 42655 } }
I20260709 14:52:03.986066 13484 tablet_bootstrap.cc:654] T 2478b20346d74643af6c67214eab9251 P 71c74fa53d5e44a79b87719a25f227e6: Neither blocks nor log segments found. Creating new log.
I20260709 14:52:03.991009 13363 tablet_service.cc:1917] Received RequestConsensusVote() RPC: tablet_id: "d4d25df0eb384f70b85dc91cf7ba1d6d" candidate_uuid: "ee9c73a1f7794b6d93c4a48a5b9ede85" candidate_term: 1 candidate_status { last_received { term: 0 index: 0 } } ignore_live_leader: false dest_uuid: "71c74fa53d5e44a79b87719a25f227e6"
I20260709 14:52:03.986191 13719 raft_consensus.cc:515] T f04bc3f85fad4ba8b6ffda366eecaa46 P ee9c73a1f7794b6d93c4a48a5b9ede85 [term 1 FOLLOWER]: Starting leader election with config: opid_index: -1 OBSOLETE_local: false peers { permanent_uuid: "ed2c993fc7f948609d5ab06ecca07f26" member_type: VOTER last_known_addr { host: "127.11.226.129" port: 44981 } } peers { permanent_uuid: "71c74fa53d5e44a79b87719a25f227e6" member_type: VOTER last_known_addr { host: "127.11.226.130" port: 42291 } } peers { permanent_uuid: "ee9c73a1f7794b6d93c4a48a5b9ede85" member_type: VOTER last_known_addr { host: "127.11.226.131" port: 42655 } }
W20260709 14:52:04.011996 13410 consensus_peers.cc:597] T 290ca60ec659414284d3dc37ec55a1a7 P ee9c73a1f7794b6d93c4a48a5b9ede85 -> Peer ed2c993fc7f948609d5ab06ecca07f26 (127.11.226.129:44981): Couldn't send request to peer ed2c993fc7f948609d5ab06ecca07f26. Error code: TABLET_NOT_RUNNING (12). Status: Illegal state: Tablet not RUNNING: INITIALIZED. This is attempt 1: this message will repeat every 5th retry.
I20260709 14:52:04.013352 13545 raft_consensus.cc:515] T f04bc3f85fad4ba8b6ffda366eecaa46 P 71c74fa53d5e44a79b87719a25f227e6 [term 1 FOLLOWER]: Starting leader election with config: opid_index: -1 OBSOLETE_local: false peers { permanent_uuid: "ed2c993fc7f948609d5ab06ecca07f26" member_type: VOTER last_known_addr { host: "127.11.226.129" port: 44981 } } peers { permanent_uuid: "71c74fa53d5e44a79b87719a25f227e6" member_type: VOTER last_known_addr { host: "127.11.226.130" port: 42291 } } peers { permanent_uuid: "ee9c73a1f7794b6d93c4a48a5b9ede85" member_type: VOTER last_known_addr { host: "127.11.226.131" port: 42655 } }
I20260709 14:52:04.019546 13488 raft_consensus.cc:359] T 5f6cb57bf31545a9af84d3c0abe3749e P ed2c993fc7f948609d5ab06ecca07f26 [term 0 FOLLOWER]: Replica starting. Triggering 0 pending ops. Active config: opid_index: -1 OBSOLETE_local: false peers { permanent_uuid: "ed2c993fc7f948609d5ab06ecca07f26" member_type: VOTER last_known_addr { host: "127.11.226.129" port: 44981 } } peers { permanent_uuid: "71c74fa53d5e44a79b87719a25f227e6" member_type: VOTER last_known_addr { host: "127.11.226.130" port: 42291 } } peers { permanent_uuid: "ee9c73a1f7794b6d93c4a48a5b9ede85" member_type: VOTER last_known_addr { host: "127.11.226.131" port: 42655 } }
I20260709 14:52:04.020974 13794 raft_consensus.cc:2749] T e196a80401cb4d2ea698986dcfd876be P ed2c993fc7f948609d5ab06ecca07f26 [term 1 FOLLOWER]: Leader pre-election lost for term 1. Reason: could not achieve majority
I20260709 14:52:04.020578 13488 raft_consensus.cc:385] T 5f6cb57bf31545a9af84d3c0abe3749e P ed2c993fc7f948609d5ab06ecca07f26 [term 0 FOLLOWER]: Consensus starting up: Expiring failure detector timer to make a prompt election more likely
I20260709 14:52:04.022035 13488 raft_consensus.cc:740] T 5f6cb57bf31545a9af84d3c0abe3749e P ed2c993fc7f948609d5ab06ecca07f26 [term 0 FOLLOWER]: Becoming Follower/Learner. State: Replica: ed2c993fc7f948609d5ab06ecca07f26, State: Initialized, Role: FOLLOWER
W20260709 14:52:04.024752 13798 log.cc:927] Time spent T d86e1e54fd8043caabfe55492c715a3b P ee9c73a1f7794b6d93c4a48a5b9ede85: Append to log took a long time: real 0.051s	user 0.000s	sys 0.000s
I20260709 14:52:04.025614 13719 leader_election.cc:290] T f04bc3f85fad4ba8b6ffda366eecaa46 P ee9c73a1f7794b6d93c4a48a5b9ede85 [CANDIDATE]: Term 1 election: Requested vote from peers ed2c993fc7f948609d5ab06ecca07f26 (127.11.226.129:44981), 71c74fa53d5e44a79b87719a25f227e6 (127.11.226.130:42291)
I20260709 14:52:04.027714 13488 consensus_queue.cc:260] T 5f6cb57bf31545a9af84d3c0abe3749e P ed2c993fc7f948609d5ab06ecca07f26 [NON_LEADER]: Queue going to NON_LEADER mode. State: All replicated index: 0, Majority replicated index: 0, Committed index: 0, Last appended: 0.0, Last appended by leader: 0, Current term: 0, Majority size: -1, State: 0, Mode: NON_LEADER, active raft config: opid_index: -1 OBSOLETE_local: false peers { permanent_uuid: "ed2c993fc7f948609d5ab06ecca07f26" member_type: VOTER last_known_addr { host: "127.11.226.129" port: 44981 } } peers { permanent_uuid: "71c74fa53d5e44a79b87719a25f227e6" member_type: VOTER last_known_addr { host: "127.11.226.130" port: 42291 } } peers { permanent_uuid: "ee9c73a1f7794b6d93c4a48a5b9ede85" member_type: VOTER last_known_addr { host: "127.11.226.131" port: 42655 } }
I20260709 14:52:04.029989 13488 ts_tablet_manager.cc:1434] T 5f6cb57bf31545a9af84d3c0abe3749e P ed2c993fc7f948609d5ab06ecca07f26: Time spent starting tablet: real 0.078s	user 0.011s	sys 0.000s
I20260709 14:52:04.039605 13800 consensus_queue.cc:1048] T e196a80401cb4d2ea698986dcfd876be P 71c74fa53d5e44a79b87719a25f227e6 [LEADER]: Connected to new peer: Peer: permanent_uuid: "ed2c993fc7f948609d5ab06ecca07f26" member_type: VOTER last_known_addr { host: "127.11.226.129" port: 44981 }, Status: LMP_MISMATCH, Last received: 0.0, Next index: 1, Last known committed idx: 0, Time since last communication: 0.009s
I20260709 14:52:04.044090 13488 tablet_bootstrap.cc:492] T 290ca60ec659414284d3dc37ec55a1a7 P ed2c993fc7f948609d5ab06ecca07f26: Bootstrap starting.
I20260709 14:52:04.021003 13292 tablet_service.cc:1917] Received RequestConsensusVote() RPC: tablet_id: "f04bc3f85fad4ba8b6ffda366eecaa46" candidate_uuid: "ee9c73a1f7794b6d93c4a48a5b9ede85" candidate_term: 1 candidate_status { last_received { term: 0 index: 0 } } ignore_live_leader: false dest_uuid: "ed2c993fc7f948609d5ab06ecca07f26"
I20260709 14:52:04.041739 13565 raft_consensus.cc:493] T 5f6cb57bf31545a9af84d3c0abe3749e P ed2c993fc7f948609d5ab06ecca07f26 [term 0 FOLLOWER]: Starting pre-election (no leader contacted us within the election timeout)
I20260709 14:52:04.048802 13292 raft_consensus.cc:3060] T f04bc3f85fad4ba8b6ffda366eecaa46 P ed2c993fc7f948609d5ab06ecca07f26 [term 0 FOLLOWER]: Advancing to term 1
I20260709 14:52:04.052759 13565 raft_consensus.cc:515] T 5f6cb57bf31545a9af84d3c0abe3749e P ed2c993fc7f948609d5ab06ecca07f26 [term 0 FOLLOWER]: Starting pre-election with config: opid_index: -1 OBSOLETE_local: false peers { permanent_uuid: "ed2c993fc7f948609d5ab06ecca07f26" member_type: VOTER last_known_addr { host: "127.11.226.129" port: 44981 } } peers { permanent_uuid: "71c74fa53d5e44a79b87719a25f227e6" member_type: VOTER last_known_addr { host: "127.11.226.130" port: 42291 } } peers { permanent_uuid: "ee9c73a1f7794b6d93c4a48a5b9ede85" member_type: VOTER last_known_addr { host: "127.11.226.131" port: 42655 } }
W20260709 14:52:04.065819 13407 leader_election.cc:343] T d4d25df0eb384f70b85dc91cf7ba1d6d P ee9c73a1f7794b6d93c4a48a5b9ede85 [CANDIDATE]: Term 1 election: Tablet error from VoteRequest() call to peer 71c74fa53d5e44a79b87719a25f227e6 (127.11.226.130:42291): Illegal state: must be running to vote when last-logged opid is not known
I20260709 14:52:04.069744 13778 consensus_queue.cc:1048] T 290ca60ec659414284d3dc37ec55a1a7 P ee9c73a1f7794b6d93c4a48a5b9ede85 [LEADER]: Connected to new peer: Peer: permanent_uuid: "71c74fa53d5e44a79b87719a25f227e6" member_type: VOTER last_known_addr { host: "127.11.226.130" port: 42291 }, Status: LMP_MISMATCH, Last received: 0.0, Next index: 1, Last known committed idx: 0, Time since last communication: 0.004s
I20260709 14:52:04.076467 13367 tablet_service.cc:1917] Received RequestConsensusVote() RPC: tablet_id: "5f6cb57bf31545a9af84d3c0abe3749e" candidate_uuid: "ed2c993fc7f948609d5ab06ecca07f26" candidate_term: 1 candidate_status { last_received { term: 0 index: 0 } } ignore_live_leader: false dest_uuid: "71c74fa53d5e44a79b87719a25f227e6" is_pre_election: true
I20260709 14:52:04.113816 13487 tablet_bootstrap.cc:492] T 9793ca6be46d4bc5bce39719b3644bc7 P ee9c73a1f7794b6d93c4a48a5b9ede85: No bootstrap required, opened a new log
I20260709 14:52:04.114501 13487 ts_tablet_manager.cc:1403] T 9793ca6be46d4bc5bce39719b3644bc7 P ee9c73a1f7794b6d93c4a48a5b9ede85: Time spent bootstrapping tablet: real 0.406s	user 0.027s	sys 0.018s
W20260709 14:52:04.124073 13258 leader_election.cc:343] T 5f6cb57bf31545a9af84d3c0abe3749e P ed2c993fc7f948609d5ab06ecca07f26 [CANDIDATE]: Term 1 pre-election: Tablet error from VoteRequest() call to peer 71c74fa53d5e44a79b87719a25f227e6 (127.11.226.130:42291): Illegal state: must be running to vote when last-logged opid is not known
I20260709 14:52:04.163136 13289 tablet_service.cc:1917] Received RequestConsensusVote() RPC: tablet_id: "f04bc3f85fad4ba8b6ffda366eecaa46" candidate_uuid: "71c74fa53d5e44a79b87719a25f227e6" candidate_term: 1 candidate_status { last_received { term: 0 index: 0 } } ignore_live_leader: false dest_uuid: "ed2c993fc7f948609d5ab06ecca07f26"
I20260709 14:52:04.145067 13442 tablet_service.cc:1917] Received RequestConsensusVote() RPC: tablet_id: "f04bc3f85fad4ba8b6ffda366eecaa46" candidate_uuid: "71c74fa53d5e44a79b87719a25f227e6" candidate_term: 1 candidate_status { last_received { term: 0 index: 0 } } ignore_live_leader: false dest_uuid: "ee9c73a1f7794b6d93c4a48a5b9ede85"
I20260709 14:52:04.166266 13442 raft_consensus.cc:2393] T f04bc3f85fad4ba8b6ffda366eecaa46 P ee9c73a1f7794b6d93c4a48a5b9ede85 [term 1 FOLLOWER]: Leader election vote request: Denying vote to candidate 71c74fa53d5e44a79b87719a25f227e6 in current term 1: Already voted for candidate ee9c73a1f7794b6d93c4a48a5b9ede85 in this term.
I20260709 14:52:04.148041 13545 leader_election.cc:290] T f04bc3f85fad4ba8b6ffda366eecaa46 P 71c74fa53d5e44a79b87719a25f227e6 [CANDIDATE]: Term 1 election: Requested vote from peers ed2c993fc7f948609d5ab06ecca07f26 (127.11.226.129:44981), ee9c73a1f7794b6d93c4a48a5b9ede85 (127.11.226.131:42655)
I20260709 14:52:04.174685 13484 tablet_bootstrap.cc:492] T 2478b20346d74643af6c67214eab9251 P 71c74fa53d5e44a79b87719a25f227e6: No bootstrap required, opened a new log
I20260709 14:52:04.175179 13484 ts_tablet_manager.cc:1403] T 2478b20346d74643af6c67214eab9251 P 71c74fa53d5e44a79b87719a25f227e6: Time spent bootstrapping tablet: real 0.285s	user 0.014s	sys 0.022s
I20260709 14:52:04.177601 13292 raft_consensus.cc:2468] T f04bc3f85fad4ba8b6ffda366eecaa46 P ed2c993fc7f948609d5ab06ecca07f26 [term 1 FOLLOWER]: Leader election vote request: Granting yes vote for candidate ee9c73a1f7794b6d93c4a48a5b9ede85 in term 1.
I20260709 14:52:04.179739 13487 raft_consensus.cc:359] T 9793ca6be46d4bc5bce39719b3644bc7 P ee9c73a1f7794b6d93c4a48a5b9ede85 [term 0 FOLLOWER]: Replica starting. Triggering 0 pending ops. Active config: opid_index: -1 OBSOLETE_local: false peers { permanent_uuid: "ed2c993fc7f948609d5ab06ecca07f26" member_type: VOTER last_known_addr { host: "127.11.226.129" port: 44981 } } peers { permanent_uuid: "71c74fa53d5e44a79b87719a25f227e6" member_type: VOTER last_known_addr { host: "127.11.226.130" port: 42291 } } peers { permanent_uuid: "ee9c73a1f7794b6d93c4a48a5b9ede85" member_type: VOTER last_known_addr { host: "127.11.226.131" port: 42655 } }
I20260709 14:52:04.180474 13487 raft_consensus.cc:385] T 9793ca6be46d4bc5bce39719b3644bc7 P ee9c73a1f7794b6d93c4a48a5b9ede85 [term 0 FOLLOWER]: Consensus starting up: Expiring failure detector timer to make a prompt election more likely
I20260709 14:52:04.180758 13487 raft_consensus.cc:740] T 9793ca6be46d4bc5bce39719b3644bc7 P ee9c73a1f7794b6d93c4a48a5b9ede85 [term 0 FOLLOWER]: Becoming Follower/Learner. State: Replica: ee9c73a1f7794b6d93c4a48a5b9ede85, State: Initialized, Role: FOLLOWER
I20260709 14:52:04.181478 13487 consensus_queue.cc:260] T 9793ca6be46d4bc5bce39719b3644bc7 P ee9c73a1f7794b6d93c4a48a5b9ede85 [NON_LEADER]: Queue going to NON_LEADER mode. State: All replicated index: 0, Majority replicated index: 0, Committed index: 0, Last appended: 0.0, Last appended by leader: 0, Current term: 0, Majority size: -1, State: 0, Mode: NON_LEADER, active raft config: opid_index: -1 OBSOLETE_local: false peers { permanent_uuid: "ed2c993fc7f948609d5ab06ecca07f26" member_type: VOTER last_known_addr { host: "127.11.226.129" port: 44981 } } peers { permanent_uuid: "71c74fa53d5e44a79b87719a25f227e6" member_type: VOTER last_known_addr { host: "127.11.226.130" port: 42291 } } peers { permanent_uuid: "ee9c73a1f7794b6d93c4a48a5b9ede85" member_type: VOTER last_known_addr { host: "127.11.226.131" port: 42655 } }
I20260709 14:52:04.184543 13487 ts_tablet_manager.cc:1434] T 9793ca6be46d4bc5bce39719b3644bc7 P ee9c73a1f7794b6d93c4a48a5b9ede85: Time spent starting tablet: real 0.070s	user 0.007s	sys 0.000s
I20260709 14:52:04.186160 13410 leader_election.cc:304] T f04bc3f85fad4ba8b6ffda366eecaa46 P ee9c73a1f7794b6d93c4a48a5b9ede85 [CANDIDATE]: Term 1 election: Election decided. Result: candidate won. Election summary: received 2 responses out of 3 voters: 2 yes votes; 0 no votes. yes voters: ed2c993fc7f948609d5ab06ecca07f26, ee9c73a1f7794b6d93c4a48a5b9ede85; no voters: 
I20260709 14:52:04.189127 13660 raft_consensus.cc:2804] T f04bc3f85fad4ba8b6ffda366eecaa46 P ee9c73a1f7794b6d93c4a48a5b9ede85 [term 1 FOLLOWER]: Leader election won for term 1
I20260709 14:52:04.192735 13660 raft_consensus.cc:697] T f04bc3f85fad4ba8b6ffda366eecaa46 P ee9c73a1f7794b6d93c4a48a5b9ede85 [term 1 LEADER]: Becoming Leader. State: Replica: ee9c73a1f7794b6d93c4a48a5b9ede85, State: Running, Role: LEADER
I20260709 14:52:04.193581 13660 consensus_queue.cc:237] T f04bc3f85fad4ba8b6ffda366eecaa46 P ee9c73a1f7794b6d93c4a48a5b9ede85 [LEADER]: Queue going to LEADER mode. State: All replicated index: 0, Majority replicated index: 0, Committed index: 0, Last appended: 0.0, Last appended by leader: 0, Current term: 1, Majority size: 2, State: 0, Mode: LEADER, active raft config: opid_index: -1 OBSOLETE_local: false peers { permanent_uuid: "ed2c993fc7f948609d5ab06ecca07f26" member_type: VOTER last_known_addr { host: "127.11.226.129" port: 44981 } } peers { permanent_uuid: "71c74fa53d5e44a79b87719a25f227e6" member_type: VOTER last_known_addr { host: "127.11.226.130" port: 42291 } } peers { permanent_uuid: "ee9c73a1f7794b6d93c4a48a5b9ede85" member_type: VOTER last_known_addr { host: "127.11.226.131" port: 42655 } }
I20260709 14:52:04.196923 13336 leader_election.cc:304] T f04bc3f85fad4ba8b6ffda366eecaa46 P 71c74fa53d5e44a79b87719a25f227e6 [CANDIDATE]: Term 1 election: Election decided. Result: candidate lost. Election summary: received 3 responses out of 3 voters: 1 yes votes; 2 no votes. yes voters: 71c74fa53d5e44a79b87719a25f227e6; no voters: ed2c993fc7f948609d5ab06ecca07f26, ee9c73a1f7794b6d93c4a48a5b9ede85
I20260709 14:52:04.197381 13484 raft_consensus.cc:359] T 2478b20346d74643af6c67214eab9251 P 71c74fa53d5e44a79b87719a25f227e6 [term 0 FOLLOWER]: Replica starting. Triggering 0 pending ops. Active config: opid_index: -1 OBSOLETE_local: false peers { permanent_uuid: "ed2c993fc7f948609d5ab06ecca07f26" member_type: VOTER last_known_addr { host: "127.11.226.129" port: 44981 } } peers { permanent_uuid: "71c74fa53d5e44a79b87719a25f227e6" member_type: VOTER last_known_addr { host: "127.11.226.130" port: 42291 } } peers { permanent_uuid: "ee9c73a1f7794b6d93c4a48a5b9ede85" member_type: VOTER last_known_addr { host: "127.11.226.131" port: 42655 } }
I20260709 14:52:04.198273 13484 raft_consensus.cc:385] T 2478b20346d74643af6c67214eab9251 P 71c74fa53d5e44a79b87719a25f227e6 [term 0 FOLLOWER]: Consensus starting up: Expiring failure detector timer to make a prompt election more likely
I20260709 14:52:04.198601 13484 raft_consensus.cc:740] T 2478b20346d74643af6c67214eab9251 P 71c74fa53d5e44a79b87719a25f227e6 [term 0 FOLLOWER]: Becoming Follower/Learner. State: Replica: 71c74fa53d5e44a79b87719a25f227e6, State: Initialized, Role: FOLLOWER
I20260709 14:52:04.198850 13509 raft_consensus.cc:2749] T f04bc3f85fad4ba8b6ffda366eecaa46 P 71c74fa53d5e44a79b87719a25f227e6 [term 1 FOLLOWER]: Leader election lost for term 1. Reason: could not achieve majority
I20260709 14:52:04.199450 13484 consensus_queue.cc:260] T 2478b20346d74643af6c67214eab9251 P 71c74fa53d5e44a79b87719a25f227e6 [NON_LEADER]: Queue going to NON_LEADER mode. State: All replicated index: 0, Majority replicated index: 0, Committed index: 0, Last appended: 0.0, Last appended by leader: 0, Current term: 0, Majority size: -1, State: 0, Mode: NON_LEADER, active raft config: opid_index: -1 OBSOLETE_local: false peers { permanent_uuid: "ed2c993fc7f948609d5ab06ecca07f26" member_type: VOTER last_known_addr { host: "127.11.226.129" port: 44981 } } peers { permanent_uuid: "71c74fa53d5e44a79b87719a25f227e6" member_type: VOTER last_known_addr { host: "127.11.226.130" port: 42291 } } peers { permanent_uuid: "ee9c73a1f7794b6d93c4a48a5b9ede85" member_type: VOTER last_known_addr { host: "127.11.226.131" port: 42655 } }
I20260709 14:52:04.203173 13366 tablet_service.cc:1917] Received RequestConsensusVote() RPC: tablet_id: "f04bc3f85fad4ba8b6ffda366eecaa46" candidate_uuid: "ee9c73a1f7794b6d93c4a48a5b9ede85" candidate_term: 1 candidate_status { last_received { term: 0 index: 0 } } ignore_live_leader: false dest_uuid: "71c74fa53d5e44a79b87719a25f227e6"
I20260709 14:52:04.203974 13366 raft_consensus.cc:2393] T f04bc3f85fad4ba8b6ffda366eecaa46 P 71c74fa53d5e44a79b87719a25f227e6 [term 1 FOLLOWER]: Leader election vote request: Denying vote to candidate ee9c73a1f7794b6d93c4a48a5b9ede85 in current term 1: Already voted for candidate 71c74fa53d5e44a79b87719a25f227e6 in this term.
I20260709 14:52:04.205055 13487 tablet_bootstrap.cc:492] T 2ac7e81c69b44cb69bfe057b2e58d18b P ee9c73a1f7794b6d93c4a48a5b9ede85: Bootstrap starting.
I20260709 14:52:04.212741 13789 raft_consensus.cc:493] T 5f6cb57bf31545a9af84d3c0abe3749e P ee9c73a1f7794b6d93c4a48a5b9ede85 [term 0 FOLLOWER]: Starting pre-election (no leader contacted us within the election timeout)
I20260709 14:52:04.213367 13778 consensus_queue.cc:1048] T af470df452a24afd9649b857781083d8 P ee9c73a1f7794b6d93c4a48a5b9ede85 [LEADER]: Connected to new peer: Peer: permanent_uuid: "ed2c993fc7f948609d5ab06ecca07f26" member_type: VOTER last_known_addr { host: "127.11.226.129" port: 44981 }, Status: LMP_MISMATCH, Last received: 0.0, Next index: 1, Last known committed idx: 0, Time since last communication: 0.000s
I20260709 14:52:04.217970 13565 leader_election.cc:290] T 5f6cb57bf31545a9af84d3c0abe3749e P ed2c993fc7f948609d5ab06ecca07f26 [CANDIDATE]: Term 1 pre-election: Requested pre-vote from peers 71c74fa53d5e44a79b87719a25f227e6 (127.11.226.130:42291), ee9c73a1f7794b6d93c4a48a5b9ede85 (127.11.226.131:42655)
I20260709 14:52:04.213251 13789 raft_consensus.cc:515] T 5f6cb57bf31545a9af84d3c0abe3749e P ee9c73a1f7794b6d93c4a48a5b9ede85 [term 0 FOLLOWER]: Starting pre-election with config: opid_index: -1 OBSOLETE_local: false peers { permanent_uuid: "ed2c993fc7f948609d5ab06ecca07f26" member_type: VOTER last_known_addr { host: "127.11.226.129" port: 44981 } } peers { permanent_uuid: "71c74fa53d5e44a79b87719a25f227e6" member_type: VOTER last_known_addr { host: "127.11.226.130" port: 42291 } } peers { permanent_uuid: "ee9c73a1f7794b6d93c4a48a5b9ede85" member_type: VOTER last_known_addr { host: "127.11.226.131" port: 42655 } }
I20260709 14:52:04.224295 13484 ts_tablet_manager.cc:1434] T 2478b20346d74643af6c67214eab9251 P 71c74fa53d5e44a79b87719a25f227e6: Time spent starting tablet: real 0.049s	user 0.008s	sys 0.001s
I20260709 14:52:04.228967 13437 tablet_service.cc:1917] Received RequestConsensusVote() RPC: tablet_id: "5f6cb57bf31545a9af84d3c0abe3749e" candidate_uuid: "ed2c993fc7f948609d5ab06ecca07f26" candidate_term: 1 candidate_status { last_received { term: 0 index: 0 } } ignore_live_leader: false dest_uuid: "ee9c73a1f7794b6d93c4a48a5b9ede85" is_pre_election: true
I20260709 14:52:04.229604 13437 raft_consensus.cc:2468] T 5f6cb57bf31545a9af84d3c0abe3749e P ee9c73a1f7794b6d93c4a48a5b9ede85 [term 0 FOLLOWER]: Leader pre-election vote request: Granting yes vote for candidate ed2c993fc7f948609d5ab06ecca07f26 in term 0.
I20260709 14:52:04.239296 13261 leader_election.cc:304] T 5f6cb57bf31545a9af84d3c0abe3749e P ed2c993fc7f948609d5ab06ecca07f26 [CANDIDATE]: Term 1 pre-election: Election decided. Result: candidate won. Election summary: received 3 responses out of 3 voters: 2 yes votes; 1 no votes. yes voters: ed2c993fc7f948609d5ab06ecca07f26, ee9c73a1f7794b6d93c4a48a5b9ede85; no voters: 71c74fa53d5e44a79b87719a25f227e6
I20260709 14:52:04.239923 13789 leader_election.cc:290] T 5f6cb57bf31545a9af84d3c0abe3749e P ee9c73a1f7794b6d93c4a48a5b9ede85 [CANDIDATE]: Term 1 pre-election: Requested pre-vote from peers ed2c993fc7f948609d5ab06ecca07f26 (127.11.226.129:44981), 71c74fa53d5e44a79b87719a25f227e6 (127.11.226.130:42291)
I20260709 14:52:04.257835 13484 tablet_bootstrap.cc:492] T af470df452a24afd9649b857781083d8 P 71c74fa53d5e44a79b87719a25f227e6: Bootstrap starting.
I20260709 14:52:04.235674 13190 catalog_manager.cc:5697] T 7404937470014df39ac033541eb18553 P ed2c993fc7f948609d5ab06ecca07f26 reported cstate change: term changed from 0 to 1, leader changed from <none> to ed2c993fc7f948609d5ab06ecca07f26 (127.11.226.129). New cstate: current_term: 1 leader_uuid: "ed2c993fc7f948609d5ab06ecca07f26" committed_config { opid_index: -1 OBSOLETE_local: false peers { permanent_uuid: "ed2c993fc7f948609d5ab06ecca07f26" member_type: VOTER last_known_addr { host: "127.11.226.129" port: 44981 } health_report { overall_health: HEALTHY } } peers { permanent_uuid: "71c74fa53d5e44a79b87719a25f227e6" member_type: VOTER last_known_addr { host: "127.11.226.130" port: 42291 } health_report { overall_health: UNKNOWN } } peers { permanent_uuid: "ee9c73a1f7794b6d93c4a48a5b9ede85" member_type: VOTER last_known_addr { host: "127.11.226.131" port: 42655 } health_report { overall_health: UNKNOWN } } }
I20260709 14:52:04.268069 13788 raft_consensus.cc:2804] T 5f6cb57bf31545a9af84d3c0abe3749e P ed2c993fc7f948609d5ab06ecca07f26 [term 0 FOLLOWER]: Leader pre-election won for term 1
I20260709 14:52:04.268527 13788 raft_consensus.cc:493] T 5f6cb57bf31545a9af84d3c0abe3749e P ed2c993fc7f948609d5ab06ecca07f26 [term 0 FOLLOWER]: Starting leader election (no leader contacted us within the election timeout)
I20260709 14:52:04.270686 13788 raft_consensus.cc:3060] T 5f6cb57bf31545a9af84d3c0abe3749e P ed2c993fc7f948609d5ab06ecca07f26 [term 0 FOLLOWER]: Advancing to term 1
I20260709 14:52:04.273591 13293 tablet_service.cc:1917] Received RequestConsensusVote() RPC: tablet_id: "5f6cb57bf31545a9af84d3c0abe3749e" candidate_uuid: "ee9c73a1f7794b6d93c4a48a5b9ede85" candidate_term: 1 candidate_status { last_received { term: 0 index: 0 } } ignore_live_leader: false dest_uuid: "ed2c993fc7f948609d5ab06ecca07f26" is_pre_election: true
I20260709 14:52:04.280779 13801 raft_consensus.cc:493] T aceeecdc50e54aaa8c377f92d86a2c3b P 71c74fa53d5e44a79b87719a25f227e6 [term 0 FOLLOWER]: Starting pre-election (no leader contacted us within the election timeout)
I20260709 14:52:04.281327 13801 raft_consensus.cc:515] T aceeecdc50e54aaa8c377f92d86a2c3b P 71c74fa53d5e44a79b87719a25f227e6 [term 0 FOLLOWER]: Starting pre-election with config: opid_index: -1 OBSOLETE_local: false peers { permanent_uuid: "ed2c993fc7f948609d5ab06ecca07f26" member_type: VOTER last_known_addr { host: "127.11.226.129" port: 44981 } } peers { permanent_uuid: "71c74fa53d5e44a79b87719a25f227e6" member_type: VOTER last_known_addr { host: "127.11.226.130" port: 42291 } } peers { permanent_uuid: "ee9c73a1f7794b6d93c4a48a5b9ede85" member_type: VOTER last_known_addr { host: "127.11.226.131" port: 42655 } }
I20260709 14:52:04.283411 13488 tablet_bootstrap.cc:654] T 290ca60ec659414284d3dc37ec55a1a7 P ed2c993fc7f948609d5ab06ecca07f26: Neither blocks nor log segments found. Creating new log.
I20260709 14:52:04.285993 13588 consensus_queue.cc:1048] T 308ed1262bcf47c88e42159bdaa6cc32 P ed2c993fc7f948609d5ab06ecca07f26 [LEADER]: Connected to new peer: Peer: permanent_uuid: "ee9c73a1f7794b6d93c4a48a5b9ede85" member_type: VOTER last_known_addr { host: "127.11.226.131" port: 42655 }, Status: LMP_MISMATCH, Last received: 0.0, Next index: 1, Last known committed idx: 0, Time since last communication: 0.000s
I20260709 14:52:04.290952 13801 leader_election.cc:290] T aceeecdc50e54aaa8c377f92d86a2c3b P 71c74fa53d5e44a79b87719a25f227e6 [CANDIDATE]: Term 1 pre-election: Requested pre-vote from peers ed2c993fc7f948609d5ab06ecca07f26 (127.11.226.129:44981), ee9c73a1f7794b6d93c4a48a5b9ede85 (127.11.226.131:42655)
I20260709 14:52:04.300662 13369 tablet_service.cc:1917] Received RequestConsensusVote() RPC: tablet_id: "5f6cb57bf31545a9af84d3c0abe3749e" candidate_uuid: "ee9c73a1f7794b6d93c4a48a5b9ede85" candidate_term: 1 candidate_status { last_received { term: 0 index: 0 } } ignore_live_leader: false dest_uuid: "71c74fa53d5e44a79b87719a25f227e6" is_pre_election: true
I20260709 14:52:04.303436 13289 tablet_service.cc:1917] Received RequestConsensusVote() RPC: tablet_id: "aceeecdc50e54aaa8c377f92d86a2c3b" candidate_uuid: "71c74fa53d5e44a79b87719a25f227e6" candidate_term: 1 candidate_status { last_received { term: 0 index: 0 } } ignore_live_leader: false dest_uuid: "ed2c993fc7f948609d5ab06ecca07f26" is_pre_election: true
W20260709 14:52:04.307026 13336 leader_election.cc:343] T aceeecdc50e54aaa8c377f92d86a2c3b P 71c74fa53d5e44a79b87719a25f227e6 [CANDIDATE]: Term 1 pre-election: Tablet error from VoteRequest() call to peer ed2c993fc7f948609d5ab06ecca07f26 (127.11.226.129:44981): Illegal state: must be running to vote when last-logged opid is not known
I20260709 14:52:04.312415 13437 tablet_service.cc:1917] Received RequestConsensusVote() RPC: tablet_id: "aceeecdc50e54aaa8c377f92d86a2c3b" candidate_uuid: "71c74fa53d5e44a79b87719a25f227e6" candidate_term: 1 candidate_status { last_received { term: 0 index: 0 } } ignore_live_leader: false dest_uuid: "ee9c73a1f7794b6d93c4a48a5b9ede85" is_pre_election: true
I20260709 14:52:04.299893 13788 raft_consensus.cc:515] T 5f6cb57bf31545a9af84d3c0abe3749e P ed2c993fc7f948609d5ab06ecca07f26 [term 1 FOLLOWER]: Starting leader election with config: opid_index: -1 OBSOLETE_local: false peers { permanent_uuid: "ed2c993fc7f948609d5ab06ecca07f26" member_type: VOTER last_known_addr { host: "127.11.226.129" port: 44981 } } peers { permanent_uuid: "71c74fa53d5e44a79b87719a25f227e6" member_type: VOTER last_known_addr { host: "127.11.226.130" port: 42291 } } peers { permanent_uuid: "ee9c73a1f7794b6d93c4a48a5b9ede85" member_type: VOTER last_known_addr { host: "127.11.226.131" port: 42655 } }
I20260709 14:52:04.333866 13293 raft_consensus.cc:2393] T 5f6cb57bf31545a9af84d3c0abe3749e P ed2c993fc7f948609d5ab06ecca07f26 [term 1 FOLLOWER]: Leader pre-election vote request: Denying vote to candidate ee9c73a1f7794b6d93c4a48a5b9ede85 in current term 1: Already voted for candidate ed2c993fc7f948609d5ab06ecca07f26 in this term.
I20260709 14:52:04.341809 13487 tablet_bootstrap.cc:654] T 2ac7e81c69b44cb69bfe057b2e58d18b P ee9c73a1f7794b6d93c4a48a5b9ede85: Neither blocks nor log segments found. Creating new log.
W20260709 14:52:04.367671 13407 leader_election.cc:343] T 5f6cb57bf31545a9af84d3c0abe3749e P ee9c73a1f7794b6d93c4a48a5b9ede85 [CANDIDATE]: Term 1 pre-election: Tablet error from VoteRequest() call to peer 71c74fa53d5e44a79b87719a25f227e6 (127.11.226.130:42291): Illegal state: must be running to vote when last-logged opid is not known
I20260709 14:52:04.370149 13679 raft_consensus.cc:493] T 2478b20346d74643af6c67214eab9251 P 71c74fa53d5e44a79b87719a25f227e6 [term 0 FOLLOWER]: Starting pre-election (no leader contacted us within the election timeout)
I20260709 14:52:04.370748 13679 raft_consensus.cc:515] T 2478b20346d74643af6c67214eab9251 P 71c74fa53d5e44a79b87719a25f227e6 [term 0 FOLLOWER]: Starting pre-election with config: opid_index: -1 OBSOLETE_local: false peers { permanent_uuid: "ed2c993fc7f948609d5ab06ecca07f26" member_type: VOTER last_known_addr { host: "127.11.226.129" port: 44981 } } peers { permanent_uuid: "71c74fa53d5e44a79b87719a25f227e6" member_type: VOTER last_known_addr { host: "127.11.226.130" port: 42291 } } peers { permanent_uuid: "ee9c73a1f7794b6d93c4a48a5b9ede85" member_type: VOTER last_known_addr { host: "127.11.226.131" port: 42655 } }
I20260709 14:52:04.380059 13361 tablet_service.cc:1917] Received RequestConsensusVote() RPC: tablet_id: "5f6cb57bf31545a9af84d3c0abe3749e" candidate_uuid: "ed2c993fc7f948609d5ab06ecca07f26" candidate_term: 1 candidate_status { last_received { term: 0 index: 0 } } ignore_live_leader: false dest_uuid: "71c74fa53d5e44a79b87719a25f227e6"
I20260709 14:52:04.381280 13484 tablet_bootstrap.cc:654] T af470df452a24afd9649b857781083d8 P 71c74fa53d5e44a79b87719a25f227e6: Neither blocks nor log segments found. Creating new log.
I20260709 14:52:04.373111 13679 leader_election.cc:290] T 2478b20346d74643af6c67214eab9251 P 71c74fa53d5e44a79b87719a25f227e6 [CANDIDATE]: Term 1 pre-election: Requested pre-vote from peers ed2c993fc7f948609d5ab06ecca07f26 (127.11.226.129:44981), ee9c73a1f7794b6d93c4a48a5b9ede85 (127.11.226.131:42655)
W20260709 14:52:04.386775 13407 consensus_peers.cc:597] T af470df452a24afd9649b857781083d8 P ee9c73a1f7794b6d93c4a48a5b9ede85 -> Peer 71c74fa53d5e44a79b87719a25f227e6 (127.11.226.130:42291): Couldn't send request to peer 71c74fa53d5e44a79b87719a25f227e6. Error code: TABLET_NOT_RUNNING (12). Status: Illegal state: Tablet not RUNNING: BOOTSTRAPPING. This is attempt 1: this message will repeat every 5th retry.
W20260709 14:52:04.383687 13258 leader_election.cc:343] T 5f6cb57bf31545a9af84d3c0abe3749e P ed2c993fc7f948609d5ab06ecca07f26 [CANDIDATE]: Term 1 election: Tablet error from VoteRequest() call to peer 71c74fa53d5e44a79b87719a25f227e6 (127.11.226.130:42291): Illegal state: must be running to vote when last-logged opid is not known
W20260709 14:52:04.388342 13336 leader_election.cc:343] T aceeecdc50e54aaa8c377f92d86a2c3b P 71c74fa53d5e44a79b87719a25f227e6 [CANDIDATE]: Term 1 pre-election: Tablet error from VoteRequest() call to peer ee9c73a1f7794b6d93c4a48a5b9ede85 (127.11.226.131:42655): Illegal state: must be running to vote when last-logged opid is not known
I20260709 14:52:04.390026 13441 tablet_service.cc:1917] Received RequestConsensusVote() RPC: tablet_id: "2478b20346d74643af6c67214eab9251" candidate_uuid: "71c74fa53d5e44a79b87719a25f227e6" candidate_term: 1 candidate_status { last_received { term: 0 index: 0 } } ignore_live_leader: false dest_uuid: "ee9c73a1f7794b6d93c4a48a5b9ede85" is_pre_election: true
I20260709 14:52:04.384328 13292 tablet_service.cc:1917] Received RequestConsensusVote() RPC: tablet_id: "2478b20346d74643af6c67214eab9251" candidate_uuid: "71c74fa53d5e44a79b87719a25f227e6" candidate_term: 1 candidate_status { last_received { term: 0 index: 0 } } ignore_live_leader: false dest_uuid: "ed2c993fc7f948609d5ab06ecca07f26" is_pre_election: true
I20260709 14:52:04.391122 13441 raft_consensus.cc:2393] T 2478b20346d74643af6c67214eab9251 P ee9c73a1f7794b6d93c4a48a5b9ede85 [term 1 FOLLOWER]: Leader pre-election vote request: Denying vote to candidate 71c74fa53d5e44a79b87719a25f227e6 in current term 1: Already voted for candidate ed2c993fc7f948609d5ab06ecca07f26 in this term.
