I20260709 14:51:48.659370 18638 raft_consensus.cc:515] T bbb5f3ddb75146858eff5e249986c03c P a8f4be973f324ce68cf003c58621b5f5 [term 1 FOLLOWER]: Starting leader election with config: opid_index: -1 OBSOLETE_local: false peers { permanent_uuid: "984f6d3b981a42eebd317c0a513c973e" member_type: VOTER last_known_addr { host: "127.17.98.193" port: 34633 } } peers { permanent_uuid: "a8f4be973f324ce68cf003c58621b5f5" member_type: VOTER last_known_addr { host: "127.17.98.194" port: 42141 } } peers { permanent_uuid: "a00b4734b8ad4fc1ab5bf27a042a4a4b" member_type: VOTER last_known_addr { host: "127.17.98.195" port: 34277 } }
I20260709 14:51:48.664383 18634 tablet_bootstrap.cc:492] T c5bc9df4fd14428a8da70d9f791e7632 P a00b4734b8ad4fc1ab5bf27a042a4a4b: No bootstrap required, opened a new log
I20260709 14:51:48.664855 18634 ts_tablet_manager.cc:1403] T c5bc9df4fd14428a8da70d9f791e7632 P a00b4734b8ad4fc1ab5bf27a042a4a4b: Time spent bootstrapping tablet: real 0.033s	user 0.008s	sys 0.002s
I20260709 14:51:48.664947 18638 leader_election.cc:290] T bbb5f3ddb75146858eff5e249986c03c P a8f4be973f324ce68cf003c58621b5f5 [CANDIDATE]: Term 1 election: Requested vote from peers 984f6d3b981a42eebd317c0a513c973e (127.17.98.193:34633), a00b4734b8ad4fc1ab5bf27a042a4a4b (127.17.98.195:34277)
I20260709 14:51:48.665191 18443 tablet_service.cc:1917] Received RequestConsensusVote() RPC: tablet_id: "bbb5f3ddb75146858eff5e249986c03c" candidate_uuid: "a8f4be973f324ce68cf003c58621b5f5" candidate_term: 1 candidate_status { last_received { term: 0 index: 0 } } ignore_live_leader: false dest_uuid: "984f6d3b981a42eebd317c0a513c973e"
I20260709 14:51:48.665903 18633 tablet_bootstrap.cc:654] T bbb5f3ddb75146858eff5e249986c03c P 984f6d3b981a42eebd317c0a513c973e: Neither blocks nor log segments found. Creating new log.
W20260709 14:51:48.666880 18482 leader_election.cc:343] T bbb5f3ddb75146858eff5e249986c03c P a8f4be973f324ce68cf003c58621b5f5 [CANDIDATE]: Term 1 election: Tablet error from VoteRequest() call to peer 984f6d3b981a42eebd317c0a513c973e (127.17.98.193:34633): Illegal state: must be running to vote when last-logged opid is not known
I20260709 14:51:48.666955 18590 tablet_service.cc:1917] Received RequestConsensusVote() RPC: tablet_id: "bbb5f3ddb75146858eff5e249986c03c" candidate_uuid: "a8f4be973f324ce68cf003c58621b5f5" candidate_term: 1 candidate_status { last_received { term: 0 index: 0 } } ignore_live_leader: false dest_uuid: "a00b4734b8ad4fc1ab5bf27a042a4a4b"
I20260709 14:51:48.667714 18590 raft_consensus.cc:3060] T bbb5f3ddb75146858eff5e249986c03c P a00b4734b8ad4fc1ab5bf27a042a4a4b [term 0 FOLLOWER]: Advancing to term 1
I20260709 14:51:48.671572 18634 raft_consensus.cc:359] T c5bc9df4fd14428a8da70d9f791e7632 P a00b4734b8ad4fc1ab5bf27a042a4a4b [term 0 FOLLOWER]: Replica starting. Triggering 0 pending ops. Active config: opid_index: -1 OBSOLETE_local: false peers { permanent_uuid: "984f6d3b981a42eebd317c0a513c973e" member_type: VOTER last_known_addr { host: "127.17.98.193" port: 34633 } } peers { permanent_uuid: "a8f4be973f324ce68cf003c58621b5f5" member_type: VOTER last_known_addr { host: "127.17.98.194" port: 42141 } } peers { permanent_uuid: "a00b4734b8ad4fc1ab5bf27a042a4a4b" member_type: VOTER last_known_addr { host: "127.17.98.195" port: 34277 } }
I20260709 14:51:48.672379 18634 raft_consensus.cc:385] T c5bc9df4fd14428a8da70d9f791e7632 P a00b4734b8ad4fc1ab5bf27a042a4a4b [term 0 FOLLOWER]: Consensus starting up: Expiring failure detector timer to make a prompt election more likely
I20260709 14:51:48.672706 18634 raft_consensus.cc:740] T c5bc9df4fd14428a8da70d9f791e7632 P a00b4734b8ad4fc1ab5bf27a042a4a4b [term 0 FOLLOWER]: Becoming Follower/Learner. State: Replica: a00b4734b8ad4fc1ab5bf27a042a4a4b, State: Initialized, Role: FOLLOWER
I20260709 14:51:48.673501 18634 consensus_queue.cc:260] T c5bc9df4fd14428a8da70d9f791e7632 P a00b4734b8ad4fc1ab5bf27a042a4a4b [NON_LEADER]: Queue going to NON_LEADER mode. State: All replicated index: 0, Majority replicated index: 0, Committed index: 0, Last appended: 0.0, Last appended by leader: 0, Current term: 0, Majority size: -1, State: 0, Mode: NON_LEADER, active raft config: opid_index: -1 OBSOLETE_local: false peers { permanent_uuid: "984f6d3b981a42eebd317c0a513c973e" member_type: VOTER last_known_addr { host: "127.17.98.193" port: 34633 } } peers { permanent_uuid: "a8f4be973f324ce68cf003c58621b5f5" member_type: VOTER last_known_addr { host: "127.17.98.194" port: 42141 } } peers { permanent_uuid: "a00b4734b8ad4fc1ab5bf27a042a4a4b" member_type: VOTER last_known_addr { host: "127.17.98.195" port: 34277 } }
I20260709 14:51:48.675661 18634 ts_tablet_manager.cc:1434] T c5bc9df4fd14428a8da70d9f791e7632 P a00b4734b8ad4fc1ab5bf27a042a4a4b: Time spent starting tablet: real 0.007s	user 0.005s	sys 0.000s
I20260709 14:51:48.676620 18634 tablet_bootstrap.cc:492] T e40691c07a804f0d9395c0d339e517ff P a00b4734b8ad4fc1ab5bf27a042a4a4b: Bootstrap starting.
I20260709 14:51:48.675963 18338 catalog_manager.cc:5697] T c5bc9df4fd14428a8da70d9f791e7632 P 984f6d3b981a42eebd317c0a513c973e reported cstate change: term changed from 0 to 1, leader changed from <none> to 984f6d3b981a42eebd317c0a513c973e (127.17.98.193). New cstate: current_term: 1 leader_uuid: "984f6d3b981a42eebd317c0a513c973e" committed_config { opid_index: -1 OBSOLETE_local: false peers { permanent_uuid: "984f6d3b981a42eebd317c0a513c973e" member_type: VOTER last_known_addr { host: "127.17.98.193" port: 34633 } health_report { overall_health: HEALTHY } } peers { permanent_uuid: "a8f4be973f324ce68cf003c58621b5f5" member_type: VOTER last_known_addr { host: "127.17.98.194" port: 42141 } health_report { overall_health: UNKNOWN } } peers { permanent_uuid: "a00b4734b8ad4fc1ab5bf27a042a4a4b" member_type: VOTER last_known_addr { host: "127.17.98.195" port: 34277 } health_report { overall_health: UNKNOWN } } }
I20260709 14:51:48.679021 18659 raft_consensus.cc:493] T e40691c07a804f0d9395c0d339e517ff P 984f6d3b981a42eebd317c0a513c973e [term 0 FOLLOWER]: Starting pre-election (no leader contacted us within the election timeout)
I20260709 14:51:48.679512 18659 raft_consensus.cc:515] T e40691c07a804f0d9395c0d339e517ff P 984f6d3b981a42eebd317c0a513c973e [term 0 FOLLOWER]: Starting pre-election with config: opid_index: -1 OBSOLETE_local: false peers { permanent_uuid: "984f6d3b981a42eebd317c0a513c973e" member_type: VOTER last_known_addr { host: "127.17.98.193" port: 34633 } } peers { permanent_uuid: "a8f4be973f324ce68cf003c58621b5f5" member_type: VOTER last_known_addr { host: "127.17.98.194" port: 42141 } } peers { permanent_uuid: "a00b4734b8ad4fc1ab5bf27a042a4a4b" member_type: VOTER last_known_addr { host: "127.17.98.195" port: 34277 } }
I20260709 14:51:48.681710 18659 leader_election.cc:290] T e40691c07a804f0d9395c0d339e517ff P 984f6d3b981a42eebd317c0a513c973e [CANDIDATE]: Term 1 pre-election: Requested pre-vote from peers a8f4be973f324ce68cf003c58621b5f5 (127.17.98.194:42141), a00b4734b8ad4fc1ab5bf27a042a4a4b (127.17.98.195:34277)
I20260709 14:51:48.682837 18634 tablet_bootstrap.cc:654] T e40691c07a804f0d9395c0d339e517ff P a00b4734b8ad4fc1ab5bf27a042a4a4b: Neither blocks nor log segments found. Creating new log.
I20260709 14:51:48.682912 18590 raft_consensus.cc:2468] T bbb5f3ddb75146858eff5e249986c03c P a00b4734b8ad4fc1ab5bf27a042a4a4b [term 1 FOLLOWER]: Leader election vote request: Granting yes vote for candidate a8f4be973f324ce68cf003c58621b5f5 in term 1.
I20260709 14:51:48.683735 18518 tablet_service.cc:1917] Received RequestConsensusVote() RPC: tablet_id: "e40691c07a804f0d9395c0d339e517ff" candidate_uuid: "984f6d3b981a42eebd317c0a513c973e" candidate_term: 1 candidate_status { last_received { term: 0 index: 0 } } ignore_live_leader: false dest_uuid: "a8f4be973f324ce68cf003c58621b5f5" is_pre_election: true
I20260709 14:51:48.684989 18481 leader_election.cc:304] T bbb5f3ddb75146858eff5e249986c03c P a8f4be973f324ce68cf003c58621b5f5 [CANDIDATE]: Term 1 election: Election decided. Result: candidate won. Election summary: received 3 responses out of 3 voters: 2 yes votes; 1 no votes. yes voters: a00b4734b8ad4fc1ab5bf27a042a4a4b, a8f4be973f324ce68cf003c58621b5f5; no voters: 984f6d3b981a42eebd317c0a513c973e
I20260709 14:51:48.685760 18632 tablet_bootstrap.cc:492] T 180833c28a8d44ef90081779e94333f0 P a8f4be973f324ce68cf003c58621b5f5: No bootstrap required, opened a new log
I20260709 14:51:48.686223 18632 ts_tablet_manager.cc:1403] T 180833c28a8d44ef90081779e94333f0 P a8f4be973f324ce68cf003c58621b5f5: Time spent bootstrapping tablet: real 0.063s	user 0.016s	sys 0.007s
I20260709 14:51:48.686125 18638 raft_consensus.cc:2804] T bbb5f3ddb75146858eff5e249986c03c P a8f4be973f324ce68cf003c58621b5f5 [term 1 FOLLOWER]: Leader election won for term 1
W20260709 14:51:48.687700 18407 leader_election.cc:343] T e40691c07a804f0d9395c0d339e517ff P 984f6d3b981a42eebd317c0a513c973e [CANDIDATE]: Term 1 pre-election: Tablet error from VoteRequest() call to peer a8f4be973f324ce68cf003c58621b5f5 (127.17.98.194:42141): Illegal state: must be running to vote when last-logged opid is not known
I20260709 14:51:48.689116 18590 tablet_service.cc:1917] Received RequestConsensusVote() RPC: tablet_id: "e40691c07a804f0d9395c0d339e517ff" candidate_uuid: "984f6d3b981a42eebd317c0a513c973e" candidate_term: 1 candidate_status { last_received { term: 0 index: 0 } } ignore_live_leader: false dest_uuid: "a00b4734b8ad4fc1ab5bf27a042a4a4b" is_pre_election: true
W20260709 14:51:48.690464 18406 leader_election.cc:343] T e40691c07a804f0d9395c0d339e517ff P 984f6d3b981a42eebd317c0a513c973e [CANDIDATE]: Term 1 pre-election: Tablet error from VoteRequest() call to peer a00b4734b8ad4fc1ab5bf27a042a4a4b (127.17.98.195:34277): Illegal state: must be running to vote when last-logged opid is not known
I20260709 14:51:48.690879 18406 leader_election.cc:304] T e40691c07a804f0d9395c0d339e517ff P 984f6d3b981a42eebd317c0a513c973e [CANDIDATE]: Term 1 pre-election: Election decided. Result: candidate lost. Election summary: received 3 responses out of 3 voters: 1 yes votes; 2 no votes. yes voters: 984f6d3b981a42eebd317c0a513c973e; no voters: a00b4734b8ad4fc1ab5bf27a042a4a4b, a8f4be973f324ce68cf003c58621b5f5
I20260709 14:51:48.691936 18659 raft_consensus.cc:2749] T e40691c07a804f0d9395c0d339e517ff P 984f6d3b981a42eebd317c0a513c973e [term 0 FOLLOWER]: Leader pre-election lost for term 1. Reason: could not achieve majority
I20260709 14:51:48.692557 18632 raft_consensus.cc:359] T 180833c28a8d44ef90081779e94333f0 P a8f4be973f324ce68cf003c58621b5f5 [term 0 FOLLOWER]: Replica starting. Triggering 0 pending ops. Active config: opid_index: -1 OBSOLETE_local: false peers { permanent_uuid: "984f6d3b981a42eebd317c0a513c973e" member_type: VOTER last_known_addr { host: "127.17.98.193" port: 34633 } } peers { permanent_uuid: "a8f4be973f324ce68cf003c58621b5f5" member_type: VOTER last_known_addr { host: "127.17.98.194" port: 42141 } } peers { permanent_uuid: "a00b4734b8ad4fc1ab5bf27a042a4a4b" member_type: VOTER last_known_addr { host: "127.17.98.195" port: 34277 } }
I20260709 14:51:48.693312 18638 raft_consensus.cc:697] T bbb5f3ddb75146858eff5e249986c03c P a8f4be973f324ce68cf003c58621b5f5 [term 1 LEADER]: Becoming Leader. State: Replica: a8f4be973f324ce68cf003c58621b5f5, State: Running, Role: LEADER
I20260709 14:51:48.696420 18633 tablet_bootstrap.cc:492] T bbb5f3ddb75146858eff5e249986c03c P 984f6d3b981a42eebd317c0a513c973e: No bootstrap required, opened a new log
I20260709 14:51:48.696221 18638 consensus_queue.cc:237] T bbb5f3ddb75146858eff5e249986c03c P a8f4be973f324ce68cf003c58621b5f5 [LEADER]: Queue going to LEADER mode. State: All replicated index: 0, Majority replicated index: 0, Committed index: 0, Last appended: 0.0, Last appended by leader: 0, Current term: 1, Majority size: 2, State: 0, Mode: LEADER, active raft config: opid_index: -1 OBSOLETE_local: false peers { permanent_uuid: "984f6d3b981a42eebd317c0a513c973e" member_type: VOTER last_known_addr { host: "127.17.98.193" port: 34633 } } peers { permanent_uuid: "a8f4be973f324ce68cf003c58621b5f5" member_type: VOTER last_known_addr { host: "127.17.98.194" port: 42141 } } peers { permanent_uuid: "a00b4734b8ad4fc1ab5bf27a042a4a4b" member_type: VOTER last_known_addr { host: "127.17.98.195" port: 34277 } }
I20260709 14:51:48.696812 18633 ts_tablet_manager.cc:1403] T bbb5f3ddb75146858eff5e249986c03c P 984f6d3b981a42eebd317c0a513c973e: Time spent bootstrapping tablet: real 0.047s	user 0.018s	sys 0.010s
I20260709 14:51:48.699100 18633 raft_consensus.cc:359] T bbb5f3ddb75146858eff5e249986c03c P 984f6d3b981a42eebd317c0a513c973e [term 0 FOLLOWER]: Replica starting. Triggering 0 pending ops. Active config: opid_index: -1 OBSOLETE_local: false peers { permanent_uuid: "984f6d3b981a42eebd317c0a513c973e" member_type: VOTER last_known_addr { host: "127.17.98.193" port: 34633 } } peers { permanent_uuid: "a8f4be973f324ce68cf003c58621b5f5" member_type: VOTER last_known_addr { host: "127.17.98.194" port: 42141 } } peers { permanent_uuid: "a00b4734b8ad4fc1ab5bf27a042a4a4b" member_type: VOTER last_known_addr { host: "127.17.98.195" port: 34277 } }
I20260709 14:51:48.699661 18633 raft_consensus.cc:385] T bbb5f3ddb75146858eff5e249986c03c P 984f6d3b981a42eebd317c0a513c973e [term 0 FOLLOWER]: Consensus starting up: Expiring failure detector timer to make a prompt election more likely
I20260709 14:51:48.699960 18633 raft_consensus.cc:740] T bbb5f3ddb75146858eff5e249986c03c P 984f6d3b981a42eebd317c0a513c973e [term 0 FOLLOWER]: Becoming Follower/Learner. State: Replica: 984f6d3b981a42eebd317c0a513c973e, State: Initialized, Role: FOLLOWER
I20260709 14:51:48.700253 18632 raft_consensus.cc:385] T 180833c28a8d44ef90081779e94333f0 P a8f4be973f324ce68cf003c58621b5f5 [term 0 FOLLOWER]: Consensus starting up: Expiring failure detector timer to make a prompt election more likely
I20260709 14:51:48.700577 18632 raft_consensus.cc:740] T 180833c28a8d44ef90081779e94333f0 P a8f4be973f324ce68cf003c58621b5f5 [term 0 FOLLOWER]: Becoming Follower/Learner. State: Replica: a8f4be973f324ce68cf003c58621b5f5, State: Initialized, Role: FOLLOWER
I20260709 14:51:48.700860 18634 tablet_bootstrap.cc:492] T e40691c07a804f0d9395c0d339e517ff P a00b4734b8ad4fc1ab5bf27a042a4a4b: No bootstrap required, opened a new log
I20260709 14:51:48.701246 18634 ts_tablet_manager.cc:1403] T e40691c07a804f0d9395c0d339e517ff P a00b4734b8ad4fc1ab5bf27a042a4a4b: Time spent bootstrapping tablet: real 0.025s	user 0.012s	sys 0.007s
I20260709 14:51:48.700979 18633 consensus_queue.cc:260] T bbb5f3ddb75146858eff5e249986c03c P 984f6d3b981a42eebd317c0a513c973e [NON_LEADER]: Queue going to NON_LEADER mode. State: All replicated index: 0, Majority replicated index: 0, Committed index: 0, Last appended: 0.0, Last appended by leader: 0, Current term: 0, Majority size: -1, State: 0, Mode: NON_LEADER, active raft config: opid_index: -1 OBSOLETE_local: false peers { permanent_uuid: "984f6d3b981a42eebd317c0a513c973e" member_type: VOTER last_known_addr { host: "127.17.98.193" port: 34633 } } peers { permanent_uuid: "a8f4be973f324ce68cf003c58621b5f5" member_type: VOTER last_known_addr { host: "127.17.98.194" port: 42141 } } peers { permanent_uuid: "a00b4734b8ad4fc1ab5bf27a042a4a4b" member_type: VOTER last_known_addr { host: "127.17.98.195" port: 34277 } }
I20260709 14:51:48.701294 18632 consensus_queue.cc:260] T 180833c28a8d44ef90081779e94333f0 P a8f4be973f324ce68cf003c58621b5f5 [NON_LEADER]: Queue going to NON_LEADER mode. State: All replicated index: 0, Majority replicated index: 0, Committed index: 0, Last appended: 0.0, Last appended by leader: 0, Current term: 0, Majority size: -1, State: 0, Mode: NON_LEADER, active raft config: opid_index: -1 OBSOLETE_local: false peers { permanent_uuid: "984f6d3b981a42eebd317c0a513c973e" member_type: VOTER last_known_addr { host: "127.17.98.193" port: 34633 } } peers { permanent_uuid: "a8f4be973f324ce68cf003c58621b5f5" member_type: VOTER last_known_addr { host: "127.17.98.194" port: 42141 } } peers { permanent_uuid: "a00b4734b8ad4fc1ab5bf27a042a4a4b" member_type: VOTER last_known_addr { host: "127.17.98.195" port: 34277 } }
I20260709 14:51:48.703562 18633 ts_tablet_manager.cc:1434] T bbb5f3ddb75146858eff5e249986c03c P 984f6d3b981a42eebd317c0a513c973e: Time spent starting tablet: real 0.006s	user 0.004s	sys 0.001s
I20260709 14:51:48.703642 18634 raft_consensus.cc:359] T e40691c07a804f0d9395c0d339e517ff P a00b4734b8ad4fc1ab5bf27a042a4a4b [term 0 FOLLOWER]: Replica starting. Triggering 0 pending ops. Active config: opid_index: -1 OBSOLETE_local: false peers { permanent_uuid: "984f6d3b981a42eebd317c0a513c973e" member_type: VOTER last_known_addr { host: "127.17.98.193" port: 34633 } } peers { permanent_uuid: "a8f4be973f324ce68cf003c58621b5f5" member_type: VOTER last_known_addr { host: "127.17.98.194" port: 42141 } } peers { permanent_uuid: "a00b4734b8ad4fc1ab5bf27a042a4a4b" member_type: VOTER last_known_addr { host: "127.17.98.195" port: 34277 } }
I20260709 14:51:48.704432 18634 raft_consensus.cc:385] T e40691c07a804f0d9395c0d339e517ff P a00b4734b8ad4fc1ab5bf27a042a4a4b [term 0 FOLLOWER]: Consensus starting up: Expiring failure detector timer to make a prompt election more likely
I20260709 14:51:48.704623 18633 tablet_bootstrap.cc:492] T 085c5c61f0e24d87ba4d54bb2f3dd980 P 984f6d3b981a42eebd317c0a513c973e: Bootstrap starting.
I20260709 14:51:48.704700 18634 raft_consensus.cc:740] T e40691c07a804f0d9395c0d339e517ff P a00b4734b8ad4fc1ab5bf27a042a4a4b [term 0 FOLLOWER]: Becoming Follower/Learner. State: Replica: a00b4734b8ad4fc1ab5bf27a042a4a4b, State: Initialized, Role: FOLLOWER
I20260709 14:51:48.703759 18632 ts_tablet_manager.cc:1434] T 180833c28a8d44ef90081779e94333f0 P a8f4be973f324ce68cf003c58621b5f5: Time spent starting tablet: real 0.014s	user 0.005s	sys 0.000s
I20260709 14:51:48.705858 18632 tablet_bootstrap.cc:492] T 3e426d6493b64919848bb81700b99f6a P a8f4be973f324ce68cf003c58621b5f5: Bootstrap starting.
I20260709 14:51:48.705616 18634 consensus_queue.cc:260] T e40691c07a804f0d9395c0d339e517ff P a00b4734b8ad4fc1ab5bf27a042a4a4b [NON_LEADER]: Queue going to NON_LEADER mode. State: All replicated index: 0, Majority replicated index: 0, Committed index: 0, Last appended: 0.0, Last appended by leader: 0, Current term: 0, Majority size: -1, State: 0, Mode: NON_LEADER, active raft config: opid_index: -1 OBSOLETE_local: false peers { permanent_uuid: "984f6d3b981a42eebd317c0a513c973e" member_type: VOTER last_known_addr { host: "127.17.98.193" port: 34633 } } peers { permanent_uuid: "a8f4be973f324ce68cf003c58621b5f5" member_type: VOTER last_known_addr { host: "127.17.98.194" port: 42141 } } peers { permanent_uuid: "a00b4734b8ad4fc1ab5bf27a042a4a4b" member_type: VOTER last_known_addr { host: "127.17.98.195" port: 34277 } }
I20260709 14:51:48.707684 18634 ts_tablet_manager.cc:1434] T e40691c07a804f0d9395c0d339e517ff P a00b4734b8ad4fc1ab5bf27a042a4a4b: Time spent starting tablet: real 0.006s	user 0.006s	sys 0.000s
I20260709 14:51:48.708519 18634 tablet_bootstrap.cc:492] T 25541978c2d84506a93fd7d2374aed4b P a00b4734b8ad4fc1ab5bf27a042a4a4b: Bootstrap starting.
I20260709 14:51:48.711175 18633 tablet_bootstrap.cc:654] T 085c5c61f0e24d87ba4d54bb2f3dd980 P 984f6d3b981a42eebd317c0a513c973e: Neither blocks nor log segments found. Creating new log.
I20260709 14:51:48.713727 18634 tablet_bootstrap.cc:654] T 25541978c2d84506a93fd7d2374aed4b P a00b4734b8ad4fc1ab5bf27a042a4a4b: Neither blocks nor log segments found. Creating new log.
I20260709 14:51:48.721350 18632 tablet_bootstrap.cc:654] T 3e426d6493b64919848bb81700b99f6a P a8f4be973f324ce68cf003c58621b5f5: Neither blocks nor log segments found. Creating new log.
I20260709 14:51:48.720436 18340 catalog_manager.cc:5697] T bbb5f3ddb75146858eff5e249986c03c P a8f4be973f324ce68cf003c58621b5f5 reported cstate change: term changed from 0 to 1, leader changed from <none> to a8f4be973f324ce68cf003c58621b5f5 (127.17.98.194). New cstate: current_term: 1 leader_uuid: "a8f4be973f324ce68cf003c58621b5f5" committed_config { opid_index: -1 OBSOLETE_local: false peers { permanent_uuid: "984f6d3b981a42eebd317c0a513c973e" member_type: VOTER last_known_addr { host: "127.17.98.193" port: 34633 } health_report { overall_health: UNKNOWN } } peers { permanent_uuid: "a8f4be973f324ce68cf003c58621b5f5" member_type: VOTER last_known_addr { host: "127.17.98.194" port: 42141 } health_report { overall_health: HEALTHY } } peers { permanent_uuid: "a00b4734b8ad4fc1ab5bf27a042a4a4b" member_type: VOTER last_known_addr { host: "127.17.98.195" port: 34277 } health_report { overall_health: UNKNOWN } } }
I20260709 14:51:48.722908 18634 tablet_bootstrap.cc:492] T 25541978c2d84506a93fd7d2374aed4b P a00b4734b8ad4fc1ab5bf27a042a4a4b: No bootstrap required, opened a new log
I20260709 14:51:48.723313 18634 ts_tablet_manager.cc:1403] T 25541978c2d84506a93fd7d2374aed4b P a00b4734b8ad4fc1ab5bf27a042a4a4b: Time spent bootstrapping tablet: real 0.015s	user 0.011s	sys 0.000s
I20260709 14:51:48.725670 18633 tablet_bootstrap.cc:492] T 085c5c61f0e24d87ba4d54bb2f3dd980 P 984f6d3b981a42eebd317c0a513c973e: No bootstrap required, opened a new log
I20260709 14:51:48.726096 18633 ts_tablet_manager.cc:1403] T 085c5c61f0e24d87ba4d54bb2f3dd980 P 984f6d3b981a42eebd317c0a513c973e: Time spent bootstrapping tablet: real 0.022s	user 0.008s	sys 0.007s
I20260709 14:51:48.725816 18634 raft_consensus.cc:359] T 25541978c2d84506a93fd7d2374aed4b P a00b4734b8ad4fc1ab5bf27a042a4a4b [term 0 FOLLOWER]: Replica starting. Triggering 0 pending ops. Active config: opid_index: -1 OBSOLETE_local: false peers { permanent_uuid: "984f6d3b981a42eebd317c0a513c973e" member_type: VOTER last_known_addr { host: "127.17.98.193" port: 34633 } } peers { permanent_uuid: "a8f4be973f324ce68cf003c58621b5f5" member_type: VOTER last_known_addr { host: "127.17.98.194" port: 42141 } } peers { permanent_uuid: "a00b4734b8ad4fc1ab5bf27a042a4a4b" member_type: VOTER last_known_addr { host: "127.17.98.195" port: 34277 } }
I20260709 14:51:48.726495 18634 raft_consensus.cc:385] T 25541978c2d84506a93fd7d2374aed4b P a00b4734b8ad4fc1ab5bf27a042a4a4b [term 0 FOLLOWER]: Consensus starting up: Expiring failure detector timer to make a prompt election more likely
I20260709 14:51:48.726776 18634 raft_consensus.cc:740] T 25541978c2d84506a93fd7d2374aed4b P a00b4734b8ad4fc1ab5bf27a042a4a4b [term 0 FOLLOWER]: Becoming Follower/Learner. State: Replica: a00b4734b8ad4fc1ab5bf27a042a4a4b, State: Initialized, Role: FOLLOWER
I20260709 14:51:48.727591 18634 consensus_queue.cc:260] T 25541978c2d84506a93fd7d2374aed4b P a00b4734b8ad4fc1ab5bf27a042a4a4b [NON_LEADER]: Queue going to NON_LEADER mode. State: All replicated index: 0, Majority replicated index: 0, Committed index: 0, Last appended: 0.0, Last appended by leader: 0, Current term: 0, Majority size: -1, State: 0, Mode: NON_LEADER, active raft config: opid_index: -1 OBSOLETE_local: false peers { permanent_uuid: "984f6d3b981a42eebd317c0a513c973e" member_type: VOTER last_known_addr { host: "127.17.98.193" port: 34633 } } peers { permanent_uuid: "a8f4be973f324ce68cf003c58621b5f5" member_type: VOTER last_known_addr { host: "127.17.98.194" port: 42141 } } peers { permanent_uuid: "a00b4734b8ad4fc1ab5bf27a042a4a4b" member_type: VOTER last_known_addr { host: "127.17.98.195" port: 34277 } }
I20260709 14:51:48.728559 18633 raft_consensus.cc:359] T 085c5c61f0e24d87ba4d54bb2f3dd980 P 984f6d3b981a42eebd317c0a513c973e [term 0 FOLLOWER]: Replica starting. Triggering 0 pending ops. Active config: opid_index: -1 OBSOLETE_local: false peers { permanent_uuid: "984f6d3b981a42eebd317c0a513c973e" member_type: VOTER last_known_addr { host: "127.17.98.193" port: 34633 } } peers { permanent_uuid: "a8f4be973f324ce68cf003c58621b5f5" member_type: VOTER last_known_addr { host: "127.17.98.194" port: 42141 } } peers { permanent_uuid: "a00b4734b8ad4fc1ab5bf27a042a4a4b" member_type: VOTER last_known_addr { host: "127.17.98.195" port: 34277 } }
I20260709 14:51:48.729152 18633 raft_consensus.cc:385] T 085c5c61f0e24d87ba4d54bb2f3dd980 P 984f6d3b981a42eebd317c0a513c973e [term 0 FOLLOWER]: Consensus starting up: Expiring failure detector timer to make a prompt election more likely
I20260709 14:51:48.729393 18633 raft_consensus.cc:740] T 085c5c61f0e24d87ba4d54bb2f3dd980 P 984f6d3b981a42eebd317c0a513c973e [term 0 FOLLOWER]: Becoming Follower/Learner. State: Replica: 984f6d3b981a42eebd317c0a513c973e, State: Initialized, Role: FOLLOWER
I20260709 14:51:48.730010 18633 consensus_queue.cc:260] T 085c5c61f0e24d87ba4d54bb2f3dd980 P 984f6d3b981a42eebd317c0a513c973e [NON_LEADER]: Queue going to NON_LEADER mode. State: All replicated index: 0, Majority replicated index: 0, Committed index: 0, Last appended: 0.0, Last appended by leader: 0, Current term: 0, Majority size: -1, State: 0, Mode: NON_LEADER, active raft config: opid_index: -1 OBSOLETE_local: false peers { permanent_uuid: "984f6d3b981a42eebd317c0a513c973e" member_type: VOTER last_known_addr { host: "127.17.98.193" port: 34633 } } peers { permanent_uuid: "a8f4be973f324ce68cf003c58621b5f5" member_type: VOTER last_known_addr { host: "127.17.98.194" port: 42141 } } peers { permanent_uuid: "a00b4734b8ad4fc1ab5bf27a042a4a4b" member_type: VOTER last_known_addr { host: "127.17.98.195" port: 34277 } }
I20260709 14:51:48.731747 18633 ts_tablet_manager.cc:1434] T 085c5c61f0e24d87ba4d54bb2f3dd980 P 984f6d3b981a42eebd317c0a513c973e: Time spent starting tablet: real 0.005s	user 0.004s	sys 0.000s
I20260709 14:51:48.731755 18634 ts_tablet_manager.cc:1434] T 25541978c2d84506a93fd7d2374aed4b P a00b4734b8ad4fc1ab5bf27a042a4a4b: Time spent starting tablet: real 0.008s	user 0.007s	sys 0.000s
I20260709 14:51:48.732692 18634 tablet_bootstrap.cc:492] T f8fe45730e214cb9a85427cea373be1f P a00b4734b8ad4fc1ab5bf27a042a4a4b: Bootstrap starting.
I20260709 14:51:48.732810 18633 tablet_bootstrap.cc:492] T 3e426d6493b64919848bb81700b99f6a P 984f6d3b981a42eebd317c0a513c973e: Bootstrap starting.
I20260709 14:51:48.736899 18632 tablet_bootstrap.cc:492] T 3e426d6493b64919848bb81700b99f6a P a8f4be973f324ce68cf003c58621b5f5: No bootstrap required, opened a new log
I20260709 14:51:48.737351 18632 ts_tablet_manager.cc:1403] T 3e426d6493b64919848bb81700b99f6a P a8f4be973f324ce68cf003c58621b5f5: Time spent bootstrapping tablet: real 0.032s	user 0.008s	sys 0.002s
I20260709 14:51:48.738406 18633 tablet_bootstrap.cc:654] T 3e426d6493b64919848bb81700b99f6a P 984f6d3b981a42eebd317c0a513c973e: Neither blocks nor log segments found. Creating new log.
I20260709 14:51:48.738406 18634 tablet_bootstrap.cc:654] T f8fe45730e214cb9a85427cea373be1f P a00b4734b8ad4fc1ab5bf27a042a4a4b: Neither blocks nor log segments found. Creating new log.
I20260709 14:51:48.739708 18632 raft_consensus.cc:359] T 3e426d6493b64919848bb81700b99f6a P a8f4be973f324ce68cf003c58621b5f5 [term 0 FOLLOWER]: Replica starting. Triggering 0 pending ops. Active config: opid_index: -1 OBSOLETE_local: false peers { permanent_uuid: "984f6d3b981a42eebd317c0a513c973e" member_type: VOTER last_known_addr { host: "127.17.98.193" port: 34633 } } peers { permanent_uuid: "a8f4be973f324ce68cf003c58621b5f5" member_type: VOTER last_known_addr { host: "127.17.98.194" port: 42141 } } peers { permanent_uuid: "a00b4734b8ad4fc1ab5bf27a042a4a4b" member_type: VOTER last_known_addr { host: "127.17.98.195" port: 34277 } }
I20260709 14:51:48.740444 18632 raft_consensus.cc:385] T 3e426d6493b64919848bb81700b99f6a P a8f4be973f324ce68cf003c58621b5f5 [term 0 FOLLOWER]: Consensus starting up: Expiring failure detector timer to make a prompt election more likely
I20260709 14:51:48.740584 18659 raft_consensus.cc:493] T 085c5c61f0e24d87ba4d54bb2f3dd980 P 984f6d3b981a42eebd317c0a513c973e [term 0 FOLLOWER]: Starting pre-election (no leader contacted us within the election timeout)
I20260709 14:51:48.740762 18632 raft_consensus.cc:740] T 3e426d6493b64919848bb81700b99f6a P a8f4be973f324ce68cf003c58621b5f5 [term 0 FOLLOWER]: Becoming Follower/Learner. State: Replica: a8f4be973f324ce68cf003c58621b5f5, State: Initialized, Role: FOLLOWER
I20260709 14:51:48.741039 18659 raft_consensus.cc:515] T 085c5c61f0e24d87ba4d54bb2f3dd980 P 984f6d3b981a42eebd317c0a513c973e [term 0 FOLLOWER]: Starting pre-election with config: opid_index: -1 OBSOLETE_local: false peers { permanent_uuid: "984f6d3b981a42eebd317c0a513c973e" member_type: VOTER last_known_addr { host: "127.17.98.193" port: 34633 } } peers { permanent_uuid: "a8f4be973f324ce68cf003c58621b5f5" member_type: VOTER last_known_addr { host: "127.17.98.194" port: 42141 } } peers { permanent_uuid: "a00b4734b8ad4fc1ab5bf27a042a4a4b" member_type: VOTER last_known_addr { host: "127.17.98.195" port: 34277 } }
I20260709 14:51:48.741664 18632 consensus_queue.cc:260] T 3e426d6493b64919848bb81700b99f6a P a8f4be973f324ce68cf003c58621b5f5 [NON_LEADER]: Queue going to NON_LEADER mode. State: All replicated index: 0, Majority replicated index: 0, Committed index: 0, Last appended: 0.0, Last appended by leader: 0, Current term: 0, Majority size: -1, State: 0, Mode: NON_LEADER, active raft config: opid_index: -1 OBSOLETE_local: false peers { permanent_uuid: "984f6d3b981a42eebd317c0a513c973e" member_type: VOTER last_known_addr { host: "127.17.98.193" port: 34633 } } peers { permanent_uuid: "a8f4be973f324ce68cf003c58621b5f5" member_type: VOTER last_known_addr { host: "127.17.98.194" port: 42141 } } peers { permanent_uuid: "a00b4734b8ad4fc1ab5bf27a042a4a4b" member_type: VOTER last_known_addr { host: "127.17.98.195" port: 34277 } }
I20260709 14:51:48.743000 18659 leader_election.cc:290] T 085c5c61f0e24d87ba4d54bb2f3dd980 P 984f6d3b981a42eebd317c0a513c973e [CANDIDATE]: Term 1 pre-election: Requested pre-vote from peers a8f4be973f324ce68cf003c58621b5f5 (127.17.98.194:42141), a00b4734b8ad4fc1ab5bf27a042a4a4b (127.17.98.195:34277)
I20260709 14:51:48.743814 18632 ts_tablet_manager.cc:1434] T 3e426d6493b64919848bb81700b99f6a P a8f4be973f324ce68cf003c58621b5f5: Time spent starting tablet: real 0.006s	user 0.005s	sys 0.000s
I20260709 14:51:48.744688 18632 tablet_bootstrap.cc:492] T e40691c07a804f0d9395c0d339e517ff P a8f4be973f324ce68cf003c58621b5f5: Bootstrap starting.
I20260709 14:51:48.744845 18590 tablet_service.cc:1917] Received RequestConsensusVote() RPC: tablet_id: "085c5c61f0e24d87ba4d54bb2f3dd980" candidate_uuid: "984f6d3b981a42eebd317c0a513c973e" candidate_term: 1 candidate_status { last_received { term: 0 index: 0 } } ignore_live_leader: false dest_uuid: "a00b4734b8ad4fc1ab5bf27a042a4a4b" is_pre_election: true
I20260709 14:51:48.745393 18590 raft_consensus.cc:2468] T 085c5c61f0e24d87ba4d54bb2f3dd980 P a00b4734b8ad4fc1ab5bf27a042a4a4b [term 0 FOLLOWER]: Leader pre-election vote request: Granting yes vote for candidate 984f6d3b981a42eebd317c0a513c973e in term 0.
I20260709 14:51:48.746723 18518 tablet_service.cc:1917] Received RequestConsensusVote() RPC: tablet_id: "085c5c61f0e24d87ba4d54bb2f3dd980" candidate_uuid: "984f6d3b981a42eebd317c0a513c973e" candidate_term: 1 candidate_status { last_received { term: 0 index: 0 } } ignore_live_leader: false dest_uuid: "a8f4be973f324ce68cf003c58621b5f5" is_pre_election: true
I20260709 14:51:48.747299 18518 raft_consensus.cc:2468] T 085c5c61f0e24d87ba4d54bb2f3dd980 P a8f4be973f324ce68cf003c58621b5f5 [term 0 FOLLOWER]: Leader pre-election vote request: Granting yes vote for candidate 984f6d3b981a42eebd317c0a513c973e in term 0.
I20260709 14:51:48.748570 18406 leader_election.cc:304] T 085c5c61f0e24d87ba4d54bb2f3dd980 P 984f6d3b981a42eebd317c0a513c973e [CANDIDATE]: Term 1 pre-election: Election decided. Result: candidate won. Election summary: received 2 responses out of 3 voters: 2 yes votes; 0 no votes. yes voters: 984f6d3b981a42eebd317c0a513c973e, a00b4734b8ad4fc1ab5bf27a042a4a4b; no voters: 
I20260709 14:51:48.750296 18659 raft_consensus.cc:2804] T 085c5c61f0e24d87ba4d54bb2f3dd980 P 984f6d3b981a42eebd317c0a513c973e [term 0 FOLLOWER]: Leader pre-election won for term 1
I20260709 14:51:48.750636 18659 raft_consensus.cc:493] T 085c5c61f0e24d87ba4d54bb2f3dd980 P 984f6d3b981a42eebd317c0a513c973e [term 0 FOLLOWER]: Starting leader election (no leader contacted us within the election timeout)
I20260709 14:51:48.750980 18632 tablet_bootstrap.cc:654] T e40691c07a804f0d9395c0d339e517ff P a8f4be973f324ce68cf003c58621b5f5: Neither blocks nor log segments found. Creating new log.
I20260709 14:51:48.750955 18659 raft_consensus.cc:3060] T 085c5c61f0e24d87ba4d54bb2f3dd980 P 984f6d3b981a42eebd317c0a513c973e [term 0 FOLLOWER]: Advancing to term 1
I20260709 14:51:48.774618 18659 raft_consensus.cc:515] T 085c5c61f0e24d87ba4d54bb2f3dd980 P 984f6d3b981a42eebd317c0a513c973e [term 1 FOLLOWER]: Starting leader election with config: opid_index: -1 OBSOLETE_local: false peers { permanent_uuid: "984f6d3b981a42eebd317c0a513c973e" member_type: VOTER last_known_addr { host: "127.17.98.193" port: 34633 } } peers { permanent_uuid: "a8f4be973f324ce68cf003c58621b5f5" member_type: VOTER last_known_addr { host: "127.17.98.194" port: 42141 } } peers { permanent_uuid: "a00b4734b8ad4fc1ab5bf27a042a4a4b" member_type: VOTER last_known_addr { host: "127.17.98.195" port: 34277 } }
I20260709 14:51:48.777900 18518 tablet_service.cc:1917] Received RequestConsensusVote() RPC: tablet_id: "085c5c61f0e24d87ba4d54bb2f3dd980" candidate_uuid: "984f6d3b981a42eebd317c0a513c973e" candidate_term: 1 candidate_status { last_received { term: 0 index: 0 } } ignore_live_leader: false dest_uuid: "a8f4be973f324ce68cf003c58621b5f5"
I20260709 14:51:48.778513 18518 raft_consensus.cc:3060] T 085c5c61f0e24d87ba4d54bb2f3dd980 P a8f4be973f324ce68cf003c58621b5f5 [term 0 FOLLOWER]: Advancing to term 1
I20260709 14:51:48.785310 18518 raft_consensus.cc:2468] T 085c5c61f0e24d87ba4d54bb2f3dd980 P a8f4be973f324ce68cf003c58621b5f5 [term 1 FOLLOWER]: Leader election vote request: Granting yes vote for candidate 984f6d3b981a42eebd317c0a513c973e in term 1.
I20260709 14:51:48.786602 18407 leader_election.cc:304] T 085c5c61f0e24d87ba4d54bb2f3dd980 P 984f6d3b981a42eebd317c0a513c973e [CANDIDATE]: Term 1 election: Election decided. Result: candidate won. Election summary: received 2 responses out of 3 voters: 2 yes votes; 0 no votes. yes voters: 984f6d3b981a42eebd317c0a513c973e, a8f4be973f324ce68cf003c58621b5f5; no voters: 
I20260709 14:51:48.787631 18671 raft_consensus.cc:2804] T 085c5c61f0e24d87ba4d54bb2f3dd980 P 984f6d3b981a42eebd317c0a513c973e [term 1 FOLLOWER]: Leader election won for term 1
I20260709 14:51:48.788117 18671 raft_consensus.cc:697] T 085c5c61f0e24d87ba4d54bb2f3dd980 P 984f6d3b981a42eebd317c0a513c973e [term 1 LEADER]: Becoming Leader. State: Replica: 984f6d3b981a42eebd317c0a513c973e, State: Running, Role: LEADER
I20260709 14:51:48.789264 18671 consensus_queue.cc:237] T 085c5c61f0e24d87ba4d54bb2f3dd980 P 984f6d3b981a42eebd317c0a513c973e [LEADER]: Queue going to LEADER mode. State: All replicated index: 0, Majority replicated index: 0, Committed index: 0, Last appended: 0.0, Last appended by leader: 0, Current term: 1, Majority size: 2, State: 0, Mode: LEADER, active raft config: opid_index: -1 OBSOLETE_local: false peers { permanent_uuid: "984f6d3b981a42eebd317c0a513c973e" member_type: VOTER last_known_addr { host: "127.17.98.193" port: 34633 } } peers { permanent_uuid: "a8f4be973f324ce68cf003c58621b5f5" member_type: VOTER last_known_addr { host: "127.17.98.194" port: 42141 } } peers { permanent_uuid: "a00b4734b8ad4fc1ab5bf27a042a4a4b" member_type: VOTER last_known_addr { host: "127.17.98.195" port: 34277 } }
I20260709 14:51:48.799814 18590 tablet_service.cc:1917] Received RequestConsensusVote() RPC: tablet_id: "085c5c61f0e24d87ba4d54bb2f3dd980" candidate_uuid: "984f6d3b981a42eebd317c0a513c973e" candidate_term: 1 candidate_status { last_received { term: 0 index: 0 } } ignore_live_leader: false dest_uuid: "a00b4734b8ad4fc1ab5bf27a042a4a4b"
I20260709 14:51:48.800522 18590 raft_consensus.cc:3060] T 085c5c61f0e24d87ba4d54bb2f3dd980 P a00b4734b8ad4fc1ab5bf27a042a4a4b [term 0 FOLLOWER]: Advancing to term 1
I20260709 14:51:48.807287 18590 raft_consensus.cc:2468] T 085c5c61f0e24d87ba4d54bb2f3dd980 P a00b4734b8ad4fc1ab5bf27a042a4a4b [term 1 FOLLOWER]: Leader election vote request: Granting yes vote for candidate 984f6d3b981a42eebd317c0a513c973e in term 1.
I20260709 14:51:48.809335 18659 leader_election.cc:290] T 085c5c61f0e24d87ba4d54bb2f3dd980 P 984f6d3b981a42eebd317c0a513c973e [CANDIDATE]: Term 1 election: Requested vote from peers a8f4be973f324ce68cf003c58621b5f5 (127.17.98.194:42141), a00b4734b8ad4fc1ab5bf27a042a4a4b (127.17.98.195:34277)
I20260709 14:51:48.820540 18338 catalog_manager.cc:5697] T 085c5c61f0e24d87ba4d54bb2f3dd980 P 984f6d3b981a42eebd317c0a513c973e reported cstate change: term changed from 0 to 1, leader changed from <none> to 984f6d3b981a42eebd317c0a513c973e (127.17.98.193). New cstate: current_term: 1 leader_uuid: "984f6d3b981a42eebd317c0a513c973e" committed_config { opid_index: -1 OBSOLETE_local: false peers { permanent_uuid: "984f6d3b981a42eebd317c0a513c973e" member_type: VOTER last_known_addr { host: "127.17.98.193" port: 34633 } health_report { overall_health: HEALTHY } } peers { permanent_uuid: "a8f4be973f324ce68cf003c58621b5f5" member_type: VOTER last_known_addr { host: "127.17.98.194" port: 42141 } health_report { overall_health: UNKNOWN } } peers { permanent_uuid: "a00b4734b8ad4fc1ab5bf27a042a4a4b" member_type: VOTER last_known_addr { host: "127.17.98.195" port: 34277 } health_report { overall_health: UNKNOWN } } }
I20260709 14:51:48.829689 18634 tablet_bootstrap.cc:492] T f8fe45730e214cb9a85427cea373be1f P a00b4734b8ad4fc1ab5bf27a042a4a4b: No bootstrap required, opened a new log
I20260709 14:51:48.830178 18633 tablet_bootstrap.cc:492] T 3e426d6493b64919848bb81700b99f6a P 984f6d3b981a42eebd317c0a513c973e: No bootstrap required, opened a new log
I20260709 14:51:48.830264 18632 tablet_bootstrap.cc:492] T e40691c07a804f0d9395c0d339e517ff P a8f4be973f324ce68cf003c58621b5f5: No bootstrap required, opened a new log
I20260709 14:51:48.830747 18633 ts_tablet_manager.cc:1403] T 3e426d6493b64919848bb81700b99f6a P 984f6d3b981a42eebd317c0a513c973e: Time spent bootstrapping tablet: real 0.098s	user 0.056s	sys 0.038s
I20260709 14:51:48.830835 18632 ts_tablet_manager.cc:1403] T e40691c07a804f0d9395c0d339e517ff P a8f4be973f324ce68cf003c58621b5f5: Time spent bootstrapping tablet: real 0.086s	user 0.022s	sys 0.056s
I20260709 14:51:48.830176 18634 ts_tablet_manager.cc:1403] T f8fe45730e214cb9a85427cea373be1f P a00b4734b8ad4fc1ab5bf27a042a4a4b: Time spent bootstrapping tablet: real 0.098s	user 0.043s	sys 0.039s
I20260709 14:51:48.833040 18634 raft_consensus.cc:359] T f8fe45730e214cb9a85427cea373be1f P a00b4734b8ad4fc1ab5bf27a042a4a4b [term 0 FOLLOWER]: Replica starting. Triggering 0 pending ops. Active config: opid_index: -1 OBSOLETE_local: false peers { permanent_uuid: "984f6d3b981a42eebd317c0a513c973e" member_type: VOTER last_known_addr { host: "127.17.98.193" port: 34633 } } peers { permanent_uuid: "a8f4be973f324ce68cf003c58621b5f5" member_type: VOTER last_known_addr { host: "127.17.98.194" port: 42141 } } peers { permanent_uuid: "a00b4734b8ad4fc1ab5bf27a042a4a4b" member_type: VOTER last_known_addr { host: "127.17.98.195" port: 34277 } }
I20260709 14:51:48.833515 18634 raft_consensus.cc:385] T f8fe45730e214cb9a85427cea373be1f P a00b4734b8ad4fc1ab5bf27a042a4a4b [term 0 FOLLOWER]: Consensus starting up: Expiring failure detector timer to make a prompt election more likely
I20260709 14:51:48.833400 18633 raft_consensus.cc:359] T 3e426d6493b64919848bb81700b99f6a P 984f6d3b981a42eebd317c0a513c973e [term 0 FOLLOWER]: Replica starting. Triggering 0 pending ops. Active config: opid_index: -1 OBSOLETE_local: false peers { permanent_uuid: "984f6d3b981a42eebd317c0a513c973e" member_type: VOTER last_known_addr { host: "127.17.98.193" port: 34633 } } peers { permanent_uuid: "a8f4be973f324ce68cf003c58621b5f5" member_type: VOTER last_known_addr { host: "127.17.98.194" port: 42141 } } peers { permanent_uuid: "a00b4734b8ad4fc1ab5bf27a042a4a4b" member_type: VOTER last_known_addr { host: "127.17.98.195" port: 34277 } }
I20260709 14:51:48.833797 18634 raft_consensus.cc:740] T f8fe45730e214cb9a85427cea373be1f P a00b4734b8ad4fc1ab5bf27a042a4a4b [term 0 FOLLOWER]: Becoming Follower/Learner. State: Replica: a00b4734b8ad4fc1ab5bf27a042a4a4b, State: Initialized, Role: FOLLOWER
I20260709 14:51:48.833568 18632 raft_consensus.cc:359] T e40691c07a804f0d9395c0d339e517ff P a8f4be973f324ce68cf003c58621b5f5 [term 0 FOLLOWER]: Replica starting. Triggering 0 pending ops. Active config: opid_index: -1 OBSOLETE_local: false peers { permanent_uuid: "984f6d3b981a42eebd317c0a513c973e" member_type: VOTER last_known_addr { host: "127.17.98.193" port: 34633 } } peers { permanent_uuid: "a8f4be973f324ce68cf003c58621b5f5" member_type: VOTER last_known_addr { host: "127.17.98.194" port: 42141 } } peers { permanent_uuid: "a00b4734b8ad4fc1ab5bf27a042a4a4b" member_type: VOTER last_known_addr { host: "127.17.98.195" port: 34277 } }
I20260709 14:51:48.834101 18633 raft_consensus.cc:385] T 3e426d6493b64919848bb81700b99f6a P 984f6d3b981a42eebd317c0a513c973e [term 0 FOLLOWER]: Consensus starting up: Expiring failure detector timer to make a prompt election more likely
I20260709 14:51:48.834252 18632 raft_consensus.cc:385] T e40691c07a804f0d9395c0d339e517ff P a8f4be973f324ce68cf003c58621b5f5 [term 0 FOLLOWER]: Consensus starting up: Expiring failure detector timer to make a prompt election more likely
I20260709 14:51:48.834393 18633 raft_consensus.cc:740] T 3e426d6493b64919848bb81700b99f6a P 984f6d3b981a42eebd317c0a513c973e [term 0 FOLLOWER]: Becoming Follower/Learner. State: Replica: 984f6d3b981a42eebd317c0a513c973e, State: Initialized, Role: FOLLOWER
I20260709 14:51:48.834646 18632 raft_consensus.cc:740] T e40691c07a804f0d9395c0d339e517ff P a8f4be973f324ce68cf003c58621b5f5 [term 0 FOLLOWER]: Becoming Follower/Learner. State: Replica: a8f4be973f324ce68cf003c58621b5f5, State: Initialized, Role: FOLLOWER
I20260709 14:51:48.834539 18634 consensus_queue.cc:260] T f8fe45730e214cb9a85427cea373be1f P a00b4734b8ad4fc1ab5bf27a042a4a4b [NON_LEADER]: Queue going to NON_LEADER mode. State: All replicated index: 0, Majority replicated index: 0, Committed index: 0, Last appended: 0.0, Last appended by leader: 0, Current term: 0, Majority size: -1, State: 0, Mode: NON_LEADER, active raft config: opid_index: -1 OBSOLETE_local: false peers { permanent_uuid: "984f6d3b981a42eebd317c0a513c973e" member_type: VOTER last_known_addr { host: "127.17.98.193" port: 34633 } } peers { permanent_uuid: "a8f4be973f324ce68cf003c58621b5f5" member_type: VOTER last_known_addr { host: "127.17.98.194" port: 42141 } } peers { permanent_uuid: "a00b4734b8ad4fc1ab5bf27a042a4a4b" member_type: VOTER last_known_addr { host: "127.17.98.195" port: 34277 } }
I20260709 14:51:48.835090 18633 consensus_queue.cc:260] T 3e426d6493b64919848bb81700b99f6a P 984f6d3b981a42eebd317c0a513c973e [NON_LEADER]: Queue going to NON_LEADER mode. State: All replicated index: 0, Majority replicated index: 0, Committed index: 0, Last appended: 0.0, Last appended by leader: 0, Current term: 0, Majority size: -1, State: 0, Mode: NON_LEADER, active raft config: opid_index: -1 OBSOLETE_local: false peers { permanent_uuid: "984f6d3b981a42eebd317c0a513c973e" member_type: VOTER last_known_addr { host: "127.17.98.193" port: 34633 } } peers { permanent_uuid: "a8f4be973f324ce68cf003c58621b5f5" member_type: VOTER last_known_addr { host: "127.17.98.194" port: 42141 } } peers { permanent_uuid: "a00b4734b8ad4fc1ab5bf27a042a4a4b" member_type: VOTER last_known_addr { host: "127.17.98.195" port: 34277 } }
I20260709 14:51:48.835418 18632 consensus_queue.cc:260] T e40691c07a804f0d9395c0d339e517ff P a8f4be973f324ce68cf003c58621b5f5 [NON_LEADER]: Queue going to NON_LEADER mode. State: All replicated index: 0, Majority replicated index: 0, Committed index: 0, Last appended: 0.0, Last appended by leader: 0, Current term: 0, Majority size: -1, State: 0, Mode: NON_LEADER, active raft config: opid_index: -1 OBSOLETE_local: false peers { permanent_uuid: "984f6d3b981a42eebd317c0a513c973e" member_type: VOTER last_known_addr { host: "127.17.98.193" port: 34633 } } peers { permanent_uuid: "a8f4be973f324ce68cf003c58621b5f5" member_type: VOTER last_known_addr { host: "127.17.98.194" port: 42141 } } peers { permanent_uuid: "a00b4734b8ad4fc1ab5bf27a042a4a4b" member_type: VOTER last_known_addr { host: "127.17.98.195" port: 34277 } }
I20260709 14:51:48.837198 18633 ts_tablet_manager.cc:1434] T 3e426d6493b64919848bb81700b99f6a P 984f6d3b981a42eebd317c0a513c973e: Time spent starting tablet: real 0.006s	user 0.001s	sys 0.005s
I20260709 14:51:48.838021 18633 tablet_bootstrap.cc:492] T 25541978c2d84506a93fd7d2374aed4b P 984f6d3b981a42eebd317c0a513c973e: Bootstrap starting.
I20260709 14:51:48.838865 18634 ts_tablet_manager.cc:1434] T f8fe45730e214cb9a85427cea373be1f P a00b4734b8ad4fc1ab5bf27a042a4a4b: Time spent starting tablet: real 0.007s	user 0.005s	sys 0.000s
I20260709 14:51:48.841780 18632 ts_tablet_manager.cc:1434] T e40691c07a804f0d9395c0d339e517ff P a8f4be973f324ce68cf003c58621b5f5: Time spent starting tablet: real 0.011s	user 0.004s	sys 0.000s
I20260709 14:51:48.843250 18633 tablet_bootstrap.cc:654] T 25541978c2d84506a93fd7d2374aed4b P 984f6d3b981a42eebd317c0a513c973e: Neither blocks nor log segments found. Creating new log.
I20260709 14:51:48.848483 18633 tablet_bootstrap.cc:492] T 25541978c2d84506a93fd7d2374aed4b P 984f6d3b981a42eebd317c0a513c973e: No bootstrap required, opened a new log
I20260709 14:51:48.848868 18633 ts_tablet_manager.cc:1403] T 25541978c2d84506a93fd7d2374aed4b P 984f6d3b981a42eebd317c0a513c973e: Time spent bootstrapping tablet: real 0.011s	user 0.010s	sys 0.000s
I20260709 14:51:48.851428 18633 raft_consensus.cc:359] T 25541978c2d84506a93fd7d2374aed4b P 984f6d3b981a42eebd317c0a513c973e [term 0 FOLLOWER]: Replica starting. Triggering 0 pending ops. Active config: opid_index: -1 OBSOLETE_local: false peers { permanent_uuid: "984f6d3b981a42eebd317c0a513c973e" member_type: VOTER last_known_addr { host: "127.17.98.193" port: 34633 } } peers { permanent_uuid: "a8f4be973f324ce68cf003c58621b5f5" member_type: VOTER last_known_addr { host: "127.17.98.194" port: 42141 } } peers { permanent_uuid: "a00b4734b8ad4fc1ab5bf27a042a4a4b" member_type: VOTER last_known_addr { host: "127.17.98.195" port: 34277 } }
I20260709 14:51:48.852087 18633 raft_consensus.cc:385] T 25541978c2d84506a93fd7d2374aed4b P 984f6d3b981a42eebd317c0a513c973e [term 0 FOLLOWER]: Consensus starting up: Expiring failure detector timer to make a prompt election more likely
I20260709 14:51:48.852340 18633 raft_consensus.cc:740] T 25541978c2d84506a93fd7d2374aed4b P 984f6d3b981a42eebd317c0a513c973e [term 0 FOLLOWER]: Becoming Follower/Learner. State: Replica: 984f6d3b981a42eebd317c0a513c973e, State: Initialized, Role: FOLLOWER
I20260709 14:51:48.852897 18633 consensus_queue.cc:260] T 25541978c2d84506a93fd7d2374aed4b P 984f6d3b981a42eebd317c0a513c973e [NON_LEADER]: Queue going to NON_LEADER mode. State: All replicated index: 0, Majority replicated index: 0, Committed index: 0, Last appended: 0.0, Last appended by leader: 0, Current term: 0, Majority size: -1, State: 0, Mode: NON_LEADER, active raft config: opid_index: -1 OBSOLETE_local: false peers { permanent_uuid: "984f6d3b981a42eebd317c0a513c973e" member_type: VOTER last_known_addr { host: "127.17.98.193" port: 34633 } } peers { permanent_uuid: "a8f4be973f324ce68cf003c58621b5f5" member_type: VOTER last_known_addr { host: "127.17.98.194" port: 42141 } } peers { permanent_uuid: "a00b4734b8ad4fc1ab5bf27a042a4a4b" member_type: VOTER last_known_addr { host: "127.17.98.195" port: 34277 } }
I20260709 14:51:48.854228 18633 ts_tablet_manager.cc:1434] T 25541978c2d84506a93fd7d2374aed4b P 984f6d3b981a42eebd317c0a513c973e: Time spent starting tablet: real 0.005s	user 0.003s	sys 0.000s
I20260709 14:51:48.868924 18671 raft_consensus.cc:493] T f8fe45730e214cb9a85427cea373be1f P 984f6d3b981a42eebd317c0a513c973e [term 0 FOLLOWER]: Starting pre-election (no leader contacted us within the election timeout)
I20260709 14:51:48.869383 18671 raft_consensus.cc:515] T f8fe45730e214cb9a85427cea373be1f P 984f6d3b981a42eebd317c0a513c973e [term 0 FOLLOWER]: Starting pre-election with config: opid_index: -1 OBSOLETE_local: false peers { permanent_uuid: "984f6d3b981a42eebd317c0a513c973e" member_type: VOTER last_known_addr { host: "127.17.98.193" port: 34633 } } peers { permanent_uuid: "a8f4be973f324ce68cf003c58621b5f5" member_type: VOTER last_known_addr { host: "127.17.98.194" port: 42141 } } peers { permanent_uuid: "a00b4734b8ad4fc1ab5bf27a042a4a4b" member_type: VOTER last_known_addr { host: "127.17.98.195" port: 34277 } }
I20260709 14:51:48.871022 18671 leader_election.cc:290] T f8fe45730e214cb9a85427cea373be1f P 984f6d3b981a42eebd317c0a513c973e [CANDIDATE]: Term 1 pre-election: Requested pre-vote from peers a8f4be973f324ce68cf003c58621b5f5 (127.17.98.194:42141), a00b4734b8ad4fc1ab5bf27a042a4a4b (127.17.98.195:34277)
I20260709 14:51:48.871814 18518 tablet_service.cc:1917] Received RequestConsensusVote() RPC: tablet_id: "f8fe45730e214cb9a85427cea373be1f" candidate_uuid: "984f6d3b981a42eebd317c0a513c973e" candidate_term: 1 candidate_status { last_received { term: 0 index: 0 } } ignore_live_leader: false dest_uuid: "a8f4be973f324ce68cf003c58621b5f5" is_pre_election: true
I20260709 14:51:48.871963 18590 tablet_service.cc:1917] Received RequestConsensusVote() RPC: tablet_id: "f8fe45730e214cb9a85427cea373be1f" candidate_uuid: "984f6d3b981a42eebd317c0a513c973e" candidate_term: 1 candidate_status { last_received { term: 0 index: 0 } } ignore_live_leader: false dest_uuid: "a00b4734b8ad4fc1ab5bf27a042a4a4b" is_pre_election: true
I20260709 14:51:48.872292 18518 raft_consensus.cc:2468] T f8fe45730e214cb9a85427cea373be1f P a8f4be973f324ce68cf003c58621b5f5 [term 0 FOLLOWER]: Leader pre-election vote request: Granting yes vote for candidate 984f6d3b981a42eebd317c0a513c973e in term 0.
