I20260709 14:52:04.618934 24732 consensus_queue.cc:260] T f608090dd6db49e2a9a0a2239bd41f97 P 94acb2c70add47be892224f0f364eff6 [NON_LEADER]: Queue going to NON_LEADER mode. State: All replicated index: 0, Majority replicated index: 0, Committed index: 0, Last appended: 0.0, Last appended by leader: 0, Current term: 0, Majority size: -1, State: 0, Mode: NON_LEADER, active raft config: opid_index: -1 OBSOLETE_local: false peers { permanent_uuid: "94acb2c70add47be892224f0f364eff6" member_type: VOTER last_known_addr { host: "127.22.220.129" port: 46115 } } peers { permanent_uuid: "dcc631b584b94d89ace1956b96b416b8" member_type: VOTER last_known_addr { host: "127.22.220.130" port: 41381 } } peers { permanent_uuid: "d68160fb9ceb40afbaf8a85a995b1318" member_type: VOTER last_known_addr { host: "127.22.220.131" port: 43477 } }
I20260709 14:52:04.621209 24732 ts_tablet_manager.cc:1434] T f608090dd6db49e2a9a0a2239bd41f97 P 94acb2c70add47be892224f0f364eff6: Time spent starting tablet: real 0.007s	user 0.008s	sys 0.000s
I20260709 14:52:04.622582 24732 tablet_bootstrap.cc:492] T 56466b2314764974b27c555bbdefe270 P 94acb2c70add47be892224f0f364eff6: Bootstrap starting.
I20260709 14:52:04.632426 24733 tablet_bootstrap.cc:654] T f608090dd6db49e2a9a0a2239bd41f97 P dcc631b584b94d89ace1956b96b416b8: Neither blocks nor log segments found. Creating new log.
I20260709 14:52:04.631734 24441 catalog_manager.cc:5697] T 481398ab154b4cfcabc858be24d597fb P 94acb2c70add47be892224f0f364eff6 reported cstate change: term changed from 0 to 1, leader changed from <none> to 94acb2c70add47be892224f0f364eff6 (127.22.220.129). New cstate: current_term: 1 leader_uuid: "94acb2c70add47be892224f0f364eff6" committed_config { opid_index: -1 OBSOLETE_local: false peers { permanent_uuid: "94acb2c70add47be892224f0f364eff6" member_type: VOTER last_known_addr { host: "127.22.220.129" port: 46115 } health_report { overall_health: HEALTHY } } peers { permanent_uuid: "dcc631b584b94d89ace1956b96b416b8" member_type: VOTER last_known_addr { host: "127.22.220.130" port: 41381 } health_report { overall_health: UNKNOWN } } peers { permanent_uuid: "d68160fb9ceb40afbaf8a85a995b1318" member_type: VOTER last_known_addr { host: "127.22.220.131" port: 43477 } health_report { overall_health: UNKNOWN } } }
I20260709 14:52:04.638659 24734 tablet_bootstrap.cc:492] T eb33f9ec68934ea28f6d239467ca40cd P d68160fb9ceb40afbaf8a85a995b1318: No bootstrap required, opened a new log
I20260709 14:52:04.639144 24734 ts_tablet_manager.cc:1403] T eb33f9ec68934ea28f6d239467ca40cd P d68160fb9ceb40afbaf8a85a995b1318: Time spent bootstrapping tablet: real 0.077s	user 0.014s	sys 0.007s
I20260709 14:52:04.641036 24441 catalog_manager.cc:5697] T add1934f4d7f468594ab58e9ac8e14d4 P 94acb2c70add47be892224f0f364eff6 reported cstate change: term changed from 0 to 1, leader changed from <none> to 94acb2c70add47be892224f0f364eff6 (127.22.220.129). New cstate: current_term: 1 leader_uuid: "94acb2c70add47be892224f0f364eff6" committed_config { opid_index: -1 OBSOLETE_local: false peers { permanent_uuid: "94acb2c70add47be892224f0f364eff6" member_type: VOTER last_known_addr { host: "127.22.220.129" port: 46115 } health_report { overall_health: HEALTHY } } peers { permanent_uuid: "dcc631b584b94d89ace1956b96b416b8" member_type: VOTER last_known_addr { host: "127.22.220.130" port: 41381 } health_report { overall_health: UNKNOWN } } peers { permanent_uuid: "d68160fb9ceb40afbaf8a85a995b1318" member_type: VOTER last_known_addr { host: "127.22.220.131" port: 43477 } health_report { overall_health: UNKNOWN } } }
I20260709 14:52:04.642632 25007 consensus_queue.cc:1048] T 6c4ae39170c54c378aa5d8e8b43c8cda P 94acb2c70add47be892224f0f364eff6 [LEADER]: Connected to new peer: Peer: permanent_uuid: "d68160fb9ceb40afbaf8a85a995b1318" member_type: VOTER last_known_addr { host: "127.22.220.131" port: 43477 }, Status: LMP_MISMATCH, Last received: 0.0, Next index: 1, Last known committed idx: 0, Time since last communication: 0.000s
I20260709 14:52:04.647955 25000 consensus_queue.cc:1048] T 945c0216a3e94502aed8693571737249 P d68160fb9ceb40afbaf8a85a995b1318 [LEADER]: Connected to new peer: Peer: permanent_uuid: "94acb2c70add47be892224f0f364eff6" member_type: VOTER last_known_addr { host: "127.22.220.129" port: 46115 }, Status: LMP_MISMATCH, Last received: 0.0, Next index: 1, Last known committed idx: 0, Time since last communication: 0.000s
I20260709 14:52:04.648907 24732 tablet_bootstrap.cc:654] T 56466b2314764974b27c555bbdefe270 P 94acb2c70add47be892224f0f364eff6: Neither blocks nor log segments found. Creating new log.
I20260709 14:52:04.641743 24734 raft_consensus.cc:359] T eb33f9ec68934ea28f6d239467ca40cd P d68160fb9ceb40afbaf8a85a995b1318 [term 0 FOLLOWER]: Replica starting. Triggering 0 pending ops. Active config: opid_index: -1 OBSOLETE_local: false peers { permanent_uuid: "94acb2c70add47be892224f0f364eff6" member_type: VOTER last_known_addr { host: "127.22.220.129" port: 46115 } } peers { permanent_uuid: "dcc631b584b94d89ace1956b96b416b8" member_type: VOTER last_known_addr { host: "127.22.220.130" port: 41381 } } peers { permanent_uuid: "d68160fb9ceb40afbaf8a85a995b1318" member_type: VOTER last_known_addr { host: "127.22.220.131" port: 43477 } }
I20260709 14:52:04.650542 24734 raft_consensus.cc:385] T eb33f9ec68934ea28f6d239467ca40cd P d68160fb9ceb40afbaf8a85a995b1318 [term 0 FOLLOWER]: Consensus starting up: Expiring failure detector timer to make a prompt election more likely
I20260709 14:52:04.650960 24734 raft_consensus.cc:740] T eb33f9ec68934ea28f6d239467ca40cd P d68160fb9ceb40afbaf8a85a995b1318 [term 0 FOLLOWER]: Becoming Follower/Learner. State: Replica: d68160fb9ceb40afbaf8a85a995b1318, State: Initialized, Role: FOLLOWER
I20260709 14:52:04.652050 24734 consensus_queue.cc:260] T eb33f9ec68934ea28f6d239467ca40cd P d68160fb9ceb40afbaf8a85a995b1318 [NON_LEADER]: Queue going to NON_LEADER mode. State: All replicated index: 0, Majority replicated index: 0, Committed index: 0, Last appended: 0.0, Last appended by leader: 0, Current term: 0, Majority size: -1, State: 0, Mode: NON_LEADER, active raft config: opid_index: -1 OBSOLETE_local: false peers { permanent_uuid: "94acb2c70add47be892224f0f364eff6" member_type: VOTER last_known_addr { host: "127.22.220.129" port: 46115 } } peers { permanent_uuid: "dcc631b584b94d89ace1956b96b416b8" member_type: VOTER last_known_addr { host: "127.22.220.130" port: 41381 } } peers { permanent_uuid: "d68160fb9ceb40afbaf8a85a995b1318" member_type: VOTER last_known_addr { host: "127.22.220.131" port: 43477 } }
I20260709 14:52:04.655301 24734 ts_tablet_manager.cc:1434] T eb33f9ec68934ea28f6d239467ca40cd P d68160fb9ceb40afbaf8a85a995b1318: Time spent starting tablet: real 0.016s	user 0.004s	sys 0.004s
I20260709 14:52:04.661170 25049 consensus_queue.cc:1048] T 83173f17eeec437cbc9eb34416c94203 P dcc631b584b94d89ace1956b96b416b8 [LEADER]: Connected to new peer: Peer: permanent_uuid: "94acb2c70add47be892224f0f364eff6" member_type: VOTER last_known_addr { host: "127.22.220.129" port: 46115 }, Status: LMP_MISMATCH, Last received: 0.0, Next index: 1, Last known committed idx: 0, Time since last communication: 0.001s
I20260709 14:52:04.663889 24734 tablet_bootstrap.cc:492] T ee51aa0de1b844d6ac26e19980ea178c P d68160fb9ceb40afbaf8a85a995b1318: Bootstrap starting.
I20260709 14:52:04.670981 24732 tablet_bootstrap.cc:492] T 56466b2314764974b27c555bbdefe270 P 94acb2c70add47be892224f0f364eff6: No bootstrap required, opened a new log
I20260709 14:52:04.671502 24732 ts_tablet_manager.cc:1403] T 56466b2314764974b27c555bbdefe270 P 94acb2c70add47be892224f0f364eff6: Time spent bootstrapping tablet: real 0.049s	user 0.005s	sys 0.006s
I20260709 14:52:04.673882 24618 raft_consensus.cc:3060] T 945c0216a3e94502aed8693571737249 P dcc631b584b94d89ace1956b96b416b8 [term 0 FOLLOWER]: Advancing to term 1
I20260709 14:52:04.675360 24733 tablet_bootstrap.cc:492] T f608090dd6db49e2a9a0a2239bd41f97 P dcc631b584b94d89ace1956b96b416b8: No bootstrap required, opened a new log
I20260709 14:52:04.675884 24733 ts_tablet_manager.cc:1403] T f608090dd6db49e2a9a0a2239bd41f97 P dcc631b584b94d89ace1956b96b416b8: Time spent bootstrapping tablet: real 0.063s	user 0.011s	sys 0.002s
I20260709 14:52:04.678721 24733 raft_consensus.cc:359] T f608090dd6db49e2a9a0a2239bd41f97 P dcc631b584b94d89ace1956b96b416b8 [term 0 FOLLOWER]: Replica starting. Triggering 0 pending ops. Active config: opid_index: -1 OBSOLETE_local: false peers { permanent_uuid: "94acb2c70add47be892224f0f364eff6" member_type: VOTER last_known_addr { host: "127.22.220.129" port: 46115 } } peers { permanent_uuid: "dcc631b584b94d89ace1956b96b416b8" member_type: VOTER last_known_addr { host: "127.22.220.130" port: 41381 } } peers { permanent_uuid: "d68160fb9ceb40afbaf8a85a995b1318" member_type: VOTER last_known_addr { host: "127.22.220.131" port: 43477 } }
I20260709 14:52:04.679495 24733 raft_consensus.cc:385] T f608090dd6db49e2a9a0a2239bd41f97 P dcc631b584b94d89ace1956b96b416b8 [term 0 FOLLOWER]: Consensus starting up: Expiring failure detector timer to make a prompt election more likely
I20260709 14:52:04.679806 24733 raft_consensus.cc:740] T f608090dd6db49e2a9a0a2239bd41f97 P dcc631b584b94d89ace1956b96b416b8 [term 0 FOLLOWER]: Becoming Follower/Learner. State: Replica: dcc631b584b94d89ace1956b96b416b8, State: Initialized, Role: FOLLOWER
I20260709 14:52:04.680481 24733 consensus_queue.cc:260] T f608090dd6db49e2a9a0a2239bd41f97 P dcc631b584b94d89ace1956b96b416b8 [NON_LEADER]: Queue going to NON_LEADER mode. State: All replicated index: 0, Majority replicated index: 0, Committed index: 0, Last appended: 0.0, Last appended by leader: 0, Current term: 0, Majority size: -1, State: 0, Mode: NON_LEADER, active raft config: opid_index: -1 OBSOLETE_local: false peers { permanent_uuid: "94acb2c70add47be892224f0f364eff6" member_type: VOTER last_known_addr { host: "127.22.220.129" port: 46115 } } peers { permanent_uuid: "dcc631b584b94d89ace1956b96b416b8" member_type: VOTER last_known_addr { host: "127.22.220.130" port: 41381 } } peers { permanent_uuid: "d68160fb9ceb40afbaf8a85a995b1318" member_type: VOTER last_known_addr { host: "127.22.220.131" port: 43477 } }
I20260709 14:52:04.682641 24732 raft_consensus.cc:359] T 56466b2314764974b27c555bbdefe270 P 94acb2c70add47be892224f0f364eff6 [term 0 FOLLOWER]: Replica starting. Triggering 0 pending ops. Active config: opid_index: -1 OBSOLETE_local: false peers { permanent_uuid: "94acb2c70add47be892224f0f364eff6" member_type: VOTER last_known_addr { host: "127.22.220.129" port: 46115 } } peers { permanent_uuid: "dcc631b584b94d89ace1956b96b416b8" member_type: VOTER last_known_addr { host: "127.22.220.130" port: 41381 } } peers { permanent_uuid: "d68160fb9ceb40afbaf8a85a995b1318" member_type: VOTER last_known_addr { host: "127.22.220.131" port: 43477 } }
I20260709 14:52:04.683332 24732 raft_consensus.cc:385] T 56466b2314764974b27c555bbdefe270 P 94acb2c70add47be892224f0f364eff6 [term 0 FOLLOWER]: Consensus starting up: Expiring failure detector timer to make a prompt election more likely
I20260709 14:52:04.683597 24732 raft_consensus.cc:740] T 56466b2314764974b27c555bbdefe270 P 94acb2c70add47be892224f0f364eff6 [term 0 FOLLOWER]: Becoming Follower/Learner. State: Replica: 94acb2c70add47be892224f0f364eff6, State: Initialized, Role: FOLLOWER
I20260709 14:52:04.684237 24732 consensus_queue.cc:260] T 56466b2314764974b27c555bbdefe270 P 94acb2c70add47be892224f0f364eff6 [NON_LEADER]: Queue going to NON_LEADER mode. State: All replicated index: 0, Majority replicated index: 0, Committed index: 0, Last appended: 0.0, Last appended by leader: 0, Current term: 0, Majority size: -1, State: 0, Mode: NON_LEADER, active raft config: opid_index: -1 OBSOLETE_local: false peers { permanent_uuid: "94acb2c70add47be892224f0f364eff6" member_type: VOTER last_known_addr { host: "127.22.220.129" port: 46115 } } peers { permanent_uuid: "dcc631b584b94d89ace1956b96b416b8" member_type: VOTER last_known_addr { host: "127.22.220.130" port: 41381 } } peers { permanent_uuid: "d68160fb9ceb40afbaf8a85a995b1318" member_type: VOTER last_known_addr { host: "127.22.220.131" port: 43477 } }
I20260709 14:52:04.693946 24732 ts_tablet_manager.cc:1434] T 56466b2314764974b27c555bbdefe270 P 94acb2c70add47be892224f0f364eff6: Time spent starting tablet: real 0.022s	user 0.005s	sys 0.000s
I20260709 14:52:04.694907 24732 tablet_bootstrap.cc:492] T 1f18cff54ccc4a999d98804e887e86df P 94acb2c70add47be892224f0f364eff6: Bootstrap starting.
I20260709 14:52:04.699160 25062 consensus_queue.cc:1048] T 83173f17eeec437cbc9eb34416c94203 P dcc631b584b94d89ace1956b96b416b8 [LEADER]: Connected to new peer: Peer: permanent_uuid: "d68160fb9ceb40afbaf8a85a995b1318" member_type: VOTER last_known_addr { host: "127.22.220.131" port: 43477 }, Status: LMP_MISMATCH, Last received: 0.0, Next index: 1, Last known committed idx: 0, Time since last communication: 0.000s
I20260709 14:52:04.717180 25051 consensus_queue.cc:1048] T 945c0216a3e94502aed8693571737249 P d68160fb9ceb40afbaf8a85a995b1318 [LEADER]: Connected to new peer: Peer: permanent_uuid: "dcc631b584b94d89ace1956b96b416b8" member_type: VOTER last_known_addr { host: "127.22.220.130" port: 41381 }, Status: LMP_MISMATCH, Last received: 0.0, Next index: 1, Last known committed idx: 0, Time since last communication: 0.004s
I20260709 14:52:04.721678 25007 consensus_queue.cc:1048] T add1934f4d7f468594ab58e9ac8e14d4 P 94acb2c70add47be892224f0f364eff6 [LEADER]: Connected to new peer: Peer: permanent_uuid: "d68160fb9ceb40afbaf8a85a995b1318" member_type: VOTER last_known_addr { host: "127.22.220.131" port: 43477 }, Status: LMP_MISMATCH, Last received: 0.0, Next index: 1, Last known committed idx: 0, Time since last communication: 0.000s
I20260709 14:52:04.729094 24734 tablet_bootstrap.cc:654] T ee51aa0de1b844d6ac26e19980ea178c P d68160fb9ceb40afbaf8a85a995b1318: Neither blocks nor log segments found. Creating new log.
W20260709 14:52:04.733557 24507 consensus_peers.cc:597] T 481398ab154b4cfcabc858be24d597fb P 94acb2c70add47be892224f0f364eff6 -> Peer dcc631b584b94d89ace1956b96b416b8 (127.22.220.130:41381): Couldn't send request to peer dcc631b584b94d89ace1956b96b416b8. Error code: TABLET_NOT_RUNNING (12). Status: Illegal state: Tablet not RUNNING: INITIALIZED. This is attempt 1: this message will repeat every 5th retry.
I20260709 14:52:04.762558 24611 raft_consensus.cc:3060] T add1934f4d7f468594ab58e9ac8e14d4 P dcc631b584b94d89ace1956b96b416b8 [term 0 FOLLOWER]: Advancing to term 1
I20260709 14:52:04.773926 24733 ts_tablet_manager.cc:1434] T f608090dd6db49e2a9a0a2239bd41f97 P dcc631b584b94d89ace1956b96b416b8: Time spent starting tablet: real 0.098s	user 0.003s	sys 0.003s
I20260709 14:52:04.775053 24733 tablet_bootstrap.cc:492] T c93ccb563e4b4f32b5376457eb5c84b7 P dcc631b584b94d89ace1956b96b416b8: Bootstrap starting.
I20260709 14:52:04.777207 24732 tablet_bootstrap.cc:654] T 1f18cff54ccc4a999d98804e887e86df P 94acb2c70add47be892224f0f364eff6: Neither blocks nor log segments found. Creating new log.
I20260709 14:52:04.782164 25061 consensus_queue.cc:1048] T add1934f4d7f468594ab58e9ac8e14d4 P 94acb2c70add47be892224f0f364eff6 [LEADER]: Connected to new peer: Peer: permanent_uuid: "dcc631b584b94d89ace1956b96b416b8" member_type: VOTER last_known_addr { host: "127.22.220.130" port: 41381 }, Status: LMP_MISMATCH, Last received: 0.0, Next index: 1, Last known committed idx: 0, Time since last communication: 0.000s
I20260709 14:52:04.795605 24734 tablet_bootstrap.cc:492] T ee51aa0de1b844d6ac26e19980ea178c P d68160fb9ceb40afbaf8a85a995b1318: No bootstrap required, opened a new log
I20260709 14:52:04.796133 24734 ts_tablet_manager.cc:1403] T ee51aa0de1b844d6ac26e19980ea178c P d68160fb9ceb40afbaf8a85a995b1318: Time spent bootstrapping tablet: real 0.140s	user 0.016s	sys 0.001s
I20260709 14:52:04.798347 24734 raft_consensus.cc:359] T ee51aa0de1b844d6ac26e19980ea178c P d68160fb9ceb40afbaf8a85a995b1318 [term 0 FOLLOWER]: Replica starting. Triggering 0 pending ops. Active config: opid_index: -1 OBSOLETE_local: false peers { permanent_uuid: "94acb2c70add47be892224f0f364eff6" member_type: VOTER last_known_addr { host: "127.22.220.129" port: 46115 } } peers { permanent_uuid: "dcc631b584b94d89ace1956b96b416b8" member_type: VOTER last_known_addr { host: "127.22.220.130" port: 41381 } } peers { permanent_uuid: "d68160fb9ceb40afbaf8a85a995b1318" member_type: VOTER last_known_addr { host: "127.22.220.131" port: 43477 } }
I20260709 14:52:04.798836 24734 raft_consensus.cc:385] T ee51aa0de1b844d6ac26e19980ea178c P d68160fb9ceb40afbaf8a85a995b1318 [term 0 FOLLOWER]: Consensus starting up: Expiring failure detector timer to make a prompt election more likely
I20260709 14:52:04.799080 24734 raft_consensus.cc:740] T ee51aa0de1b844d6ac26e19980ea178c P d68160fb9ceb40afbaf8a85a995b1318 [term 0 FOLLOWER]: Becoming Follower/Learner. State: Replica: d68160fb9ceb40afbaf8a85a995b1318, State: Initialized, Role: FOLLOWER
I20260709 14:52:04.803915 25051 raft_consensus.cc:493] T c93ccb563e4b4f32b5376457eb5c84b7 P d68160fb9ceb40afbaf8a85a995b1318 [term 0 FOLLOWER]: Starting pre-election (no leader contacted us within the election timeout)
I20260709 14:52:04.804541 25016 raft_consensus.cc:493] T 15acbc6bbd1149b2b98f4368414d7a6f P d68160fb9ceb40afbaf8a85a995b1318 [term 0 FOLLOWER]: Starting pre-election (no leader contacted us within the election timeout)
I20260709 14:52:04.804431 25051 raft_consensus.cc:515] T c93ccb563e4b4f32b5376457eb5c84b7 P d68160fb9ceb40afbaf8a85a995b1318 [term 0 FOLLOWER]: Starting pre-election with config: opid_index: -1 OBSOLETE_local: false peers { permanent_uuid: "94acb2c70add47be892224f0f364eff6" member_type: VOTER last_known_addr { host: "127.22.220.129" port: 46115 } } peers { permanent_uuid: "dcc631b584b94d89ace1956b96b416b8" member_type: VOTER last_known_addr { host: "127.22.220.130" port: 41381 } } peers { permanent_uuid: "d68160fb9ceb40afbaf8a85a995b1318" member_type: VOTER last_known_addr { host: "127.22.220.131" port: 43477 } }
I20260709 14:52:04.805055 25016 raft_consensus.cc:515] T 15acbc6bbd1149b2b98f4368414d7a6f P d68160fb9ceb40afbaf8a85a995b1318 [term 0 FOLLOWER]: Starting pre-election with config: opid_index: -1 OBSOLETE_local: false peers { permanent_uuid: "94acb2c70add47be892224f0f364eff6" member_type: VOTER last_known_addr { host: "127.22.220.129" port: 46115 } } peers { permanent_uuid: "dcc631b584b94d89ace1956b96b416b8" member_type: VOTER last_known_addr { host: "127.22.220.130" port: 41381 } } peers { permanent_uuid: "d68160fb9ceb40afbaf8a85a995b1318" member_type: VOTER last_known_addr { host: "127.22.220.131" port: 43477 } }
I20260709 14:52:04.806990 25016 leader_election.cc:290] T 15acbc6bbd1149b2b98f4368414d7a6f P d68160fb9ceb40afbaf8a85a995b1318 [CANDIDATE]: Term 1 pre-election: Requested pre-vote from peers 94acb2c70add47be892224f0f364eff6 (127.22.220.129:46115), dcc631b584b94d89ace1956b96b416b8 (127.22.220.130:41381)
I20260709 14:52:04.808089 24614 tablet_service.cc:1917] Received RequestConsensusVote() RPC: tablet_id: "15acbc6bbd1149b2b98f4368414d7a6f" candidate_uuid: "d68160fb9ceb40afbaf8a85a995b1318" candidate_term: 1 candidate_status { last_received { term: 0 index: 0 } } ignore_live_leader: false dest_uuid: "dcc631b584b94d89ace1956b96b416b8" is_pre_election: true
I20260709 14:52:04.808111 24618 tablet_service.cc:1917] Received RequestConsensusVote() RPC: tablet_id: "c93ccb563e4b4f32b5376457eb5c84b7" candidate_uuid: "d68160fb9ceb40afbaf8a85a995b1318" candidate_term: 1 candidate_status { last_received { term: 0 index: 0 } } ignore_live_leader: false dest_uuid: "dcc631b584b94d89ace1956b96b416b8" is_pre_election: true
I20260709 14:52:04.806677 25051 leader_election.cc:290] T c93ccb563e4b4f32b5376457eb5c84b7 P d68160fb9ceb40afbaf8a85a995b1318 [CANDIDATE]: Term 1 pre-election: Requested pre-vote from peers 94acb2c70add47be892224f0f364eff6 (127.22.220.129:46115), dcc631b584b94d89ace1956b96b416b8 (127.22.220.130:41381)
W20260709 14:52:04.813141 24656 leader_election.cc:343] T 15acbc6bbd1149b2b98f4368414d7a6f P d68160fb9ceb40afbaf8a85a995b1318 [CANDIDATE]: Term 1 pre-election: Tablet error from VoteRequest() call to peer dcc631b584b94d89ace1956b96b416b8 (127.22.220.130:41381): Illegal state: must be running to vote when last-logged opid is not known
W20260709 14:52:04.813735 24656 leader_election.cc:343] T c93ccb563e4b4f32b5376457eb5c84b7 P d68160fb9ceb40afbaf8a85a995b1318 [CANDIDATE]: Term 1 pre-election: Tablet error from VoteRequest() call to peer dcc631b584b94d89ace1956b96b416b8 (127.22.220.130:41381): Illegal state: must be running to vote when last-logged opid is not known
I20260709 14:52:04.816744 24539 tablet_service.cc:1917] Received RequestConsensusVote() RPC: tablet_id: "c93ccb563e4b4f32b5376457eb5c84b7" candidate_uuid: "d68160fb9ceb40afbaf8a85a995b1318" candidate_term: 1 candidate_status { last_received { term: 0 index: 0 } } ignore_live_leader: false dest_uuid: "94acb2c70add47be892224f0f364eff6" is_pre_election: true
I20260709 14:52:04.817160 24733 tablet_bootstrap.cc:654] T c93ccb563e4b4f32b5376457eb5c84b7 P dcc631b584b94d89ace1956b96b416b8: Neither blocks nor log segments found. Creating new log.
I20260709 14:52:04.817378 24539 raft_consensus.cc:2468] T c93ccb563e4b4f32b5376457eb5c84b7 P 94acb2c70add47be892224f0f364eff6 [term 0 FOLLOWER]: Leader pre-election vote request: Granting yes vote for candidate d68160fb9ceb40afbaf8a85a995b1318 in term 0.
I20260709 14:52:04.818910 24539 tablet_service.cc:1917] Received RequestConsensusVote() RPC: tablet_id: "15acbc6bbd1149b2b98f4368414d7a6f" candidate_uuid: "d68160fb9ceb40afbaf8a85a995b1318" candidate_term: 1 candidate_status { last_received { term: 0 index: 0 } } ignore_live_leader: false dest_uuid: "94acb2c70add47be892224f0f364eff6" is_pre_election: true
I20260709 14:52:04.819705 25033 consensus_queue.cc:1048] T 481398ab154b4cfcabc858be24d597fb P 94acb2c70add47be892224f0f364eff6 [LEADER]: Connected to new peer: Peer: permanent_uuid: "d68160fb9ceb40afbaf8a85a995b1318" member_type: VOTER last_known_addr { host: "127.22.220.131" port: 43477 }, Status: LMP_MISMATCH, Last received: 0.0, Next index: 1, Last known committed idx: 0, Time since last communication: 0.000s
I20260709 14:52:04.820943 24657 leader_election.cc:304] T c93ccb563e4b4f32b5376457eb5c84b7 P d68160fb9ceb40afbaf8a85a995b1318 [CANDIDATE]: Term 1 pre-election: Election decided. Result: candidate won. Election summary: received 3 responses out of 3 voters: 2 yes votes; 1 no votes. yes voters: 94acb2c70add47be892224f0f364eff6, d68160fb9ceb40afbaf8a85a995b1318; no voters: dcc631b584b94d89ace1956b96b416b8
W20260709 14:52:04.822409 24657 leader_election.cc:343] T 15acbc6bbd1149b2b98f4368414d7a6f P d68160fb9ceb40afbaf8a85a995b1318 [CANDIDATE]: Term 1 pre-election: Tablet error from VoteRequest() call to peer 94acb2c70add47be892224f0f364eff6 (127.22.220.129:46115): Illegal state: must be running to vote when last-logged opid is not known
I20260709 14:52:04.822768 24657 leader_election.cc:304] T 15acbc6bbd1149b2b98f4368414d7a6f P d68160fb9ceb40afbaf8a85a995b1318 [CANDIDATE]: Term 1 pre-election: Election decided. Result: candidate lost. Election summary: received 3 responses out of 3 voters: 1 yes votes; 2 no votes. yes voters: d68160fb9ceb40afbaf8a85a995b1318; no voters: 94acb2c70add47be892224f0f364eff6, dcc631b584b94d89ace1956b96b416b8
I20260709 14:52:04.823563 24732 tablet_bootstrap.cc:492] T 1f18cff54ccc4a999d98804e887e86df P 94acb2c70add47be892224f0f364eff6: No bootstrap required, opened a new log
I20260709 14:52:04.824059 24732 ts_tablet_manager.cc:1403] T 1f18cff54ccc4a999d98804e887e86df P 94acb2c70add47be892224f0f364eff6: Time spent bootstrapping tablet: real 0.129s	user 0.033s	sys 0.029s
I20260709 14:52:04.823985 25051 raft_consensus.cc:2804] T c93ccb563e4b4f32b5376457eb5c84b7 P d68160fb9ceb40afbaf8a85a995b1318 [term 0 FOLLOWER]: Leader pre-election won for term 1
I20260709 14:52:04.824469 25051 raft_consensus.cc:493] T c93ccb563e4b4f32b5376457eb5c84b7 P d68160fb9ceb40afbaf8a85a995b1318 [term 0 FOLLOWER]: Starting leader election (no leader contacted us within the election timeout)
I20260709 14:52:04.799700 24734 consensus_queue.cc:260] T ee51aa0de1b844d6ac26e19980ea178c P d68160fb9ceb40afbaf8a85a995b1318 [NON_LEADER]: Queue going to NON_LEADER mode. State: All replicated index: 0, Majority replicated index: 0, Committed index: 0, Last appended: 0.0, Last appended by leader: 0, Current term: 0, Majority size: -1, State: 0, Mode: NON_LEADER, active raft config: opid_index: -1 OBSOLETE_local: false peers { permanent_uuid: "94acb2c70add47be892224f0f364eff6" member_type: VOTER last_known_addr { host: "127.22.220.129" port: 46115 } } peers { permanent_uuid: "dcc631b584b94d89ace1956b96b416b8" member_type: VOTER last_known_addr { host: "127.22.220.130" port: 41381 } } peers { permanent_uuid: "d68160fb9ceb40afbaf8a85a995b1318" member_type: VOTER last_known_addr { host: "127.22.220.131" port: 43477 } }
I20260709 14:52:04.825834 25051 raft_consensus.cc:3060] T c93ccb563e4b4f32b5376457eb5c84b7 P d68160fb9ceb40afbaf8a85a995b1318 [term 0 FOLLOWER]: Advancing to term 1
I20260709 14:52:04.827374 25016 raft_consensus.cc:2749] T 15acbc6bbd1149b2b98f4368414d7a6f P d68160fb9ceb40afbaf8a85a995b1318 [term 0 FOLLOWER]: Leader pre-election lost for term 1. Reason: could not achieve majority
I20260709 14:52:04.831836 25007 raft_consensus.cc:493] T 56466b2314764974b27c555bbdefe270 P 94acb2c70add47be892224f0f364eff6 [term 0 FOLLOWER]: Starting pre-election (no leader contacted us within the election timeout)
I20260709 14:52:04.833578 25007 raft_consensus.cc:515] T 56466b2314764974b27c555bbdefe270 P 94acb2c70add47be892224f0f364eff6 [term 0 FOLLOWER]: Starting pre-election with config: opid_index: -1 OBSOLETE_local: false peers { permanent_uuid: "94acb2c70add47be892224f0f364eff6" member_type: VOTER last_known_addr { host: "127.22.220.129" port: 46115 } } peers { permanent_uuid: "dcc631b584b94d89ace1956b96b416b8" member_type: VOTER last_known_addr { host: "127.22.220.130" port: 41381 } } peers { permanent_uuid: "d68160fb9ceb40afbaf8a85a995b1318" member_type: VOTER last_known_addr { host: "127.22.220.131" port: 43477 } }
I20260709 14:52:04.837172 25007 leader_election.cc:290] T 56466b2314764974b27c555bbdefe270 P 94acb2c70add47be892224f0f364eff6 [CANDIDATE]: Term 1 pre-election: Requested pre-vote from peers dcc631b584b94d89ace1956b96b416b8 (127.22.220.130:41381), d68160fb9ceb40afbaf8a85a995b1318 (127.22.220.131:43477)
I20260709 14:52:04.839277 24691 tablet_service.cc:1917] Received RequestConsensusVote() RPC: tablet_id: "56466b2314764974b27c555bbdefe270" candidate_uuid: "94acb2c70add47be892224f0f364eff6" candidate_term: 1 candidate_status { last_received { term: 0 index: 0 } } ignore_live_leader: false dest_uuid: "d68160fb9ceb40afbaf8a85a995b1318" is_pre_election: true
I20260709 14:52:04.839938 24691 raft_consensus.cc:2468] T 56466b2314764974b27c555bbdefe270 P d68160fb9ceb40afbaf8a85a995b1318 [term 0 FOLLOWER]: Leader pre-election vote request: Granting yes vote for candidate 94acb2c70add47be892224f0f364eff6 in term 0.
I20260709 14:52:04.840337 24732 raft_consensus.cc:359] T 1f18cff54ccc4a999d98804e887e86df P 94acb2c70add47be892224f0f364eff6 [term 0 FOLLOWER]: Replica starting. Triggering 0 pending ops. Active config: opid_index: -1 OBSOLETE_local: false peers { permanent_uuid: "94acb2c70add47be892224f0f364eff6" member_type: VOTER last_known_addr { host: "127.22.220.129" port: 46115 } } peers { permanent_uuid: "dcc631b584b94d89ace1956b96b416b8" member_type: VOTER last_known_addr { host: "127.22.220.130" port: 41381 } } peers { permanent_uuid: "d68160fb9ceb40afbaf8a85a995b1318" member_type: VOTER last_known_addr { host: "127.22.220.131" port: 43477 } }
I20260709 14:52:04.841073 24732 raft_consensus.cc:385] T 1f18cff54ccc4a999d98804e887e86df P 94acb2c70add47be892224f0f364eff6 [term 0 FOLLOWER]: Consensus starting up: Expiring failure detector timer to make a prompt election more likely
I20260709 14:52:04.842007 24732 raft_consensus.cc:740] T 1f18cff54ccc4a999d98804e887e86df P 94acb2c70add47be892224f0f364eff6 [term 0 FOLLOWER]: Becoming Follower/Learner. State: Replica: 94acb2c70add47be892224f0f364eff6, State: Initialized, Role: FOLLOWER
I20260709 14:52:04.842499 24507 leader_election.cc:304] T 56466b2314764974b27c555bbdefe270 P 94acb2c70add47be892224f0f364eff6 [CANDIDATE]: Term 1 pre-election: Election decided. Result: candidate won. Election summary: received 2 responses out of 3 voters: 2 yes votes; 0 no votes. yes voters: 94acb2c70add47be892224f0f364eff6, d68160fb9ceb40afbaf8a85a995b1318; no voters: 
I20260709 14:52:04.842887 24732 consensus_queue.cc:260] T 1f18cff54ccc4a999d98804e887e86df P 94acb2c70add47be892224f0f364eff6 [NON_LEADER]: Queue going to NON_LEADER mode. State: All replicated index: 0, Majority replicated index: 0, Committed index: 0, Last appended: 0.0, Last appended by leader: 0, Current term: 0, Majority size: -1, State: 0, Mode: NON_LEADER, active raft config: opid_index: -1 OBSOLETE_local: false peers { permanent_uuid: "94acb2c70add47be892224f0f364eff6" member_type: VOTER last_known_addr { host: "127.22.220.129" port: 46115 } } peers { permanent_uuid: "dcc631b584b94d89ace1956b96b416b8" member_type: VOTER last_known_addr { host: "127.22.220.130" port: 41381 } } peers { permanent_uuid: "d68160fb9ceb40afbaf8a85a995b1318" member_type: VOTER last_known_addr { host: "127.22.220.131" port: 43477 } }
I20260709 14:52:04.847803 24734 ts_tablet_manager.cc:1434] T ee51aa0de1b844d6ac26e19980ea178c P d68160fb9ceb40afbaf8a85a995b1318: Time spent starting tablet: real 0.051s	user 0.006s	sys 0.000s
I20260709 14:52:04.851415 24611 tablet_service.cc:1917] Received RequestConsensusVote() RPC: tablet_id: "56466b2314764974b27c555bbdefe270" candidate_uuid: "94acb2c70add47be892224f0f364eff6" candidate_term: 1 candidate_status { last_received { term: 0 index: 0 } } ignore_live_leader: false dest_uuid: "dcc631b584b94d89ace1956b96b416b8" is_pre_election: true
I20260709 14:52:04.852224 24732 ts_tablet_manager.cc:1434] T 1f18cff54ccc4a999d98804e887e86df P 94acb2c70add47be892224f0f364eff6: Time spent starting tablet: real 0.028s	user 0.007s	sys 0.000s
I20260709 14:52:04.847465 25033 raft_consensus.cc:2804] T 56466b2314764974b27c555bbdefe270 P 94acb2c70add47be892224f0f364eff6 [term 0 FOLLOWER]: Leader pre-election won for term 1
I20260709 14:52:04.853008 25033 raft_consensus.cc:493] T 56466b2314764974b27c555bbdefe270 P 94acb2c70add47be892224f0f364eff6 [term 0 FOLLOWER]: Starting leader election (no leader contacted us within the election timeout)
I20260709 14:52:04.853497 25033 raft_consensus.cc:3060] T 56466b2314764974b27c555bbdefe270 P 94acb2c70add47be892224f0f364eff6 [term 0 FOLLOWER]: Advancing to term 1
W20260709 14:52:04.853814 24507 leader_election.cc:343] T 56466b2314764974b27c555bbdefe270 P 94acb2c70add47be892224f0f364eff6 [CANDIDATE]: Term 1 pre-election: Tablet error from VoteRequest() call to peer dcc631b584b94d89ace1956b96b416b8 (127.22.220.130:41381): Illegal state: must be running to vote when last-logged opid is not known
I20260709 14:52:04.922668 24734 tablet_bootstrap.cc:492] T 2251e00bf0f043fea3518858290ddbf2 P d68160fb9ceb40afbaf8a85a995b1318: Bootstrap starting.
I20260709 14:52:04.928781 24998 raft_consensus.cc:493] T eb33f9ec68934ea28f6d239467ca40cd P d68160fb9ceb40afbaf8a85a995b1318 [term 0 FOLLOWER]: Starting pre-election (no leader contacted us within the election timeout)
I20260709 14:52:04.929324 24998 raft_consensus.cc:515] T eb33f9ec68934ea28f6d239467ca40cd P d68160fb9ceb40afbaf8a85a995b1318 [term 0 FOLLOWER]: Starting pre-election with config: opid_index: -1 OBSOLETE_local: false peers { permanent_uuid: "94acb2c70add47be892224f0f364eff6" member_type: VOTER last_known_addr { host: "127.22.220.129" port: 46115 } } peers { permanent_uuid: "dcc631b584b94d89ace1956b96b416b8" member_type: VOTER last_known_addr { host: "127.22.220.130" port: 41381 } } peers { permanent_uuid: "d68160fb9ceb40afbaf8a85a995b1318" member_type: VOTER last_known_addr { host: "127.22.220.131" port: 43477 } }
I20260709 14:52:04.985795 25051 raft_consensus.cc:515] T c93ccb563e4b4f32b5376457eb5c84b7 P d68160fb9ceb40afbaf8a85a995b1318 [term 1 FOLLOWER]: Starting leader election with config: opid_index: -1 OBSOLETE_local: false peers { permanent_uuid: "94acb2c70add47be892224f0f364eff6" member_type: VOTER last_known_addr { host: "127.22.220.129" port: 46115 } } peers { permanent_uuid: "dcc631b584b94d89ace1956b96b416b8" member_type: VOTER last_known_addr { host: "127.22.220.130" port: 41381 } } peers { permanent_uuid: "d68160fb9ceb40afbaf8a85a995b1318" member_type: VOTER last_known_addr { host: "127.22.220.131" port: 43477 } }
I20260709 14:52:04.992055 25051 leader_election.cc:290] T c93ccb563e4b4f32b5376457eb5c84b7 P d68160fb9ceb40afbaf8a85a995b1318 [CANDIDATE]: Term 1 election: Requested vote from peers 94acb2c70add47be892224f0f364eff6 (127.22.220.129:46115), dcc631b584b94d89ace1956b96b416b8 (127.22.220.130:41381)
I20260709 14:52:04.935333 25033 raft_consensus.cc:515] T 56466b2314764974b27c555bbdefe270 P 94acb2c70add47be892224f0f364eff6 [term 1 FOLLOWER]: Starting leader election with config: opid_index: -1 OBSOLETE_local: false peers { permanent_uuid: "94acb2c70add47be892224f0f364eff6" member_type: VOTER last_known_addr { host: "127.22.220.129" port: 46115 } } peers { permanent_uuid: "dcc631b584b94d89ace1956b96b416b8" member_type: VOTER last_known_addr { host: "127.22.220.130" port: 41381 } } peers { permanent_uuid: "d68160fb9ceb40afbaf8a85a995b1318" member_type: VOTER last_known_addr { host: "127.22.220.131" port: 43477 } }
I20260709 14:52:04.994103 25033 leader_election.cc:290] T 56466b2314764974b27c555bbdefe270 P 94acb2c70add47be892224f0f364eff6 [CANDIDATE]: Term 1 election: Requested vote from peers dcc631b584b94d89ace1956b96b416b8 (127.22.220.130:41381), d68160fb9ceb40afbaf8a85a995b1318 (127.22.220.131:43477)
I20260709 14:52:05.001495 25098 raft_consensus.cc:493] T f608090dd6db49e2a9a0a2239bd41f97 P dcc631b584b94d89ace1956b96b416b8 [term 0 FOLLOWER]: Starting pre-election (no leader contacted us within the election timeout)
I20260709 14:52:05.002427 24732 tablet_bootstrap.cc:492] T 7e23e54b75ce4d7fb2a6bf4bcbeced29 P 94acb2c70add47be892224f0f364eff6: Bootstrap starting.
I20260709 14:52:05.003701 25098 raft_consensus.cc:515] T f608090dd6db49e2a9a0a2239bd41f97 P dcc631b584b94d89ace1956b96b416b8 [term 0 FOLLOWER]: Starting pre-election with config: opid_index: -1 OBSOLETE_local: false peers { permanent_uuid: "94acb2c70add47be892224f0f364eff6" member_type: VOTER last_known_addr { host: "127.22.220.129" port: 46115 } } peers { permanent_uuid: "dcc631b584b94d89ace1956b96b416b8" member_type: VOTER last_known_addr { host: "127.22.220.130" port: 41381 } } peers { permanent_uuid: "d68160fb9ceb40afbaf8a85a995b1318" member_type: VOTER last_known_addr { host: "127.22.220.131" port: 43477 } }
I20260709 14:52:05.028545 24733 tablet_bootstrap.cc:492] T c93ccb563e4b4f32b5376457eb5c84b7 P dcc631b584b94d89ace1956b96b416b8: No bootstrap required, opened a new log
I20260709 14:52:05.029014 24733 ts_tablet_manager.cc:1403] T c93ccb563e4b4f32b5376457eb5c84b7 P dcc631b584b94d89ace1956b96b416b8: Time spent bootstrapping tablet: real 0.254s	user 0.022s	sys 0.023s
I20260709 14:52:05.023152 24614 tablet_service.cc:1917] Received RequestConsensusVote() RPC: tablet_id: "56466b2314764974b27c555bbdefe270" candidate_uuid: "94acb2c70add47be892224f0f364eff6" candidate_term: 1 candidate_status { last_received { term: 0 index: 0 } } ignore_live_leader: false dest_uuid: "dcc631b584b94d89ace1956b96b416b8"
I20260709 14:52:05.036499 25062 raft_consensus.cc:493] T eb33f9ec68934ea28f6d239467ca40cd P dcc631b584b94d89ace1956b96b416b8 [term 0 FOLLOWER]: Starting pre-election (no leader contacted us within the election timeout)
I20260709 14:52:05.037000 25062 raft_consensus.cc:515] T eb33f9ec68934ea28f6d239467ca40cd P dcc631b584b94d89ace1956b96b416b8 [term 0 FOLLOWER]: Starting pre-election with config: opid_index: -1 OBSOLETE_local: false peers { permanent_uuid: "94acb2c70add47be892224f0f364eff6" member_type: VOTER last_known_addr { host: "127.22.220.129" port: 46115 } } peers { permanent_uuid: "dcc631b584b94d89ace1956b96b416b8" member_type: VOTER last_known_addr { host: "127.22.220.130" port: 41381 } } peers { permanent_uuid: "d68160fb9ceb40afbaf8a85a995b1318" member_type: VOTER last_known_addr { host: "127.22.220.131" port: 43477 } }
W20260709 14:52:05.037930 24507 leader_election.cc:343] T 56466b2314764974b27c555bbdefe270 P 94acb2c70add47be892224f0f364eff6 [CANDIDATE]: Term 1 election: Tablet error from VoteRequest() call to peer dcc631b584b94d89ace1956b96b416b8 (127.22.220.130:41381): Illegal state: must be running to vote when last-logged opid is not known
I20260709 14:52:05.038992 25062 leader_election.cc:290] T eb33f9ec68934ea28f6d239467ca40cd P dcc631b584b94d89ace1956b96b416b8 [CANDIDATE]: Term 1 pre-election: Requested pre-vote from peers 94acb2c70add47be892224f0f364eff6 (127.22.220.129:46115), d68160fb9ceb40afbaf8a85a995b1318 (127.22.220.131:43477)
I20260709 14:52:05.040062 25033 raft_consensus.cc:493] T f608090dd6db49e2a9a0a2239bd41f97 P 94acb2c70add47be892224f0f364eff6 [term 0 FOLLOWER]: Starting pre-election (no leader contacted us within the election timeout)
I20260709 14:52:05.040514 25033 raft_consensus.cc:515] T f608090dd6db49e2a9a0a2239bd41f97 P 94acb2c70add47be892224f0f364eff6 [term 0 FOLLOWER]: Starting pre-election with config: opid_index: -1 OBSOLETE_local: false peers { permanent_uuid: "94acb2c70add47be892224f0f364eff6" member_type: VOTER last_known_addr { host: "127.22.220.129" port: 46115 } } peers { permanent_uuid: "dcc631b584b94d89ace1956b96b416b8" member_type: VOTER last_known_addr { host: "127.22.220.130" port: 41381 } } peers { permanent_uuid: "d68160fb9ceb40afbaf8a85a995b1318" member_type: VOTER last_known_addr { host: "127.22.220.131" port: 43477 } }
I20260709 14:52:05.041456 24537 tablet_service.cc:1917] Received RequestConsensusVote() RPC: tablet_id: "eb33f9ec68934ea28f6d239467ca40cd" candidate_uuid: "d68160fb9ceb40afbaf8a85a995b1318" candidate_term: 1 candidate_status { last_received { term: 0 index: 0 } } ignore_live_leader: false dest_uuid: "94acb2c70add47be892224f0f364eff6" is_pre_election: true
I20260709 14:52:05.042161 25033 leader_election.cc:290] T f608090dd6db49e2a9a0a2239bd41f97 P 94acb2c70add47be892224f0f364eff6 [CANDIDATE]: Term 1 pre-election: Requested pre-vote from peers dcc631b584b94d89ace1956b96b416b8 (127.22.220.130:41381), d68160fb9ceb40afbaf8a85a995b1318 (127.22.220.131:43477)
I20260709 14:52:05.043989 24998 leader_election.cc:290] T eb33f9ec68934ea28f6d239467ca40cd P d68160fb9ceb40afbaf8a85a995b1318 [CANDIDATE]: Term 1 pre-election: Requested pre-vote from peers 94acb2c70add47be892224f0f364eff6 (127.22.220.129:46115), dcc631b584b94d89ace1956b96b416b8 (127.22.220.130:41381)
I20260709 14:52:05.045161 24687 tablet_service.cc:1917] Received RequestConsensusVote() RPC: tablet_id: "56466b2314764974b27c555bbdefe270" candidate_uuid: "94acb2c70add47be892224f0f364eff6" candidate_term: 1 candidate_status { last_received { term: 0 index: 0 } } ignore_live_leader: false dest_uuid: "d68160fb9ceb40afbaf8a85a995b1318"
I20260709 14:52:05.045945 24687 raft_consensus.cc:3060] T 56466b2314764974b27c555bbdefe270 P d68160fb9ceb40afbaf8a85a995b1318 [term 0 FOLLOWER]: Advancing to term 1
I20260709 14:52:05.046074 24537 tablet_service.cc:1917] Received RequestConsensusVote() RPC: tablet_id: "eb33f9ec68934ea28f6d239467ca40cd" candidate_uuid: "dcc631b584b94d89ace1956b96b416b8" candidate_term: 1 candidate_status { last_received { term: 0 index: 0 } } ignore_live_leader: false dest_uuid: "94acb2c70add47be892224f0f364eff6" is_pre_election: true
I20260709 14:52:05.046456 24614 tablet_service.cc:1917] Received RequestConsensusVote() RPC: tablet_id: "f608090dd6db49e2a9a0a2239bd41f97" candidate_uuid: "94acb2c70add47be892224f0f364eff6" candidate_term: 1 candidate_status { last_received { term: 0 index: 0 } } ignore_live_leader: false dest_uuid: "dcc631b584b94d89ace1956b96b416b8" is_pre_election: true
I20260709 14:52:05.047039 24614 raft_consensus.cc:2468] T f608090dd6db49e2a9a0a2239bd41f97 P dcc631b584b94d89ace1956b96b416b8 [term 0 FOLLOWER]: Leader pre-election vote request: Granting yes vote for candidate 94acb2c70add47be892224f0f364eff6 in term 0.
I20260709 14:52:05.048816 25034 raft_consensus.cc:493] T 30cc89549ff44c87b33d978c5b5315fa P 94acb2c70add47be892224f0f364eff6 [term 0 FOLLOWER]: Starting pre-election (no leader contacted us within the election timeout)
I20260709 14:52:05.049279 25034 raft_consensus.cc:515] T 30cc89549ff44c87b33d978c5b5315fa P 94acb2c70add47be892224f0f364eff6 [term 0 FOLLOWER]: Starting pre-election with config: opid_index: -1 OBSOLETE_local: false peers { permanent_uuid: "94acb2c70add47be892224f0f364eff6" member_type: VOTER last_known_addr { host: "127.22.220.129" port: 46115 } } peers { permanent_uuid: "dcc631b584b94d89ace1956b96b416b8" member_type: VOTER last_known_addr { host: "127.22.220.130" port: 41381 } } peers { permanent_uuid: "d68160fb9ceb40afbaf8a85a995b1318" member_type: VOTER last_known_addr { host: "127.22.220.131" port: 43477 } }
I20260709 14:52:05.050021 25098 leader_election.cc:290] T f608090dd6db49e2a9a0a2239bd41f97 P dcc631b584b94d89ace1956b96b416b8 [CANDIDATE]: Term 1 pre-election: Requested pre-vote from peers 94acb2c70add47be892224f0f364eff6 (127.22.220.129:46115), d68160fb9ceb40afbaf8a85a995b1318 (127.22.220.131:43477)
I20260709 14:52:05.018464 24540 tablet_service.cc:1917] Received RequestConsensusVote() RPC: tablet_id: "c93ccb563e4b4f32b5376457eb5c84b7" candidate_uuid: "d68160fb9ceb40afbaf8a85a995b1318" candidate_term: 1 candidate_status { last_received { term: 0 index: 0 } } ignore_live_leader: false dest_uuid: "94acb2c70add47be892224f0f364eff6"
W20260709 14:52:05.053982 24583 leader_election.cc:343] T eb33f9ec68934ea28f6d239467ca40cd P dcc631b584b94d89ace1956b96b416b8 [CANDIDATE]: Term 1 pre-election: Tablet error from VoteRequest() call to peer 94acb2c70add47be892224f0f364eff6 (127.22.220.129:46115): Illegal state: must be running to vote when last-logged opid is not known
I20260709 14:52:05.056710 25034 leader_election.cc:290] T 30cc89549ff44c87b33d978c5b5315fa P 94acb2c70add47be892224f0f364eff6 [CANDIDATE]: Term 1 pre-election: Requested pre-vote from peers dcc631b584b94d89ace1956b96b416b8 (127.22.220.130:41381), d68160fb9ceb40afbaf8a85a995b1318 (127.22.220.131:43477)
I20260709 14:52:05.057235 24905 raft_consensus.cc:493] T 1f18cff54ccc4a999d98804e887e86df P 94acb2c70add47be892224f0f364eff6 [term 0 FOLLOWER]: Starting pre-election (no leader contacted us within the election timeout)
I20260709 14:52:05.059032 24507 leader_election.cc:304] T f608090dd6db49e2a9a0a2239bd41f97 P 94acb2c70add47be892224f0f364eff6 [CANDIDATE]: Term 1 pre-election: Election decided. Result: candidate won. Election summary: received 2 responses out of 3 voters: 2 yes votes; 0 no votes. yes voters: 94acb2c70add47be892224f0f364eff6, dcc631b584b94d89ace1956b96b416b8; no voters: 
I20260709 14:52:05.062530 24905 raft_consensus.cc:515] T 1f18cff54ccc4a999d98804e887e86df P 94acb2c70add47be892224f0f364eff6 [term 0 FOLLOWER]: Starting pre-election with config: opid_index: -1 OBSOLETE_local: false peers { permanent_uuid: "94acb2c70add47be892224f0f364eff6" member_type: VOTER last_known_addr { host: "127.22.220.129" port: 46115 } } peers { permanent_uuid: "dcc631b584b94d89ace1956b96b416b8" member_type: VOTER last_known_addr { host: "127.22.220.130" port: 41381 } } peers { permanent_uuid: "d68160fb9ceb40afbaf8a85a995b1318" member_type: VOTER last_known_addr { host: "127.22.220.131" port: 43477 } }
I20260709 14:52:05.063032 24540 raft_consensus.cc:3060] T c93ccb563e4b4f32b5376457eb5c84b7 P 94acb2c70add47be892224f0f364eff6 [term 0 FOLLOWER]: Advancing to term 1
I20260709 14:52:05.070398 24684 tablet_service.cc:1917] Received RequestConsensusVote() RPC: tablet_id: "f608090dd6db49e2a9a0a2239bd41f97" candidate_uuid: "dcc631b584b94d89ace1956b96b416b8" candidate_term: 1 candidate_status { last_received { term: 0 index: 0 } } ignore_live_leader: false dest_uuid: "d68160fb9ceb40afbaf8a85a995b1318" is_pre_election: true
I20260709 14:52:05.071015 24905 leader_election.cc:290] T 1f18cff54ccc4a999d98804e887e86df P 94acb2c70add47be892224f0f364eff6 [CANDIDATE]: Term 1 pre-election: Requested pre-vote from peers dcc631b584b94d89ace1956b96b416b8 (127.22.220.130:41381), d68160fb9ceb40afbaf8a85a995b1318 (127.22.220.131:43477)
I20260709 14:52:05.071066 24684 raft_consensus.cc:2468] T f608090dd6db49e2a9a0a2239bd41f97 P d68160fb9ceb40afbaf8a85a995b1318 [term 0 FOLLOWER]: Leader pre-election vote request: Granting yes vote for candidate dcc631b584b94d89ace1956b96b416b8 in term 0.
W20260709 14:52:05.071130 24657 leader_election.cc:343] T eb33f9ec68934ea28f6d239467ca40cd P d68160fb9ceb40afbaf8a85a995b1318 [CANDIDATE]: Term 1 pre-election: Tablet error from VoteRequest() call to peer 94acb2c70add47be892224f0f364eff6 (127.22.220.129:46115): Illegal state: must be running to vote when last-logged opid is not known
I20260709 14:52:05.066401 24614 tablet_service.cc:1917] Received RequestConsensusVote() RPC: tablet_id: "30cc89549ff44c87b33d978c5b5315fa" candidate_uuid: "94acb2c70add47be892224f0f364eff6" candidate_term: 1 candidate_status { last_received { term: 0 index: 0 } } ignore_live_leader: false dest_uuid: "dcc631b584b94d89ace1956b96b416b8" is_pre_election: true
I20260709 14:52:05.076994 24692 tablet_service.cc:1917] Received RequestConsensusVote() RPC: tablet_id: "eb33f9ec68934ea28f6d239467ca40cd" candidate_uuid: "dcc631b584b94d89ace1956b96b416b8" candidate_term: 1 candidate_status { last_received { term: 0 index: 0 } } ignore_live_leader: false dest_uuid: "d68160fb9ceb40afbaf8a85a995b1318" is_pre_election: true
I20260709 14:52:05.077430 24690 tablet_service.cc:1917] Received RequestConsensusVote() RPC: tablet_id: "30cc89549ff44c87b33d978c5b5315fa" candidate_uuid: "94acb2c70add47be892224f0f364eff6" candidate_term: 1 candidate_status { last_received { term: 0 index: 0 } } ignore_live_leader: false dest_uuid: "d68160fb9ceb40afbaf8a85a995b1318" is_pre_election: true
I20260709 14:52:05.077600 24692 raft_consensus.cc:2468] T eb33f9ec68934ea28f6d239467ca40cd P d68160fb9ceb40afbaf8a85a995b1318 [term 0 FOLLOWER]: Leader pre-election vote request: Granting yes vote for candidate dcc631b584b94d89ace1956b96b416b8 in term 0.
I20260709 14:52:05.077970 24689 tablet_service.cc:1917] Received RequestConsensusVote() RPC: tablet_id: "f608090dd6db49e2a9a0a2239bd41f97" candidate_uuid: "94acb2c70add47be892224f0f364eff6" candidate_term: 1 candidate_status { last_received { term: 0 index: 0 } } ignore_live_leader: false dest_uuid: "d68160fb9ceb40afbaf8a85a995b1318" is_pre_election: true
I20260709 14:52:05.078572 24689 raft_consensus.cc:2468] T f608090dd6db49e2a9a0a2239bd41f97 P d68160fb9ceb40afbaf8a85a995b1318 [term 0 FOLLOWER]: Leader pre-election vote request: Granting yes vote for candidate 94acb2c70add47be892224f0f364eff6 in term 0.
I20260709 14:52:05.078791 24582 leader_election.cc:304] T f608090dd6db49e2a9a0a2239bd41f97 P dcc631b584b94d89ace1956b96b416b8 [CANDIDATE]: Term 1 pre-election: Election decided. Result: candidate won. Election summary: received 2 responses out of 3 voters: 2 yes votes; 0 no votes. yes voters: d68160fb9ceb40afbaf8a85a995b1318, dcc631b584b94d89ace1956b96b416b8; no voters: 
I20260709 14:52:05.080307 25100 raft_consensus.cc:2804] T f608090dd6db49e2a9a0a2239bd41f97 P dcc631b584b94d89ace1956b96b416b8 [term 0 FOLLOWER]: Leader pre-election won for term 1
I20260709 14:52:05.080667 25100 raft_consensus.cc:493] T f608090dd6db49e2a9a0a2239bd41f97 P dcc631b584b94d89ace1956b96b416b8 [term 0 FOLLOWER]: Starting leader election (no leader contacted us within the election timeout)
I20260709 14:52:05.080993 25100 raft_consensus.cc:3060] T f608090dd6db49e2a9a0a2239bd41f97 P dcc631b584b94d89ace1956b96b416b8 [term 0 FOLLOWER]: Advancing to term 1
I20260709 14:52:05.062916 24543 tablet_service.cc:1917] Received RequestConsensusVote() RPC: tablet_id: "f608090dd6db49e2a9a0a2239bd41f97" candidate_uuid: "dcc631b584b94d89ace1956b96b416b8" candidate_term: 1 candidate_status { last_received { term: 0 index: 0 } } ignore_live_leader: false dest_uuid: "94acb2c70add47be892224f0f364eff6" is_pre_election: true
I20260709 14:52:05.086043 24614 tablet_service.cc:1917] Received RequestConsensusVote() RPC: tablet_id: "c93ccb563e4b4f32b5376457eb5c84b7" candidate_uuid: "d68160fb9ceb40afbaf8a85a995b1318" candidate_term: 1 candidate_status { last_received { term: 0 index: 0 } } ignore_live_leader: false dest_uuid: "dcc631b584b94d89ace1956b96b416b8"
I20260709 14:52:05.088743 24688 tablet_service.cc:1917] Received RequestConsensusVote() RPC: tablet_id: "1f18cff54ccc4a999d98804e887e86df" candidate_uuid: "94acb2c70add47be892224f0f364eff6" candidate_term: 1 candidate_status { last_received { term: 0 index: 0 } } ignore_live_leader: false dest_uuid: "d68160fb9ceb40afbaf8a85a995b1318" is_pre_election: true
I20260709 14:52:05.065193 25033 raft_consensus.cc:2804] T f608090dd6db49e2a9a0a2239bd41f97 P 94acb2c70add47be892224f0f364eff6 [term 0 FOLLOWER]: Leader pre-election won for term 1
W20260709 14:52:05.091053 24507 leader_election.cc:343] T 30cc89549ff44c87b33d978c5b5315fa P 94acb2c70add47be892224f0f364eff6 [CANDIDATE]: Term 1 pre-election: Tablet error from VoteRequest() call to peer dcc631b584b94d89ace1956b96b416b8 (127.22.220.130:41381): Illegal state: must be running to vote when last-logged opid is not known
I20260709 14:52:05.089433 24688 raft_consensus.cc:2468] T 1f18cff54ccc4a999d98804e887e86df P d68160fb9ceb40afbaf8a85a995b1318 [term 0 FOLLOWER]: Leader pre-election vote request: Granting yes vote for candidate 94acb2c70add47be892224f0f364eff6 in term 0.
