I20260709 14:52:42.245503  1548 tablet_service.cc:1917] Received RequestConsensusVote() RPC: tablet_id: "5d5c5aacdaf3408bbb55d3cf26772685" candidate_uuid: "6ee8583b2b424a88b5712bb915fa9763" candidate_term: 1 candidate_status { last_received { term: 0 index: 0 } } ignore_live_leader: false dest_uuid: "ec3dc63f3bdf4e7780a445f5dfa63278" is_pre_election: true
I20260709 14:52:42.246215  1623 raft_consensus.cc:2468] T 5d5c5aacdaf3408bbb55d3cf26772685 P ceb84701287047c08104f5953bf761de [term 0 FOLLOWER]: Leader pre-election vote request: Granting yes vote for candidate 6ee8583b2b424a88b5712bb915fa9763 in term 0.
I20260709 14:52:42.247812  1660 leader_election.cc:304] T 5d5c5aacdaf3408bbb55d3cf26772685 P 6ee8583b2b424a88b5712bb915fa9763 [CANDIDATE]: Term 1 pre-election: Election decided. Result: candidate won. Election summary: received 2 responses out of 3 voters: 2 yes votes; 0 no votes. yes voters: 6ee8583b2b424a88b5712bb915fa9763, ceb84701287047c08104f5953bf761de; no voters: 
I20260709 14:52:42.248592  1760 raft_consensus.cc:2804] T 5d5c5aacdaf3408bbb55d3cf26772685 P 6ee8583b2b424a88b5712bb915fa9763 [term 0 FOLLOWER]: Leader pre-election won for term 1
I20260709 14:52:42.248997  1760 raft_consensus.cc:493] T 5d5c5aacdaf3408bbb55d3cf26772685 P 6ee8583b2b424a88b5712bb915fa9763 [term 0 FOLLOWER]: Starting leader election (no leader contacted us within the election timeout)
I20260709 14:52:42.249342  1760 raft_consensus.cc:3060] T 5d5c5aacdaf3408bbb55d3cf26772685 P 6ee8583b2b424a88b5712bb915fa9763 [term 0 FOLLOWER]: Advancing to term 1
W20260709 14:52:42.250224  1660 leader_election.cc:343] T 5d5c5aacdaf3408bbb55d3cf26772685 P 6ee8583b2b424a88b5712bb915fa9763 [CANDIDATE]: Term 1 pre-election: Tablet error from VoteRequest() call to peer ec3dc63f3bdf4e7780a445f5dfa63278 (127.0.107.193:46353): Illegal state: must be running to vote when last-logged opid is not known
I20260709 14:52:42.250921  1739 tablet_bootstrap.cc:492] T 5e8137af491b4a238b03b84630082eaf P ec3dc63f3bdf4e7780a445f5dfa63278: No bootstrap required, opened a new log
I20260709 14:52:42.251515  1739 ts_tablet_manager.cc:1403] T 5e8137af491b4a238b03b84630082eaf P ec3dc63f3bdf4e7780a445f5dfa63278: Time spent bootstrapping tablet: real 0.127s	user 0.024s	sys 0.077s
I20260709 14:52:42.251560  1742 raft_consensus.cc:515] T d657841f82dc431c9d72de10886f91a0 P 6ee8583b2b424a88b5712bb915fa9763 [term 1 FOLLOWER]: Starting leader election with config: opid_index: -1 OBSOLETE_local: false peers { permanent_uuid: "ec3dc63f3bdf4e7780a445f5dfa63278" member_type: VOTER last_known_addr { host: "127.0.107.193" port: 46353 } } peers { permanent_uuid: "ceb84701287047c08104f5953bf761de" member_type: VOTER last_known_addr { host: "127.0.107.194" port: 36783 } } peers { permanent_uuid: "6ee8583b2b424a88b5712bb915fa9763" member_type: VOTER last_known_addr { host: "127.0.107.195" port: 42353 } }
I20260709 14:52:42.253153  1737 tablet_bootstrap.cc:492] T 21308f57f1494b379abb97d24f71cb8c P ceb84701287047c08104f5953bf761de: No bootstrap required, opened a new log
I20260709 14:52:42.253640  1737 ts_tablet_manager.cc:1403] T 21308f57f1494b379abb97d24f71cb8c P ceb84701287047c08104f5953bf761de: Time spent bootstrapping tablet: real 0.127s	user 0.029s	sys 0.067s
I20260709 14:52:42.255067  1548 tablet_service.cc:1917] Received RequestConsensusVote() RPC: tablet_id: "d657841f82dc431c9d72de10886f91a0" candidate_uuid: "6ee8583b2b424a88b5712bb915fa9763" candidate_term: 1 candidate_status { last_received { term: 0 index: 0 } } ignore_live_leader: false dest_uuid: "ec3dc63f3bdf4e7780a445f5dfa63278"
I20260709 14:52:42.255688  1548 raft_consensus.cc:3060] T d657841f82dc431c9d72de10886f91a0 P ec3dc63f3bdf4e7780a445f5dfa63278 [term 0 FOLLOWER]: Advancing to term 1
I20260709 14:52:42.256556  1737 raft_consensus.cc:359] T 21308f57f1494b379abb97d24f71cb8c P ceb84701287047c08104f5953bf761de [term 0 FOLLOWER]: Replica starting. Triggering 0 pending ops. Active config: opid_index: -1 OBSOLETE_local: false peers { permanent_uuid: "ec3dc63f3bdf4e7780a445f5dfa63278" member_type: VOTER last_known_addr { host: "127.0.107.193" port: 46353 } } peers { permanent_uuid: "ceb84701287047c08104f5953bf761de" member_type: VOTER last_known_addr { host: "127.0.107.194" port: 36783 } } peers { permanent_uuid: "6ee8583b2b424a88b5712bb915fa9763" member_type: VOTER last_known_addr { host: "127.0.107.195" port: 42353 } }
I20260709 14:52:42.257416  1737 raft_consensus.cc:385] T 21308f57f1494b379abb97d24f71cb8c P ceb84701287047c08104f5953bf761de [term 0 FOLLOWER]: Consensus starting up: Expiring failure detector timer to make a prompt election more likely
I20260709 14:52:42.257241  1760 raft_consensus.cc:515] T 5d5c5aacdaf3408bbb55d3cf26772685 P 6ee8583b2b424a88b5712bb915fa9763 [term 1 FOLLOWER]: Starting leader election with config: opid_index: -1 OBSOLETE_local: false peers { permanent_uuid: "ec3dc63f3bdf4e7780a445f5dfa63278" member_type: VOTER last_known_addr { host: "127.0.107.193" port: 46353 } } peers { permanent_uuid: "ceb84701287047c08104f5953bf761de" member_type: VOTER last_known_addr { host: "127.0.107.194" port: 36783 } } peers { permanent_uuid: "6ee8583b2b424a88b5712bb915fa9763" member_type: VOTER last_known_addr { host: "127.0.107.195" port: 42353 } }
I20260709 14:52:42.257643  1739 raft_consensus.cc:359] T 5e8137af491b4a238b03b84630082eaf P ec3dc63f3bdf4e7780a445f5dfa63278 [term 0 FOLLOWER]: Replica starting. Triggering 0 pending ops. Active config: opid_index: -1 OBSOLETE_local: false peers { permanent_uuid: "ec3dc63f3bdf4e7780a445f5dfa63278" member_type: VOTER last_known_addr { host: "127.0.107.193" port: 46353 } } peers { permanent_uuid: "ceb84701287047c08104f5953bf761de" member_type: VOTER last_known_addr { host: "127.0.107.194" port: 36783 } } peers { permanent_uuid: "6ee8583b2b424a88b5712bb915fa9763" member_type: VOTER last_known_addr { host: "127.0.107.195" port: 42353 } }
I20260709 14:52:42.258649  1739 raft_consensus.cc:385] T 5e8137af491b4a238b03b84630082eaf P ec3dc63f3bdf4e7780a445f5dfa63278 [term 0 FOLLOWER]: Consensus starting up: Expiring failure detector timer to make a prompt election more likely
I20260709 14:52:42.259068  1739 raft_consensus.cc:740] T 5e8137af491b4a238b03b84630082eaf P ec3dc63f3bdf4e7780a445f5dfa63278 [term 0 FOLLOWER]: Becoming Follower/Learner. State: Replica: ec3dc63f3bdf4e7780a445f5dfa63278, State: Initialized, Role: FOLLOWER
I20260709 14:52:42.260062  1739 consensus_queue.cc:260] T 5e8137af491b4a238b03b84630082eaf P ec3dc63f3bdf4e7780a445f5dfa63278 [NON_LEADER]: Queue going to NON_LEADER mode. State: All replicated index: 0, Majority replicated index: 0, Committed index: 0, Last appended: 0.0, Last appended by leader: 0, Current term: 0, Majority size: -1, State: 0, Mode: NON_LEADER, active raft config: opid_index: -1 OBSOLETE_local: false peers { permanent_uuid: "ec3dc63f3bdf4e7780a445f5dfa63278" member_type: VOTER last_known_addr { host: "127.0.107.193" port: 46353 } } peers { permanent_uuid: "ceb84701287047c08104f5953bf761de" member_type: VOTER last_known_addr { host: "127.0.107.194" port: 36783 } } peers { permanent_uuid: "6ee8583b2b424a88b5712bb915fa9763" member_type: VOTER last_known_addr { host: "127.0.107.195" port: 42353 } }
I20260709 14:52:42.258805  1743 raft_consensus.cc:515] T 65ba7585d0d44c908f1e1f9adaf3bbd3 P ceb84701287047c08104f5953bf761de [term 1 FOLLOWER]: Starting leader election with config: opid_index: -1 OBSOLETE_local: false peers { permanent_uuid: "ec3dc63f3bdf4e7780a445f5dfa63278" member_type: VOTER last_known_addr { host: "127.0.107.193" port: 46353 } } peers { permanent_uuid: "ceb84701287047c08104f5953bf761de" member_type: VOTER last_known_addr { host: "127.0.107.194" port: 36783 } } peers { permanent_uuid: "6ee8583b2b424a88b5712bb915fa9763" member_type: VOTER last_known_addr { host: "127.0.107.195" port: 42353 } }
I20260709 14:52:42.260828  1623 tablet_service.cc:1917] Received RequestConsensusVote() RPC: tablet_id: "5d5c5aacdaf3408bbb55d3cf26772685" candidate_uuid: "6ee8583b2b424a88b5712bb915fa9763" candidate_term: 1 candidate_status { last_received { term: 0 index: 0 } } ignore_live_leader: false dest_uuid: "ceb84701287047c08104f5953bf761de"
I20260709 14:52:42.260085  1547 tablet_service.cc:1917] Received RequestConsensusVote() RPC: tablet_id: "5d5c5aacdaf3408bbb55d3cf26772685" candidate_uuid: "6ee8583b2b424a88b5712bb915fa9763" candidate_term: 1 candidate_status { last_received { term: 0 index: 0 } } ignore_live_leader: false dest_uuid: "ec3dc63f3bdf4e7780a445f5dfa63278"
I20260709 14:52:42.261566  1623 raft_consensus.cc:3060] T 5d5c5aacdaf3408bbb55d3cf26772685 P ceb84701287047c08104f5953bf761de [term 0 FOLLOWER]: Advancing to term 1
I20260709 14:52:42.263692  1547 raft_consensus.cc:3060] T 373450de29e548a1a268a45424f18e44 P ec3dc63f3bdf4e7780a445f5dfa63278 [term 0 FOLLOWER]: Advancing to term 1
I20260709 14:52:42.265342  1792 raft_consensus.cc:493] T 5e8137af491b4a238b03b84630082eaf P 6ee8583b2b424a88b5712bb915fa9763 [term 0 FOLLOWER]: Starting pre-election (no leader contacted us within the election timeout)
I20260709 14:52:42.265825  1792 raft_consensus.cc:515] T 5e8137af491b4a238b03b84630082eaf P 6ee8583b2b424a88b5712bb915fa9763 [term 0 FOLLOWER]: Starting pre-election with config: opid_index: -1 OBSOLETE_local: false peers { permanent_uuid: "ec3dc63f3bdf4e7780a445f5dfa63278" member_type: VOTER last_known_addr { host: "127.0.107.193" port: 46353 } } peers { permanent_uuid: "ceb84701287047c08104f5953bf761de" member_type: VOTER last_known_addr { host: "127.0.107.194" port: 36783 } } peers { permanent_uuid: "6ee8583b2b424a88b5712bb915fa9763" member_type: VOTER last_known_addr { host: "127.0.107.195" port: 42353 } }
W20260709 14:52:42.266611  1660 leader_election.cc:343] T 5d5c5aacdaf3408bbb55d3cf26772685 P 6ee8583b2b424a88b5712bb915fa9763 [CANDIDATE]: Term 1 election: Tablet error from VoteRequest() call to peer ec3dc63f3bdf4e7780a445f5dfa63278 (127.0.107.193:46353): Illegal state: must be running to vote when last-logged opid is not known
I20260709 14:52:42.268332  1743 leader_election.cc:290] T 65ba7585d0d44c908f1e1f9adaf3bbd3 P ceb84701287047c08104f5953bf761de [CANDIDATE]: Term 1 election: Requested vote from peers ec3dc63f3bdf4e7780a445f5dfa63278 (127.0.107.193:46353), 6ee8583b2b424a88b5712bb915fa9763 (127.0.107.195:42353)
I20260709 14:52:42.268692  1697 tablet_service.cc:1917] Received RequestConsensusVote() RPC: tablet_id: "65ba7585d0d44c908f1e1f9adaf3bbd3" candidate_uuid: "ceb84701287047c08104f5953bf761de" candidate_term: 1 candidate_status { last_received { term: 0 index: 0 } } ignore_live_leader: false dest_uuid: "6ee8583b2b424a88b5712bb915fa9763"
I20260709 14:52:42.269337  1697 raft_consensus.cc:3060] T 65ba7585d0d44c908f1e1f9adaf3bbd3 P 6ee8583b2b424a88b5712bb915fa9763 [term 0 FOLLOWER]: Advancing to term 1
I20260709 14:52:42.271230  1623 raft_consensus.cc:2468] T 5d5c5aacdaf3408bbb55d3cf26772685 P ceb84701287047c08104f5953bf761de [term 1 FOLLOWER]: Leader election vote request: Granting yes vote for candidate 6ee8583b2b424a88b5712bb915fa9763 in term 1.
I20260709 14:52:42.268388  1792 leader_election.cc:290] T 5e8137af491b4a238b03b84630082eaf P 6ee8583b2b424a88b5712bb915fa9763 [CANDIDATE]: Term 1 pre-election: Requested pre-vote from peers ec3dc63f3bdf4e7780a445f5dfa63278 (127.0.107.193:46353), ceb84701287047c08104f5953bf761de (127.0.107.194:36783)
I20260709 14:52:42.273224  1546 tablet_service.cc:1917] Received RequestConsensusVote() RPC: tablet_id: "65ba7585d0d44c908f1e1f9adaf3bbd3" candidate_uuid: "ceb84701287047c08104f5953bf761de" candidate_term: 1 candidate_status { last_received { term: 0 index: 0 } } ignore_live_leader: false dest_uuid: "ec3dc63f3bdf4e7780a445f5dfa63278"
I20260709 14:52:42.274186  1736 tablet_bootstrap.cc:492] T 269b5326c0ba4f4088d2863b8013545f P 6ee8583b2b424a88b5712bb915fa9763: No bootstrap required, opened a new log
I20260709 14:52:42.274634  1736 ts_tablet_manager.cc:1403] T 269b5326c0ba4f4088d2863b8013545f P 6ee8583b2b424a88b5712bb915fa9763: Time spent bootstrapping tablet: real 0.121s	user 0.046s	sys 0.045s
W20260709 14:52:42.275210  1586 leader_election.cc:343] T 65ba7585d0d44c908f1e1f9adaf3bbd3 P ceb84701287047c08104f5953bf761de [CANDIDATE]: Term 1 election: Tablet error from VoteRequest() call to peer ec3dc63f3bdf4e7780a445f5dfa63278 (127.0.107.193:46353): Illegal state: must be running to vote when last-logged opid is not known
I20260709 14:52:42.257800  1737 raft_consensus.cc:740] T 21308f57f1494b379abb97d24f71cb8c P ceb84701287047c08104f5953bf761de [term 0 FOLLOWER]: Becoming Follower/Learner. State: Replica: ceb84701287047c08104f5953bf761de, State: Initialized, Role: FOLLOWER
I20260709 14:52:42.277415  1546 tablet_service.cc:1917] Received RequestConsensusVote() RPC: tablet_id: "5e8137af491b4a238b03b84630082eaf" candidate_uuid: "6ee8583b2b424a88b5712bb915fa9763" candidate_term: 1 candidate_status { last_received { term: 0 index: 0 } } ignore_live_leader: false dest_uuid: "ec3dc63f3bdf4e7780a445f5dfa63278" is_pre_election: true
I20260709 14:52:42.277328  1736 raft_consensus.cc:359] T 269b5326c0ba4f4088d2863b8013545f P 6ee8583b2b424a88b5712bb915fa9763 [term 0 FOLLOWER]: Replica starting. Triggering 0 pending ops. Active config: opid_index: -1 OBSOLETE_local: false peers { permanent_uuid: "6ee8583b2b424a88b5712bb915fa9763" member_type: VOTER last_known_addr { host: "127.0.107.195" port: 42353 } } peers { permanent_uuid: "ceb84701287047c08104f5953bf761de" member_type: VOTER last_known_addr { host: "127.0.107.194" port: 36783 } } peers { permanent_uuid: "ec3dc63f3bdf4e7780a445f5dfa63278" member_type: VOTER last_known_addr { host: "127.0.107.193" port: 46353 } }
I20260709 14:52:42.278152  1760 leader_election.cc:290] T 5d5c5aacdaf3408bbb55d3cf26772685 P 6ee8583b2b424a88b5712bb915fa9763 [CANDIDATE]: Term 1 election: Requested vote from peers ec3dc63f3bdf4e7780a445f5dfa63278 (127.0.107.193:46353), ceb84701287047c08104f5953bf761de (127.0.107.194:36783)
I20260709 14:52:42.278049  1546 raft_consensus.cc:2468] T 5e8137af491b4a238b03b84630082eaf P ec3dc63f3bdf4e7780a445f5dfa63278 [term 0 FOLLOWER]: Leader pre-election vote request: Granting yes vote for candidate 6ee8583b2b424a88b5712bb915fa9763 in term 0.
I20260709 14:52:42.277931  1737 consensus_queue.cc:260] T 21308f57f1494b379abb97d24f71cb8c P ceb84701287047c08104f5953bf761de [NON_LEADER]: Queue going to NON_LEADER mode. State: All replicated index: 0, Majority replicated index: 0, Committed index: 0, Last appended: 0.0, Last appended by leader: 0, Current term: 0, Majority size: -1, State: 0, Mode: NON_LEADER, active raft config: opid_index: -1 OBSOLETE_local: false peers { permanent_uuid: "ec3dc63f3bdf4e7780a445f5dfa63278" member_type: VOTER last_known_addr { host: "127.0.107.193" port: 46353 } } peers { permanent_uuid: "ceb84701287047c08104f5953bf761de" member_type: VOTER last_known_addr { host: "127.0.107.194" port: 36783 } } peers { permanent_uuid: "6ee8583b2b424a88b5712bb915fa9763" member_type: VOTER last_known_addr { host: "127.0.107.195" port: 42353 } }
I20260709 14:52:42.277949  1697 raft_consensus.cc:2468] T 65ba7585d0d44c908f1e1f9adaf3bbd3 P 6ee8583b2b424a88b5712bb915fa9763 [term 1 FOLLOWER]: Leader election vote request: Granting yes vote for candidate ceb84701287047c08104f5953bf761de in term 1.
I20260709 14:52:42.278846  1660 leader_election.cc:304] T 5d5c5aacdaf3408bbb55d3cf26772685 P 6ee8583b2b424a88b5712bb915fa9763 [CANDIDATE]: Term 1 election: Election decided. Result: candidate won. Election summary: received 3 responses out of 3 voters: 2 yes votes; 1 no votes. yes voters: 6ee8583b2b424a88b5712bb915fa9763, ceb84701287047c08104f5953bf761de; no voters: ec3dc63f3bdf4e7780a445f5dfa63278
I20260709 14:52:42.279712  1792 raft_consensus.cc:2804] T 5d5c5aacdaf3408bbb55d3cf26772685 P 6ee8583b2b424a88b5712bb915fa9763 [term 1 FOLLOWER]: Leader election won for term 1
I20260709 14:52:42.279894  1589 leader_election.cc:304] T 65ba7585d0d44c908f1e1f9adaf3bbd3 P ceb84701287047c08104f5953bf761de [CANDIDATE]: Term 1 election: Election decided. Result: candidate won. Election summary: received 3 responses out of 3 voters: 2 yes votes; 1 no votes. yes voters: 6ee8583b2b424a88b5712bb915fa9763, ceb84701287047c08104f5953bf761de; no voters: ec3dc63f3bdf4e7780a445f5dfa63278
I20260709 14:52:42.280323  1737 ts_tablet_manager.cc:1434] T 21308f57f1494b379abb97d24f71cb8c P ceb84701287047c08104f5953bf761de: Time spent starting tablet: real 0.026s	user 0.006s	sys 0.000s
I20260709 14:52:42.281208  1743 raft_consensus.cc:2804] T 65ba7585d0d44c908f1e1f9adaf3bbd3 P ceb84701287047c08104f5953bf761de [term 1 FOLLOWER]: Leader election won for term 1
I20260709 14:52:42.278052  1736 raft_consensus.cc:385] T 269b5326c0ba4f4088d2863b8013545f P 6ee8583b2b424a88b5712bb915fa9763 [term 0 FOLLOWER]: Consensus starting up: Expiring failure detector timer to make a prompt election more likely
I20260709 14:52:42.281749  1743 raft_consensus.cc:697] T 65ba7585d0d44c908f1e1f9adaf3bbd3 P ceb84701287047c08104f5953bf761de [term 1 LEADER]: Becoming Leader. State: Replica: ceb84701287047c08104f5953bf761de, State: Running, Role: LEADER
I20260709 14:52:42.281863  1736 raft_consensus.cc:740] T 269b5326c0ba4f4088d2863b8013545f P 6ee8583b2b424a88b5712bb915fa9763 [term 0 FOLLOWER]: Becoming Follower/Learner. State: Replica: 6ee8583b2b424a88b5712bb915fa9763, State: Initialized, Role: FOLLOWER
I20260709 14:52:42.282586  1736 consensus_queue.cc:260] T 269b5326c0ba4f4088d2863b8013545f P 6ee8583b2b424a88b5712bb915fa9763 [NON_LEADER]: Queue going to NON_LEADER mode. State: All replicated index: 0, Majority replicated index: 0, Committed index: 0, Last appended: 0.0, Last appended by leader: 0, Current term: 0, Majority size: -1, State: 0, Mode: NON_LEADER, active raft config: opid_index: -1 OBSOLETE_local: false peers { permanent_uuid: "6ee8583b2b424a88b5712bb915fa9763" member_type: VOTER last_known_addr { host: "127.0.107.195" port: 42353 } } peers { permanent_uuid: "ceb84701287047c08104f5953bf761de" member_type: VOTER last_known_addr { host: "127.0.107.194" port: 36783 } } peers { permanent_uuid: "ec3dc63f3bdf4e7780a445f5dfa63278" member_type: VOTER last_known_addr { host: "127.0.107.193" port: 46353 } }
I20260709 14:52:42.282637  1743 consensus_queue.cc:237] T 65ba7585d0d44c908f1e1f9adaf3bbd3 P ceb84701287047c08104f5953bf761de [LEADER]: Queue going to LEADER mode. State: All replicated index: 0, Majority replicated index: 0, Committed index: 0, Last appended: 0.0, Last appended by leader: 0, Current term: 1, Majority size: 2, State: 0, Mode: LEADER, active raft config: opid_index: -1 OBSOLETE_local: false peers { permanent_uuid: "ec3dc63f3bdf4e7780a445f5dfa63278" member_type: VOTER last_known_addr { host: "127.0.107.193" port: 46353 } } peers { permanent_uuid: "ceb84701287047c08104f5953bf761de" member_type: VOTER last_known_addr { host: "127.0.107.194" port: 36783 } } peers { permanent_uuid: "6ee8583b2b424a88b5712bb915fa9763" member_type: VOTER last_known_addr { host: "127.0.107.195" port: 42353 } }
I20260709 14:52:42.286041  1660 leader_election.cc:304] T 5e8137af491b4a238b03b84630082eaf P 6ee8583b2b424a88b5712bb915fa9763 [CANDIDATE]: Term 1 pre-election: Election decided. Result: candidate won. Election summary: received 2 responses out of 3 voters: 2 yes votes; 0 no votes. yes voters: 6ee8583b2b424a88b5712bb915fa9763, ec3dc63f3bdf4e7780a445f5dfa63278; no voters: 
I20260709 14:52:42.287232  1760 raft_consensus.cc:2804] T 5e8137af491b4a238b03b84630082eaf P 6ee8583b2b424a88b5712bb915fa9763 [term 0 FOLLOWER]: Leader pre-election won for term 1
I20260709 14:52:42.287418  1739 ts_tablet_manager.cc:1434] T 5e8137af491b4a238b03b84630082eaf P ec3dc63f3bdf4e7780a445f5dfa63278: Time spent starting tablet: real 0.035s	user 0.003s	sys 0.004s
I20260709 14:52:42.287652  1760 raft_consensus.cc:493] T 5e8137af491b4a238b03b84630082eaf P 6ee8583b2b424a88b5712bb915fa9763 [term 0 FOLLOWER]: Starting leader election (no leader contacted us within the election timeout)
I20260709 14:52:42.288062  1760 raft_consensus.cc:3060] T 5e8137af491b4a238b03b84630082eaf P 6ee8583b2b424a88b5712bb915fa9763 [term 0 FOLLOWER]: Advancing to term 1
I20260709 14:52:42.281329  1737 tablet_bootstrap.cc:492] T 7b960165c2d941f9ad04e9e9f7728a44 P ceb84701287047c08104f5953bf761de: Bootstrap starting.
I20260709 14:52:42.293794  1742 leader_election.cc:290] T d657841f82dc431c9d72de10886f91a0 P 6ee8583b2b424a88b5712bb915fa9763 [CANDIDATE]: Term 1 election: Requested vote from peers ec3dc63f3bdf4e7780a445f5dfa63278 (127.0.107.193:46353), ceb84701287047c08104f5953bf761de (127.0.107.194:36783)
I20260709 14:52:42.295333  1622 tablet_service.cc:1917] Received RequestConsensusVote() RPC: tablet_id: "d657841f82dc431c9d72de10886f91a0" candidate_uuid: "6ee8583b2b424a88b5712bb915fa9763" candidate_term: 1 candidate_status { last_received { term: 0 index: 0 } } ignore_live_leader: false dest_uuid: "ceb84701287047c08104f5953bf761de"
I20260709 14:52:42.295909  1622 raft_consensus.cc:3060] T d657841f82dc431c9d72de10886f91a0 P ceb84701287047c08104f5953bf761de [term 0 FOLLOWER]: Advancing to term 1
I20260709 14:52:42.296898  1623 tablet_service.cc:1917] Received RequestConsensusVote() RPC: tablet_id: "5e8137af491b4a238b03b84630082eaf" candidate_uuid: "6ee8583b2b424a88b5712bb915fa9763" candidate_term: 1 candidate_status { last_received { term: 0 index: 0 } } ignore_live_leader: false dest_uuid: "ceb84701287047c08104f5953bf761de" is_pre_election: true
I20260709 14:52:42.297580  1623 raft_consensus.cc:2468] T 5e8137af491b4a238b03b84630082eaf P ceb84701287047c08104f5953bf761de [term 0 FOLLOWER]: Leader pre-election vote request: Granting yes vote for candidate 6ee8583b2b424a88b5712bb915fa9763 in term 0.
I20260709 14:52:42.297758  1739 tablet_bootstrap.cc:492] T 5d5c5aacdaf3408bbb55d3cf26772685 P ec3dc63f3bdf4e7780a445f5dfa63278: Bootstrap starting.
I20260709 14:52:42.301204  1766 consensus_queue.cc:1048] T 373450de29e548a1a268a45424f18e44 P ceb84701287047c08104f5953bf761de [LEADER]: Connected to new peer: Peer: permanent_uuid: "ec3dc63f3bdf4e7780a445f5dfa63278" member_type: VOTER last_known_addr { host: "127.0.107.193" port: 46353 }, Status: LMP_MISMATCH, Last received: 0.0, Next index: 1, Last known committed idx: 0, Time since last communication: 0.001s
I20260709 14:52:42.303318  1622 raft_consensus.cc:2468] T d657841f82dc431c9d72de10886f91a0 P ceb84701287047c08104f5953bf761de [term 1 FOLLOWER]: Leader election vote request: Granting yes vote for candidate 6ee8583b2b424a88b5712bb915fa9763 in term 1.
I20260709 14:52:42.304231  1737 tablet_bootstrap.cc:654] T 7b960165c2d941f9ad04e9e9f7728a44 P ceb84701287047c08104f5953bf761de: Neither blocks nor log segments found. Creating new log.
I20260709 14:52:42.295881  1760 raft_consensus.cc:515] T 5e8137af491b4a238b03b84630082eaf P 6ee8583b2b424a88b5712bb915fa9763 [term 1 FOLLOWER]: Starting leader election with config: opid_index: -1 OBSOLETE_local: false peers { permanent_uuid: "ec3dc63f3bdf4e7780a445f5dfa63278" member_type: VOTER last_known_addr { host: "127.0.107.193" port: 46353 } } peers { permanent_uuid: "ceb84701287047c08104f5953bf761de" member_type: VOTER last_known_addr { host: "127.0.107.194" port: 36783 } } peers { permanent_uuid: "6ee8583b2b424a88b5712bb915fa9763" member_type: VOTER last_known_addr { host: "127.0.107.195" port: 42353 } }
I20260709 14:52:42.308077  1739 tablet_bootstrap.cc:654] T 5d5c5aacdaf3408bbb55d3cf26772685 P ec3dc63f3bdf4e7780a445f5dfa63278: Neither blocks nor log segments found. Creating new log.
I20260709 14:52:42.309790  1760 leader_election.cc:290] T 5e8137af491b4a238b03b84630082eaf P 6ee8583b2b424a88b5712bb915fa9763 [CANDIDATE]: Term 1 election: Requested vote from peers ec3dc63f3bdf4e7780a445f5dfa63278 (127.0.107.193:46353), ceb84701287047c08104f5953bf761de (127.0.107.194:36783)
I20260709 14:52:42.317409  1660 leader_election.cc:304] T d657841f82dc431c9d72de10886f91a0 P 6ee8583b2b424a88b5712bb915fa9763 [CANDIDATE]: Term 1 election: Election decided. Result: candidate won. Election summary: received 2 responses out of 3 voters: 2 yes votes; 0 no votes. yes voters: 6ee8583b2b424a88b5712bb915fa9763, ceb84701287047c08104f5953bf761de; no voters: 
I20260709 14:52:42.318244  1545 tablet_service.cc:1917] Received RequestConsensusVote() RPC: tablet_id: "5e8137af491b4a238b03b84630082eaf" candidate_uuid: "6ee8583b2b424a88b5712bb915fa9763" candidate_term: 1 candidate_status { last_received { term: 0 index: 0 } } ignore_live_leader: false dest_uuid: "ec3dc63f3bdf4e7780a445f5dfa63278"
I20260709 14:52:42.318922  1545 raft_consensus.cc:3060] T 5e8137af491b4a238b03b84630082eaf P ec3dc63f3bdf4e7780a445f5dfa63278 [term 0 FOLLOWER]: Advancing to term 1
I20260709 14:52:42.319393  1737 tablet_bootstrap.cc:492] T 7b960165c2d941f9ad04e9e9f7728a44 P ceb84701287047c08104f5953bf761de: No bootstrap required, opened a new log
I20260709 14:52:42.319867  1737 ts_tablet_manager.cc:1403] T 7b960165c2d941f9ad04e9e9f7728a44 P ceb84701287047c08104f5953bf761de: Time spent bootstrapping tablet: real 0.039s	user 0.009s	sys 0.011s
I20260709 14:52:42.320115  1760 raft_consensus.cc:2804] T d657841f82dc431c9d72de10886f91a0 P 6ee8583b2b424a88b5712bb915fa9763 [term 1 FOLLOWER]: Leader election won for term 1
I20260709 14:52:42.320623  1760 raft_consensus.cc:697] T d657841f82dc431c9d72de10886f91a0 P 6ee8583b2b424a88b5712bb915fa9763 [term 1 LEADER]: Becoming Leader. State: Replica: 6ee8583b2b424a88b5712bb915fa9763, State: Running, Role: LEADER
I20260709 14:52:42.321494  1760 consensus_queue.cc:237] T d657841f82dc431c9d72de10886f91a0 P 6ee8583b2b424a88b5712bb915fa9763 [LEADER]: Queue going to LEADER mode. State: All replicated index: 0, Majority replicated index: 0, Committed index: 0, Last appended: 0.0, Last appended by leader: 0, Current term: 1, Majority size: 2, State: 0, Mode: LEADER, active raft config: opid_index: -1 OBSOLETE_local: false peers { permanent_uuid: "ec3dc63f3bdf4e7780a445f5dfa63278" member_type: VOTER last_known_addr { host: "127.0.107.193" port: 46353 } } peers { permanent_uuid: "ceb84701287047c08104f5953bf761de" member_type: VOTER last_known_addr { host: "127.0.107.194" port: 36783 } } peers { permanent_uuid: "6ee8583b2b424a88b5712bb915fa9763" member_type: VOTER last_known_addr { host: "127.0.107.195" port: 42353 } }
I20260709 14:52:42.322842  1737 raft_consensus.cc:359] T 7b960165c2d941f9ad04e9e9f7728a44 P ceb84701287047c08104f5953bf761de [term 0 FOLLOWER]: Replica starting. Triggering 0 pending ops. Active config: opid_index: -1 OBSOLETE_local: false peers { permanent_uuid: "ec3dc63f3bdf4e7780a445f5dfa63278" member_type: VOTER last_known_addr { host: "127.0.107.193" port: 46353 } } peers { permanent_uuid: "ceb84701287047c08104f5953bf761de" member_type: VOTER last_known_addr { host: "127.0.107.194" port: 36783 } } peers { permanent_uuid: "6ee8583b2b424a88b5712bb915fa9763" member_type: VOTER last_known_addr { host: "127.0.107.195" port: 42353 } }
I20260709 14:52:42.323498  1737 raft_consensus.cc:385] T 7b960165c2d941f9ad04e9e9f7728a44 P ceb84701287047c08104f5953bf761de [term 0 FOLLOWER]: Consensus starting up: Expiring failure detector timer to make a prompt election more likely
I20260709 14:52:42.323786  1737 raft_consensus.cc:740] T 7b960165c2d941f9ad04e9e9f7728a44 P ceb84701287047c08104f5953bf761de [term 0 FOLLOWER]: Becoming Follower/Learner. State: Replica: ceb84701287047c08104f5953bf761de, State: Initialized, Role: FOLLOWER
I20260709 14:52:42.323653  1446 catalog_manager.cc:5697] T 65ba7585d0d44c908f1e1f9adaf3bbd3 P ceb84701287047c08104f5953bf761de reported cstate change: term changed from 0 to 1, leader changed from <none> to ceb84701287047c08104f5953bf761de (127.0.107.194). New cstate: current_term: 1 leader_uuid: "ceb84701287047c08104f5953bf761de" committed_config { opid_index: -1 OBSOLETE_local: false peers { permanent_uuid: "ec3dc63f3bdf4e7780a445f5dfa63278" member_type: VOTER last_known_addr { host: "127.0.107.193" port: 46353 } health_report { overall_health: UNKNOWN } } peers { permanent_uuid: "ceb84701287047c08104f5953bf761de" member_type: VOTER last_known_addr { host: "127.0.107.194" port: 36783 } health_report { overall_health: HEALTHY } } peers { permanent_uuid: "6ee8583b2b424a88b5712bb915fa9763" member_type: VOTER last_known_addr { host: "127.0.107.195" port: 42353 } health_report { overall_health: UNKNOWN } } }
I20260709 14:52:42.325528  1622 tablet_service.cc:1917] Received RequestConsensusVote() RPC: tablet_id: "5e8137af491b4a238b03b84630082eaf" candidate_uuid: "6ee8583b2b424a88b5712bb915fa9763" candidate_term: 1 candidate_status { last_received { term: 0 index: 0 } } ignore_live_leader: false dest_uuid: "ceb84701287047c08104f5953bf761de"
I20260709 14:52:42.336252  1545 raft_consensus.cc:2468] T 5e8137af491b4a238b03b84630082eaf P ec3dc63f3bdf4e7780a445f5dfa63278 [term 1 FOLLOWER]: Leader election vote request: Granting yes vote for candidate 6ee8583b2b424a88b5712bb915fa9763 in term 1.
I20260709 14:52:42.338150  1660 leader_election.cc:304] T 5e8137af491b4a238b03b84630082eaf P 6ee8583b2b424a88b5712bb915fa9763 [CANDIDATE]: Term 1 election: Election decided. Result: candidate won. Election summary: received 2 responses out of 3 voters: 2 yes votes; 0 no votes. yes voters: 6ee8583b2b424a88b5712bb915fa9763, ec3dc63f3bdf4e7780a445f5dfa63278; no voters: 
I20260709 14:52:42.338953  1743 raft_consensus.cc:493] T 5799d4789ffd492491655d981a25bb7d P ceb84701287047c08104f5953bf761de [term 0 FOLLOWER]: Starting pre-election (no leader contacted us within the election timeout)
I20260709 14:52:42.339471  1742 raft_consensus.cc:2804] T 5e8137af491b4a238b03b84630082eaf P 6ee8583b2b424a88b5712bb915fa9763 [term 1 FOLLOWER]: Leader election won for term 1
I20260709 14:52:42.339685  1743 raft_consensus.cc:515] T 5799d4789ffd492491655d981a25bb7d P ceb84701287047c08104f5953bf761de [term 0 FOLLOWER]: Starting pre-election with config: opid_index: -1 OBSOLETE_local: false peers { permanent_uuid: "ec3dc63f3bdf4e7780a445f5dfa63278" member_type: VOTER last_known_addr { host: "127.0.107.193" port: 46353 } } peers { permanent_uuid: "ceb84701287047c08104f5953bf761de" member_type: VOTER last_known_addr { host: "127.0.107.194" port: 36783 } } peers { permanent_uuid: "6ee8583b2b424a88b5712bb915fa9763" member_type: VOTER last_known_addr { host: "127.0.107.195" port: 42353 } }
I20260709 14:52:42.340199  1742 raft_consensus.cc:697] T 5e8137af491b4a238b03b84630082eaf P 6ee8583b2b424a88b5712bb915fa9763 [term 1 LEADER]: Becoming Leader. State: Replica: 6ee8583b2b424a88b5712bb915fa9763, State: Running, Role: LEADER
I20260709 14:52:42.343684  1547 tablet_service.cc:1917] Received RequestConsensusVote() RPC: tablet_id: "5799d4789ffd492491655d981a25bb7d" candidate_uuid: "ceb84701287047c08104f5953bf761de" candidate_term: 1 candidate_status { last_received { term: 0 index: 0 } } ignore_live_leader: false dest_uuid: "ec3dc63f3bdf4e7780a445f5dfa63278" is_pre_election: true
I20260709 14:52:42.344589  1547 raft_consensus.cc:2468] T 5799d4789ffd492491655d981a25bb7d P ec3dc63f3bdf4e7780a445f5dfa63278 [term 0 FOLLOWER]: Leader pre-election vote request: Granting yes vote for candidate ceb84701287047c08104f5953bf761de in term 0.
I20260709 14:52:42.346774  1586 leader_election.cc:304] T 5799d4789ffd492491655d981a25bb7d P ceb84701287047c08104f5953bf761de [CANDIDATE]: Term 1 pre-election: Election decided. Result: candidate won. Election summary: received 2 responses out of 3 voters: 2 yes votes; 0 no votes. yes voters: ceb84701287047c08104f5953bf761de, ec3dc63f3bdf4e7780a445f5dfa63278; no voters: 
I20260709 14:52:42.347865  1766 raft_consensus.cc:2804] T 5799d4789ffd492491655d981a25bb7d P ceb84701287047c08104f5953bf761de [term 0 FOLLOWER]: Leader pre-election won for term 1
I20260709 14:52:42.348347  1766 raft_consensus.cc:493] T 5799d4789ffd492491655d981a25bb7d P ceb84701287047c08104f5953bf761de [term 0 FOLLOWER]: Starting leader election (no leader contacted us within the election timeout)
I20260709 14:52:42.348742  1766 raft_consensus.cc:3060] T 5799d4789ffd492491655d981a25bb7d P ceb84701287047c08104f5953bf761de [term 0 FOLLOWER]: Advancing to term 1
I20260709 14:52:42.292702  1548 raft_consensus.cc:2468] T d657841f82dc431c9d72de10886f91a0 P ec3dc63f3bdf4e7780a445f5dfa63278 [term 1 FOLLOWER]: Leader election vote request: Granting yes vote for candidate 6ee8583b2b424a88b5712bb915fa9763 in term 1.
I20260709 14:52:42.428407  1737 consensus_queue.cc:260] T 7b960165c2d941f9ad04e9e9f7728a44 P ceb84701287047c08104f5953bf761de [NON_LEADER]: Queue going to NON_LEADER mode. State: All replicated index: 0, Majority replicated index: 0, Committed index: 0, Last appended: 0.0, Last appended by leader: 0, Current term: 0, Majority size: -1, State: 0, Mode: NON_LEADER, active raft config: opid_index: -1 OBSOLETE_local: false peers { permanent_uuid: "ec3dc63f3bdf4e7780a445f5dfa63278" member_type: VOTER last_known_addr { host: "127.0.107.193" port: 46353 } } peers { permanent_uuid: "ceb84701287047c08104f5953bf761de" member_type: VOTER last_known_addr { host: "127.0.107.194" port: 36783 } } peers { permanent_uuid: "6ee8583b2b424a88b5712bb915fa9763" member_type: VOTER last_known_addr { host: "127.0.107.195" port: 42353 } }
I20260709 14:52:42.426463  1622 raft_consensus.cc:3060] T 5e8137af491b4a238b03b84630082eaf P ceb84701287047c08104f5953bf761de [term 0 FOLLOWER]: Advancing to term 1
I20260709 14:52:42.430804  1792 raft_consensus.cc:697] T 5d5c5aacdaf3408bbb55d3cf26772685 P 6ee8583b2b424a88b5712bb915fa9763 [term 1 LEADER]: Becoming Leader. State: Replica: 6ee8583b2b424a88b5712bb915fa9763, State: Running, Role: LEADER
I20260709 14:52:42.341471  1742 consensus_queue.cc:237] T 5e8137af491b4a238b03b84630082eaf P 6ee8583b2b424a88b5712bb915fa9763 [LEADER]: Queue going to LEADER mode. State: All replicated index: 0, Majority replicated index: 0, Committed index: 0, Last appended: 0.0, Last appended by leader: 0, Current term: 1, Majority size: 2, State: 0, Mode: LEADER, active raft config: opid_index: -1 OBSOLETE_local: false peers { permanent_uuid: "ec3dc63f3bdf4e7780a445f5dfa63278" member_type: VOTER last_known_addr { host: "127.0.107.193" port: 46353 } } peers { permanent_uuid: "ceb84701287047c08104f5953bf761de" member_type: VOTER last_known_addr { host: "127.0.107.194" port: 36783 } } peers { permanent_uuid: "6ee8583b2b424a88b5712bb915fa9763" member_type: VOTER last_known_addr { host: "127.0.107.195" port: 42353 } }
I20260709 14:52:42.439064  1736 ts_tablet_manager.cc:1434] T 269b5326c0ba4f4088d2863b8013545f P 6ee8583b2b424a88b5712bb915fa9763: Time spent starting tablet: real 0.164s	user 0.044s	sys 0.033s
I20260709 14:52:42.439306  1797 raft_consensus.cc:493] T da1754fe81b04753a70c76caae19500a P 6ee8583b2b424a88b5712bb915fa9763 [term 0 FOLLOWER]: Starting pre-election (no leader contacted us within the election timeout)
W20260709 14:52:42.431126  1586 outbound_call.cc:321] RPC callback for RPC call kudu.consensus.ConsensusService.RequestConsensusVote -> {remote=127.0.107.193:46353, user_credentials={real_user=slave}} blocked reactor thread for 84929.7us
I20260709 14:52:42.441893  1736 tablet_bootstrap.cc:492] T 8d6cc9ad73de48699618dc97e986eb21 P 6ee8583b2b424a88b5712bb915fa9763: Bootstrap starting.
I20260709 14:52:42.444330  1737 ts_tablet_manager.cc:1434] T 7b960165c2d941f9ad04e9e9f7728a44 P ceb84701287047c08104f5953bf761de: Time spent starting tablet: real 0.124s	user 0.008s	sys 0.005s
I20260709 14:52:42.445295  1737 tablet_bootstrap.cc:492] T 8d6cc9ad73de48699618dc97e986eb21 P ceb84701287047c08104f5953bf761de: Bootstrap starting.
I20260709 14:52:42.444993  1743 leader_election.cc:290] T 5799d4789ffd492491655d981a25bb7d P ceb84701287047c08104f5953bf761de [CANDIDATE]: Term 1 pre-election: Requested pre-vote from peers ec3dc63f3bdf4e7780a445f5dfa63278 (127.0.107.193:46353), 6ee8583b2b424a88b5712bb915fa9763 (127.0.107.195:42353)
I20260709 14:52:42.445456  1760 raft_consensus.cc:493] T 6fdb95895c424b15a6eac0e754f0eec9 P 6ee8583b2b424a88b5712bb915fa9763 [term 0 FOLLOWER]: Starting pre-election (no leader contacted us within the election timeout)
I20260709 14:52:42.413794  1772 consensus_queue.cc:1048] T da1754fe81b04753a70c76caae19500a P ec3dc63f3bdf4e7780a445f5dfa63278 [LEADER]: Connected to new peer: Peer: permanent_uuid: "ceb84701287047c08104f5953bf761de" member_type: VOTER last_known_addr { host: "127.0.107.194" port: 36783 }, Status: LMP_MISMATCH, Last received: 0.0, Next index: 1, Last known committed idx: 0, Time since last communication: 0.024s
I20260709 14:52:42.445951  1760 raft_consensus.cc:515] T 6fdb95895c424b15a6eac0e754f0eec9 P 6ee8583b2b424a88b5712bb915fa9763 [term 0 FOLLOWER]: Starting pre-election with config: opid_index: -1 OBSOLETE_local: false peers { permanent_uuid: "ec3dc63f3bdf4e7780a445f5dfa63278" member_type: VOTER last_known_addr { host: "127.0.107.193" port: 46353 } } peers { permanent_uuid: "ceb84701287047c08104f5953bf761de" member_type: VOTER last_known_addr { host: "127.0.107.194" port: 36783 } } peers { permanent_uuid: "6ee8583b2b424a88b5712bb915fa9763" member_type: VOTER last_known_addr { host: "127.0.107.195" port: 42353 } }
I20260709 14:52:42.444424  1797 raft_consensus.cc:515] T da1754fe81b04753a70c76caae19500a P 6ee8583b2b424a88b5712bb915fa9763 [term 0 FOLLOWER]: Starting pre-election with config: opid_index: -1 OBSOLETE_local: false peers { permanent_uuid: "ec3dc63f3bdf4e7780a445f5dfa63278" member_type: VOTER last_known_addr { host: "127.0.107.193" port: 46353 } } peers { permanent_uuid: "ceb84701287047c08104f5953bf761de" member_type: VOTER last_known_addr { host: "127.0.107.194" port: 36783 } } peers { permanent_uuid: "6ee8583b2b424a88b5712bb915fa9763" member_type: VOTER last_known_addr { host: "127.0.107.195" port: 42353 } }
I20260709 14:52:42.444540  1792 consensus_queue.cc:237] T 5d5c5aacdaf3408bbb55d3cf26772685 P 6ee8583b2b424a88b5712bb915fa9763 [LEADER]: Queue going to LEADER mode. State: All replicated index: 0, Majority replicated index: 0, Committed index: 0, Last appended: 0.0, Last appended by leader: 0, Current term: 1, Majority size: 2, State: 0, Mode: LEADER, active raft config: opid_index: -1 OBSOLETE_local: false peers { permanent_uuid: "ec3dc63f3bdf4e7780a445f5dfa63278" member_type: VOTER last_known_addr { host: "127.0.107.193" port: 46353 } } peers { permanent_uuid: "ceb84701287047c08104f5953bf761de" member_type: VOTER last_known_addr { host: "127.0.107.194" port: 36783 } } peers { permanent_uuid: "6ee8583b2b424a88b5712bb915fa9763" member_type: VOTER last_known_addr { host: "127.0.107.195" port: 42353 } }
I20260709 14:52:42.450629  1760 leader_election.cc:290] T 6fdb95895c424b15a6eac0e754f0eec9 P 6ee8583b2b424a88b5712bb915fa9763 [CANDIDATE]: Term 1 pre-election: Requested pre-vote from peers ec3dc63f3bdf4e7780a445f5dfa63278 (127.0.107.193:46353), ceb84701287047c08104f5953bf761de (127.0.107.194:36783)
I20260709 14:52:42.455134  1548 tablet_service.cc:1917] Received RequestConsensusVote() RPC: tablet_id: "6fdb95895c424b15a6eac0e754f0eec9" candidate_uuid: "6ee8583b2b424a88b5712bb915fa9763" candidate_term: 1 candidate_status { last_received { term: 0 index: 0 } } ignore_live_leader: false dest_uuid: "ec3dc63f3bdf4e7780a445f5dfa63278" is_pre_election: true
W20260709 14:52:42.465391  1660 leader_election.cc:343] T 6fdb95895c424b15a6eac0e754f0eec9 P 6ee8583b2b424a88b5712bb915fa9763 [CANDIDATE]: Term 1 pre-election: Tablet error from VoteRequest() call to peer ec3dc63f3bdf4e7780a445f5dfa63278 (127.0.107.193:46353): Illegal state: must be running to vote when last-logged opid is not known
I20260709 14:52:42.455238  1804 raft_consensus.cc:493] T 269b5326c0ba4f4088d2863b8013545f P ceb84701287047c08104f5953bf761de [term 0 FOLLOWER]: Starting pre-election (no leader contacted us within the election timeout)
I20260709 14:52:42.460256  1621 tablet_service.cc:1917] Received RequestConsensusVote() RPC: tablet_id: "6fdb95895c424b15a6eac0e754f0eec9" candidate_uuid: "6ee8583b2b424a88b5712bb915fa9763" candidate_term: 1 candidate_status { last_received { term: 0 index: 0 } } ignore_live_leader: false dest_uuid: "ceb84701287047c08104f5953bf761de" is_pre_election: true
I20260709 14:52:42.507897  1622 raft_consensus.cc:2468] T 5e8137af491b4a238b03b84630082eaf P ceb84701287047c08104f5953bf761de [term 1 FOLLOWER]: Leader election vote request: Granting yes vote for candidate 6ee8583b2b424a88b5712bb915fa9763 in term 1.
I20260709 14:52:42.509073  1804 raft_consensus.cc:515] T 269b5326c0ba4f4088d2863b8013545f P ceb84701287047c08104f5953bf761de [term 0 FOLLOWER]: Starting pre-election with config: opid_index: -1 OBSOLETE_local: false peers { permanent_uuid: "6ee8583b2b424a88b5712bb915fa9763" member_type: VOTER last_known_addr { host: "127.0.107.195" port: 42353 } } peers { permanent_uuid: "ceb84701287047c08104f5953bf761de" member_type: VOTER last_known_addr { host: "127.0.107.194" port: 36783 } } peers { permanent_uuid: "ec3dc63f3bdf4e7780a445f5dfa63278" member_type: VOTER last_known_addr { host: "127.0.107.193" port: 46353 } }
W20260709 14:52:42.604864  1494 auto_rebalancer.cc:288] Could not retrieve cluster info: Service unavailable: Tablet not running
I20260709 14:52:42.661525  1739 tablet_bootstrap.cc:492] T 5d5c5aacdaf3408bbb55d3cf26772685 P ec3dc63f3bdf4e7780a445f5dfa63278: No bootstrap required, opened a new log
I20260709 14:52:42.662122  1739 ts_tablet_manager.cc:1403] T 5d5c5aacdaf3408bbb55d3cf26772685 P ec3dc63f3bdf4e7780a445f5dfa63278: Time spent bootstrapping tablet: real 0.365s	user 0.033s	sys 0.016s
I20260709 14:52:42.664068  1736 tablet_bootstrap.cc:654] T 8d6cc9ad73de48699618dc97e986eb21 P 6ee8583b2b424a88b5712bb915fa9763: Neither blocks nor log segments found. Creating new log.
I20260709 14:52:42.645047  1804 leader_election.cc:290] T 269b5326c0ba4f4088d2863b8013545f P ceb84701287047c08104f5953bf761de [CANDIDATE]: Term 1 pre-election: Requested pre-vote from peers 6ee8583b2b424a88b5712bb915fa9763 (127.0.107.195:42353), ec3dc63f3bdf4e7780a445f5dfa63278 (127.0.107.193:46353)
I20260709 14:52:42.667129  1697 tablet_service.cc:1917] Received RequestConsensusVote() RPC: tablet_id: "5799d4789ffd492491655d981a25bb7d" candidate_uuid: "ceb84701287047c08104f5953bf761de" candidate_term: 1 candidate_status { last_received { term: 0 index: 0 } } ignore_live_leader: false dest_uuid: "6ee8583b2b424a88b5712bb915fa9763" is_pre_election: true
I20260709 14:52:42.579068  1766 raft_consensus.cc:515] T 5799d4789ffd492491655d981a25bb7d P ceb84701287047c08104f5953bf761de [term 1 FOLLOWER]: Starting leader election with config: opid_index: -1 OBSOLETE_local: false peers { permanent_uuid: "ec3dc63f3bdf4e7780a445f5dfa63278" member_type: VOTER last_known_addr { host: "127.0.107.193" port: 46353 } } peers { permanent_uuid: "ceb84701287047c08104f5953bf761de" member_type: VOTER last_known_addr { host: "127.0.107.194" port: 36783 } } peers { permanent_uuid: "6ee8583b2b424a88b5712bb915fa9763" member_type: VOTER last_known_addr { host: "127.0.107.195" port: 42353 } }
I20260709 14:52:42.667786  1622 tablet_service.cc:1917] Received RequestConsensusVote() RPC: tablet_id: "da1754fe81b04753a70c76caae19500a" candidate_uuid: "6ee8583b2b424a88b5712bb915fa9763" candidate_term: 1 candidate_status { last_received { term: 0 index: 0 } } ignore_live_leader: false dest_uuid: "ceb84701287047c08104f5953bf761de" is_pre_election: true
I20260709 14:52:42.661495  1797 leader_election.cc:290] T da1754fe81b04753a70c76caae19500a P 6ee8583b2b424a88b5712bb915fa9763 [CANDIDATE]: Term 1 pre-election: Requested pre-vote from peers ec3dc63f3bdf4e7780a445f5dfa63278 (127.0.107.193:46353), ceb84701287047c08104f5953bf761de (127.0.107.194:36783)
I20260709 14:52:42.675753  1546 tablet_service.cc:1917] Received RequestConsensusVote() RPC: tablet_id: "da1754fe81b04753a70c76caae19500a" candidate_uuid: "6ee8583b2b424a88b5712bb915fa9763" candidate_term: 1 candidate_status { last_received { term: 0 index: 0 } } ignore_live_leader: false dest_uuid: "ec3dc63f3bdf4e7780a445f5dfa63278" is_pre_election: true
I20260709 14:52:42.678344  1546 tablet_service.cc:1917] Received RequestConsensusVote() RPC: tablet_id: "269b5326c0ba4f4088d2863b8013545f" candidate_uuid: "ceb84701287047c08104f5953bf761de" candidate_term: 1 candidate_status { last_received { term: 0 index: 0 } } ignore_live_leader: false dest_uuid: "ec3dc63f3bdf4e7780a445f5dfa63278" is_pre_election: true
I20260709 14:52:42.678681  1806 raft_consensus.cc:493] T dbe907a5c3cd4b9fbdd68c3eca7ce65a P ceb84701287047c08104f5953bf761de [term 0 FOLLOWER]: Starting pre-election (no leader contacted us within the election timeout)
I20260709 14:52:42.679000  1546 raft_consensus.cc:2468] T 269b5326c0ba4f4088d2863b8013545f P ec3dc63f3bdf4e7780a445f5dfa63278 [term 0 FOLLOWER]: Leader pre-election vote request: Granting yes vote for candidate ceb84701287047c08104f5953bf761de in term 0.
I20260709 14:52:42.679108  1806 raft_consensus.cc:515] T dbe907a5c3cd4b9fbdd68c3eca7ce65a P ceb84701287047c08104f5953bf761de [term 0 FOLLOWER]: Starting pre-election with config: opid_index: -1 OBSOLETE_local: false peers { permanent_uuid: "ec3dc63f3bdf4e7780a445f5dfa63278" member_type: VOTER last_known_addr { host: "127.0.107.193" port: 46353 } } peers { permanent_uuid: "ceb84701287047c08104f5953bf761de" member_type: VOTER last_known_addr { host: "127.0.107.194" port: 36783 } } peers { permanent_uuid: "6ee8583b2b424a88b5712bb915fa9763" member_type: VOTER last_known_addr { host: "127.0.107.195" port: 42353 } }
I20260709 14:52:42.679953  1548 tablet_service.cc:1917] Received RequestConsensusVote() RPC: tablet_id: "5799d4789ffd492491655d981a25bb7d" candidate_uuid: "ceb84701287047c08104f5953bf761de" candidate_term: 1 candidate_status { last_received { term: 0 index: 0 } } ignore_live_leader: false dest_uuid: "ec3dc63f3bdf4e7780a445f5dfa63278"
I20260709 14:52:42.680500  1548 raft_consensus.cc:3060] T 5799d4789ffd492491655d981a25bb7d P ec3dc63f3bdf4e7780a445f5dfa63278 [term 0 FOLLOWER]: Advancing to term 1
I20260709 14:52:42.681238  1806 leader_election.cc:290] T dbe907a5c3cd4b9fbdd68c3eca7ce65a P ceb84701287047c08104f5953bf761de [CANDIDATE]: Term 1 pre-election: Requested pre-vote from peers ec3dc63f3bdf4e7780a445f5dfa63278 (127.0.107.193:46353), 6ee8583b2b424a88b5712bb915fa9763 (127.0.107.195:42353)
I20260709 14:52:42.680552  1737 tablet_bootstrap.cc:654] T 8d6cc9ad73de48699618dc97e986eb21 P ceb84701287047c08104f5953bf761de: Neither blocks nor log segments found. Creating new log.
I20260709 14:52:42.685128  1739 raft_consensus.cc:359] T 5d5c5aacdaf3408bbb55d3cf26772685 P ec3dc63f3bdf4e7780a445f5dfa63278 [term 0 FOLLOWER]: Replica starting. Triggering 0 pending ops. Active config: opid_index: -1 OBSOLETE_local: false peers { permanent_uuid: "ec3dc63f3bdf4e7780a445f5dfa63278" member_type: VOTER last_known_addr { host: "127.0.107.193" port: 46353 } } peers { permanent_uuid: "ceb84701287047c08104f5953bf761de" member_type: VOTER last_known_addr { host: "127.0.107.194" port: 36783 } } peers { permanent_uuid: "6ee8583b2b424a88b5712bb915fa9763" member_type: VOTER last_known_addr { host: "127.0.107.195" port: 42353 } }
I20260709 14:52:42.685891  1739 raft_consensus.cc:385] T 5d5c5aacdaf3408bbb55d3cf26772685 P ec3dc63f3bdf4e7780a445f5dfa63278 [term 0 FOLLOWER]: Consensus starting up: Expiring failure detector timer to make a prompt election more likely
I20260709 14:52:42.686208  1739 raft_consensus.cc:740] T 5d5c5aacdaf3408bbb55d3cf26772685 P ec3dc63f3bdf4e7780a445f5dfa63278 [term 0 FOLLOWER]: Becoming Follower/Learner. State: Replica: ec3dc63f3bdf4e7780a445f5dfa63278, State: Initialized, Role: FOLLOWER
I20260709 14:52:42.687270  1739 consensus_queue.cc:260] T 5d5c5aacdaf3408bbb55d3cf26772685 P ec3dc63f3bdf4e7780a445f5dfa63278 [NON_LEADER]: Queue going to NON_LEADER mode. State: All replicated index: 0, Majority replicated index: 0, Committed index: 0, Last appended: 0.0, Last appended by leader: 0, Current term: 0, Majority size: -1, State: 0, Mode: NON_LEADER, active raft config: opid_index: -1 OBSOLETE_local: false peers { permanent_uuid: "ec3dc63f3bdf4e7780a445f5dfa63278" member_type: VOTER last_known_addr { host: "127.0.107.193" port: 46353 } } peers { permanent_uuid: "ceb84701287047c08104f5953bf761de" member_type: VOTER last_known_addr { host: "127.0.107.194" port: 36783 } } peers { permanent_uuid: "6ee8583b2b424a88b5712bb915fa9763" member_type: VOTER last_known_addr { host: "127.0.107.195" port: 42353 } }
I20260709 14:52:42.689643  1805 raft_consensus.cc:493] T 21308f57f1494b379abb97d24f71cb8c P ceb84701287047c08104f5953bf761de [term 0 FOLLOWER]: Starting pre-election (no leader contacted us within the election timeout)
I20260709 14:52:42.690269  1805 raft_consensus.cc:515] T 21308f57f1494b379abb97d24f71cb8c P ceb84701287047c08104f5953bf761de [term 0 FOLLOWER]: Starting pre-election with config: opid_index: -1 OBSOLETE_local: false peers { permanent_uuid: "ec3dc63f3bdf4e7780a445f5dfa63278" member_type: VOTER last_known_addr { host: "127.0.107.193" port: 46353 } } peers { permanent_uuid: "ceb84701287047c08104f5953bf761de" member_type: VOTER last_known_addr { host: "127.0.107.194" port: 36783 } } peers { permanent_uuid: "6ee8583b2b424a88b5712bb915fa9763" member_type: VOTER last_known_addr { host: "127.0.107.195" port: 42353 } }
I20260709 14:52:42.690909  1739 ts_tablet_manager.cc:1434] T 5d5c5aacdaf3408bbb55d3cf26772685 P ec3dc63f3bdf4e7780a445f5dfa63278: Time spent starting tablet: real 0.028s	user 0.003s	sys 0.003s
I20260709 14:52:42.692253  1739 tablet_bootstrap.cc:492] T 21308f57f1494b379abb97d24f71cb8c P ec3dc63f3bdf4e7780a445f5dfa63278: Bootstrap starting.
I20260709 14:52:42.692883  1805 leader_election.cc:290] T 21308f57f1494b379abb97d24f71cb8c P ceb84701287047c08104f5953bf761de [CANDIDATE]: Term 1 pre-election: Requested pre-vote from peers ec3dc63f3bdf4e7780a445f5dfa63278 (127.0.107.193:46353), 6ee8583b2b424a88b5712bb915fa9763 (127.0.107.195:42353)
