[==========] Running 8 tests from 2 test suites.
[----------] Global test environment set-up.
[----------] 6 tests from LeaderRebalancerTest
[ RUN      ] LeaderRebalancerTest.FunctionalTestForDivided
WARNING: Logging before InitGoogleLogging() is written to STDERR
I20260709 14:52:08.364013   431 internal_mini_cluster.cc:156] Creating distributed mini masters. Addrs: 127.0.107.254:36695
I20260709 14:52:08.365559   431 env_posix.cc:2285] Not raising this process' open files per process limit of 1048576; it is already as high as it can go
I20260709 14:52:08.366624   431 file_cache.cc:504] Constructed file cache file cache with capacity 419430
W20260709 14:52:08.383148   438 instance_detector.cc:116] could not retrieve Azure instance metadata: Network error: curl error: HTTP response code said error: The requested URL returned error: 404
W20260709 14:52:08.385006   437 instance_detector.cc:116] could not retrieve AWS instance metadata: Network error: curl error: HTTP response code said error: The requested URL returned error: 404
W20260709 14:52:08.383773   440 instance_detector.cc:116] could not retrieve OpenStack instance metadata: Network error: curl error: HTTP response code said error: The requested URL returned error: 404
W20260709 14:52:09.484391   439 instance_detector.cc:116] could not retrieve GCE instance metadata: Timed out: curl timeout: Timeout was reached: Connection time-out
I20260709 14:52:09.484509   431 server_base.cc:1056] Not found: could not retrieve instance metadata: unable to detect cloud type of this node, probably running in non-cloud environment
I20260709 14:52:09.488059   431 hybrid_clock.cc:584] initializing the hybrid clock with 'system_unsync' time source
W20260709 14:52:09.488273   431 system_unsync_time.cc:38] NTP support is disabled. Clock error bounds will not be accurate. This configuration is not suitable for distributed clusters.
I20260709 14:52:09.488493   431 hybrid_clock.cc:648] HybridClock initialized: now 1783608729488469 us; error 0 us; skew 500 ppm
I20260709 14:52:09.489283   431 server_base.cc:861] Flag tcmalloc_max_total_thread_cache_bytes is not working since tcmalloc is not enabled.
I20260709 14:52:09.494917   431 webserver.cc:533] Webserver started at http://127.0.107.254:46863/ using document root <none> and password file <none>
I20260709 14:52:09.495750   431 fs_manager.cc:362] Metadata directory not provided
I20260709 14:52:09.495950   431 fs_manager.cc:368] Using write-ahead log directory (fs_wal_dir) as metadata directory
I20260709 14:52:09.496402   431 server_base.cc:909] This appears to be a new deployment of Kudu; creating new FS layout
I20260709 14:52:09.502347   431 fs_manager.cc:1068] Generated new instance metadata in path /tmp/dist-test-taskLDnUQm/test-tmp/auto_leader_rebalancer-test.0.LeaderRebalancerTest.FunctionalTestForDivided.1783608728191283-431-0/minicluster-data/master-0-root/instance:
uuid: "671d9394a9844a1285a09f4c0a4f01f6"
format_stamp: "Formatted at 2026-07-09 14:52:09 on dist-test-slave-bg1j"
I20260709 14:52:09.509757   431 fs_manager.cc:696] Time spent creating directory manager: real 0.007s	user 0.009s	sys 0.000s
I20260709 14:52:09.514566   446 log_block_manager.cc:4127] Time spent loading block containers with low live blocks: real 0.000s	user 0.000s	sys 0.000s
I20260709 14:52:09.515707   431 fs_manager.cc:730] Time spent opening block manager: real 0.003s	user 0.003s	sys 0.000s
I20260709 14:52:09.516027   431 fs_manager.cc:647] Opened local filesystem: /tmp/dist-test-taskLDnUQm/test-tmp/auto_leader_rebalancer-test.0.LeaderRebalancerTest.FunctionalTestForDivided.1783608728191283-431-0/minicluster-data/master-0-root
uuid: "671d9394a9844a1285a09f4c0a4f01f6"
format_stamp: "Formatted at 2026-07-09 14:52:09 on dist-test-slave-bg1j"
I20260709 14:52:09.516346   431 fs_report.cc:389] FS layout report
--------------------
wal directory: /tmp/dist-test-taskLDnUQm/test-tmp/auto_leader_rebalancer-test.0.LeaderRebalancerTest.FunctionalTestForDivided.1783608728191283-431-0/minicluster-data/master-0-root
metadata directory: /tmp/dist-test-taskLDnUQm/test-tmp/auto_leader_rebalancer-test.0.LeaderRebalancerTest.FunctionalTestForDivided.1783608728191283-431-0/minicluster-data/master-0-root
1 data directories: /tmp/dist-test-taskLDnUQm/test-tmp/auto_leader_rebalancer-test.0.LeaderRebalancerTest.FunctionalTestForDivided.1783608728191283-431-0/minicluster-data/master-0-root/data
Total live blocks: 0
Total live bytes: 0
Total live bytes (after alignment): 0
Total number of LBM containers: 0 (0 full)
Did not check for missing blocks
Did not check for orphaned blocks
Total full LBM containers with extra space: 0 (0 repaired)
Total full LBM container extra space in bytes: 0 (0 repaired)
Total incomplete LBM containers: 0 (0 repaired)
Total LBM partial records: 0 (0 repaired)
Total corrupted LBM metadata records in RocksDB: 0 (0 repaired)
I20260709 14:52:09.575834   431 rpc_server.cc:225] running with OpenSSL 1.1.1  11 Sep 2018
I20260709 14:52:09.577313   431 env_posix.cc:2285] Not raising this process' running threads per effective uid limit of 18446744073709551615; it is already as high as it can go
I20260709 14:52:09.577765   431 kserver.cc:163] Server-wide thread pool size limit: 3276
I20260709 14:52:09.649889   431 rpc_server.cc:307] RPC server started. Bound to: 127.0.107.254:36695
I20260709 14:52:09.649963   497 acceptor_pool.cc:272] collecting diagnostics on the listening RPC socket 127.0.107.254:36695 every 8 connection(s)
I20260709 14:52:09.657506   498 data_dirs.cc:400] Could only allocate 1 dirs of requested 3 for tablet 00000000000000000000000000000000. 1 dirs total, 0 dirs full, 0 dirs failed
I20260709 14:52:09.679029   498 tablet_bootstrap.cc:492] T 00000000000000000000000000000000 P 671d9394a9844a1285a09f4c0a4f01f6: Bootstrap starting.
I20260709 14:52:09.685005   498 tablet_bootstrap.cc:654] T 00000000000000000000000000000000 P 671d9394a9844a1285a09f4c0a4f01f6: Neither blocks nor log segments found. Creating new log.
I20260709 14:52:09.686626   498 log.cc:826] T 00000000000000000000000000000000 P 671d9394a9844a1285a09f4c0a4f01f6: Log is configured to *not* fsync() on all Append() calls
I20260709 14:52:09.691344   498 tablet_bootstrap.cc:492] T 00000000000000000000000000000000 P 671d9394a9844a1285a09f4c0a4f01f6: No bootstrap required, opened a new log
I20260709 14:52:09.711645   498 raft_consensus.cc:359] T 00000000000000000000000000000000 P 671d9394a9844a1285a09f4c0a4f01f6 [term 0 FOLLOWER]: Replica starting. Triggering 0 pending ops. Active config: opid_index: -1 OBSOLETE_local: true peers { permanent_uuid: "671d9394a9844a1285a09f4c0a4f01f6" member_type: VOTER }
I20260709 14:52:09.712175   498 raft_consensus.cc:385] T 00000000000000000000000000000000 P 671d9394a9844a1285a09f4c0a4f01f6 [term 0 FOLLOWER]: Consensus starting up: Expiring failure detector timer to make a prompt election more likely
I20260709 14:52:09.712379   498 raft_consensus.cc:740] T 00000000000000000000000000000000 P 671d9394a9844a1285a09f4c0a4f01f6 [term 0 FOLLOWER]: Becoming Follower/Learner. State: Replica: 671d9394a9844a1285a09f4c0a4f01f6, State: Initialized, Role: FOLLOWER
I20260709 14:52:09.713261   498 consensus_queue.cc:260] T 00000000000000000000000000000000 P 671d9394a9844a1285a09f4c0a4f01f6 [NON_LEADER]: Queue going to NON_LEADER mode. State: All replicated index: 0, Majority replicated index: 0, Committed index: 0, Last appended: 0.0, Last appended by leader: 0, Current term: 0, Majority size: -1, State: 0, Mode: NON_LEADER, active raft config: opid_index: -1 OBSOLETE_local: true peers { permanent_uuid: "671d9394a9844a1285a09f4c0a4f01f6" member_type: VOTER }
I20260709 14:52:09.713728   498 raft_consensus.cc:399] T 00000000000000000000000000000000 P 671d9394a9844a1285a09f4c0a4f01f6 [term 0 FOLLOWER]: Only one voter in the Raft config. Triggering election immediately
I20260709 14:52:09.713959   498 raft_consensus.cc:493] T 00000000000000000000000000000000 P 671d9394a9844a1285a09f4c0a4f01f6 [term 0 FOLLOWER]: Starting leader election (initial election of a single-replica configuration)
I20260709 14:52:09.714243   498 raft_consensus.cc:3060] T 00000000000000000000000000000000 P 671d9394a9844a1285a09f4c0a4f01f6 [term 0 FOLLOWER]: Advancing to term 1
I20260709 14:52:09.718451   498 raft_consensus.cc:515] T 00000000000000000000000000000000 P 671d9394a9844a1285a09f4c0a4f01f6 [term 1 FOLLOWER]: Starting leader election with config: opid_index: -1 OBSOLETE_local: true peers { permanent_uuid: "671d9394a9844a1285a09f4c0a4f01f6" member_type: VOTER }
I20260709 14:52:09.719218   498 leader_election.cc:304] T 00000000000000000000000000000000 P 671d9394a9844a1285a09f4c0a4f01f6 [CANDIDATE]: Term 1 election: Election decided. Result: candidate won. Election summary: received 1 responses out of 1 voters: 1 yes votes; 0 no votes. yes voters: 671d9394a9844a1285a09f4c0a4f01f6; no voters: 
I20260709 14:52:09.721292   498 leader_election.cc:290] T 00000000000000000000000000000000 P 671d9394a9844a1285a09f4c0a4f01f6 [CANDIDATE]: Term 1 election: Requested vote from peers 
I20260709 14:52:09.721590   501 raft_consensus.cc:2804] T 00000000000000000000000000000000 P 671d9394a9844a1285a09f4c0a4f01f6 [term 1 FOLLOWER]: Leader election won for term 1
I20260709 14:52:09.724037   501 raft_consensus.cc:697] T 00000000000000000000000000000000 P 671d9394a9844a1285a09f4c0a4f01f6 [term 1 LEADER]: Becoming Leader. State: Replica: 671d9394a9844a1285a09f4c0a4f01f6, State: Running, Role: LEADER
I20260709 14:52:09.724931   501 consensus_queue.cc:237] T 00000000000000000000000000000000 P 671d9394a9844a1285a09f4c0a4f01f6 [LEADER]: Queue going to LEADER mode. State: All replicated index: 0, Majority replicated index: 0, Committed index: 0, Last appended: 0.0, Last appended by leader: 0, Current term: 1, Majority size: 1, State: 0, Mode: LEADER, active raft config: opid_index: -1 OBSOLETE_local: true peers { permanent_uuid: "671d9394a9844a1285a09f4c0a4f01f6" member_type: VOTER }
I20260709 14:52:09.726372   498 sys_catalog.cc:565] T 00000000000000000000000000000000 P 671d9394a9844a1285a09f4c0a4f01f6 [sys.catalog]: configured and running, proceeding with master startup.
I20260709 14:52:09.737432   503 sys_catalog.cc:455] T 00000000000000000000000000000000 P 671d9394a9844a1285a09f4c0a4f01f6 [sys.catalog]: SysCatalogTable state changed. Reason: RaftConsensus started. Latest consensus state: current_term: 1 leader_uuid: "671d9394a9844a1285a09f4c0a4f01f6" committed_config { opid_index: -1 OBSOLETE_local: true peers { permanent_uuid: "671d9394a9844a1285a09f4c0a4f01f6" member_type: VOTER } }
I20260709 14:52:09.738176   503 sys_catalog.cc:458] T 00000000000000000000000000000000 P 671d9394a9844a1285a09f4c0a4f01f6 [sys.catalog]: This master's current role is: LEADER
I20260709 14:52:09.737648   502 sys_catalog.cc:455] T 00000000000000000000000000000000 P 671d9394a9844a1285a09f4c0a4f01f6 [sys.catalog]: SysCatalogTable state changed. Reason: New leader 671d9394a9844a1285a09f4c0a4f01f6. Latest consensus state: current_term: 1 leader_uuid: "671d9394a9844a1285a09f4c0a4f01f6" committed_config { opid_index: -1 OBSOLETE_local: true peers { permanent_uuid: "671d9394a9844a1285a09f4c0a4f01f6" member_type: VOTER } }
I20260709 14:52:09.739101   502 sys_catalog.cc:458] T 00000000000000000000000000000000 P 671d9394a9844a1285a09f4c0a4f01f6 [sys.catalog]: This master's current role is: LEADER
I20260709 14:52:09.744830   511 catalog_manager.cc:1511] Loading table and tablet metadata into memory...
I20260709 14:52:09.755232   511 catalog_manager.cc:1520] Initializing Kudu cluster ID...
I20260709 14:52:09.757591   431 internal_mini_cluster.cc:184] Waiting to initialize catalog manager on master 0
I20260709 14:52:09.772570   511 catalog_manager.cc:1383] Generated new cluster ID: 9ebd326dbe4a4a34847fce2febbd88d4
I20260709 14:52:09.772888   511 catalog_manager.cc:1531] Initializing Kudu internal certificate authority...
I20260709 14:52:09.794305   511 catalog_manager.cc:1406] Generated new certificate authority record
I20260709 14:52:09.796337   511 catalog_manager.cc:1540] Loading token signing keys...
I20260709 14:52:09.813510   511 catalog_manager.cc:6070] T 00000000000000000000000000000000 P 671d9394a9844a1285a09f4c0a4f01f6: Generated new TSK 0
I20260709 14:52:09.814668   511 catalog_manager.cc:1550] Initializing in-progress tserver states...
I20260709 14:52:09.824189   431 file_cache.cc:504] Constructed file cache file cache with capacity 419430
W20260709 14:52:09.833240   520 instance_detector.cc:116] could not retrieve AWS instance metadata: Network error: curl error: HTTP response code said error: The requested URL returned error: 404
W20260709 14:52:09.834892   521 instance_detector.cc:116] could not retrieve Azure instance metadata: Network error: curl error: HTTP response code said error: The requested URL returned error: 404
W20260709 14:52:09.838822   523 instance_detector.cc:116] could not retrieve OpenStack instance metadata: Network error: curl error: HTTP response code said error: The requested URL returned error: 404
I20260709 14:52:09.839118   431 server_base.cc:1061] running on GCE node
I20260709 14:52:09.839891   431 hybrid_clock.cc:584] initializing the hybrid clock with 'system_unsync' time source
W20260709 14:52:09.840082   431 system_unsync_time.cc:38] NTP support is disabled. Clock error bounds will not be accurate. This configuration is not suitable for distributed clusters.
I20260709 14:52:09.840255   431 hybrid_clock.cc:648] HybridClock initialized: now 1783608729840239 us; error 0 us; skew 500 ppm
I20260709 14:52:09.840852   431 server_base.cc:861] Flag tcmalloc_max_total_thread_cache_bytes is not working since tcmalloc is not enabled.
I20260709 14:52:09.844808   431 webserver.cc:533] Webserver started at http://127.0.107.193:40313/ using document root <none> and password file <none>
I20260709 14:52:09.845322   431 fs_manager.cc:362] Metadata directory not provided
I20260709 14:52:09.845520   431 fs_manager.cc:368] Using write-ahead log directory (fs_wal_dir) as metadata directory
I20260709 14:52:09.845782   431 server_base.cc:909] This appears to be a new deployment of Kudu; creating new FS layout
I20260709 14:52:09.846845   431 fs_manager.cc:1068] Generated new instance metadata in path /tmp/dist-test-taskLDnUQm/test-tmp/auto_leader_rebalancer-test.0.LeaderRebalancerTest.FunctionalTestForDivided.1783608728191283-431-0/minicluster-data/ts-0-root/instance:
uuid: "ee81108e6c3246f6a9633d2917bf9a50"
format_stamp: "Formatted at 2026-07-09 14:52:09 on dist-test-slave-bg1j"
I20260709 14:52:09.852111   431 fs_manager.cc:696] Time spent creating directory manager: real 0.005s	user 0.002s	sys 0.002s
I20260709 14:52:09.856079   528 log_block_manager.cc:4127] Time spent loading block containers with low live blocks: real 0.000s	user 0.000s	sys 0.000s
I20260709 14:52:09.856899   431 fs_manager.cc:730] Time spent opening block manager: real 0.003s	user 0.003s	sys 0.001s
I20260709 14:52:09.857163   431 fs_manager.cc:647] Opened local filesystem: /tmp/dist-test-taskLDnUQm/test-tmp/auto_leader_rebalancer-test.0.LeaderRebalancerTest.FunctionalTestForDivided.1783608728191283-431-0/minicluster-data/ts-0-root
uuid: "ee81108e6c3246f6a9633d2917bf9a50"
format_stamp: "Formatted at 2026-07-09 14:52:09 on dist-test-slave-bg1j"
I20260709 14:52:09.857443   431 fs_report.cc:389] FS layout report
--------------------
wal directory: /tmp/dist-test-taskLDnUQm/test-tmp/auto_leader_rebalancer-test.0.LeaderRebalancerTest.FunctionalTestForDivided.1783608728191283-431-0/minicluster-data/ts-0-root
metadata directory: /tmp/dist-test-taskLDnUQm/test-tmp/auto_leader_rebalancer-test.0.LeaderRebalancerTest.FunctionalTestForDivided.1783608728191283-431-0/minicluster-data/ts-0-root
1 data directories: /tmp/dist-test-taskLDnUQm/test-tmp/auto_leader_rebalancer-test.0.LeaderRebalancerTest.FunctionalTestForDivided.1783608728191283-431-0/minicluster-data/ts-0-root/data
Total live blocks: 0
Total live bytes: 0
Total live bytes (after alignment): 0
Total number of LBM containers: 0 (0 full)
Did not check for missing blocks
Did not check for orphaned blocks
Total full LBM containers with extra space: 0 (0 repaired)
Total full LBM container extra space in bytes: 0 (0 repaired)
Total incomplete LBM containers: 0 (0 repaired)
Total LBM partial records: 0 (0 repaired)
Total corrupted LBM metadata records in RocksDB: 0 (0 repaired)
I20260709 14:52:09.870326   431 rpc_server.cc:225] running with OpenSSL 1.1.1  11 Sep 2018
I20260709 14:52:09.871603   431 kserver.cc:163] Server-wide thread pool size limit: 3276
I20260709 14:52:09.873996   431 txn_system_client.cc:432] TxnSystemClient initialization is disabled...
I20260709 14:52:09.878186   431 ts_tablet_manager.cc:585] Loaded tablet metadata (0 total tablets, 0 live tablets)
I20260709 14:52:09.878408   431 ts_tablet_manager.cc:531] Time spent load tablet metadata: real 0.000s	user 0.000s	sys 0.000s
I20260709 14:52:09.878657   431 ts_tablet_manager.cc:616] Registered 0 tablets
I20260709 14:52:09.878818   431 ts_tablet_manager.cc:595] Time spent register tablets: real 0.000s	user 0.000s	sys 0.000s
I20260709 14:52:09.981053   431 rpc_server.cc:307] RPC server started. Bound to: 127.0.107.193:32917
I20260709 14:52:09.981117   590 acceptor_pool.cc:272] collecting diagnostics on the listening RPC socket 127.0.107.193:32917 every 8 connection(s)
I20260709 14:52:09.987996   431 file_cache.cc:504] Constructed file cache file cache with capacity 419430
W20260709 14:52:10.002271   595 instance_detector.cc:116] could not retrieve AWS instance metadata: Network error: curl error: HTTP response code said error: The requested URL returned error: 404
W20260709 14:52:10.004469   596 instance_detector.cc:116] could not retrieve Azure instance metadata: Network error: curl error: HTTP response code said error: The requested URL returned error: 404
I20260709 14:52:10.011469   431 server_base.cc:1061] running on GCE node
W20260709 14:52:10.011426   599 instance_detector.cc:116] could not retrieve OpenStack instance metadata: Network error: curl error: HTTP response code said error: The requested URL returned error: 404
I20260709 14:52:10.012919   431 hybrid_clock.cc:584] initializing the hybrid clock with 'system_unsync' time source
W20260709 14:52:10.013196   431 system_unsync_time.cc:38] NTP support is disabled. Clock error bounds will not be accurate. This configuration is not suitable for distributed clusters.
I20260709 14:52:10.013454   431 hybrid_clock.cc:648] HybridClock initialized: now 1783608730013432 us; error 0 us; skew 500 ppm
I20260709 14:52:10.014206   431 server_base.cc:861] Flag tcmalloc_max_total_thread_cache_bytes is not working since tcmalloc is not enabled.
I20260709 14:52:10.017006   431 webserver.cc:533] Webserver started at http://127.0.107.194:36953/ using document root <none> and password file <none>
I20260709 14:52:10.017661   431 fs_manager.cc:362] Metadata directory not provided
I20260709 14:52:10.017906   431 fs_manager.cc:368] Using write-ahead log directory (fs_wal_dir) as metadata directory
I20260709 14:52:10.018227   431 server_base.cc:909] This appears to be a new deployment of Kudu; creating new FS layout
I20260709 14:52:10.019932   431 fs_manager.cc:1068] Generated new instance metadata in path /tmp/dist-test-taskLDnUQm/test-tmp/auto_leader_rebalancer-test.0.LeaderRebalancerTest.FunctionalTestForDivided.1783608728191283-431-0/minicluster-data/ts-1-root/instance:
uuid: "daa00962216542b2bf6d082c0b89eb23"
format_stamp: "Formatted at 2026-07-09 14:52:10 on dist-test-slave-bg1j"
I20260709 14:52:10.024195   591 heartbeater.cc:344] Connected to a master server at 127.0.107.254:36695
I20260709 14:52:10.024602   591 heartbeater.cc:461] Registering TS with master...
I20260709 14:52:10.025713   591 heartbeater.cc:507] Master 127.0.107.254:36695 requested a full tablet report, sending...
I20260709 14:52:10.026513   431 fs_manager.cc:696] Time spent creating directory manager: real 0.006s	user 0.003s	sys 0.003s
I20260709 14:52:10.028695   463 ts_manager.cc:194] Registered new tserver with Master: ee81108e6c3246f6a9633d2917bf9a50 (127.0.107.193:32917)
I20260709 14:52:10.031842   603 log_block_manager.cc:4127] Time spent loading block containers with low live blocks: real 0.000s	user 0.000s	sys 0.000s
I20260709 14:52:10.031817   463 master_service.cc:502] Signed X509 certificate for tserver {username='slave'} at 127.0.0.1:55958
I20260709 14:52:10.033193   431 fs_manager.cc:730] Time spent opening block manager: real 0.004s	user 0.002s	sys 0.002s
I20260709 14:52:10.033577   431 fs_manager.cc:647] Opened local filesystem: /tmp/dist-test-taskLDnUQm/test-tmp/auto_leader_rebalancer-test.0.LeaderRebalancerTest.FunctionalTestForDivided.1783608728191283-431-0/minicluster-data/ts-1-root
uuid: "daa00962216542b2bf6d082c0b89eb23"
format_stamp: "Formatted at 2026-07-09 14:52:10 on dist-test-slave-bg1j"
I20260709 14:52:10.033921   431 fs_report.cc:389] FS layout report
--------------------
wal directory: /tmp/dist-test-taskLDnUQm/test-tmp/auto_leader_rebalancer-test.0.LeaderRebalancerTest.FunctionalTestForDivided.1783608728191283-431-0/minicluster-data/ts-1-root
metadata directory: /tmp/dist-test-taskLDnUQm/test-tmp/auto_leader_rebalancer-test.0.LeaderRebalancerTest.FunctionalTestForDivided.1783608728191283-431-0/minicluster-data/ts-1-root
1 data directories: /tmp/dist-test-taskLDnUQm/test-tmp/auto_leader_rebalancer-test.0.LeaderRebalancerTest.FunctionalTestForDivided.1783608728191283-431-0/minicluster-data/ts-1-root/data
Total live blocks: 0
Total live bytes: 0
Total live bytes (after alignment): 0
Total number of LBM containers: 0 (0 full)
Did not check for missing blocks
Did not check for orphaned blocks
Total full LBM containers with extra space: 0 (0 repaired)
Total full LBM container extra space in bytes: 0 (0 repaired)
Total incomplete LBM containers: 0 (0 repaired)
Total LBM partial records: 0 (0 repaired)
Total corrupted LBM metadata records in RocksDB: 0 (0 repaired)
I20260709 14:52:10.074000   431 rpc_server.cc:225] running with OpenSSL 1.1.1  11 Sep 2018
I20260709 14:52:10.075342   431 kserver.cc:163] Server-wide thread pool size limit: 3276
I20260709 14:52:10.077314   431 txn_system_client.cc:432] TxnSystemClient initialization is disabled...
I20260709 14:52:10.080355   431 ts_tablet_manager.cc:585] Loaded tablet metadata (0 total tablets, 0 live tablets)
I20260709 14:52:10.080543   431 ts_tablet_manager.cc:531] Time spent load tablet metadata: real 0.000s	user 0.000s	sys 0.000s
I20260709 14:52:10.080791   431 ts_tablet_manager.cc:616] Registered 0 tablets
I20260709 14:52:10.080947   431 ts_tablet_manager.cc:595] Time spent register tablets: real 0.000s	user 0.000s	sys 0.000s
I20260709 14:52:10.177461   431 rpc_server.cc:307] RPC server started. Bound to: 127.0.107.194:44357
I20260709 14:52:10.177632   665 acceptor_pool.cc:272] collecting diagnostics on the listening RPC socket 127.0.107.194:44357 every 8 connection(s)
I20260709 14:52:10.184028   431 file_cache.cc:504] Constructed file cache file cache with capacity 419430
W20260709 14:52:10.192881   669 instance_detector.cc:116] could not retrieve AWS instance metadata: Network error: curl error: HTTP response code said error: The requested URL returned error: 404
W20260709 14:52:10.196622   670 instance_detector.cc:116] could not retrieve Azure instance metadata: Network error: curl error: HTTP response code said error: The requested URL returned error: 404
I20260709 14:52:10.199471   666 heartbeater.cc:344] Connected to a master server at 127.0.107.254:36695
I20260709 14:52:10.199898   666 heartbeater.cc:461] Registering TS with master...
I20260709 14:52:10.200899   666 heartbeater.cc:507] Master 127.0.107.254:36695 requested a full tablet report, sending...
W20260709 14:52:10.205212   672 instance_detector.cc:116] could not retrieve OpenStack instance metadata: Network error: curl error: HTTP response code said error: The requested URL returned error: 404
I20260709 14:52:10.207635   463 ts_manager.cc:194] Registered new tserver with Master: daa00962216542b2bf6d082c0b89eb23 (127.0.107.194:44357)
I20260709 14:52:10.209030   431 server_base.cc:1061] running on GCE node
I20260709 14:52:10.209239   463 master_service.cc:502] Signed X509 certificate for tserver {username='slave'} at 127.0.0.1:55962
I20260709 14:52:10.210012   431 hybrid_clock.cc:584] initializing the hybrid clock with 'system_unsync' time source
W20260709 14:52:10.210268   431 system_unsync_time.cc:38] NTP support is disabled. Clock error bounds will not be accurate. This configuration is not suitable for distributed clusters.
I20260709 14:52:10.210448   431 hybrid_clock.cc:648] HybridClock initialized: now 1783608730210431 us; error 0 us; skew 500 ppm
I20260709 14:52:10.211197   431 server_base.cc:861] Flag tcmalloc_max_total_thread_cache_bytes is not working since tcmalloc is not enabled.
I20260709 14:52:10.214102   431 webserver.cc:533] Webserver started at http://127.0.107.195:37267/ using document root <none> and password file <none>
I20260709 14:52:10.214546   431 fs_manager.cc:362] Metadata directory not provided
I20260709 14:52:10.214715   431 fs_manager.cc:368] Using write-ahead log directory (fs_wal_dir) as metadata directory
I20260709 14:52:10.214967   431 server_base.cc:909] This appears to be a new deployment of Kudu; creating new FS layout
I20260709 14:52:10.216073   431 fs_manager.cc:1068] Generated new instance metadata in path /tmp/dist-test-taskLDnUQm/test-tmp/auto_leader_rebalancer-test.0.LeaderRebalancerTest.FunctionalTestForDivided.1783608728191283-431-0/minicluster-data/ts-2-root/instance:
uuid: "05cc111e4ad04b6bace042e96e057b09"
format_stamp: "Formatted at 2026-07-09 14:52:10 on dist-test-slave-bg1j"
I20260709 14:52:10.220930   431 fs_manager.cc:696] Time spent creating directory manager: real 0.004s	user 0.005s	sys 0.000s
I20260709 14:52:10.224165   677 log_block_manager.cc:4127] Time spent loading block containers with low live blocks: real 0.000s	user 0.000s	sys 0.000s
I20260709 14:52:10.224936   431 fs_manager.cc:730] Time spent opening block manager: real 0.002s	user 0.000s	sys 0.003s
I20260709 14:52:10.225189   431 fs_manager.cc:647] Opened local filesystem: /tmp/dist-test-taskLDnUQm/test-tmp/auto_leader_rebalancer-test.0.LeaderRebalancerTest.FunctionalTestForDivided.1783608728191283-431-0/minicluster-data/ts-2-root
uuid: "05cc111e4ad04b6bace042e96e057b09"
format_stamp: "Formatted at 2026-07-09 14:52:10 on dist-test-slave-bg1j"
I20260709 14:52:10.225442   431 fs_report.cc:389] FS layout report
--------------------
wal directory: /tmp/dist-test-taskLDnUQm/test-tmp/auto_leader_rebalancer-test.0.LeaderRebalancerTest.FunctionalTestForDivided.1783608728191283-431-0/minicluster-data/ts-2-root
metadata directory: /tmp/dist-test-taskLDnUQm/test-tmp/auto_leader_rebalancer-test.0.LeaderRebalancerTest.FunctionalTestForDivided.1783608728191283-431-0/minicluster-data/ts-2-root
1 data directories: /tmp/dist-test-taskLDnUQm/test-tmp/auto_leader_rebalancer-test.0.LeaderRebalancerTest.FunctionalTestForDivided.1783608728191283-431-0/minicluster-data/ts-2-root/data
Total live blocks: 0
Total live bytes: 0
Total live bytes (after alignment): 0
Total number of LBM containers: 0 (0 full)
Did not check for missing blocks
Did not check for orphaned blocks
Total full LBM containers with extra space: 0 (0 repaired)
Total full LBM container extra space in bytes: 0 (0 repaired)
Total incomplete LBM containers: 0 (0 repaired)
Total LBM partial records: 0 (0 repaired)
Total corrupted LBM metadata records in RocksDB: 0 (0 repaired)
I20260709 14:52:10.248010   431 rpc_server.cc:225] running with OpenSSL 1.1.1  11 Sep 2018
I20260709 14:52:10.249594   431 kserver.cc:163] Server-wide thread pool size limit: 3276
I20260709 14:52:10.250942   431 txn_system_client.cc:432] TxnSystemClient initialization is disabled...
I20260709 14:52:10.253021   431 ts_tablet_manager.cc:585] Loaded tablet metadata (0 total tablets, 0 live tablets)
I20260709 14:52:10.253198   431 ts_tablet_manager.cc:531] Time spent load tablet metadata: real 0.000s	user 0.000s	sys 0.000s
I20260709 14:52:10.253433   431 ts_tablet_manager.cc:616] Registered 0 tablets
I20260709 14:52:10.253615   431 ts_tablet_manager.cc:595] Time spent register tablets: real 0.000s	user 0.000s	sys 0.000s
I20260709 14:52:10.347321   431 rpc_server.cc:307] RPC server started. Bound to: 127.0.107.195:44911
I20260709 14:52:10.347527   739 acceptor_pool.cc:272] collecting diagnostics on the listening RPC socket 127.0.107.195:44911 every 8 connection(s)
I20260709 14:52:10.364573   740 heartbeater.cc:344] Connected to a master server at 127.0.107.254:36695
I20260709 14:52:10.364893   740 heartbeater.cc:461] Registering TS with master...
I20260709 14:52:10.365986   740 heartbeater.cc:507] Master 127.0.107.254:36695 requested a full tablet report, sending...
I20260709 14:52:10.367767   463 ts_manager.cc:194] Registered new tserver with Master: 05cc111e4ad04b6bace042e96e057b09 (127.0.107.195:44911)
I20260709 14:52:10.368005   431 internal_mini_cluster.cc:371] 3 TS(s) registered with all masters after 0.014154051s
I20260709 14:52:10.369386   463 master_service.cc:502] Signed X509 certificate for tserver {username='slave'} at 127.0.0.1:55968
I20260709 14:52:10.418260   463 catalog_manager.cc:2283] Servicing CreateTable request from {username='slave'} at 127.0.0.1:55984:
name: "test-workload"
schema {
  columns {
    name: "key"
    type: INT32
    is_key: true
    is_nullable: false
    encoding: AUTO_ENCODING
    compression: DEFAULT_COMPRESSION
    cfile_block_size: 0
    immutable: false
  }
  columns {
    name: "int_val"
    type: INT32
    is_key: false
    is_nullable: false
    encoding: AUTO_ENCODING
    compression: DEFAULT_COMPRESSION
    cfile_block_size: 0
    immutable: false
  }
  columns {
    name: "string_val"
    type: STRING
    is_key: false
    is_nullable: true
    encoding: AUTO_ENCODING
    compression: DEFAULT_COMPRESSION
    cfile_block_size: 0
    immutable: false
  }
}
num_replicas: 3
split_rows_range_bounds {
  rows: "\004\001\000\216\3438\016\004\001\000\034\307q\034\004\001\000\252\252\252*\004\001\0008\216\3438\004\001\000\306q\034G\004\001\000TUUU\004\001\000\3428\216c\004\001\000p\034\307q""\004\001\000\216\3438\016\004\001\000\034\307q\034\004\001\000\252\252\252*\004\001\0008\216\3438\004\001\000\306q\034G\004\001\000TUUU\004\001\000\3428\216c\004\001\000p\034\307q"
  indirect_data: """"
}
partition_schema {
  range_schema {
    columns {
      name: "key"
    }
  }
}
W20260709 14:52:10.422071   463 catalog_manager.cc:7077] The number of live tablet servers is not enough to re-replicate a tablet replica of the newly created table test-workload in case of a server failure: 4 tablet servers would be needed, 3 are available. Consider bringing up more tablet servers.
I20260709 14:52:10.523466   631 tablet_service.cc:1511] Processing CreateTablet for tablet a9134d8c95a947918932c2dbf8aa809d (DEFAULT_TABLE table=test-workload [id=4008911abead459798ecd75de61d95d2]), partition=RANGE (key) PARTITION VALUES < 238609294
I20260709 14:52:10.527187   705 tablet_service.cc:1511] Processing CreateTablet for tablet a9134d8c95a947918932c2dbf8aa809d (DEFAULT_TABLE table=test-workload [id=4008911abead459798ecd75de61d95d2]), partition=RANGE (key) PARTITION VALUES < 238609294
I20260709 14:52:10.529285   705 data_dirs.cc:400] Could only allocate 1 dirs of requested 3 for tablet a9134d8c95a947918932c2dbf8aa809d. 1 dirs total, 0 dirs full, 0 dirs failed
I20260709 14:52:10.530959   704 tablet_service.cc:1511] Processing CreateTablet for tablet 21bf863fdd754748bd95f9326fad0e5e (DEFAULT_TABLE table=test-workload [id=4008911abead459798ecd75de61d95d2]), partition=RANGE (key) PARTITION 238609294 <= VALUES < 477218588
I20260709 14:52:10.532672   704 data_dirs.cc:400] Could only allocate 1 dirs of requested 3 for tablet 21bf863fdd754748bd95f9326fad0e5e. 1 dirs total, 0 dirs full, 0 dirs failed
I20260709 14:52:10.533406   631 data_dirs.cc:400] Could only allocate 1 dirs of requested 3 for tablet a9134d8c95a947918932c2dbf8aa809d. 1 dirs total, 0 dirs full, 0 dirs failed
I20260709 14:52:10.537282   703 tablet_service.cc:1511] Processing CreateTablet for tablet 88a20a6ab3b4417ebe5a9aaceee02e4b (DEFAULT_TABLE table=test-workload [id=4008911abead459798ecd75de61d95d2]), partition=RANGE (key) PARTITION 477218588 <= VALUES < 715827882
I20260709 14:52:10.541232   703 data_dirs.cc:400] Could only allocate 1 dirs of requested 3 for tablet 88a20a6ab3b4417ebe5a9aaceee02e4b. 1 dirs total, 0 dirs full, 0 dirs failed
I20260709 14:52:10.541422   630 tablet_service.cc:1511] Processing CreateTablet for tablet 21bf863fdd754748bd95f9326fad0e5e (DEFAULT_TABLE table=test-workload [id=4008911abead459798ecd75de61d95d2]), partition=RANGE (key) PARTITION 238609294 <= VALUES < 477218588
I20260709 14:52:10.544059   702 tablet_service.cc:1511] Processing CreateTablet for tablet ecf3d99bde5d4347b11455384090fdfa (DEFAULT_TABLE table=test-workload [id=4008911abead459798ecd75de61d95d2]), partition=RANGE (key) PARTITION 715827882 <= VALUES < 954437176
I20260709 14:52:10.548182   630 data_dirs.cc:400] Could only allocate 1 dirs of requested 3 for tablet 21bf863fdd754748bd95f9326fad0e5e. 1 dirs total, 0 dirs full, 0 dirs failed
I20260709 14:52:10.548702   701 tablet_service.cc:1511] Processing CreateTablet for tablet 5389aba74ad847e1a23558e6eaa27e3f (DEFAULT_TABLE table=test-workload [id=4008911abead459798ecd75de61d95d2]), partition=RANGE (key) PARTITION 954437176 <= VALUES < 1193046470
I20260709 14:52:10.548117   629 tablet_service.cc:1511] Processing CreateTablet for tablet 88a20a6ab3b4417ebe5a9aaceee02e4b (DEFAULT_TABLE table=test-workload [id=4008911abead459798ecd75de61d95d2]), partition=RANGE (key) PARTITION 477218588 <= VALUES < 715827882
I20260709 14:52:10.554548   702 data_dirs.cc:400] Could only allocate 1 dirs of requested 3 for tablet ecf3d99bde5d4347b11455384090fdfa. 1 dirs total, 0 dirs full, 0 dirs failed
I20260709 14:52:10.550771   700 tablet_service.cc:1511] Processing CreateTablet for tablet ac12409ea0504bcea4d4b9239ffe7669 (DEFAULT_TABLE table=test-workload [id=4008911abead459798ecd75de61d95d2]), partition=RANGE (key) PARTITION 1193046470 <= VALUES < 1431655764
I20260709 14:52:10.555613   629 data_dirs.cc:400] Could only allocate 1 dirs of requested 3 for tablet 88a20a6ab3b4417ebe5a9aaceee02e4b. 1 dirs total, 0 dirs full, 0 dirs failed
I20260709 14:52:10.561399   701 data_dirs.cc:400] Could only allocate 1 dirs of requested 3 for tablet 5389aba74ad847e1a23558e6eaa27e3f. 1 dirs total, 0 dirs full, 0 dirs failed
I20260709 14:52:10.554585   699 tablet_service.cc:1511] Processing CreateTablet for tablet 7a766ab0088b4f19ab151d06cbe694ac (DEFAULT_TABLE table=test-workload [id=4008911abead459798ecd75de61d95d2]), partition=RANGE (key) PARTITION 1431655764 <= VALUES < 1670265058
I20260709 14:52:10.571624   700 data_dirs.cc:400] Could only allocate 1 dirs of requested 3 for tablet ac12409ea0504bcea4d4b9239ffe7669. 1 dirs total, 0 dirs full, 0 dirs failed
I20260709 14:52:10.576936   554 tablet_service.cc:1511] Processing CreateTablet for tablet 88a20a6ab3b4417ebe5a9aaceee02e4b (DEFAULT_TABLE table=test-workload [id=4008911abead459798ecd75de61d95d2]), partition=RANGE (key) PARTITION 477218588 <= VALUES < 715827882
I20260709 14:52:10.573071   697 tablet_service.cc:1511] Processing CreateTablet for tablet d6aa381321424316800b6c5f5ec6b2a0 (DEFAULT_TABLE table=test-workload [id=4008911abead459798ecd75de61d95d2]), partition=RANGE (key) PARTITION 1908874352 <= VALUES
I20260709 14:52:10.579985   625 tablet_service.cc:1511] Processing CreateTablet for tablet 7a766ab0088b4f19ab151d06cbe694ac (DEFAULT_TABLE table=test-workload [id=4008911abead459798ecd75de61d95d2]), partition=RANGE (key) PARTITION 1431655764 <= VALUES < 1670265058
I20260709 14:52:10.581303   625 data_dirs.cc:400] Could only allocate 1 dirs of requested 3 for tablet 7a766ab0088b4f19ab151d06cbe694ac. 1 dirs total, 0 dirs full, 0 dirs failed
I20260709 14:52:10.583492   553 tablet_service.cc:1511] Processing CreateTablet for tablet ecf3d99bde5d4347b11455384090fdfa (DEFAULT_TABLE table=test-workload [id=4008911abead459798ecd75de61d95d2]), partition=RANGE (key) PARTITION 715827882 <= VALUES < 954437176
I20260709 14:52:10.586042   698 tablet_service.cc:1511] Processing CreateTablet for tablet eb075f9776e2477285a16a2015aeb856 (DEFAULT_TABLE table=test-workload [id=4008911abead459798ecd75de61d95d2]), partition=RANGE (key) PARTITION 1670265058 <= VALUES < 1908874352
I20260709 14:52:10.594363   624 tablet_service.cc:1511] Processing CreateTablet for tablet eb075f9776e2477285a16a2015aeb856 (DEFAULT_TABLE table=test-workload [id=4008911abead459798ecd75de61d95d2]), partition=RANGE (key) PARTITION 1670265058 <= VALUES < 1908874352
I20260709 14:52:10.594547   623 tablet_service.cc:1511] Processing CreateTablet for tablet d6aa381321424316800b6c5f5ec6b2a0 (DEFAULT_TABLE table=test-workload [id=4008911abead459798ecd75de61d95d2]), partition=RANGE (key) PARTITION 1908874352 <= VALUES
I20260709 14:52:10.597865   624 data_dirs.cc:400] Could only allocate 1 dirs of requested 3 for tablet eb075f9776e2477285a16a2015aeb856. 1 dirs total, 0 dirs full, 0 dirs failed
I20260709 14:52:10.590464   555 tablet_service.cc:1511] Processing CreateTablet for tablet 21bf863fdd754748bd95f9326fad0e5e (DEFAULT_TABLE table=test-workload [id=4008911abead459798ecd75de61d95d2]), partition=RANGE (key) PARTITION 238609294 <= VALUES < 477218588
I20260709 14:52:10.590931   626 tablet_service.cc:1511] Processing CreateTablet for tablet ac12409ea0504bcea4d4b9239ffe7669 (DEFAULT_TABLE table=test-workload [id=4008911abead459798ecd75de61d95d2]), partition=RANGE (key) PARTITION 1193046470 <= VALUES < 1431655764
I20260709 14:52:10.592038   556 tablet_service.cc:1511] Processing CreateTablet for tablet a9134d8c95a947918932c2dbf8aa809d (DEFAULT_TABLE table=test-workload [id=4008911abead459798ecd75de61d95d2]), partition=RANGE (key) PARTITION VALUES < 238609294
I20260709 14:52:10.601655   552 tablet_service.cc:1511] Processing CreateTablet for tablet 5389aba74ad847e1a23558e6eaa27e3f (DEFAULT_TABLE table=test-workload [id=4008911abead459798ecd75de61d95d2]), partition=RANGE (key) PARTITION 954437176 <= VALUES < 1193046470
I20260709 14:52:10.573364   628 tablet_service.cc:1511] Processing CreateTablet for tablet ecf3d99bde5d4347b11455384090fdfa (DEFAULT_TABLE table=test-workload [id=4008911abead459798ecd75de61d95d2]), partition=RANGE (key) PARTITION 715827882 <= VALUES < 954437176
I20260709 14:52:10.591528   627 tablet_service.cc:1511] Processing CreateTablet for tablet 5389aba74ad847e1a23558e6eaa27e3f (DEFAULT_TABLE table=test-workload [id=4008911abead459798ecd75de61d95d2]), partition=RANGE (key) PARTITION 954437176 <= VALUES < 1193046470
I20260709 14:52:10.606686   623 data_dirs.cc:400] Could only allocate 1 dirs of requested 3 for tablet d6aa381321424316800b6c5f5ec6b2a0. 1 dirs total, 0 dirs full, 0 dirs failed
I20260709 14:52:10.603444   699 data_dirs.cc:400] Could only allocate 1 dirs of requested 3 for tablet 7a766ab0088b4f19ab151d06cbe694ac. 1 dirs total, 0 dirs full, 0 dirs failed
I20260709 14:52:10.609719   628 data_dirs.cc:400] Could only allocate 1 dirs of requested 3 for tablet ecf3d99bde5d4347b11455384090fdfa. 1 dirs total, 0 dirs full, 0 dirs failed
I20260709 14:52:10.606469   554 data_dirs.cc:400] Could only allocate 1 dirs of requested 3 for tablet 88a20a6ab3b4417ebe5a9aaceee02e4b. 1 dirs total, 0 dirs full, 0 dirs failed
I20260709 14:52:10.619091   551 tablet_service.cc:1511] Processing CreateTablet for tablet ac12409ea0504bcea4d4b9239ffe7669 (DEFAULT_TABLE table=test-workload [id=4008911abead459798ecd75de61d95d2]), partition=RANGE (key) PARTITION 1193046470 <= VALUES < 1431655764
I20260709 14:52:10.621978   552 data_dirs.cc:400] Could only allocate 1 dirs of requested 3 for tablet 5389aba74ad847e1a23558e6eaa27e3f. 1 dirs total, 0 dirs full, 0 dirs failed
I20260709 14:52:10.623405   551 data_dirs.cc:400] Could only allocate 1 dirs of requested 3 for tablet ac12409ea0504bcea4d4b9239ffe7669. 1 dirs total, 0 dirs full, 0 dirs failed
I20260709 14:52:10.626545   697 data_dirs.cc:400] Could only allocate 1 dirs of requested 3 for tablet d6aa381321424316800b6c5f5ec6b2a0. 1 dirs total, 0 dirs full, 0 dirs failed
I20260709 14:52:10.628721   556 data_dirs.cc:400] Could only allocate 1 dirs of requested 3 for tablet a9134d8c95a947918932c2dbf8aa809d. 1 dirs total, 0 dirs full, 0 dirs failed
I20260709 14:52:10.631943   555 data_dirs.cc:400] Could only allocate 1 dirs of requested 3 for tablet 21bf863fdd754748bd95f9326fad0e5e. 1 dirs total, 0 dirs full, 0 dirs failed
I20260709 14:52:10.634606   626 data_dirs.cc:400] Could only allocate 1 dirs of requested 3 for tablet ac12409ea0504bcea4d4b9239ffe7669. 1 dirs total, 0 dirs full, 0 dirs failed
I20260709 14:52:10.637387   698 data_dirs.cc:400] Could only allocate 1 dirs of requested 3 for tablet eb075f9776e2477285a16a2015aeb856. 1 dirs total, 0 dirs full, 0 dirs failed
I20260709 14:52:10.640662   553 data_dirs.cc:400] Could only allocate 1 dirs of requested 3 for tablet ecf3d99bde5d4347b11455384090fdfa. 1 dirs total, 0 dirs full, 0 dirs failed
I20260709 14:52:10.644129   627 data_dirs.cc:400] Could only allocate 1 dirs of requested 3 for tablet 5389aba74ad847e1a23558e6eaa27e3f. 1 dirs total, 0 dirs full, 0 dirs failed
I20260709 14:52:10.665215   550 tablet_service.cc:1511] Processing CreateTablet for tablet 7a766ab0088b4f19ab151d06cbe694ac (DEFAULT_TABLE table=test-workload [id=4008911abead459798ecd75de61d95d2]), partition=RANGE (key) PARTITION 1431655764 <= VALUES < 1670265058
I20260709 14:52:10.666558   550 data_dirs.cc:400] Could only allocate 1 dirs of requested 3 for tablet 7a766ab0088b4f19ab151d06cbe694ac. 1 dirs total, 0 dirs full, 0 dirs failed
I20260709 14:52:10.668807   549 tablet_service.cc:1511] Processing CreateTablet for tablet eb075f9776e2477285a16a2015aeb856 (DEFAULT_TABLE table=test-workload [id=4008911abead459798ecd75de61d95d2]), partition=RANGE (key) PARTITION 1670265058 <= VALUES < 1908874352
I20260709 14:52:10.670118   549 data_dirs.cc:400] Could only allocate 1 dirs of requested 3 for tablet eb075f9776e2477285a16a2015aeb856. 1 dirs total, 0 dirs full, 0 dirs failed
I20260709 14:52:10.682525   548 tablet_service.cc:1511] Processing CreateTablet for tablet d6aa381321424316800b6c5f5ec6b2a0 (DEFAULT_TABLE table=test-workload [id=4008911abead459798ecd75de61d95d2]), partition=RANGE (key) PARTITION 1908874352 <= VALUES
I20260709 14:52:10.694809   548 data_dirs.cc:400] Could only allocate 1 dirs of requested 3 for tablet d6aa381321424316800b6c5f5ec6b2a0. 1 dirs total, 0 dirs full, 0 dirs failed
W20260709 14:52:10.745517   510 auto_rebalancer.cc:288] Could not retrieve cluster info: Service unavailable: Tablet not running
I20260709 14:52:10.842585   759 tablet_bootstrap.cc:492] T ac12409ea0504bcea4d4b9239ffe7669 P 05cc111e4ad04b6bace042e96e057b09: Bootstrap starting.
I20260709 14:52:10.857384   758 tablet_bootstrap.cc:492] T 5389aba74ad847e1a23558e6eaa27e3f P ee81108e6c3246f6a9633d2917bf9a50: Bootstrap starting.
I20260709 14:52:10.873008   760 tablet_bootstrap.cc:492] T a9134d8c95a947918932c2dbf8aa809d P daa00962216542b2bf6d082c0b89eb23: Bootstrap starting.
I20260709 14:52:10.897451   759 tablet_bootstrap.cc:654] T ac12409ea0504bcea4d4b9239ffe7669 P 05cc111e4ad04b6bace042e96e057b09: Neither blocks nor log segments found. Creating new log.
I20260709 14:52:10.911156   758 tablet_bootstrap.cc:654] T 5389aba74ad847e1a23558e6eaa27e3f P ee81108e6c3246f6a9633d2917bf9a50: Neither blocks nor log segments found. Creating new log.
I20260709 14:52:10.915158   760 tablet_bootstrap.cc:654] T a9134d8c95a947918932c2dbf8aa809d P daa00962216542b2bf6d082c0b89eb23: Neither blocks nor log segments found. Creating new log.
I20260709 14:52:10.930753   759 tablet_bootstrap.cc:492] T ac12409ea0504bcea4d4b9239ffe7669 P 05cc111e4ad04b6bace042e96e057b09: No bootstrap required, opened a new log
I20260709 14:52:10.930755   760 tablet_bootstrap.cc:492] T a9134d8c95a947918932c2dbf8aa809d P daa00962216542b2bf6d082c0b89eb23: No bootstrap required, opened a new log
I20260709 14:52:10.931332   759 ts_tablet_manager.cc:1403] T ac12409ea0504bcea4d4b9239ffe7669 P 05cc111e4ad04b6bace042e96e057b09: Time spent bootstrapping tablet: real 0.094s	user 0.023s	sys 0.018s
I20260709 14:52:10.931450   760 ts_tablet_manager.cc:1403] T a9134d8c95a947918932c2dbf8aa809d P daa00962216542b2bf6d082c0b89eb23: Time spent bootstrapping tablet: real 0.066s	user 0.012s	sys 0.012s
I20260709 14:52:10.935215   759 raft_consensus.cc:359] T ac12409ea0504bcea4d4b9239ffe7669 P 05cc111e4ad04b6bace042e96e057b09 [term 0 FOLLOWER]: Replica starting. Triggering 0 pending ops. Active config: opid_index: -1 OBSOLETE_local: false peers { permanent_uuid: "ee81108e6c3246f6a9633d2917bf9a50" member_type: VOTER last_known_addr { host: "127.0.107.193" port: 32917 } } peers { permanent_uuid: "daa00962216542b2bf6d082c0b89eb23" member_type: VOTER last_known_addr { host: "127.0.107.194" port: 44357 } } peers { permanent_uuid: "05cc111e4ad04b6bace042e96e057b09" member_type: VOTER last_known_addr { host: "127.0.107.195" port: 44911 } }
I20260709 14:52:10.935876   758 tablet_bootstrap.cc:492] T 5389aba74ad847e1a23558e6eaa27e3f P ee81108e6c3246f6a9633d2917bf9a50: No bootstrap required, opened a new log
I20260709 14:52:10.936415   758 ts_tablet_manager.cc:1403] T 5389aba74ad847e1a23558e6eaa27e3f P ee81108e6c3246f6a9633d2917bf9a50: Time spent bootstrapping tablet: real 0.096s	user 0.012s	sys 0.008s
I20260709 14:52:10.936792   759 raft_consensus.cc:385] T ac12409ea0504bcea4d4b9239ffe7669 P 05cc111e4ad04b6bace042e96e057b09 [term 0 FOLLOWER]: Consensus starting up: Expiring failure detector timer to make a prompt election more likely
I20260709 14:52:10.937129   759 raft_consensus.cc:740] T ac12409ea0504bcea4d4b9239ffe7669 P 05cc111e4ad04b6bace042e96e057b09 [term 0 FOLLOWER]: Becoming Follower/Learner. State: Replica: 05cc111e4ad04b6bace042e96e057b09, State: Initialized, Role: FOLLOWER
I20260709 14:52:10.937929   759 consensus_queue.cc:260] T ac12409ea0504bcea4d4b9239ffe7669 P 05cc111e4ad04b6bace042e96e057b09 [NON_LEADER]: Queue going to NON_LEADER mode. State: All replicated index: 0, Majority replicated index: 0, Committed index: 0, Last appended: 0.0, Last appended by leader: 0, Current term: 0, Majority size: -1, State: 0, Mode: NON_LEADER, active raft config: opid_index: -1 OBSOLETE_local: false peers { permanent_uuid: "ee81108e6c3246f6a9633d2917bf9a50" member_type: VOTER last_known_addr { host: "127.0.107.193" port: 32917 } } peers { permanent_uuid: "daa00962216542b2bf6d082c0b89eb23" member_type: VOTER last_known_addr { host: "127.0.107.194" port: 44357 } } peers { permanent_uuid: "05cc111e4ad04b6bace042e96e057b09" member_type: VOTER last_known_addr { host: "127.0.107.195" port: 44911 } }
I20260709 14:52:10.940094   740 heartbeater.cc:499] Master 127.0.107.254:36695 was elected leader, sending a full tablet report...
I20260709 14:52:10.940551   758 raft_consensus.cc:359] T 5389aba74ad847e1a23558e6eaa27e3f P ee81108e6c3246f6a9633d2917bf9a50 [term 0 FOLLOWER]: Replica starting. Triggering 0 pending ops. Active config: opid_index: -1 OBSOLETE_local: false peers { permanent_uuid: "ee81108e6c3246f6a9633d2917bf9a50" member_type: VOTER last_known_addr { host: "127.0.107.193" port: 32917 } } peers { permanent_uuid: "daa00962216542b2bf6d082c0b89eb23" member_type: VOTER last_known_addr { host: "127.0.107.194" port: 44357 } } peers { permanent_uuid: "05cc111e4ad04b6bace042e96e057b09" member_type: VOTER last_known_addr { host: "127.0.107.195" port: 44911 } }
I20260709 14:52:10.941248   758 raft_consensus.cc:385] T 5389aba74ad847e1a23558e6eaa27e3f P ee81108e6c3246f6a9633d2917bf9a50 [term 0 FOLLOWER]: Consensus starting up: Expiring failure detector timer to make a prompt election more likely
I20260709 14:52:10.941390   759 ts_tablet_manager.cc:1434] T ac12409ea0504bcea4d4b9239ffe7669 P 05cc111e4ad04b6bace042e96e057b09: Time spent starting tablet: real 0.010s	user 0.006s	sys 0.001s
I20260709 14:52:10.941550   758 raft_consensus.cc:740] T 5389aba74ad847e1a23558e6eaa27e3f P ee81108e6c3246f6a9633d2917bf9a50 [term 0 FOLLOWER]: Becoming Follower/Learner. State: Replica: ee81108e6c3246f6a9633d2917bf9a50, State: Initialized, Role: FOLLOWER
I20260709 14:52:10.942291   759 tablet_bootstrap.cc:492] T ecf3d99bde5d4347b11455384090fdfa P 05cc111e4ad04b6bace042e96e057b09: Bootstrap starting.
I20260709 14:52:10.942314   758 consensus_queue.cc:260] T 5389aba74ad847e1a23558e6eaa27e3f P ee81108e6c3246f6a9633d2917bf9a50 [NON_LEADER]: Queue going to NON_LEADER mode. State: All replicated index: 0, Majority replicated index: 0, Committed index: 0, Last appended: 0.0, Last appended by leader: 0, Current term: 0, Majority size: -1, State: 0, Mode: NON_LEADER, active raft config: opid_index: -1 OBSOLETE_local: false peers { permanent_uuid: "ee81108e6c3246f6a9633d2917bf9a50" member_type: VOTER last_known_addr { host: "127.0.107.193" port: 32917 } } peers { permanent_uuid: "daa00962216542b2bf6d082c0b89eb23" member_type: VOTER last_known_addr { host: "127.0.107.194" port: 44357 } } peers { permanent_uuid: "05cc111e4ad04b6bace042e96e057b09" member_type: VOTER last_known_addr { host: "127.0.107.195" port: 44911 } }
I20260709 14:52:10.940093   760 raft_consensus.cc:359] T a9134d8c95a947918932c2dbf8aa809d P daa00962216542b2bf6d082c0b89eb23 [term 0 FOLLOWER]: Replica starting. Triggering 0 pending ops. Active config: opid_index: -1 OBSOLETE_local: false peers { permanent_uuid: "daa00962216542b2bf6d082c0b89eb23" member_type: VOTER last_known_addr { host: "127.0.107.194" port: 44357 } } peers { permanent_uuid: "05cc111e4ad04b6bace042e96e057b09" member_type: VOTER last_known_addr { host: "127.0.107.195" port: 44911 } } peers { permanent_uuid: "ee81108e6c3246f6a9633d2917bf9a50" member_type: VOTER last_known_addr { host: "127.0.107.193" port: 32917 } }
