I20260709 14:51:57.486563 10926 ts_tablet_manager.cc:1434] T 4757f94dccee439ea045f5e3554237c4 P 1f08beaf21f1434197526191b200fe10: Time spent starting tablet: real 0.024s	user 0.005s	sys 0.001s
I20260709 14:51:57.487506 10926 tablet_bootstrap.cc:492] T 21b93c7f13434260aacfbca72c38af54 P 1f08beaf21f1434197526191b200fe10: Bootstrap starting.
I20260709 14:51:57.487739 11109 raft_consensus.cc:2804] T 4757f94dccee439ea045f5e3554237c4 P 214adc8aebc2491fb25ca6e78b55dc75 [term 0 FOLLOWER]: Leader pre-election won for term 1
I20260709 14:51:57.488138 11109 raft_consensus.cc:493] T 4757f94dccee439ea045f5e3554237c4 P 214adc8aebc2491fb25ca6e78b55dc75 [term 0 FOLLOWER]: Starting leader election (no leader contacted us within the election timeout)
I20260709 14:51:57.488471 11109 raft_consensus.cc:3060] T 4757f94dccee439ea045f5e3554237c4 P 214adc8aebc2491fb25ca6e78b55dc75 [term 0 FOLLOWER]: Advancing to term 1
I20260709 14:51:57.489107 11013 leader_election.cc:290] T 7f07cd9102954dfab5a7f34414c2ac6e P 1f08beaf21f1434197526191b200fe10 [CANDIDATE]: Term 1 pre-election: Requested pre-vote from peers 214adc8aebc2491fb25ca6e78b55dc75 (127.9.103.66:46319), 9c120918171a454986221d8f5a01d05c (127.9.103.67:33213)
I20260709 14:51:57.488394 10808 tablet_service.cc:1917] Received RequestConsensusVote() RPC: tablet_id: "7f07cd9102954dfab5a7f34414c2ac6e" candidate_uuid: "1f08beaf21f1434197526191b200fe10" candidate_term: 1 candidate_status { last_received { term: 0 index: 0 } } ignore_live_leader: false dest_uuid: "214adc8aebc2491fb25ca6e78b55dc75" is_pre_election: true
I20260709 14:51:57.491938 10922 raft_consensus.cc:359] T 21b93c7f13434260aacfbca72c38af54 P 214adc8aebc2491fb25ca6e78b55dc75 [term 0 FOLLOWER]: Replica starting. Triggering 0 pending ops. Active config: opid_index: -1 OBSOLETE_local: false peers { permanent_uuid: "1f08beaf21f1434197526191b200fe10" member_type: VOTER last_known_addr { host: "127.9.103.65" port: 44315 } } peers { permanent_uuid: "214adc8aebc2491fb25ca6e78b55dc75" member_type: VOTER last_known_addr { host: "127.9.103.66" port: 46319 } } peers { permanent_uuid: "9c120918171a454986221d8f5a01d05c" member_type: VOTER last_known_addr { host: "127.9.103.67" port: 33213 } }
I20260709 14:51:57.492576 10922 raft_consensus.cc:385] T 21b93c7f13434260aacfbca72c38af54 P 214adc8aebc2491fb25ca6e78b55dc75 [term 0 FOLLOWER]: Consensus starting up: Expiring failure detector timer to make a prompt election more likely
I20260709 14:51:57.492862 10922 raft_consensus.cc:740] T 21b93c7f13434260aacfbca72c38af54 P 214adc8aebc2491fb25ca6e78b55dc75 [term 0 FOLLOWER]: Becoming Follower/Learner. State: Replica: 214adc8aebc2491fb25ca6e78b55dc75, State: Initialized, Role: FOLLOWER
I20260709 14:51:57.493456 10922 consensus_queue.cc:260] T 21b93c7f13434260aacfbca72c38af54 P 214adc8aebc2491fb25ca6e78b55dc75 [NON_LEADER]: Queue going to NON_LEADER mode. State: All replicated index: 0, Majority replicated index: 0, Committed index: 0, Last appended: 0.0, Last appended by leader: 0, Current term: 0, Majority size: -1, State: 0, Mode: NON_LEADER, active raft config: opid_index: -1 OBSOLETE_local: false peers { permanent_uuid: "1f08beaf21f1434197526191b200fe10" member_type: VOTER last_known_addr { host: "127.9.103.65" port: 44315 } } peers { permanent_uuid: "214adc8aebc2491fb25ca6e78b55dc75" member_type: VOTER last_known_addr { host: "127.9.103.66" port: 46319 } } peers { permanent_uuid: "9c120918171a454986221d8f5a01d05c" member_type: VOTER last_known_addr { host: "127.9.103.67" port: 33213 } }
I20260709 14:51:57.498751 10922 ts_tablet_manager.cc:1434] T 21b93c7f13434260aacfbca72c38af54 P 214adc8aebc2491fb25ca6e78b55dc75: Time spent starting tablet: real 0.016s	user 0.004s	sys 0.000s
I20260709 14:51:57.499920 10922 tablet_bootstrap.cc:492] T 9aeb28d160c34edcb7e22f94f49f33e8 P 214adc8aebc2491fb25ca6e78b55dc75: Bootstrap starting.
W20260709 14:51:57.502812 10848 leader_election.cc:343] T 21b93c7f13434260aacfbca72c38af54 P 9c120918171a454986221d8f5a01d05c [CANDIDATE]: Term 1 pre-election: Tablet error from VoteRequest() call to peer 214adc8aebc2491fb25ca6e78b55dc75 (127.9.103.66:46319): Illegal state: must be running to vote when last-logged opid is not known
I20260709 14:51:57.503310 10848 leader_election.cc:304] T 21b93c7f13434260aacfbca72c38af54 P 9c120918171a454986221d8f5a01d05c [CANDIDATE]: Term 1 pre-election: Election decided. Result: candidate lost. Election summary: received 3 responses out of 3 voters: 1 yes votes; 2 no votes. yes voters: 9c120918171a454986221d8f5a01d05c; no voters: 1f08beaf21f1434197526191b200fe10, 214adc8aebc2491fb25ca6e78b55dc75
I20260709 14:51:57.504212 11159 raft_consensus.cc:2749] T 21b93c7f13434260aacfbca72c38af54 P 9c120918171a454986221d8f5a01d05c [term 0 FOLLOWER]: Leader pre-election lost for term 1. Reason: could not achieve majority
I20260709 14:51:57.505303 10923 tablet_bootstrap.cc:654] T e2549efa462b4f87a5c59a641d5ecc48 P 9c120918171a454986221d8f5a01d05c: Neither blocks nor log segments found. Creating new log.
I20260709 14:51:57.508129 10926 tablet_bootstrap.cc:654] T 21b93c7f13434260aacfbca72c38af54 P 1f08beaf21f1434197526191b200fe10: Neither blocks nor log segments found. Creating new log.
I20260709 14:51:57.498718 11109 raft_consensus.cc:515] T 4757f94dccee439ea045f5e3554237c4 P 214adc8aebc2491fb25ca6e78b55dc75 [term 1 FOLLOWER]: Starting leader election with config: opid_index: -1 OBSOLETE_local: false peers { permanent_uuid: "1f08beaf21f1434197526191b200fe10" member_type: VOTER last_known_addr { host: "127.9.103.65" port: 44315 } } peers { permanent_uuid: "214adc8aebc2491fb25ca6e78b55dc75" member_type: VOTER last_known_addr { host: "127.9.103.66" port: 46319 } } peers { permanent_uuid: "9c120918171a454986221d8f5a01d05c" member_type: VOTER last_known_addr { host: "127.9.103.67" port: 33213 } }
I20260709 14:51:57.509922 10877 tablet_service.cc:1917] Received RequestConsensusVote() RPC: tablet_id: "7f07cd9102954dfab5a7f34414c2ac6e" candidate_uuid: "1f08beaf21f1434197526191b200fe10" candidate_term: 1 candidate_status { last_received { term: 0 index: 0 } } ignore_live_leader: false dest_uuid: "9c120918171a454986221d8f5a01d05c" is_pre_election: true
I20260709 14:51:57.510958 10877 raft_consensus.cc:2393] T 7f07cd9102954dfab5a7f34414c2ac6e P 9c120918171a454986221d8f5a01d05c [term 1 FOLLOWER]: Leader pre-election vote request: Denying vote to candidate 1f08beaf21f1434197526191b200fe10 in current term 1: Already voted for candidate 214adc8aebc2491fb25ca6e78b55dc75 in this term.
I20260709 14:51:57.513804 11165 consensus_queue.cc:1048] T 880f5ed30ee9477795a9ac2b71de6a43 P 1f08beaf21f1434197526191b200fe10 [LEADER]: Connected to new peer: Peer: permanent_uuid: "9c120918171a454986221d8f5a01d05c" member_type: VOTER last_known_addr { host: "127.9.103.67" port: 33213 }, Status: LMP_MISMATCH, Last received: 0.0, Next index: 1, Last known committed idx: 0, Time since last communication: 0.000s
I20260709 14:51:57.514137 10697 leader_election.cc:304] T 7f07cd9102954dfab5a7f34414c2ac6e P 1f08beaf21f1434197526191b200fe10 [CANDIDATE]: Term 1 pre-election: Election decided. Result: candidate lost. Election summary: received 3 responses out of 3 voters: 1 yes votes; 2 no votes. yes voters: 1f08beaf21f1434197526191b200fe10; no voters: 214adc8aebc2491fb25ca6e78b55dc75, 9c120918171a454986221d8f5a01d05c
I20260709 14:51:57.519255 10970 raft_consensus.cc:3060] T 7f07cd9102954dfab5a7f34414c2ac6e P 1f08beaf21f1434197526191b200fe10 [term 0 FOLLOWER]: Advancing to term 1
I20260709 14:51:57.521302 10729 tablet_service.cc:1917] Received RequestConsensusVote() RPC: tablet_id: "4757f94dccee439ea045f5e3554237c4" candidate_uuid: "214adc8aebc2491fb25ca6e78b55dc75" candidate_term: 1 candidate_status { last_received { term: 0 index: 0 } } ignore_live_leader: false dest_uuid: "1f08beaf21f1434197526191b200fe10"
I20260709 14:51:57.521620 10923 tablet_bootstrap.cc:492] T e2549efa462b4f87a5c59a641d5ecc48 P 9c120918171a454986221d8f5a01d05c: No bootstrap required, opened a new log
I20260709 14:51:57.522020 10729 raft_consensus.cc:3060] T 4757f94dccee439ea045f5e3554237c4 P 1f08beaf21f1434197526191b200fe10 [term 0 FOLLOWER]: Advancing to term 1
I20260709 14:51:57.522119 10923 ts_tablet_manager.cc:1403] T e2549efa462b4f87a5c59a641d5ecc48 P 9c120918171a454986221d8f5a01d05c: Time spent bootstrapping tablet: real 0.038s	user 0.008s	sys 0.003s
I20260709 14:51:57.525352 10923 raft_consensus.cc:359] T e2549efa462b4f87a5c59a641d5ecc48 P 9c120918171a454986221d8f5a01d05c [term 0 FOLLOWER]: Replica starting. Triggering 0 pending ops. Active config: opid_index: -1 OBSOLETE_local: false peers { permanent_uuid: "1f08beaf21f1434197526191b200fe10" member_type: VOTER last_known_addr { host: "127.9.103.65" port: 44315 } } peers { permanent_uuid: "214adc8aebc2491fb25ca6e78b55dc75" member_type: VOTER last_known_addr { host: "127.9.103.66" port: 46319 } } peers { permanent_uuid: "9c120918171a454986221d8f5a01d05c" member_type: VOTER last_known_addr { host: "127.9.103.67" port: 33213 } }
I20260709 14:51:57.525761 10970 raft_consensus.cc:2749] T 7f07cd9102954dfab5a7f34414c2ac6e P 1f08beaf21f1434197526191b200fe10 [term 1 FOLLOWER]: Leader pre-election lost for term 1. Reason: could not achieve majority
I20260709 14:51:57.526000 10923 raft_consensus.cc:385] T e2549efa462b4f87a5c59a641d5ecc48 P 9c120918171a454986221d8f5a01d05c [term 0 FOLLOWER]: Consensus starting up: Expiring failure detector timer to make a prompt election more likely
I20260709 14:51:57.526285 10923 raft_consensus.cc:740] T e2549efa462b4f87a5c59a641d5ecc48 P 9c120918171a454986221d8f5a01d05c [term 0 FOLLOWER]: Becoming Follower/Learner. State: Replica: 9c120918171a454986221d8f5a01d05c, State: Initialized, Role: FOLLOWER
I20260709 14:51:57.526932 10923 consensus_queue.cc:260] T e2549efa462b4f87a5c59a641d5ecc48 P 9c120918171a454986221d8f5a01d05c [NON_LEADER]: Queue going to NON_LEADER mode. State: All replicated index: 0, Majority replicated index: 0, Committed index: 0, Last appended: 0.0, Last appended by leader: 0, Current term: 0, Majority size: -1, State: 0, Mode: NON_LEADER, active raft config: opid_index: -1 OBSOLETE_local: false peers { permanent_uuid: "1f08beaf21f1434197526191b200fe10" member_type: VOTER last_known_addr { host: "127.9.103.65" port: 44315 } } peers { permanent_uuid: "214adc8aebc2491fb25ca6e78b55dc75" member_type: VOTER last_known_addr { host: "127.9.103.66" port: 46319 } } peers { permanent_uuid: "9c120918171a454986221d8f5a01d05c" member_type: VOTER last_known_addr { host: "127.9.103.67" port: 33213 } }
I20260709 14:51:57.529006 10922 tablet_bootstrap.cc:654] T 9aeb28d160c34edcb7e22f94f49f33e8 P 214adc8aebc2491fb25ca6e78b55dc75: Neither blocks nor log segments found. Creating new log.
I20260709 14:51:57.534322 11109 leader_election.cc:290] T 4757f94dccee439ea045f5e3554237c4 P 214adc8aebc2491fb25ca6e78b55dc75 [CANDIDATE]: Term 1 election: Requested vote from peers 1f08beaf21f1434197526191b200fe10 (127.9.103.65:44315), 9c120918171a454986221d8f5a01d05c (127.9.103.67:33213)
I20260709 14:51:57.535697 10729 raft_consensus.cc:2468] T 4757f94dccee439ea045f5e3554237c4 P 1f08beaf21f1434197526191b200fe10 [term 1 FOLLOWER]: Leader election vote request: Granting yes vote for candidate 214adc8aebc2491fb25ca6e78b55dc75 in term 1.
I20260709 14:51:57.537034 10926 tablet_bootstrap.cc:492] T 21b93c7f13434260aacfbca72c38af54 P 1f08beaf21f1434197526191b200fe10: No bootstrap required, opened a new log
I20260709 14:51:57.536968 10876 tablet_service.cc:1917] Received RequestConsensusVote() RPC: tablet_id: "4757f94dccee439ea045f5e3554237c4" candidate_uuid: "214adc8aebc2491fb25ca6e78b55dc75" candidate_term: 1 candidate_status { last_received { term: 0 index: 0 } } ignore_live_leader: false dest_uuid: "9c120918171a454986221d8f5a01d05c"
I20260709 14:51:57.546916 10926 ts_tablet_manager.cc:1403] T 21b93c7f13434260aacfbca72c38af54 P 1f08beaf21f1434197526191b200fe10: Time spent bootstrapping tablet: real 0.060s	user 0.010s	sys 0.002s
I20260709 14:51:57.547108 10876 raft_consensus.cc:3060] T 4757f94dccee439ea045f5e3554237c4 P 9c120918171a454986221d8f5a01d05c [term 0 FOLLOWER]: Advancing to term 1
I20260709 14:51:57.541175 10923 ts_tablet_manager.cc:1434] T e2549efa462b4f87a5c59a641d5ecc48 P 9c120918171a454986221d8f5a01d05c: Time spent starting tablet: real 0.018s	user 0.006s	sys 0.000s
I20260709 14:51:57.553903 10876 raft_consensus.cc:2468] T 4757f94dccee439ea045f5e3554237c4 P 9c120918171a454986221d8f5a01d05c [term 1 FOLLOWER]: Leader election vote request: Granting yes vote for candidate 214adc8aebc2491fb25ca6e78b55dc75 in term 1.
I20260709 14:51:57.554078 11159 raft_consensus.cc:493] T e2549efa462b4f87a5c59a641d5ecc48 P 9c120918171a454986221d8f5a01d05c [term 0 FOLLOWER]: Starting pre-election (no leader contacted us within the election timeout)
I20260709 14:51:57.554592 11159 raft_consensus.cc:515] T e2549efa462b4f87a5c59a641d5ecc48 P 9c120918171a454986221d8f5a01d05c [term 0 FOLLOWER]: Starting pre-election with config: opid_index: -1 OBSOLETE_local: false peers { permanent_uuid: "1f08beaf21f1434197526191b200fe10" member_type: VOTER last_known_addr { host: "127.9.103.65" port: 44315 } } peers { permanent_uuid: "214adc8aebc2491fb25ca6e78b55dc75" member_type: VOTER last_known_addr { host: "127.9.103.66" port: 46319 } } peers { permanent_uuid: "9c120918171a454986221d8f5a01d05c" member_type: VOTER last_known_addr { host: "127.9.103.67" port: 33213 } }
I20260709 14:51:57.555102 10923 tablet_bootstrap.cc:492] T c65a2bfe0cb24bdcaed4dd496711f46f P 9c120918171a454986221d8f5a01d05c: Bootstrap starting.
I20260709 14:51:57.555550 10772 leader_election.cc:304] T 4757f94dccee439ea045f5e3554237c4 P 214adc8aebc2491fb25ca6e78b55dc75 [CANDIDATE]: Term 1 election: Election decided. Result: candidate won. Election summary: received 2 responses out of 3 voters: 2 yes votes; 0 no votes. yes voters: 214adc8aebc2491fb25ca6e78b55dc75, 9c120918171a454986221d8f5a01d05c; no voters: 
I20260709 14:51:57.557176 11109 raft_consensus.cc:2804] T 4757f94dccee439ea045f5e3554237c4 P 214adc8aebc2491fb25ca6e78b55dc75 [term 1 FOLLOWER]: Leader election won for term 1
I20260709 14:51:57.557621 11109 raft_consensus.cc:697] T 4757f94dccee439ea045f5e3554237c4 P 214adc8aebc2491fb25ca6e78b55dc75 [term 1 LEADER]: Becoming Leader. State: Replica: 214adc8aebc2491fb25ca6e78b55dc75, State: Running, Role: LEADER
I20260709 14:51:57.558387 11109 consensus_queue.cc:237] T 4757f94dccee439ea045f5e3554237c4 P 214adc8aebc2491fb25ca6e78b55dc75 [LEADER]: Queue going to LEADER mode. State: All replicated index: 0, Majority replicated index: 0, Committed index: 0, Last appended: 0.0, Last appended by leader: 0, Current term: 1, Majority size: 2, State: 0, Mode: LEADER, active raft config: opid_index: -1 OBSOLETE_local: false peers { permanent_uuid: "1f08beaf21f1434197526191b200fe10" member_type: VOTER last_known_addr { host: "127.9.103.65" port: 44315 } } peers { permanent_uuid: "214adc8aebc2491fb25ca6e78b55dc75" member_type: VOTER last_known_addr { host: "127.9.103.66" port: 46319 } } peers { permanent_uuid: "9c120918171a454986221d8f5a01d05c" member_type: VOTER last_known_addr { host: "127.9.103.67" port: 33213 } }
I20260709 14:51:57.545101 10922 tablet_bootstrap.cc:492] T 9aeb28d160c34edcb7e22f94f49f33e8 P 214adc8aebc2491fb25ca6e78b55dc75: No bootstrap required, opened a new log
I20260709 14:51:57.561066 10922 ts_tablet_manager.cc:1403] T 9aeb28d160c34edcb7e22f94f49f33e8 P 214adc8aebc2491fb25ca6e78b55dc75: Time spent bootstrapping tablet: real 0.061s	user 0.006s	sys 0.010s
I20260709 14:51:57.556623 11159 leader_election.cc:290] T e2549efa462b4f87a5c59a641d5ecc48 P 9c120918171a454986221d8f5a01d05c [CANDIDATE]: Term 1 pre-election: Requested pre-vote from peers 1f08beaf21f1434197526191b200fe10 (127.9.103.65:44315), 214adc8aebc2491fb25ca6e78b55dc75 (127.9.103.66:46319)
I20260709 14:51:57.563553 10922 raft_consensus.cc:359] T 9aeb28d160c34edcb7e22f94f49f33e8 P 214adc8aebc2491fb25ca6e78b55dc75 [term 0 FOLLOWER]: Replica starting. Triggering 0 pending ops. Active config: opid_index: -1 OBSOLETE_local: false peers { permanent_uuid: "1f08beaf21f1434197526191b200fe10" member_type: VOTER last_known_addr { host: "127.9.103.65" port: 44315 } } peers { permanent_uuid: "214adc8aebc2491fb25ca6e78b55dc75" member_type: VOTER last_known_addr { host: "127.9.103.66" port: 46319 } } peers { permanent_uuid: "9c120918171a454986221d8f5a01d05c" member_type: VOTER last_known_addr { host: "127.9.103.67" port: 33213 } }
I20260709 14:51:57.564194 10922 raft_consensus.cc:385] T 9aeb28d160c34edcb7e22f94f49f33e8 P 214adc8aebc2491fb25ca6e78b55dc75 [term 0 FOLLOWER]: Consensus starting up: Expiring failure detector timer to make a prompt election more likely
I20260709 14:51:57.564450 10922 raft_consensus.cc:740] T 9aeb28d160c34edcb7e22f94f49f33e8 P 214adc8aebc2491fb25ca6e78b55dc75 [term 0 FOLLOWER]: Becoming Follower/Learner. State: Replica: 214adc8aebc2491fb25ca6e78b55dc75, State: Initialized, Role: FOLLOWER
I20260709 14:51:57.565091 10922 consensus_queue.cc:260] T 9aeb28d160c34edcb7e22f94f49f33e8 P 214adc8aebc2491fb25ca6e78b55dc75 [NON_LEADER]: Queue going to NON_LEADER mode. State: All replicated index: 0, Majority replicated index: 0, Committed index: 0, Last appended: 0.0, Last appended by leader: 0, Current term: 0, Majority size: -1, State: 0, Mode: NON_LEADER, active raft config: opid_index: -1 OBSOLETE_local: false peers { permanent_uuid: "1f08beaf21f1434197526191b200fe10" member_type: VOTER last_known_addr { host: "127.9.103.65" port: 44315 } } peers { permanent_uuid: "214adc8aebc2491fb25ca6e78b55dc75" member_type: VOTER last_known_addr { host: "127.9.103.66" port: 46319 } } peers { permanent_uuid: "9c120918171a454986221d8f5a01d05c" member_type: VOTER last_known_addr { host: "127.9.103.67" port: 33213 } }
I20260709 14:51:57.566486 10922 ts_tablet_manager.cc:1434] T 9aeb28d160c34edcb7e22f94f49f33e8 P 214adc8aebc2491fb25ca6e78b55dc75: Time spent starting tablet: real 0.005s	user 0.004s	sys 0.000s
I20260709 14:51:57.566377 10807 tablet_service.cc:1917] Received RequestConsensusVote() RPC: tablet_id: "e2549efa462b4f87a5c59a641d5ecc48" candidate_uuid: "9c120918171a454986221d8f5a01d05c" candidate_term: 1 candidate_status { last_received { term: 0 index: 0 } } ignore_live_leader: false dest_uuid: "214adc8aebc2491fb25ca6e78b55dc75" is_pre_election: true
I20260709 14:51:57.567014 10807 raft_consensus.cc:2468] T e2549efa462b4f87a5c59a641d5ecc48 P 214adc8aebc2491fb25ca6e78b55dc75 [term 0 FOLLOWER]: Leader pre-election vote request: Granting yes vote for candidate 9c120918171a454986221d8f5a01d05c in term 0.
I20260709 14:51:57.567395 10922 tablet_bootstrap.cc:492] T 847745d40601449ebf6d0ec368992899 P 214adc8aebc2491fb25ca6e78b55dc75: Bootstrap starting.
I20260709 14:51:57.568281 10848 leader_election.cc:304] T e2549efa462b4f87a5c59a641d5ecc48 P 9c120918171a454986221d8f5a01d05c [CANDIDATE]: Term 1 pre-election: Election decided. Result: candidate won. Election summary: received 2 responses out of 3 voters: 2 yes votes; 0 no votes. yes voters: 214adc8aebc2491fb25ca6e78b55dc75, 9c120918171a454986221d8f5a01d05c; no voters: 
I20260709 14:51:57.569383 11159 raft_consensus.cc:2804] T e2549efa462b4f87a5c59a641d5ecc48 P 9c120918171a454986221d8f5a01d05c [term 0 FOLLOWER]: Leader pre-election won for term 1
I20260709 14:51:57.569712 11159 raft_consensus.cc:493] T e2549efa462b4f87a5c59a641d5ecc48 P 9c120918171a454986221d8f5a01d05c [term 0 FOLLOWER]: Starting leader election (no leader contacted us within the election timeout)
I20260709 14:51:57.570025 11159 raft_consensus.cc:3060] T e2549efa462b4f87a5c59a641d5ecc48 P 9c120918171a454986221d8f5a01d05c [term 0 FOLLOWER]: Advancing to term 1
I20260709 14:51:57.576143 11159 raft_consensus.cc:515] T e2549efa462b4f87a5c59a641d5ecc48 P 9c120918171a454986221d8f5a01d05c [term 1 FOLLOWER]: Starting leader election with config: opid_index: -1 OBSOLETE_local: false peers { permanent_uuid: "1f08beaf21f1434197526191b200fe10" member_type: VOTER last_known_addr { host: "127.9.103.65" port: 44315 } } peers { permanent_uuid: "214adc8aebc2491fb25ca6e78b55dc75" member_type: VOTER last_known_addr { host: "127.9.103.66" port: 46319 } } peers { permanent_uuid: "9c120918171a454986221d8f5a01d05c" member_type: VOTER last_known_addr { host: "127.9.103.67" port: 33213 } }
I20260709 14:51:57.583395 10970 consensus_queue.cc:1048] T 1d27a6f3be4548b79e1f88b66131fac5 P 1f08beaf21f1434197526191b200fe10 [LEADER]: Connected to new peer: Peer: permanent_uuid: "9c120918171a454986221d8f5a01d05c" member_type: VOTER last_known_addr { host: "127.9.103.67" port: 33213 }, Status: LMP_MISMATCH, Last received: 0.0, Next index: 1, Last known committed idx: 0, Time since last communication: 0.000s
I20260709 14:51:57.584053 10926 raft_consensus.cc:359] T 21b93c7f13434260aacfbca72c38af54 P 1f08beaf21f1434197526191b200fe10 [term 0 FOLLOWER]: Replica starting. Triggering 0 pending ops. Active config: opid_index: -1 OBSOLETE_local: false peers { permanent_uuid: "1f08beaf21f1434197526191b200fe10" member_type: VOTER last_known_addr { host: "127.9.103.65" port: 44315 } } peers { permanent_uuid: "214adc8aebc2491fb25ca6e78b55dc75" member_type: VOTER last_known_addr { host: "127.9.103.66" port: 46319 } } peers { permanent_uuid: "9c120918171a454986221d8f5a01d05c" member_type: VOTER last_known_addr { host: "127.9.103.67" port: 33213 } }
I20260709 14:51:57.584801 10926 raft_consensus.cc:385] T 21b93c7f13434260aacfbca72c38af54 P 1f08beaf21f1434197526191b200fe10 [term 0 FOLLOWER]: Consensus starting up: Expiring failure detector timer to make a prompt election more likely
I20260709 14:51:57.585068 10926 raft_consensus.cc:740] T 21b93c7f13434260aacfbca72c38af54 P 1f08beaf21f1434197526191b200fe10 [term 0 FOLLOWER]: Becoming Follower/Learner. State: Replica: 1f08beaf21f1434197526191b200fe10, State: Initialized, Role: FOLLOWER
I20260709 14:51:57.585938 10729 tablet_service.cc:1917] Received RequestConsensusVote() RPC: tablet_id: "e2549efa462b4f87a5c59a641d5ecc48" candidate_uuid: "9c120918171a454986221d8f5a01d05c" candidate_term: 1 candidate_status { last_received { term: 0 index: 0 } } ignore_live_leader: false dest_uuid: "1f08beaf21f1434197526191b200fe10" is_pre_election: true
I20260709 14:51:57.585716 10926 consensus_queue.cc:260] T 21b93c7f13434260aacfbca72c38af54 P 1f08beaf21f1434197526191b200fe10 [NON_LEADER]: Queue going to NON_LEADER mode. State: All replicated index: 0, Majority replicated index: 0, Committed index: 0, Last appended: 0.0, Last appended by leader: 0, Current term: 0, Majority size: -1, State: 0, Mode: NON_LEADER, active raft config: opid_index: -1 OBSOLETE_local: false peers { permanent_uuid: "1f08beaf21f1434197526191b200fe10" member_type: VOTER last_known_addr { host: "127.9.103.65" port: 44315 } } peers { permanent_uuid: "214adc8aebc2491fb25ca6e78b55dc75" member_type: VOTER last_known_addr { host: "127.9.103.66" port: 46319 } } peers { permanent_uuid: "9c120918171a454986221d8f5a01d05c" member_type: VOTER last_known_addr { host: "127.9.103.67" port: 33213 } }
I20260709 14:51:57.587260 10923 tablet_bootstrap.cc:654] T c65a2bfe0cb24bdcaed4dd496711f46f P 9c120918171a454986221d8f5a01d05c: Neither blocks nor log segments found. Creating new log.
I20260709 14:51:57.588284 10926 ts_tablet_manager.cc:1434] T 21b93c7f13434260aacfbca72c38af54 P 1f08beaf21f1434197526191b200fe10: Time spent starting tablet: real 0.041s	user 0.005s	sys 0.000s
I20260709 14:51:57.589680 10926 tablet_bootstrap.cc:492] T 130dc265a86d460991d76b9a7fb0ce70 P 1f08beaf21f1434197526191b200fe10: Bootstrap starting.
I20260709 14:51:57.589907 11232 raft_consensus.cc:493] T 21b93c7f13434260aacfbca72c38af54 P 214adc8aebc2491fb25ca6e78b55dc75 [term 0 FOLLOWER]: Starting pre-election (no leader contacted us within the election timeout)
I20260709 14:51:57.590341 11232 raft_consensus.cc:515] T 21b93c7f13434260aacfbca72c38af54 P 214adc8aebc2491fb25ca6e78b55dc75 [term 0 FOLLOWER]: Starting pre-election with config: opid_index: -1 OBSOLETE_local: false peers { permanent_uuid: "1f08beaf21f1434197526191b200fe10" member_type: VOTER last_known_addr { host: "127.9.103.65" port: 44315 } } peers { permanent_uuid: "214adc8aebc2491fb25ca6e78b55dc75" member_type: VOTER last_known_addr { host: "127.9.103.66" port: 46319 } } peers { permanent_uuid: "9c120918171a454986221d8f5a01d05c" member_type: VOTER last_known_addr { host: "127.9.103.67" port: 33213 } }
I20260709 14:51:57.592447 11232 leader_election.cc:290] T 21b93c7f13434260aacfbca72c38af54 P 214adc8aebc2491fb25ca6e78b55dc75 [CANDIDATE]: Term 1 pre-election: Requested pre-vote from peers 1f08beaf21f1434197526191b200fe10 (127.9.103.65:44315), 9c120918171a454986221d8f5a01d05c (127.9.103.67:33213)
I20260709 14:51:57.595448 10731 tablet_service.cc:1917] Received RequestConsensusVote() RPC: tablet_id: "e2549efa462b4f87a5c59a641d5ecc48" candidate_uuid: "9c120918171a454986221d8f5a01d05c" candidate_term: 1 candidate_status { last_received { term: 0 index: 0 } } ignore_live_leader: false dest_uuid: "1f08beaf21f1434197526191b200fe10"
I20260709 14:51:57.599748 10630 catalog_manager.cc:5697] T 4757f94dccee439ea045f5e3554237c4 P 214adc8aebc2491fb25ca6e78b55dc75 reported cstate change: term changed from 0 to 1, leader changed from <none> to 214adc8aebc2491fb25ca6e78b55dc75 (127.9.103.66). New cstate: current_term: 1 leader_uuid: "214adc8aebc2491fb25ca6e78b55dc75" committed_config { opid_index: -1 OBSOLETE_local: false peers { permanent_uuid: "1f08beaf21f1434197526191b200fe10" member_type: VOTER last_known_addr { host: "127.9.103.65" port: 44315 } health_report { overall_health: UNKNOWN } } peers { permanent_uuid: "214adc8aebc2491fb25ca6e78b55dc75" member_type: VOTER last_known_addr { host: "127.9.103.66" port: 46319 } health_report { overall_health: HEALTHY } } peers { permanent_uuid: "9c120918171a454986221d8f5a01d05c" member_type: VOTER last_known_addr { host: "127.9.103.67" port: 33213 } health_report { overall_health: UNKNOWN } } }
I20260709 14:51:57.606215 10926 tablet_bootstrap.cc:654] T 130dc265a86d460991d76b9a7fb0ce70 P 1f08beaf21f1434197526191b200fe10: Neither blocks nor log segments found. Creating new log.
I20260709 14:51:57.606887 11159 leader_election.cc:290] T e2549efa462b4f87a5c59a641d5ecc48 P 9c120918171a454986221d8f5a01d05c [CANDIDATE]: Term 1 election: Requested vote from peers 1f08beaf21f1434197526191b200fe10 (127.9.103.65:44315), 214adc8aebc2491fb25ca6e78b55dc75 (127.9.103.66:46319)
I20260709 14:51:57.606233 10876 tablet_service.cc:1917] Received RequestConsensusVote() RPC: tablet_id: "21b93c7f13434260aacfbca72c38af54" candidate_uuid: "214adc8aebc2491fb25ca6e78b55dc75" candidate_term: 1 candidate_status { last_received { term: 0 index: 0 } } ignore_live_leader: false dest_uuid: "9c120918171a454986221d8f5a01d05c" is_pre_election: true
I20260709 14:51:57.609503 10876 raft_consensus.cc:2468] T 21b93c7f13434260aacfbca72c38af54 P 9c120918171a454986221d8f5a01d05c [term 0 FOLLOWER]: Leader pre-election vote request: Granting yes vote for candidate 214adc8aebc2491fb25ca6e78b55dc75 in term 0.
I20260709 14:51:57.610531 10807 tablet_service.cc:1917] Received RequestConsensusVote() RPC: tablet_id: "e2549efa462b4f87a5c59a641d5ecc48" candidate_uuid: "9c120918171a454986221d8f5a01d05c" candidate_term: 1 candidate_status { last_received { term: 0 index: 0 } } ignore_live_leader: false dest_uuid: "214adc8aebc2491fb25ca6e78b55dc75"
I20260709 14:51:57.611164 10807 raft_consensus.cc:3060] T e2549efa462b4f87a5c59a641d5ecc48 P 214adc8aebc2491fb25ca6e78b55dc75 [term 0 FOLLOWER]: Advancing to term 1
I20260709 14:51:57.611893 10772 leader_election.cc:304] T 21b93c7f13434260aacfbca72c38af54 P 214adc8aebc2491fb25ca6e78b55dc75 [CANDIDATE]: Term 1 pre-election: Election decided. Result: candidate won. Election summary: received 2 responses out of 3 voters: 2 yes votes; 0 no votes. yes voters: 214adc8aebc2491fb25ca6e78b55dc75, 9c120918171a454986221d8f5a01d05c; no voters: 
I20260709 14:51:57.612694 11232 raft_consensus.cc:2804] T 21b93c7f13434260aacfbca72c38af54 P 214adc8aebc2491fb25ca6e78b55dc75 [term 0 FOLLOWER]: Leader pre-election won for term 1
I20260709 14:51:57.613096 11232 raft_consensus.cc:493] T 21b93c7f13434260aacfbca72c38af54 P 214adc8aebc2491fb25ca6e78b55dc75 [term 0 FOLLOWER]: Starting leader election (no leader contacted us within the election timeout)
I20260709 14:51:57.613539 11232 raft_consensus.cc:3060] T 21b93c7f13434260aacfbca72c38af54 P 214adc8aebc2491fb25ca6e78b55dc75 [term 0 FOLLOWER]: Advancing to term 1
I20260709 14:51:57.615012 10731 tablet_service.cc:1917] Received RequestConsensusVote() RPC: tablet_id: "21b93c7f13434260aacfbca72c38af54" candidate_uuid: "214adc8aebc2491fb25ca6e78b55dc75" candidate_term: 1 candidate_status { last_received { term: 0 index: 0 } } ignore_live_leader: false dest_uuid: "1f08beaf21f1434197526191b200fe10" is_pre_election: true
I20260709 14:51:57.615748 10731 raft_consensus.cc:2468] T 21b93c7f13434260aacfbca72c38af54 P 1f08beaf21f1434197526191b200fe10 [term 0 FOLLOWER]: Leader pre-election vote request: Granting yes vote for candidate 214adc8aebc2491fb25ca6e78b55dc75 in term 0.
W20260709 14:51:57.621208 10847 leader_election.cc:343] T e2549efa462b4f87a5c59a641d5ecc48 P 9c120918171a454986221d8f5a01d05c [CANDIDATE]: Term 1 pre-election: Tablet error from VoteRequest() call to peer 1f08beaf21f1434197526191b200fe10 (127.9.103.65:44315): Illegal state: must be running to vote when last-logged opid is not known
I20260709 14:51:57.623132 11232 raft_consensus.cc:515] T 21b93c7f13434260aacfbca72c38af54 P 214adc8aebc2491fb25ca6e78b55dc75 [term 1 FOLLOWER]: Starting leader election with config: opid_index: -1 OBSOLETE_local: false peers { permanent_uuid: "1f08beaf21f1434197526191b200fe10" member_type: VOTER last_known_addr { host: "127.9.103.65" port: 44315 } } peers { permanent_uuid: "214adc8aebc2491fb25ca6e78b55dc75" member_type: VOTER last_known_addr { host: "127.9.103.66" port: 46319 } } peers { permanent_uuid: "9c120918171a454986221d8f5a01d05c" member_type: VOTER last_known_addr { host: "127.9.103.67" port: 33213 } }
W20260709 14:51:57.630198 10847 leader_election.cc:343] T e2549efa462b4f87a5c59a641d5ecc48 P 9c120918171a454986221d8f5a01d05c [CANDIDATE]: Term 1 election: Tablet error from VoteRequest() call to peer 1f08beaf21f1434197526191b200fe10 (127.9.103.65:44315): Illegal state: must be running to vote when last-logged opid is not known
I20260709 14:51:57.644549 11159 raft_consensus.cc:493] T 8b85be39dc1540fa88ba8d9970af2441 P 9c120918171a454986221d8f5a01d05c [term 0 FOLLOWER]: Starting pre-election (no leader contacted us within the election timeout)
I20260709 14:51:57.647811 11159 raft_consensus.cc:515] T 8b85be39dc1540fa88ba8d9970af2441 P 9c120918171a454986221d8f5a01d05c [term 0 FOLLOWER]: Starting pre-election with config: opid_index: -1 OBSOLETE_local: false peers { permanent_uuid: "1f08beaf21f1434197526191b200fe10" member_type: VOTER last_known_addr { host: "127.9.103.65" port: 44315 } } peers { permanent_uuid: "214adc8aebc2491fb25ca6e78b55dc75" member_type: VOTER last_known_addr { host: "127.9.103.66" port: 46319 } } peers { permanent_uuid: "9c120918171a454986221d8f5a01d05c" member_type: VOTER last_known_addr { host: "127.9.103.67" port: 33213 } }
I20260709 14:51:57.654244 10970 raft_consensus.cc:493] T 9d39a0bc8c3f4699af51d637f4af4298 P 1f08beaf21f1434197526191b200fe10 [term 0 FOLLOWER]: Starting pre-election (no leader contacted us within the election timeout)
I20260709 14:51:57.654817 10970 raft_consensus.cc:515] T 9d39a0bc8c3f4699af51d637f4af4298 P 1f08beaf21f1434197526191b200fe10 [term 0 FOLLOWER]: Starting pre-election with config: opid_index: -1 OBSOLETE_local: false peers { permanent_uuid: "1f08beaf21f1434197526191b200fe10" member_type: VOTER last_known_addr { host: "127.9.103.65" port: 44315 } } peers { permanent_uuid: "214adc8aebc2491fb25ca6e78b55dc75" member_type: VOTER last_known_addr { host: "127.9.103.66" port: 46319 } } peers { permanent_uuid: "9c120918171a454986221d8f5a01d05c" member_type: VOTER last_known_addr { host: "127.9.103.67" port: 33213 } }
I20260709 14:51:57.659044 11232 leader_election.cc:290] T 21b93c7f13434260aacfbca72c38af54 P 214adc8aebc2491fb25ca6e78b55dc75 [CANDIDATE]: Term 1 election: Requested vote from peers 1f08beaf21f1434197526191b200fe10 (127.9.103.65:44315), 9c120918171a454986221d8f5a01d05c (127.9.103.67:33213)
I20260709 14:51:57.661996 11159 leader_election.cc:290] T 8b85be39dc1540fa88ba8d9970af2441 P 9c120918171a454986221d8f5a01d05c [CANDIDATE]: Term 1 pre-election: Requested pre-vote from peers 1f08beaf21f1434197526191b200fe10 (127.9.103.65:44315), 214adc8aebc2491fb25ca6e78b55dc75 (127.9.103.66:46319)
I20260709 14:51:57.653733 11185 consensus_queue.cc:1048] T 7f07cd9102954dfab5a7f34414c2ac6e P 214adc8aebc2491fb25ca6e78b55dc75 [LEADER]: Connected to new peer: Peer: permanent_uuid: "1f08beaf21f1434197526191b200fe10" member_type: VOTER last_known_addr { host: "127.9.103.65" port: 44315 }, Status: LMP_MISMATCH, Last received: 0.0, Next index: 1, Last known committed idx: 0, Time since last communication: 0.003s
I20260709 14:51:57.664659 10729 tablet_service.cc:1917] Received RequestConsensusVote() RPC: tablet_id: "21b93c7f13434260aacfbca72c38af54" candidate_uuid: "214adc8aebc2491fb25ca6e78b55dc75" candidate_term: 1 candidate_status { last_received { term: 0 index: 0 } } ignore_live_leader: false dest_uuid: "1f08beaf21f1434197526191b200fe10"
I20260709 14:51:57.665340 10729 raft_consensus.cc:3060] T 21b93c7f13434260aacfbca72c38af54 P 1f08beaf21f1434197526191b200fe10 [term 0 FOLLOWER]: Advancing to term 1
I20260709 14:51:57.666121 10808 tablet_service.cc:1917] Received RequestConsensusVote() RPC: tablet_id: "9d39a0bc8c3f4699af51d637f4af4298" candidate_uuid: "1f08beaf21f1434197526191b200fe10" candidate_term: 1 candidate_status { last_received { term: 0 index: 0 } } ignore_live_leader: false dest_uuid: "214adc8aebc2491fb25ca6e78b55dc75" is_pre_election: true
I20260709 14:51:57.667187 10803 tablet_service.cc:1917] Received RequestConsensusVote() RPC: tablet_id: "8b85be39dc1540fa88ba8d9970af2441" candidate_uuid: "9c120918171a454986221d8f5a01d05c" candidate_term: 1 candidate_status { last_received { term: 0 index: 0 } } ignore_live_leader: false dest_uuid: "214adc8aebc2491fb25ca6e78b55dc75" is_pre_election: true
W20260709 14:51:57.667795 10699 leader_election.cc:343] T 9d39a0bc8c3f4699af51d637f4af4298 P 1f08beaf21f1434197526191b200fe10 [CANDIDATE]: Term 1 pre-election: Tablet error from VoteRequest() call to peer 214adc8aebc2491fb25ca6e78b55dc75 (127.9.103.66:46319): Illegal state: must be running to vote when last-logged opid is not known
I20260709 14:51:57.668686 10970 leader_election.cc:290] T 9d39a0bc8c3f4699af51d637f4af4298 P 1f08beaf21f1434197526191b200fe10 [CANDIDATE]: Term 1 pre-election: Requested pre-vote from peers 214adc8aebc2491fb25ca6e78b55dc75 (127.9.103.66:46319), 9c120918171a454986221d8f5a01d05c (127.9.103.67:33213)
W20260709 14:51:57.670264 10848 leader_election.cc:343] T 8b85be39dc1540fa88ba8d9970af2441 P 9c120918171a454986221d8f5a01d05c [CANDIDATE]: Term 1 pre-election: Tablet error from VoteRequest() call to peer 214adc8aebc2491fb25ca6e78b55dc75 (127.9.103.66:46319): Illegal state: must be running to vote when last-logged opid is not known
I20260709 14:51:57.671443 10877 tablet_service.cc:1917] Received RequestConsensusVote() RPC: tablet_id: "21b93c7f13434260aacfbca72c38af54" candidate_uuid: "214adc8aebc2491fb25ca6e78b55dc75" candidate_term: 1 candidate_status { last_received { term: 0 index: 0 } } ignore_live_leader: false dest_uuid: "9c120918171a454986221d8f5a01d05c"
I20260709 14:51:57.672025 10877 raft_consensus.cc:3060] T 21b93c7f13434260aacfbca72c38af54 P 9c120918171a454986221d8f5a01d05c [term 0 FOLLOWER]: Advancing to term 1
I20260709 14:51:57.672339 10729 raft_consensus.cc:2468] T 21b93c7f13434260aacfbca72c38af54 P 1f08beaf21f1434197526191b200fe10 [term 1 FOLLOWER]: Leader election vote request: Granting yes vote for candidate 214adc8aebc2491fb25ca6e78b55dc75 in term 1.
I20260709 14:51:57.675444 10731 tablet_service.cc:1917] Received RequestConsensusVote() RPC: tablet_id: "8b85be39dc1540fa88ba8d9970af2441" candidate_uuid: "9c120918171a454986221d8f5a01d05c" candidate_term: 1 candidate_status { last_received { term: 0 index: 0 } } ignore_live_leader: false dest_uuid: "1f08beaf21f1434197526191b200fe10" is_pre_election: true
I20260709 14:51:57.677165 10773 leader_election.cc:304] T 21b93c7f13434260aacfbca72c38af54 P 214adc8aebc2491fb25ca6e78b55dc75 [CANDIDATE]: Term 1 election: Election decided. Result: candidate won. Election summary: received 2 responses out of 3 voters: 2 yes votes; 0 no votes. yes voters: 1f08beaf21f1434197526191b200fe10, 214adc8aebc2491fb25ca6e78b55dc75; no voters: 
I20260709 14:51:57.678201 11109 raft_consensus.cc:2804] T 21b93c7f13434260aacfbca72c38af54 P 214adc8aebc2491fb25ca6e78b55dc75 [term 1 FOLLOWER]: Leader election won for term 1
I20260709 14:51:57.678915 11109 raft_consensus.cc:697] T 21b93c7f13434260aacfbca72c38af54 P 214adc8aebc2491fb25ca6e78b55dc75 [term 1 LEADER]: Becoming Leader. State: Replica: 214adc8aebc2491fb25ca6e78b55dc75, State: Running, Role: LEADER
I20260709 14:51:57.681130 10882 tablet_service.cc:1917] Received RequestConsensusVote() RPC: tablet_id: "9d39a0bc8c3f4699af51d637f4af4298" candidate_uuid: "1f08beaf21f1434197526191b200fe10" candidate_term: 1 candidate_status { last_received { term: 0 index: 0 } } ignore_live_leader: false dest_uuid: "9c120918171a454986221d8f5a01d05c" is_pre_election: true
I20260709 14:51:57.681842 10882 raft_consensus.cc:2468] T 9d39a0bc8c3f4699af51d637f4af4298 P 9c120918171a454986221d8f5a01d05c [term 0 FOLLOWER]: Leader pre-election vote request: Granting yes vote for candidate 1f08beaf21f1434197526191b200fe10 in term 0.
I20260709 14:51:57.683090 10697 leader_election.cc:304] T 9d39a0bc8c3f4699af51d637f4af4298 P 1f08beaf21f1434197526191b200fe10 [CANDIDATE]: Term 1 pre-election: Election decided. Result: candidate won. Election summary: received 3 responses out of 3 voters: 2 yes votes; 1 no votes. yes voters: 1f08beaf21f1434197526191b200fe10, 9c120918171a454986221d8f5a01d05c; no voters: 214adc8aebc2491fb25ca6e78b55dc75
W20260709 14:51:57.681231 10847 leader_election.cc:343] T 8b85be39dc1540fa88ba8d9970af2441 P 9c120918171a454986221d8f5a01d05c [CANDIDATE]: Term 1 pre-election: Tablet error from VoteRequest() call to peer 1f08beaf21f1434197526191b200fe10 (127.9.103.65:44315): Illegal state: must be running to vote when last-logged opid is not known
I20260709 14:51:57.683935 10847 leader_election.cc:304] T 8b85be39dc1540fa88ba8d9970af2441 P 9c120918171a454986221d8f5a01d05c [CANDIDATE]: Term 1 pre-election: Election decided. Result: candidate lost. Election summary: received 3 responses out of 3 voters: 1 yes votes; 2 no votes. yes voters: 9c120918171a454986221d8f5a01d05c; no voters: 1f08beaf21f1434197526191b200fe10, 214adc8aebc2491fb25ca6e78b55dc75
I20260709 14:51:57.683758 11109 consensus_queue.cc:237] T 21b93c7f13434260aacfbca72c38af54 P 214adc8aebc2491fb25ca6e78b55dc75 [LEADER]: Queue going to LEADER mode. State: All replicated index: 0, Majority replicated index: 0, Committed index: 0, Last appended: 0.0, Last appended by leader: 0, Current term: 1, Majority size: 2, State: 0, Mode: LEADER, active raft config: opid_index: -1 OBSOLETE_local: false peers { permanent_uuid: "1f08beaf21f1434197526191b200fe10" member_type: VOTER last_known_addr { host: "127.9.103.65" port: 44315 } } peers { permanent_uuid: "214adc8aebc2491fb25ca6e78b55dc75" member_type: VOTER last_known_addr { host: "127.9.103.66" port: 46319 } } peers { permanent_uuid: "9c120918171a454986221d8f5a01d05c" member_type: VOTER last_known_addr { host: "127.9.103.67" port: 33213 } }
I20260709 14:51:57.685865 10970 raft_consensus.cc:2804] T 9d39a0bc8c3f4699af51d637f4af4298 P 1f08beaf21f1434197526191b200fe10 [term 0 FOLLOWER]: Leader pre-election won for term 1
I20260709 14:51:57.686205 10970 raft_consensus.cc:493] T 9d39a0bc8c3f4699af51d637f4af4298 P 1f08beaf21f1434197526191b200fe10 [term 0 FOLLOWER]: Starting leader election (no leader contacted us within the election timeout)
I20260709 14:51:57.686439 10970 raft_consensus.cc:3060] T 9d39a0bc8c3f4699af51d637f4af4298 P 1f08beaf21f1434197526191b200fe10 [term 0 FOLLOWER]: Advancing to term 1
I20260709 14:51:57.686800 10926 tablet_bootstrap.cc:492] T 130dc265a86d460991d76b9a7fb0ce70 P 1f08beaf21f1434197526191b200fe10: No bootstrap required, opened a new log
I20260709 14:51:57.687217 10926 ts_tablet_manager.cc:1403] T 130dc265a86d460991d76b9a7fb0ce70 P 1f08beaf21f1434197526191b200fe10: Time spent bootstrapping tablet: real 0.098s	user 0.007s	sys 0.021s
I20260709 14:51:57.685480 11159 raft_consensus.cc:2749] T 8b85be39dc1540fa88ba8d9970af2441 P 9c120918171a454986221d8f5a01d05c [term 0 FOLLOWER]: Leader pre-election lost for term 1. Reason: could not achieve majority
I20260709 14:51:57.693259 10877 raft_consensus.cc:2468] T 21b93c7f13434260aacfbca72c38af54 P 9c120918171a454986221d8f5a01d05c [term 1 FOLLOWER]: Leader election vote request: Granting yes vote for candidate 214adc8aebc2491fb25ca6e78b55dc75 in term 1.
I20260709 14:51:57.694214 10970 raft_consensus.cc:515] T 9d39a0bc8c3f4699af51d637f4af4298 P 1f08beaf21f1434197526191b200fe10 [term 1 FOLLOWER]: Starting leader election with config: opid_index: -1 OBSOLETE_local: false peers { permanent_uuid: "1f08beaf21f1434197526191b200fe10" member_type: VOTER last_known_addr { host: "127.9.103.65" port: 44315 } } peers { permanent_uuid: "214adc8aebc2491fb25ca6e78b55dc75" member_type: VOTER last_known_addr { host: "127.9.103.66" port: 46319 } } peers { permanent_uuid: "9c120918171a454986221d8f5a01d05c" member_type: VOTER last_known_addr { host: "127.9.103.67" port: 33213 } }
I20260709 14:51:57.688321 11110 consensus_queue.cc:1048] T 7f07cd9102954dfab5a7f34414c2ac6e P 214adc8aebc2491fb25ca6e78b55dc75 [LEADER]: Connected to new peer: Peer: permanent_uuid: "9c120918171a454986221d8f5a01d05c" member_type: VOTER last_known_addr { host: "127.9.103.67" port: 33213 }, Status: LMP_MISMATCH, Last received: 0.0, Next index: 1, Last known committed idx: 0, Time since last communication: 0.009s
I20260709 14:51:57.696892 10970 leader_election.cc:290] T 9d39a0bc8c3f4699af51d637f4af4298 P 1f08beaf21f1434197526191b200fe10 [CANDIDATE]: Term 1 election: Requested vote from peers 214adc8aebc2491fb25ca6e78b55dc75 (127.9.103.66:46319), 9c120918171a454986221d8f5a01d05c (127.9.103.67:33213)
I20260709 14:51:57.698729 10922 tablet_bootstrap.cc:654] T 847745d40601449ebf6d0ec368992899 P 214adc8aebc2491fb25ca6e78b55dc75: Neither blocks nor log segments found. Creating new log.
I20260709 14:51:57.708128 10803 tablet_service.cc:1917] Received RequestConsensusVote() RPC: tablet_id: "9d39a0bc8c3f4699af51d637f4af4298" candidate_uuid: "1f08beaf21f1434197526191b200fe10" candidate_term: 1 candidate_status { last_received { term: 0 index: 0 } } ignore_live_leader: false dest_uuid: "214adc8aebc2491fb25ca6e78b55dc75"
I20260709 14:51:57.709270 10876 tablet_service.cc:1917] Received RequestConsensusVote() RPC: tablet_id: "9d39a0bc8c3f4699af51d637f4af4298" candidate_uuid: "1f08beaf21f1434197526191b200fe10" candidate_term: 1 candidate_status { last_received { term: 0 index: 0 } } ignore_live_leader: false dest_uuid: "9c120918171a454986221d8f5a01d05c"
I20260709 14:51:57.709868 10876 raft_consensus.cc:3060] T 9d39a0bc8c3f4699af51d637f4af4298 P 9c120918171a454986221d8f5a01d05c [term 0 FOLLOWER]: Advancing to term 1
I20260709 14:51:57.719477 10923 tablet_bootstrap.cc:492] T c65a2bfe0cb24bdcaed4dd496711f46f P 9c120918171a454986221d8f5a01d05c: No bootstrap required, opened a new log
W20260709 14:51:57.719869 10699 leader_election.cc:343] T 9d39a0bc8c3f4699af51d637f4af4298 P 1f08beaf21f1434197526191b200fe10 [CANDIDATE]: Term 1 election: Tablet error from VoteRequest() call to peer 214adc8aebc2491fb25ca6e78b55dc75 (127.9.103.66:46319): Illegal state: must be running to vote when last-logged opid is not known
I20260709 14:51:57.720021 10923 ts_tablet_manager.cc:1403] T c65a2bfe0cb24bdcaed4dd496711f46f P 9c120918171a454986221d8f5a01d05c: Time spent bootstrapping tablet: real 0.166s	user 0.014s	sys 0.022s
I20260709 14:51:57.723093 10926 raft_consensus.cc:359] T 130dc265a86d460991d76b9a7fb0ce70 P 1f08beaf21f1434197526191b200fe10 [term 0 FOLLOWER]: Replica starting. Triggering 0 pending ops. Active config: opid_index: -1 OBSOLETE_local: false peers { permanent_uuid: "1f08beaf21f1434197526191b200fe10" member_type: VOTER last_known_addr { host: "127.9.103.65" port: 44315 } } peers { permanent_uuid: "214adc8aebc2491fb25ca6e78b55dc75" member_type: VOTER last_known_addr { host: "127.9.103.66" port: 46319 } } peers { permanent_uuid: "9c120918171a454986221d8f5a01d05c" member_type: VOTER last_known_addr { host: "127.9.103.67" port: 33213 } }
I20260709 14:51:57.723886 10926 raft_consensus.cc:385] T 130dc265a86d460991d76b9a7fb0ce70 P 1f08beaf21f1434197526191b200fe10 [term 0 FOLLOWER]: Consensus starting up: Expiring failure detector timer to make a prompt election more likely
I20260709 14:51:57.724128 10926 raft_consensus.cc:740] T 130dc265a86d460991d76b9a7fb0ce70 P 1f08beaf21f1434197526191b200fe10 [term 0 FOLLOWER]: Becoming Follower/Learner. State: Replica: 1f08beaf21f1434197526191b200fe10, State: Initialized, Role: FOLLOWER
I20260709 14:51:57.724754 10926 consensus_queue.cc:260] T 130dc265a86d460991d76b9a7fb0ce70 P 1f08beaf21f1434197526191b200fe10 [NON_LEADER]: Queue going to NON_LEADER mode. State: All replicated index: 0, Majority replicated index: 0, Committed index: 0, Last appended: 0.0, Last appended by leader: 0, Current term: 0, Majority size: -1, State: 0, Mode: NON_LEADER, active raft config: opid_index: -1 OBSOLETE_local: false peers { permanent_uuid: "1f08beaf21f1434197526191b200fe10" member_type: VOTER last_known_addr { host: "127.9.103.65" port: 44315 } } peers { permanent_uuid: "214adc8aebc2491fb25ca6e78b55dc75" member_type: VOTER last_known_addr { host: "127.9.103.66" port: 46319 } } peers { permanent_uuid: "9c120918171a454986221d8f5a01d05c" member_type: VOTER last_known_addr { host: "127.9.103.67" port: 33213 } }
I20260709 14:51:57.725059 10923 raft_consensus.cc:359] T c65a2bfe0cb24bdcaed4dd496711f46f P 9c120918171a454986221d8f5a01d05c [term 0 FOLLOWER]: Replica starting. Triggering 0 pending ops. Active config: opid_index: -1 OBSOLETE_local: false peers { permanent_uuid: "1f08beaf21f1434197526191b200fe10" member_type: VOTER last_known_addr { host: "127.9.103.65" port: 44315 } } peers { permanent_uuid: "214adc8aebc2491fb25ca6e78b55dc75" member_type: VOTER last_known_addr { host: "127.9.103.66" port: 46319 } } peers { permanent_uuid: "9c120918171a454986221d8f5a01d05c" member_type: VOTER last_known_addr { host: "127.9.103.67" port: 33213 } }
I20260709 14:51:57.725767 10923 raft_consensus.cc:385] T c65a2bfe0cb24bdcaed4dd496711f46f P 9c120918171a454986221d8f5a01d05c [term 0 FOLLOWER]: Consensus starting up: Expiring failure detector timer to make a prompt election more likely
I20260709 14:51:57.726037 10923 raft_consensus.cc:740] T c65a2bfe0cb24bdcaed4dd496711f46f P 9c120918171a454986221d8f5a01d05c [term 0 FOLLOWER]: Becoming Follower/Learner. State: Replica: 9c120918171a454986221d8f5a01d05c, State: Initialized, Role: FOLLOWER
I20260709 14:51:57.726336 10926 ts_tablet_manager.cc:1434] T 130dc265a86d460991d76b9a7fb0ce70 P 1f08beaf21f1434197526191b200fe10: Time spent starting tablet: real 0.039s	user 0.006s	sys 0.000s
I20260709 14:51:57.726718 10923 consensus_queue.cc:260] T c65a2bfe0cb24bdcaed4dd496711f46f P 9c120918171a454986221d8f5a01d05c [NON_LEADER]: Queue going to NON_LEADER mode. State: All replicated index: 0, Majority replicated index: 0, Committed index: 0, Last appended: 0.0, Last appended by leader: 0, Current term: 0, Majority size: -1, State: 0, Mode: NON_LEADER, active raft config: opid_index: -1 OBSOLETE_local: false peers { permanent_uuid: "1f08beaf21f1434197526191b200fe10" member_type: VOTER last_known_addr { host: "127.9.103.65" port: 44315 } } peers { permanent_uuid: "214adc8aebc2491fb25ca6e78b55dc75" member_type: VOTER last_known_addr { host: "127.9.103.66" port: 46319 } } peers { permanent_uuid: "9c120918171a454986221d8f5a01d05c" member_type: VOTER last_known_addr { host: "127.9.103.67" port: 33213 } }
I20260709 14:51:57.731173 11165 raft_consensus.cc:493] T 565a58077fb2444987be23bf443aeb43 P 1f08beaf21f1434197526191b200fe10 [term 0 FOLLOWER]: Starting pre-election (no leader contacted us within the election timeout)
I20260709 14:51:57.731750 11165 raft_consensus.cc:515] T 565a58077fb2444987be23bf443aeb43 P 1f08beaf21f1434197526191b200fe10 [term 0 FOLLOWER]: Starting pre-election with config: opid_index: -1 OBSOLETE_local: false peers { permanent_uuid: "1f08beaf21f1434197526191b200fe10" member_type: VOTER last_known_addr { host: "127.9.103.65" port: 44315 } } peers { permanent_uuid: "214adc8aebc2491fb25ca6e78b55dc75" member_type: VOTER last_known_addr { host: "127.9.103.66" port: 46319 } } peers { permanent_uuid: "9c120918171a454986221d8f5a01d05c" member_type: VOTER last_known_addr { host: "127.9.103.67" port: 33213 } }
I20260709 14:51:57.735672 10876 raft_consensus.cc:2468] T 9d39a0bc8c3f4699af51d637f4af4298 P 9c120918171a454986221d8f5a01d05c [term 1 FOLLOWER]: Leader election vote request: Granting yes vote for candidate 1f08beaf21f1434197526191b200fe10 in term 1.
I20260709 14:51:57.737361 10807 raft_consensus.cc:2468] T e2549efa462b4f87a5c59a641d5ecc48 P 214adc8aebc2491fb25ca6e78b55dc75 [term 1 FOLLOWER]: Leader election vote request: Granting yes vote for candidate 9c120918171a454986221d8f5a01d05c in term 1.
I20260709 14:51:57.737851 10923 ts_tablet_manager.cc:1434] T c65a2bfe0cb24bdcaed4dd496711f46f P 9c120918171a454986221d8f5a01d05c: Time spent starting tablet: real 0.017s	user 0.006s	sys 0.000s
