I20260709 14:52:30.897127  1854 consensus_queue.cc:237] T a81630b334924da8aec9d11ee427cd76 P e8418c0c4c354f7fa36d240cda1f99b9 [LEADER]: Queue going to LEADER mode. State: All replicated index: 0, Majority replicated index: 0, Committed index: 0, Last appended: 0.0, Last appended by leader: 0, Current term: 1, Majority size: 2, State: 0, Mode: LEADER, active raft config: opid_index: -1 OBSOLETE_local: false peers { permanent_uuid: "af7c0b9c876743c09b1cf5bbd7d7e048" member_type: VOTER last_known_addr { host: "127.0.107.193" port: 43959 } } peers { permanent_uuid: "3975aaffaf294a528aed2f6630ae35dd" member_type: VOTER last_known_addr { host: "127.0.107.194" port: 37419 } } peers { permanent_uuid: "e8418c0c4c354f7fa36d240cda1f99b9" member_type: VOTER last_known_addr { host: "127.0.107.195" port: 36929 } }
I20260709 14:52:30.900599  1685 raft_consensus.cc:3060] T a81630b334924da8aec9d11ee427cd76 P 3975aaffaf294a528aed2f6630ae35dd [term 0 FOLLOWER]: Advancing to term 1
I20260709 14:52:30.904003  1802 raft_consensus.cc:359] T be5ce809346f49a0a7e3d57a5c9ac6b3 P e8418c0c4c354f7fa36d240cda1f99b9 [term 0 FOLLOWER]: Replica starting. Triggering 0 pending ops. Active config: opid_index: -1 OBSOLETE_local: false peers { permanent_uuid: "af7c0b9c876743c09b1cf5bbd7d7e048" member_type: VOTER last_known_addr { host: "127.0.107.193" port: 43959 } } peers { permanent_uuid: "3975aaffaf294a528aed2f6630ae35dd" member_type: VOTER last_known_addr { host: "127.0.107.194" port: 37419 } } peers { permanent_uuid: "e8418c0c4c354f7fa36d240cda1f99b9" member_type: VOTER last_known_addr { host: "127.0.107.195" port: 36929 } }
I20260709 14:52:30.904680  1802 raft_consensus.cc:385] T be5ce809346f49a0a7e3d57a5c9ac6b3 P e8418c0c4c354f7fa36d240cda1f99b9 [term 0 FOLLOWER]: Consensus starting up: Expiring failure detector timer to make a prompt election more likely
I20260709 14:52:30.904927  1802 raft_consensus.cc:740] T be5ce809346f49a0a7e3d57a5c9ac6b3 P e8418c0c4c354f7fa36d240cda1f99b9 [term 0 FOLLOWER]: Becoming Follower/Learner. State: Replica: e8418c0c4c354f7fa36d240cda1f99b9, State: Initialized, Role: FOLLOWER
I20260709 14:52:30.905637  1608 tablet_service.cc:1917] Received RequestConsensusVote() RPC: tablet_id: "e1c4c4e264bc4c8eba3079616cc36e7e" candidate_uuid: "3975aaffaf294a528aed2f6630ae35dd" candidate_term: 1 candidate_status { last_received { term: 0 index: 0 } } ignore_live_leader: false dest_uuid: "af7c0b9c876743c09b1cf5bbd7d7e048"
I20260709 14:52:30.912904  1802 consensus_queue.cc:260] T be5ce809346f49a0a7e3d57a5c9ac6b3 P e8418c0c4c354f7fa36d240cda1f99b9 [NON_LEADER]: Queue going to NON_LEADER mode. State: All replicated index: 0, Majority replicated index: 0, Committed index: 0, Last appended: 0.0, Last appended by leader: 0, Current term: 0, Majority size: -1, State: 0, Mode: NON_LEADER, active raft config: opid_index: -1 OBSOLETE_local: false peers { permanent_uuid: "af7c0b9c876743c09b1cf5bbd7d7e048" member_type: VOTER last_known_addr { host: "127.0.107.193" port: 43959 } } peers { permanent_uuid: "3975aaffaf294a528aed2f6630ae35dd" member_type: VOTER last_known_addr { host: "127.0.107.194" port: 37419 } } peers { permanent_uuid: "e8418c0c4c354f7fa36d240cda1f99b9" member_type: VOTER last_known_addr { host: "127.0.107.195" port: 36929 } }
I20260709 14:52:30.931675  1688 tablet_service.cc:1917] Received RequestConsensusVote() RPC: tablet_id: "5a5b0f8a9e854ea5a83f1d5874d09a52" candidate_uuid: "e8418c0c4c354f7fa36d240cda1f99b9" candidate_term: 1 candidate_status { last_received { term: 0 index: 0 } } ignore_live_leader: false dest_uuid: "3975aaffaf294a528aed2f6630ae35dd"
I20260709 14:52:30.933799  1652 leader_election.cc:304] T e1c4c4e264bc4c8eba3079616cc36e7e P 3975aaffaf294a528aed2f6630ae35dd [CANDIDATE]: Term 1 election: Election decided. Result: candidate lost. Election summary: received 3 responses out of 3 voters: 1 yes votes; 2 no votes. yes voters: 3975aaffaf294a528aed2f6630ae35dd; no voters: af7c0b9c876743c09b1cf5bbd7d7e048, e8418c0c4c354f7fa36d240cda1f99b9
I20260709 14:52:30.938822  1802 ts_tablet_manager.cc:1434] T be5ce809346f49a0a7e3d57a5c9ac6b3 P e8418c0c4c354f7fa36d240cda1f99b9: Time spent starting tablet: real 0.044s	user 0.008s	sys 0.000s
I20260709 14:52:30.937502  1856 raft_consensus.cc:2749] T e1c4c4e264bc4c8eba3079616cc36e7e P 3975aaffaf294a528aed2f6630ae35dd [term 1 FOLLOWER]: Leader election lost for term 1. Reason: could not achieve majority
I20260709 14:52:30.942348  1804 tablet_bootstrap.cc:492] T d71cfeb168c8461f8b4942766140f66c P af7c0b9c876743c09b1cf5bbd7d7e048: No bootstrap required, opened a new log
I20260709 14:52:30.942842  1804 ts_tablet_manager.cc:1403] T d71cfeb168c8461f8b4942766140f66c P af7c0b9c876743c09b1cf5bbd7d7e048: Time spent bootstrapping tablet: real 0.231s	user 0.018s	sys 0.020s
I20260709 14:52:30.958953  1802 tablet_bootstrap.cc:492] T 909c543f62004ecfae4318c3aad2279f P e8418c0c4c354f7fa36d240cda1f99b9: Bootstrap starting.
I20260709 14:52:30.952818  1510 catalog_manager.cc:5697] T 5a5b0f8a9e854ea5a83f1d5874d09a52 P e8418c0c4c354f7fa36d240cda1f99b9 reported cstate change: term changed from 0 to 1, leader changed from <none> to e8418c0c4c354f7fa36d240cda1f99b9 (127.0.107.195). New cstate: current_term: 1 leader_uuid: "e8418c0c4c354f7fa36d240cda1f99b9" committed_config { opid_index: -1 OBSOLETE_local: false peers { permanent_uuid: "af7c0b9c876743c09b1cf5bbd7d7e048" member_type: VOTER last_known_addr { host: "127.0.107.193" port: 43959 } health_report { overall_health: UNKNOWN } } peers { permanent_uuid: "3975aaffaf294a528aed2f6630ae35dd" member_type: VOTER last_known_addr { host: "127.0.107.194" port: 37419 } health_report { overall_health: UNKNOWN } } peers { permanent_uuid: "e8418c0c4c354f7fa36d240cda1f99b9" member_type: VOTER last_known_addr { host: "127.0.107.195" port: 36929 } health_report { overall_health: HEALTHY } } }
I20260709 14:52:30.987277  1804 raft_consensus.cc:359] T d71cfeb168c8461f8b4942766140f66c P af7c0b9c876743c09b1cf5bbd7d7e048 [term 0 FOLLOWER]: Replica starting. Triggering 0 pending ops. Active config: opid_index: -1 OBSOLETE_local: false peers { permanent_uuid: "af7c0b9c876743c09b1cf5bbd7d7e048" member_type: VOTER last_known_addr { host: "127.0.107.193" port: 43959 } } peers { permanent_uuid: "3975aaffaf294a528aed2f6630ae35dd" member_type: VOTER last_known_addr { host: "127.0.107.194" port: 37419 } } peers { permanent_uuid: "e8418c0c4c354f7fa36d240cda1f99b9" member_type: VOTER last_known_addr { host: "127.0.107.195" port: 36929 } }
I20260709 14:52:30.988270  1804 raft_consensus.cc:385] T d71cfeb168c8461f8b4942766140f66c P af7c0b9c876743c09b1cf5bbd7d7e048 [term 0 FOLLOWER]: Consensus starting up: Expiring failure detector timer to make a prompt election more likely
I20260709 14:52:30.988574  1804 raft_consensus.cc:740] T d71cfeb168c8461f8b4942766140f66c P af7c0b9c876743c09b1cf5bbd7d7e048 [term 0 FOLLOWER]: Becoming Follower/Learner. State: Replica: af7c0b9c876743c09b1cf5bbd7d7e048, State: Initialized, Role: FOLLOWER
I20260709 14:52:30.994082  1685 raft_consensus.cc:2468] T a81630b334924da8aec9d11ee427cd76 P 3975aaffaf294a528aed2f6630ae35dd [term 1 FOLLOWER]: Leader election vote request: Granting yes vote for candidate e8418c0c4c354f7fa36d240cda1f99b9 in term 1.
I20260709 14:52:30.995494  1804 consensus_queue.cc:260] T d71cfeb168c8461f8b4942766140f66c P af7c0b9c876743c09b1cf5bbd7d7e048 [NON_LEADER]: Queue going to NON_LEADER mode. State: All replicated index: 0, Majority replicated index: 0, Committed index: 0, Last appended: 0.0, Last appended by leader: 0, Current term: 0, Majority size: -1, State: 0, Mode: NON_LEADER, active raft config: opid_index: -1 OBSOLETE_local: false peers { permanent_uuid: "af7c0b9c876743c09b1cf5bbd7d7e048" member_type: VOTER last_known_addr { host: "127.0.107.193" port: 43959 } } peers { permanent_uuid: "3975aaffaf294a528aed2f6630ae35dd" member_type: VOTER last_known_addr { host: "127.0.107.194" port: 37419 } } peers { permanent_uuid: "e8418c0c4c354f7fa36d240cda1f99b9" member_type: VOTER last_known_addr { host: "127.0.107.195" port: 36929 } }
I20260709 14:52:30.998155  1804 ts_tablet_manager.cc:1434] T d71cfeb168c8461f8b4942766140f66c P af7c0b9c876743c09b1cf5bbd7d7e048: Time spent starting tablet: real 0.055s	user 0.007s	sys 0.000s
W20260709 14:52:31.000658  1559 auto_rebalancer.cc:288] Could not retrieve cluster info: Service unavailable: Tablet not running
I20260709 14:52:31.002596  1802 tablet_bootstrap.cc:654] T 909c543f62004ecfae4318c3aad2279f P e8418c0c4c354f7fa36d240cda1f99b9: Neither blocks nor log segments found. Creating new log.
I20260709 14:52:31.003496  1510 catalog_manager.cc:5697] T a81630b334924da8aec9d11ee427cd76 P e8418c0c4c354f7fa36d240cda1f99b9 reported cstate change: term changed from 0 to 1, leader changed from <none> to e8418c0c4c354f7fa36d240cda1f99b9 (127.0.107.195). New cstate: current_term: 1 leader_uuid: "e8418c0c4c354f7fa36d240cda1f99b9" committed_config { opid_index: -1 OBSOLETE_local: false peers { permanent_uuid: "af7c0b9c876743c09b1cf5bbd7d7e048" member_type: VOTER last_known_addr { host: "127.0.107.193" port: 43959 } health_report { overall_health: UNKNOWN } } peers { permanent_uuid: "3975aaffaf294a528aed2f6630ae35dd" member_type: VOTER last_known_addr { host: "127.0.107.194" port: 37419 } health_report { overall_health: UNKNOWN } } peers { permanent_uuid: "e8418c0c4c354f7fa36d240cda1f99b9" member_type: VOTER last_known_addr { host: "127.0.107.195" port: 36929 } health_report { overall_health: HEALTHY } } }
I20260709 14:52:30.999207  1804 tablet_bootstrap.cc:492] T 6d8ca4a0a36b4c3c93eb541c1e2f1e79 P af7c0b9c876743c09b1cf5bbd7d7e048: Bootstrap starting.
I20260709 14:52:31.008522  1907 raft_consensus.cc:493] T d71cfeb168c8461f8b4942766140f66c P af7c0b9c876743c09b1cf5bbd7d7e048 [term 0 FOLLOWER]: Starting pre-election (no leader contacted us within the election timeout)
I20260709 14:52:31.009027  1907 raft_consensus.cc:515] T d71cfeb168c8461f8b4942766140f66c P af7c0b9c876743c09b1cf5bbd7d7e048 [term 0 FOLLOWER]: Starting pre-election with config: opid_index: -1 OBSOLETE_local: false peers { permanent_uuid: "af7c0b9c876743c09b1cf5bbd7d7e048" member_type: VOTER last_known_addr { host: "127.0.107.193" port: 43959 } } peers { permanent_uuid: "3975aaffaf294a528aed2f6630ae35dd" member_type: VOTER last_known_addr { host: "127.0.107.194" port: 37419 } } peers { permanent_uuid: "e8418c0c4c354f7fa36d240cda1f99b9" member_type: VOTER last_known_addr { host: "127.0.107.195" port: 36929 } }
W20260709 14:52:31.009618  1652 outbound_call.cc:321] RPC callback for RPC call kudu.consensus.ConsensusService.RequestConsensusVote -> {remote=127.0.107.193:43959, user_credentials={real_user=slave}} blocked reactor thread for 75909.8us
W20260709 14:52:31.010789  1726 leader_election.cc:343] T 5a5b0f8a9e854ea5a83f1d5874d09a52 P e8418c0c4c354f7fa36d240cda1f99b9 [CANDIDATE]: Term 1 election: Tablet error from VoteRequest() call to peer 3975aaffaf294a528aed2f6630ae35dd (127.0.107.194:37419): Illegal state: must be running to vote when last-logged opid is not known
I20260709 14:52:31.013736  1757 tablet_service.cc:1917] Received RequestConsensusVote() RPC: tablet_id: "d71cfeb168c8461f8b4942766140f66c" candidate_uuid: "af7c0b9c876743c09b1cf5bbd7d7e048" candidate_term: 1 candidate_status { last_received { term: 0 index: 0 } } ignore_live_leader: false dest_uuid: "e8418c0c4c354f7fa36d240cda1f99b9" is_pre_election: true
I20260709 14:52:31.014394  1757 raft_consensus.cc:2468] T d71cfeb168c8461f8b4942766140f66c P e8418c0c4c354f7fa36d240cda1f99b9 [term 0 FOLLOWER]: Leader pre-election vote request: Granting yes vote for candidate af7c0b9c876743c09b1cf5bbd7d7e048 in term 0.
I20260709 14:52:31.017025  1685 tablet_service.cc:1917] Received RequestConsensusVote() RPC: tablet_id: "d71cfeb168c8461f8b4942766140f66c" candidate_uuid: "af7c0b9c876743c09b1cf5bbd7d7e048" candidate_term: 1 candidate_status { last_received { term: 0 index: 0 } } ignore_live_leader: false dest_uuid: "3975aaffaf294a528aed2f6630ae35dd" is_pre_election: true
I20260709 14:52:31.017654  1579 leader_election.cc:304] T d71cfeb168c8461f8b4942766140f66c P af7c0b9c876743c09b1cf5bbd7d7e048 [CANDIDATE]: Term 1 pre-election: Election decided. Result: candidate won. Election summary: received 2 responses out of 3 voters: 2 yes votes; 0 no votes. yes voters: af7c0b9c876743c09b1cf5bbd7d7e048, e8418c0c4c354f7fa36d240cda1f99b9; no voters: 
I20260709 14:52:31.018628  1916 raft_consensus.cc:2804] T d71cfeb168c8461f8b4942766140f66c P af7c0b9c876743c09b1cf5bbd7d7e048 [term 0 FOLLOWER]: Leader pre-election won for term 1
I20260709 14:52:31.018433  1890 consensus_queue.cc:1048] T 9e28a6d9cf9f434da5deedc96f172f0e P af7c0b9c876743c09b1cf5bbd7d7e048 [LEADER]: Connected to new peer: Peer: permanent_uuid: "3975aaffaf294a528aed2f6630ae35dd" member_type: VOTER last_known_addr { host: "127.0.107.194" port: 37419 }, Status: LMP_MISMATCH, Last received: 0.0, Next index: 1, Last known committed idx: 0, Time since last communication: 0.001s
I20260709 14:52:31.018988  1916 raft_consensus.cc:493] T d71cfeb168c8461f8b4942766140f66c P af7c0b9c876743c09b1cf5bbd7d7e048 [term 0 FOLLOWER]: Starting leader election (no leader contacted us within the election timeout)
I20260709 14:52:31.019330  1916 raft_consensus.cc:3060] T d71cfeb168c8461f8b4942766140f66c P af7c0b9c876743c09b1cf5bbd7d7e048 [term 0 FOLLOWER]: Advancing to term 1
I20260709 14:52:31.020290  1907 leader_election.cc:290] T d71cfeb168c8461f8b4942766140f66c P af7c0b9c876743c09b1cf5bbd7d7e048 [CANDIDATE]: Term 1 pre-election: Requested pre-vote from peers 3975aaffaf294a528aed2f6630ae35dd (127.0.107.194:37419), e8418c0c4c354f7fa36d240cda1f99b9 (127.0.107.195:36929)
I20260709 14:52:31.024304  1803 tablet_bootstrap.cc:492] T 909c543f62004ecfae4318c3aad2279f P 3975aaffaf294a528aed2f6630ae35dd: No bootstrap required, opened a new log
I20260709 14:52:31.024835  1803 ts_tablet_manager.cc:1403] T 909c543f62004ecfae4318c3aad2279f P 3975aaffaf294a528aed2f6630ae35dd: Time spent bootstrapping tablet: real 0.321s	user 0.021s	sys 0.015s
I20260709 14:52:31.026978  1916 raft_consensus.cc:515] T d71cfeb168c8461f8b4942766140f66c P af7c0b9c876743c09b1cf5bbd7d7e048 [term 1 FOLLOWER]: Starting leader election with config: opid_index: -1 OBSOLETE_local: false peers { permanent_uuid: "af7c0b9c876743c09b1cf5bbd7d7e048" member_type: VOTER last_known_addr { host: "127.0.107.193" port: 43959 } } peers { permanent_uuid: "3975aaffaf294a528aed2f6630ae35dd" member_type: VOTER last_known_addr { host: "127.0.107.194" port: 37419 } } peers { permanent_uuid: "e8418c0c4c354f7fa36d240cda1f99b9" member_type: VOTER last_known_addr { host: "127.0.107.195" port: 36929 } }
I20260709 14:52:31.027017  1804 tablet_bootstrap.cc:654] T 6d8ca4a0a36b4c3c93eb541c1e2f1e79 P af7c0b9c876743c09b1cf5bbd7d7e048: Neither blocks nor log segments found. Creating new log.
I20260709 14:52:31.028239  1803 raft_consensus.cc:359] T 909c543f62004ecfae4318c3aad2279f P 3975aaffaf294a528aed2f6630ae35dd [term 0 FOLLOWER]: Replica starting. Triggering 0 pending ops. Active config: opid_index: -1 OBSOLETE_local: false peers { permanent_uuid: "af7c0b9c876743c09b1cf5bbd7d7e048" member_type: VOTER last_known_addr { host: "127.0.107.193" port: 43959 } } peers { permanent_uuid: "3975aaffaf294a528aed2f6630ae35dd" member_type: VOTER last_known_addr { host: "127.0.107.194" port: 37419 } } peers { permanent_uuid: "e8418c0c4c354f7fa36d240cda1f99b9" member_type: VOTER last_known_addr { host: "127.0.107.195" port: 36929 } }
I20260709 14:52:31.032791  1803 raft_consensus.cc:385] T 909c543f62004ecfae4318c3aad2279f P 3975aaffaf294a528aed2f6630ae35dd [term 0 FOLLOWER]: Consensus starting up: Expiring failure detector timer to make a prompt election more likely
I20260709 14:52:31.033100  1803 raft_consensus.cc:740] T 909c543f62004ecfae4318c3aad2279f P 3975aaffaf294a528aed2f6630ae35dd [term 0 FOLLOWER]: Becoming Follower/Learner. State: Replica: 3975aaffaf294a528aed2f6630ae35dd, State: Initialized, Role: FOLLOWER
I20260709 14:52:31.033807  1803 consensus_queue.cc:260] T 909c543f62004ecfae4318c3aad2279f P 3975aaffaf294a528aed2f6630ae35dd [NON_LEADER]: Queue going to NON_LEADER mode. State: All replicated index: 0, Majority replicated index: 0, Committed index: 0, Last appended: 0.0, Last appended by leader: 0, Current term: 0, Majority size: -1, State: 0, Mode: NON_LEADER, active raft config: opid_index: -1 OBSOLETE_local: false peers { permanent_uuid: "af7c0b9c876743c09b1cf5bbd7d7e048" member_type: VOTER last_known_addr { host: "127.0.107.193" port: 43959 } } peers { permanent_uuid: "3975aaffaf294a528aed2f6630ae35dd" member_type: VOTER last_known_addr { host: "127.0.107.194" port: 37419 } } peers { permanent_uuid: "e8418c0c4c354f7fa36d240cda1f99b9" member_type: VOTER last_known_addr { host: "127.0.107.195" port: 36929 } }
W20260709 14:52:31.037103  1577 leader_election.cc:343] T d71cfeb168c8461f8b4942766140f66c P af7c0b9c876743c09b1cf5bbd7d7e048 [CANDIDATE]: Term 1 pre-election: Tablet error from VoteRequest() call to peer 3975aaffaf294a528aed2f6630ae35dd (127.0.107.194:37419): Illegal state: must be running to vote when last-logged opid is not known
I20260709 14:52:31.039357  1757 tablet_service.cc:1917] Received RequestConsensusVote() RPC: tablet_id: "d71cfeb168c8461f8b4942766140f66c" candidate_uuid: "af7c0b9c876743c09b1cf5bbd7d7e048" candidate_term: 1 candidate_status { last_received { term: 0 index: 0 } } ignore_live_leader: false dest_uuid: "e8418c0c4c354f7fa36d240cda1f99b9"
I20260709 14:52:31.039935  1757 raft_consensus.cc:3060] T d71cfeb168c8461f8b4942766140f66c P e8418c0c4c354f7fa36d240cda1f99b9 [term 0 FOLLOWER]: Advancing to term 1
I20260709 14:52:31.040309  1916 leader_election.cc:290] T d71cfeb168c8461f8b4942766140f66c P af7c0b9c876743c09b1cf5bbd7d7e048 [CANDIDATE]: Term 1 election: Requested vote from peers 3975aaffaf294a528aed2f6630ae35dd (127.0.107.194:37419), e8418c0c4c354f7fa36d240cda1f99b9 (127.0.107.195:36929)
I20260709 14:52:31.042044  1939 consensus_queue.cc:1048] T be5ce809346f49a0a7e3d57a5c9ac6b3 P 3975aaffaf294a528aed2f6630ae35dd [LEADER]: Connected to new peer: Peer: permanent_uuid: "af7c0b9c876743c09b1cf5bbd7d7e048" member_type: VOTER last_known_addr { host: "127.0.107.193" port: 43959 }, Status: LMP_MISMATCH, Last received: 0.0, Next index: 1, Last known committed idx: 0, Time since last communication: 0.000s
I20260709 14:52:31.048859  1685 tablet_service.cc:1917] Received RequestConsensusVote() RPC: tablet_id: "d71cfeb168c8461f8b4942766140f66c" candidate_uuid: "af7c0b9c876743c09b1cf5bbd7d7e048" candidate_term: 1 candidate_status { last_received { term: 0 index: 0 } } ignore_live_leader: false dest_uuid: "3975aaffaf294a528aed2f6630ae35dd"
I20260709 14:52:31.049842  1802 tablet_bootstrap.cc:492] T 909c543f62004ecfae4318c3aad2279f P e8418c0c4c354f7fa36d240cda1f99b9: No bootstrap required, opened a new log
I20260709 14:52:31.050319  1802 ts_tablet_manager.cc:1403] T 909c543f62004ecfae4318c3aad2279f P e8418c0c4c354f7fa36d240cda1f99b9: Time spent bootstrapping tablet: real 0.111s	user 0.010s	sys 0.003s
W20260709 14:52:31.052032  1577 leader_election.cc:343] T d71cfeb168c8461f8b4942766140f66c P af7c0b9c876743c09b1cf5bbd7d7e048 [CANDIDATE]: Term 1 election: Tablet error from VoteRequest() call to peer 3975aaffaf294a528aed2f6630ae35dd (127.0.107.194:37419): Illegal state: must be running to vote when last-logged opid is not known
I20260709 14:52:31.053545  1812 consensus_queue.cc:1048] T e7845351ad4747f99708a5de7cbdf854 P af7c0b9c876743c09b1cf5bbd7d7e048 [LEADER]: Connected to new peer: Peer: permanent_uuid: "3975aaffaf294a528aed2f6630ae35dd" member_type: VOTER last_known_addr { host: "127.0.107.194" port: 37419 }, Status: LMP_MISMATCH, Last received: 0.0, Next index: 1, Last known committed idx: 0, Time since last communication: 0.000s
I20260709 14:52:31.053972  1802 raft_consensus.cc:359] T 909c543f62004ecfae4318c3aad2279f P e8418c0c4c354f7fa36d240cda1f99b9 [term 0 FOLLOWER]: Replica starting. Triggering 0 pending ops. Active config: opid_index: -1 OBSOLETE_local: false peers { permanent_uuid: "af7c0b9c876743c09b1cf5bbd7d7e048" member_type: VOTER last_known_addr { host: "127.0.107.193" port: 43959 } } peers { permanent_uuid: "3975aaffaf294a528aed2f6630ae35dd" member_type: VOTER last_known_addr { host: "127.0.107.194" port: 37419 } } peers { permanent_uuid: "e8418c0c4c354f7fa36d240cda1f99b9" member_type: VOTER last_known_addr { host: "127.0.107.195" port: 36929 } }
I20260709 14:52:31.054685  1802 raft_consensus.cc:385] T 909c543f62004ecfae4318c3aad2279f P e8418c0c4c354f7fa36d240cda1f99b9 [term 0 FOLLOWER]: Consensus starting up: Expiring failure detector timer to make a prompt election more likely
I20260709 14:52:31.054945  1802 raft_consensus.cc:740] T 909c543f62004ecfae4318c3aad2279f P e8418c0c4c354f7fa36d240cda1f99b9 [term 0 FOLLOWER]: Becoming Follower/Learner. State: Replica: e8418c0c4c354f7fa36d240cda1f99b9, State: Initialized, Role: FOLLOWER
I20260709 14:52:31.055665  1802 consensus_queue.cc:260] T 909c543f62004ecfae4318c3aad2279f P e8418c0c4c354f7fa36d240cda1f99b9 [NON_LEADER]: Queue going to NON_LEADER mode. State: All replicated index: 0, Majority replicated index: 0, Committed index: 0, Last appended: 0.0, Last appended by leader: 0, Current term: 0, Majority size: -1, State: 0, Mode: NON_LEADER, active raft config: opid_index: -1 OBSOLETE_local: false peers { permanent_uuid: "af7c0b9c876743c09b1cf5bbd7d7e048" member_type: VOTER last_known_addr { host: "127.0.107.193" port: 43959 } } peers { permanent_uuid: "3975aaffaf294a528aed2f6630ae35dd" member_type: VOTER last_known_addr { host: "127.0.107.194" port: 37419 } } peers { permanent_uuid: "e8418c0c4c354f7fa36d240cda1f99b9" member_type: VOTER last_known_addr { host: "127.0.107.195" port: 36929 } }
I20260709 14:52:31.047945  1757 raft_consensus.cc:2468] T d71cfeb168c8461f8b4942766140f66c P e8418c0c4c354f7fa36d240cda1f99b9 [term 1 FOLLOWER]: Leader election vote request: Granting yes vote for candidate af7c0b9c876743c09b1cf5bbd7d7e048 in term 1.
I20260709 14:52:31.057780  1802 ts_tablet_manager.cc:1434] T 909c543f62004ecfae4318c3aad2279f P e8418c0c4c354f7fa36d240cda1f99b9: Time spent starting tablet: real 0.007s	user 0.004s	sys 0.000s
I20260709 14:52:31.060115  1803 ts_tablet_manager.cc:1434] T 909c543f62004ecfae4318c3aad2279f P 3975aaffaf294a528aed2f6630ae35dd: Time spent starting tablet: real 0.035s	user 0.006s	sys 0.000s
I20260709 14:52:31.065119  1579 leader_election.cc:304] T d71cfeb168c8461f8b4942766140f66c P af7c0b9c876743c09b1cf5bbd7d7e048 [CANDIDATE]: Term 1 election: Election decided. Result: candidate won. Election summary: received 3 responses out of 3 voters: 2 yes votes; 1 no votes. yes voters: af7c0b9c876743c09b1cf5bbd7d7e048, e8418c0c4c354f7fa36d240cda1f99b9; no voters: 3975aaffaf294a528aed2f6630ae35dd
I20260709 14:52:31.063995  1802 tablet_bootstrap.cc:492] T b51018c9020f48c886abede4ad81f5a2 P e8418c0c4c354f7fa36d240cda1f99b9: Bootstrap starting.
I20260709 14:52:31.067427  1812 raft_consensus.cc:2804] T d71cfeb168c8461f8b4942766140f66c P af7c0b9c876743c09b1cf5bbd7d7e048 [term 1 FOLLOWER]: Leader election won for term 1
I20260709 14:52:31.069681  1803 tablet_bootstrap.cc:492] T 66787d6e9c0e47aa98d12822a052d426 P 3975aaffaf294a528aed2f6630ae35dd: Bootstrap starting.
I20260709 14:52:31.070314  1812 raft_consensus.cc:697] T d71cfeb168c8461f8b4942766140f66c P af7c0b9c876743c09b1cf5bbd7d7e048 [term 1 LEADER]: Becoming Leader. State: Replica: af7c0b9c876743c09b1cf5bbd7d7e048, State: Running, Role: LEADER
I20260709 14:52:31.071274  1812 consensus_queue.cc:237] T d71cfeb168c8461f8b4942766140f66c P af7c0b9c876743c09b1cf5bbd7d7e048 [LEADER]: Queue going to LEADER mode. State: All replicated index: 0, Majority replicated index: 0, Committed index: 0, Last appended: 0.0, Last appended by leader: 0, Current term: 1, Majority size: 2, State: 0, Mode: LEADER, active raft config: opid_index: -1 OBSOLETE_local: false peers { permanent_uuid: "af7c0b9c876743c09b1cf5bbd7d7e048" member_type: VOTER last_known_addr { host: "127.0.107.193" port: 43959 } } peers { permanent_uuid: "3975aaffaf294a528aed2f6630ae35dd" member_type: VOTER last_known_addr { host: "127.0.107.194" port: 37419 } } peers { permanent_uuid: "e8418c0c4c354f7fa36d240cda1f99b9" member_type: VOTER last_known_addr { host: "127.0.107.195" port: 36929 } }
I20260709 14:52:31.078161  1916 raft_consensus.cc:493] T 757e4613dc024fa6a14c218270ccf25c P af7c0b9c876743c09b1cf5bbd7d7e048 [term 0 FOLLOWER]: Starting pre-election (no leader contacted us within the election timeout)
I20260709 14:52:31.078711  1916 raft_consensus.cc:515] T 757e4613dc024fa6a14c218270ccf25c P af7c0b9c876743c09b1cf5bbd7d7e048 [term 0 FOLLOWER]: Starting pre-election with config: opid_index: -1 OBSOLETE_local: false peers { permanent_uuid: "af7c0b9c876743c09b1cf5bbd7d7e048" member_type: VOTER last_known_addr { host: "127.0.107.193" port: 43959 } } peers { permanent_uuid: "3975aaffaf294a528aed2f6630ae35dd" member_type: VOTER last_known_addr { host: "127.0.107.194" port: 37419 } } peers { permanent_uuid: "e8418c0c4c354f7fa36d240cda1f99b9" member_type: VOTER last_known_addr { host: "127.0.107.195" port: 36929 } }
I20260709 14:52:31.083737  1804 tablet_bootstrap.cc:492] T 6d8ca4a0a36b4c3c93eb541c1e2f1e79 P af7c0b9c876743c09b1cf5bbd7d7e048: No bootstrap required, opened a new log
I20260709 14:52:31.083743  1916 leader_election.cc:290] T 757e4613dc024fa6a14c218270ccf25c P af7c0b9c876743c09b1cf5bbd7d7e048 [CANDIDATE]: Term 1 pre-election: Requested pre-vote from peers 3975aaffaf294a528aed2f6630ae35dd (127.0.107.194:37419), e8418c0c4c354f7fa36d240cda1f99b9 (127.0.107.195:36929)
I20260709 14:52:31.084372  1804 ts_tablet_manager.cc:1403] T 6d8ca4a0a36b4c3c93eb541c1e2f1e79 P af7c0b9c876743c09b1cf5bbd7d7e048: Time spent bootstrapping tablet: real 0.085s	user 0.018s	sys 0.034s
I20260709 14:52:31.084386  1762 tablet_service.cc:1917] Received RequestConsensusVote() RPC: tablet_id: "757e4613dc024fa6a14c218270ccf25c" candidate_uuid: "af7c0b9c876743c09b1cf5bbd7d7e048" candidate_term: 1 candidate_status { last_received { term: 0 index: 0 } } ignore_live_leader: false dest_uuid: "e8418c0c4c354f7fa36d240cda1f99b9" is_pre_election: true
W20260709 14:52:31.086280  1579 leader_election.cc:343] T 757e4613dc024fa6a14c218270ccf25c P af7c0b9c876743c09b1cf5bbd7d7e048 [CANDIDATE]: Term 1 pre-election: Tablet error from VoteRequest() call to peer e8418c0c4c354f7fa36d240cda1f99b9 (127.0.107.195:36929): Illegal state: must be running to vote when last-logged opid is not known
I20260709 14:52:31.087157  1804 raft_consensus.cc:359] T 6d8ca4a0a36b4c3c93eb541c1e2f1e79 P af7c0b9c876743c09b1cf5bbd7d7e048 [term 0 FOLLOWER]: Replica starting. Triggering 0 pending ops. Active config: opid_index: -1 OBSOLETE_local: false peers { permanent_uuid: "af7c0b9c876743c09b1cf5bbd7d7e048" member_type: VOTER last_known_addr { host: "127.0.107.193" port: 43959 } } peers { permanent_uuid: "3975aaffaf294a528aed2f6630ae35dd" member_type: VOTER last_known_addr { host: "127.0.107.194" port: 37419 } } peers { permanent_uuid: "e8418c0c4c354f7fa36d240cda1f99b9" member_type: VOTER last_known_addr { host: "127.0.107.195" port: 36929 } }
I20260709 14:52:31.087810  1804 raft_consensus.cc:385] T 6d8ca4a0a36b4c3c93eb541c1e2f1e79 P af7c0b9c876743c09b1cf5bbd7d7e048 [term 0 FOLLOWER]: Consensus starting up: Expiring failure detector timer to make a prompt election more likely
I20260709 14:52:31.088078  1804 raft_consensus.cc:740] T 6d8ca4a0a36b4c3c93eb541c1e2f1e79 P af7c0b9c876743c09b1cf5bbd7d7e048 [term 0 FOLLOWER]: Becoming Follower/Learner. State: Replica: af7c0b9c876743c09b1cf5bbd7d7e048, State: Initialized, Role: FOLLOWER
I20260709 14:52:31.088783  1804 consensus_queue.cc:260] T 6d8ca4a0a36b4c3c93eb541c1e2f1e79 P af7c0b9c876743c09b1cf5bbd7d7e048 [NON_LEADER]: Queue going to NON_LEADER mode. State: All replicated index: 0, Majority replicated index: 0, Committed index: 0, Last appended: 0.0, Last appended by leader: 0, Current term: 0, Majority size: -1, State: 0, Mode: NON_LEADER, active raft config: opid_index: -1 OBSOLETE_local: false peers { permanent_uuid: "af7c0b9c876743c09b1cf5bbd7d7e048" member_type: VOTER last_known_addr { host: "127.0.107.193" port: 43959 } } peers { permanent_uuid: "3975aaffaf294a528aed2f6630ae35dd" member_type: VOTER last_known_addr { host: "127.0.107.194" port: 37419 } } peers { permanent_uuid: "e8418c0c4c354f7fa36d240cda1f99b9" member_type: VOTER last_known_addr { host: "127.0.107.195" port: 36929 } }
W20260709 14:52:31.089188  1579 consensus_peers.cc:597] T 9e28a6d9cf9f434da5deedc96f172f0e P af7c0b9c876743c09b1cf5bbd7d7e048 -> Peer e8418c0c4c354f7fa36d240cda1f99b9 (127.0.107.195:36929): Couldn't send request to peer e8418c0c4c354f7fa36d240cda1f99b9. Error code: TABLET_NOT_RUNNING (12). Status: Illegal state: Tablet not RUNNING: INITIALIZED. This is attempt 1: this message will repeat every 5th retry.
I20260709 14:52:31.091148  1804 ts_tablet_manager.cc:1434] T 6d8ca4a0a36b4c3c93eb541c1e2f1e79 P af7c0b9c876743c09b1cf5bbd7d7e048: Time spent starting tablet: real 0.006s	user 0.006s	sys 0.000s
I20260709 14:52:31.092059  1804 tablet_bootstrap.cc:492] T 916f2855a91248f28973f857e9f01d99 P af7c0b9c876743c09b1cf5bbd7d7e048: Bootstrap starting.
I20260709 14:52:31.100670  1685 tablet_service.cc:1917] Received RequestConsensusVote() RPC: tablet_id: "757e4613dc024fa6a14c218270ccf25c" candidate_uuid: "af7c0b9c876743c09b1cf5bbd7d7e048" candidate_term: 1 candidate_status { last_received { term: 0 index: 0 } } ignore_live_leader: false dest_uuid: "3975aaffaf294a528aed2f6630ae35dd" is_pre_election: true
I20260709 14:52:31.101315  1685 raft_consensus.cc:2468] T 757e4613dc024fa6a14c218270ccf25c P 3975aaffaf294a528aed2f6630ae35dd [term 0 FOLLOWER]: Leader pre-election vote request: Granting yes vote for candidate af7c0b9c876743c09b1cf5bbd7d7e048 in term 0.
I20260709 14:52:31.106163  1577 leader_election.cc:304] T 757e4613dc024fa6a14c218270ccf25c P af7c0b9c876743c09b1cf5bbd7d7e048 [CANDIDATE]: Term 1 pre-election: Election decided. Result: candidate won. Election summary: received 3 responses out of 3 voters: 2 yes votes; 1 no votes. yes voters: 3975aaffaf294a528aed2f6630ae35dd, af7c0b9c876743c09b1cf5bbd7d7e048; no voters: e8418c0c4c354f7fa36d240cda1f99b9
I20260709 14:52:31.106990  1907 raft_consensus.cc:2804] T 757e4613dc024fa6a14c218270ccf25c P af7c0b9c876743c09b1cf5bbd7d7e048 [term 0 FOLLOWER]: Leader pre-election won for term 1
I20260709 14:52:31.107339  1907 raft_consensus.cc:493] T 757e4613dc024fa6a14c218270ccf25c P af7c0b9c876743c09b1cf5bbd7d7e048 [term 0 FOLLOWER]: Starting leader election (no leader contacted us within the election timeout)
I20260709 14:52:31.107656  1907 raft_consensus.cc:3060] T 757e4613dc024fa6a14c218270ccf25c P af7c0b9c876743c09b1cf5bbd7d7e048 [term 0 FOLLOWER]: Advancing to term 1
I20260709 14:52:31.108309  1905 consensus_queue.cc:1048] T e7845351ad4747f99708a5de7cbdf854 P af7c0b9c876743c09b1cf5bbd7d7e048 [LEADER]: Connected to new peer: Peer: permanent_uuid: "e8418c0c4c354f7fa36d240cda1f99b9" member_type: VOTER last_known_addr { host: "127.0.107.195" port: 36929 }, Status: LMP_MISMATCH, Last received: 0.0, Next index: 1, Last known committed idx: 0, Time since last communication: 0.000s
I20260709 14:52:31.115000  1907 raft_consensus.cc:515] T 757e4613dc024fa6a14c218270ccf25c P af7c0b9c876743c09b1cf5bbd7d7e048 [term 1 FOLLOWER]: Starting leader election with config: opid_index: -1 OBSOLETE_local: false peers { permanent_uuid: "af7c0b9c876743c09b1cf5bbd7d7e048" member_type: VOTER last_known_addr { host: "127.0.107.193" port: 43959 } } peers { permanent_uuid: "3975aaffaf294a528aed2f6630ae35dd" member_type: VOTER last_known_addr { host: "127.0.107.194" port: 37419 } } peers { permanent_uuid: "e8418c0c4c354f7fa36d240cda1f99b9" member_type: VOTER last_known_addr { host: "127.0.107.195" port: 36929 } }
I20260709 14:52:31.117375  1907 leader_election.cc:290] T 757e4613dc024fa6a14c218270ccf25c P af7c0b9c876743c09b1cf5bbd7d7e048 [CANDIDATE]: Term 1 election: Requested vote from peers 3975aaffaf294a528aed2f6630ae35dd (127.0.107.194:37419), e8418c0c4c354f7fa36d240cda1f99b9 (127.0.107.195:36929)
I20260709 14:52:31.157172  1802 tablet_bootstrap.cc:654] T b51018c9020f48c886abede4ad81f5a2 P e8418c0c4c354f7fa36d240cda1f99b9: Neither blocks nor log segments found. Creating new log.
I20260709 14:52:31.157815  1757 tablet_service.cc:1917] Received RequestConsensusVote() RPC: tablet_id: "757e4613dc024fa6a14c218270ccf25c" candidate_uuid: "af7c0b9c876743c09b1cf5bbd7d7e048" candidate_term: 1 candidate_status { last_received { term: 0 index: 0 } } ignore_live_leader: false dest_uuid: "e8418c0c4c354f7fa36d240cda1f99b9"
I20260709 14:52:31.160876  1685 tablet_service.cc:1917] Received RequestConsensusVote() RPC: tablet_id: "757e4613dc024fa6a14c218270ccf25c" candidate_uuid: "af7c0b9c876743c09b1cf5bbd7d7e048" candidate_term: 1 candidate_status { last_received { term: 0 index: 0 } } ignore_live_leader: false dest_uuid: "3975aaffaf294a528aed2f6630ae35dd"
I20260709 14:52:31.161909  1685 raft_consensus.cc:3060] T 757e4613dc024fa6a14c218270ccf25c P 3975aaffaf294a528aed2f6630ae35dd [term 0 FOLLOWER]: Advancing to term 1
I20260709 14:52:31.164212  1854 raft_consensus.cc:493] T be5ce809346f49a0a7e3d57a5c9ac6b3 P e8418c0c4c354f7fa36d240cda1f99b9 [term 0 FOLLOWER]: Starting pre-election (no leader contacted us within the election timeout)
I20260709 14:52:31.164510  1907 raft_consensus.cc:493] T 909c543f62004ecfae4318c3aad2279f P af7c0b9c876743c09b1cf5bbd7d7e048 [term 0 FOLLOWER]: Starting pre-election (no leader contacted us within the election timeout)
I20260709 14:52:31.165494  1907 raft_consensus.cc:515] T 909c543f62004ecfae4318c3aad2279f P af7c0b9c876743c09b1cf5bbd7d7e048 [term 0 FOLLOWER]: Starting pre-election with config: opid_index: -1 OBSOLETE_local: false peers { permanent_uuid: "af7c0b9c876743c09b1cf5bbd7d7e048" member_type: VOTER last_known_addr { host: "127.0.107.193" port: 43959 } } peers { permanent_uuid: "3975aaffaf294a528aed2f6630ae35dd" member_type: VOTER last_known_addr { host: "127.0.107.194" port: 37419 } } peers { permanent_uuid: "e8418c0c4c354f7fa36d240cda1f99b9" member_type: VOTER last_known_addr { host: "127.0.107.195" port: 36929 } }
I20260709 14:52:31.165359  1854 raft_consensus.cc:515] T be5ce809346f49a0a7e3d57a5c9ac6b3 P e8418c0c4c354f7fa36d240cda1f99b9 [term 0 FOLLOWER]: Starting pre-election with config: opid_index: -1 OBSOLETE_local: false peers { permanent_uuid: "af7c0b9c876743c09b1cf5bbd7d7e048" member_type: VOTER last_known_addr { host: "127.0.107.193" port: 43959 } } peers { permanent_uuid: "3975aaffaf294a528aed2f6630ae35dd" member_type: VOTER last_known_addr { host: "127.0.107.194" port: 37419 } } peers { permanent_uuid: "e8418c0c4c354f7fa36d240cda1f99b9" member_type: VOTER last_known_addr { host: "127.0.107.195" port: 36929 } }
I20260709 14:52:31.167713  1804 tablet_bootstrap.cc:654] T 916f2855a91248f28973f857e9f01d99 P af7c0b9c876743c09b1cf5bbd7d7e048: Neither blocks nor log segments found. Creating new log.
I20260709 14:52:31.181087  1611 tablet_service.cc:1917] Received RequestConsensusVote() RPC: tablet_id: "be5ce809346f49a0a7e3d57a5c9ac6b3" candidate_uuid: "e8418c0c4c354f7fa36d240cda1f99b9" candidate_term: 1 candidate_status { last_received { term: 0 index: 0 } } ignore_live_leader: false dest_uuid: "af7c0b9c876743c09b1cf5bbd7d7e048" is_pre_election: true
W20260709 14:52:31.181421  1579 leader_election.cc:343] T 757e4613dc024fa6a14c218270ccf25c P af7c0b9c876743c09b1cf5bbd7d7e048 [CANDIDATE]: Term 1 election: Tablet error from VoteRequest() call to peer e8418c0c4c354f7fa36d240cda1f99b9 (127.0.107.195:36929): Illegal state: must be running to vote when last-logged opid is not known
I20260709 14:52:31.186444  1854 leader_election.cc:290] T be5ce809346f49a0a7e3d57a5c9ac6b3 P e8418c0c4c354f7fa36d240cda1f99b9 [CANDIDATE]: Term 1 pre-election: Requested pre-vote from peers af7c0b9c876743c09b1cf5bbd7d7e048 (127.0.107.193:43959), 3975aaffaf294a528aed2f6630ae35dd (127.0.107.194:37419)
I20260709 14:52:31.185849  1508 catalog_manager.cc:5697] T d71cfeb168c8461f8b4942766140f66c P af7c0b9c876743c09b1cf5bbd7d7e048 reported cstate change: term changed from 0 to 1, leader changed from <none> to af7c0b9c876743c09b1cf5bbd7d7e048 (127.0.107.193). New cstate: current_term: 1 leader_uuid: "af7c0b9c876743c09b1cf5bbd7d7e048" committed_config { opid_index: -1 OBSOLETE_local: false peers { permanent_uuid: "af7c0b9c876743c09b1cf5bbd7d7e048" member_type: VOTER last_known_addr { host: "127.0.107.193" port: 43959 } health_report { overall_health: HEALTHY } } peers { permanent_uuid: "3975aaffaf294a528aed2f6630ae35dd" member_type: VOTER last_known_addr { host: "127.0.107.194" port: 37419 } health_report { overall_health: UNKNOWN } } peers { permanent_uuid: "e8418c0c4c354f7fa36d240cda1f99b9" member_type: VOTER last_known_addr { host: "127.0.107.195" port: 36929 } health_report { overall_health: UNKNOWN } } }
I20260709 14:52:31.191201  1688 tablet_service.cc:1917] Received RequestConsensusVote() RPC: tablet_id: "be5ce809346f49a0a7e3d57a5c9ac6b3" candidate_uuid: "e8418c0c4c354f7fa36d240cda1f99b9" candidate_term: 1 candidate_status { last_received { term: 0 index: 0 } } ignore_live_leader: false dest_uuid: "3975aaffaf294a528aed2f6630ae35dd" is_pre_election: true
I20260709 14:52:31.194056  1726 leader_election.cc:304] T be5ce809346f49a0a7e3d57a5c9ac6b3 P e8418c0c4c354f7fa36d240cda1f99b9 [CANDIDATE]: Term 1 pre-election: Election decided. Result: candidate lost. Election summary: received 3 responses out of 3 voters: 1 yes votes; 2 no votes. yes voters: e8418c0c4c354f7fa36d240cda1f99b9; no voters: 3975aaffaf294a528aed2f6630ae35dd, af7c0b9c876743c09b1cf5bbd7d7e048
I20260709 14:52:31.195530  1803 tablet_bootstrap.cc:654] T 66787d6e9c0e47aa98d12822a052d426 P 3975aaffaf294a528aed2f6630ae35dd: Neither blocks nor log segments found. Creating new log.
I20260709 14:52:31.211233  1854 raft_consensus.cc:2749] T be5ce809346f49a0a7e3d57a5c9ac6b3 P e8418c0c4c354f7fa36d240cda1f99b9 [term 0 FOLLOWER]: Leader pre-election lost for term 1. Reason: could not achieve majority
I20260709 14:52:31.218742  1688 tablet_service.cc:1917] Received RequestConsensusVote() RPC: tablet_id: "909c543f62004ecfae4318c3aad2279f" candidate_uuid: "af7c0b9c876743c09b1cf5bbd7d7e048" candidate_term: 1 candidate_status { last_received { term: 0 index: 0 } } ignore_live_leader: false dest_uuid: "3975aaffaf294a528aed2f6630ae35dd" is_pre_election: true
I20260709 14:52:31.219601  1688 raft_consensus.cc:2468] T 909c543f62004ecfae4318c3aad2279f P 3975aaffaf294a528aed2f6630ae35dd [term 0 FOLLOWER]: Leader pre-election vote request: Granting yes vote for candidate af7c0b9c876743c09b1cf5bbd7d7e048 in term 0.
I20260709 14:52:31.221115  1577 leader_election.cc:304] T 909c543f62004ecfae4318c3aad2279f P af7c0b9c876743c09b1cf5bbd7d7e048 [CANDIDATE]: Term 1 pre-election: Election decided. Result: candidate won. Election summary: received 2 responses out of 3 voters: 2 yes votes; 0 no votes. yes voters: 3975aaffaf294a528aed2f6630ae35dd, af7c0b9c876743c09b1cf5bbd7d7e048; no voters: 
I20260709 14:52:31.227561  1916 raft_consensus.cc:2804] T 909c543f62004ecfae4318c3aad2279f P af7c0b9c876743c09b1cf5bbd7d7e048 [term 0 FOLLOWER]: Leader pre-election won for term 1
I20260709 14:52:31.228073  1916 raft_consensus.cc:493] T 909c543f62004ecfae4318c3aad2279f P af7c0b9c876743c09b1cf5bbd7d7e048 [term 0 FOLLOWER]: Starting leader election (no leader contacted us within the election timeout)
I20260709 14:52:31.228444  1916 raft_consensus.cc:3060] T 909c543f62004ecfae4318c3aad2279f P af7c0b9c876743c09b1cf5bbd7d7e048 [term 0 FOLLOWER]: Advancing to term 1
I20260709 14:52:31.226974  1685 raft_consensus.cc:2468] T 757e4613dc024fa6a14c218270ccf25c P 3975aaffaf294a528aed2f6630ae35dd [term 1 FOLLOWER]: Leader election vote request: Granting yes vote for candidate af7c0b9c876743c09b1cf5bbd7d7e048 in term 1.
I20260709 14:52:31.230484  1577 leader_election.cc:304] T 757e4613dc024fa6a14c218270ccf25c P af7c0b9c876743c09b1cf5bbd7d7e048 [CANDIDATE]: Term 1 election: Election decided. Result: candidate won. Election summary: received 3 responses out of 3 voters: 2 yes votes; 1 no votes. yes voters: 3975aaffaf294a528aed2f6630ae35dd, af7c0b9c876743c09b1cf5bbd7d7e048; no voters: e8418c0c4c354f7fa36d240cda1f99b9
I20260709 14:52:31.231375  1757 tablet_service.cc:1917] Received RequestConsensusVote() RPC: tablet_id: "909c543f62004ecfae4318c3aad2279f" candidate_uuid: "af7c0b9c876743c09b1cf5bbd7d7e048" candidate_term: 1 candidate_status { last_received { term: 0 index: 0 } } ignore_live_leader: false dest_uuid: "e8418c0c4c354f7fa36d240cda1f99b9" is_pre_election: true
I20260709 14:52:31.232116  1905 raft_consensus.cc:2804] T 757e4613dc024fa6a14c218270ccf25c P af7c0b9c876743c09b1cf5bbd7d7e048 [term 1 FOLLOWER]: Leader election won for term 1
I20260709 14:52:31.232240  1757 raft_consensus.cc:2468] T 909c543f62004ecfae4318c3aad2279f P e8418c0c4c354f7fa36d240cda1f99b9 [term 0 FOLLOWER]: Leader pre-election vote request: Granting yes vote for candidate af7c0b9c876743c09b1cf5bbd7d7e048 in term 0.
I20260709 14:52:31.232766  1905 raft_consensus.cc:697] T 757e4613dc024fa6a14c218270ccf25c P af7c0b9c876743c09b1cf5bbd7d7e048 [term 1 LEADER]: Becoming Leader. State: Replica: af7c0b9c876743c09b1cf5bbd7d7e048, State: Running, Role: LEADER
I20260709 14:52:31.234113  1907 leader_election.cc:290] T 909c543f62004ecfae4318c3aad2279f P af7c0b9c876743c09b1cf5bbd7d7e048 [CANDIDATE]: Term 1 pre-election: Requested pre-vote from peers 3975aaffaf294a528aed2f6630ae35dd (127.0.107.194:37419), e8418c0c4c354f7fa36d240cda1f99b9 (127.0.107.195:36929)
I20260709 14:52:31.234838  1905 consensus_queue.cc:237] T 757e4613dc024fa6a14c218270ccf25c P af7c0b9c876743c09b1cf5bbd7d7e048 [LEADER]: Queue going to LEADER mode. State: All replicated index: 0, Majority replicated index: 0, Committed index: 0, Last appended: 0.0, Last appended by leader: 0, Current term: 1, Majority size: 2, State: 0, Mode: LEADER, active raft config: opid_index: -1 OBSOLETE_local: false peers { permanent_uuid: "af7c0b9c876743c09b1cf5bbd7d7e048" member_type: VOTER last_known_addr { host: "127.0.107.193" port: 43959 } } peers { permanent_uuid: "3975aaffaf294a528aed2f6630ae35dd" member_type: VOTER last_known_addr { host: "127.0.107.194" port: 37419 } } peers { permanent_uuid: "e8418c0c4c354f7fa36d240cda1f99b9" member_type: VOTER last_known_addr { host: "127.0.107.195" port: 36929 } }
I20260709 14:52:31.242820  1804 tablet_bootstrap.cc:492] T 916f2855a91248f28973f857e9f01d99 P af7c0b9c876743c09b1cf5bbd7d7e048: No bootstrap required, opened a new log
I20260709 14:52:31.243511  1804 ts_tablet_manager.cc:1403] T 916f2855a91248f28973f857e9f01d99 P af7c0b9c876743c09b1cf5bbd7d7e048: Time spent bootstrapping tablet: real 0.152s	user 0.012s	sys 0.009s
I20260709 14:52:31.246244  1916 raft_consensus.cc:515] T 909c543f62004ecfae4318c3aad2279f P af7c0b9c876743c09b1cf5bbd7d7e048 [term 1 FOLLOWER]: Starting leader election with config: opid_index: -1 OBSOLETE_local: false peers { permanent_uuid: "af7c0b9c876743c09b1cf5bbd7d7e048" member_type: VOTER last_known_addr { host: "127.0.107.193" port: 43959 } } peers { permanent_uuid: "3975aaffaf294a528aed2f6630ae35dd" member_type: VOTER last_known_addr { host: "127.0.107.194" port: 37419 } } peers { permanent_uuid: "e8418c0c4c354f7fa36d240cda1f99b9" member_type: VOTER last_known_addr { host: "127.0.107.195" port: 36929 } }
I20260709 14:52:31.250093  1685 tablet_service.cc:1917] Received RequestConsensusVote() RPC: tablet_id: "909c543f62004ecfae4318c3aad2279f" candidate_uuid: "af7c0b9c876743c09b1cf5bbd7d7e048" candidate_term: 1 candidate_status { last_received { term: 0 index: 0 } } ignore_live_leader: false dest_uuid: "3975aaffaf294a528aed2f6630ae35dd"
I20260709 14:52:31.250746  1685 raft_consensus.cc:3060] T 909c543f62004ecfae4318c3aad2279f P 3975aaffaf294a528aed2f6630ae35dd [term 0 FOLLOWER]: Advancing to term 1
I20260709 14:52:31.251287  1802 tablet_bootstrap.cc:492] T b51018c9020f48c886abede4ad81f5a2 P e8418c0c4c354f7fa36d240cda1f99b9: No bootstrap required, opened a new log
I20260709 14:52:31.252027  1802 ts_tablet_manager.cc:1403] T b51018c9020f48c886abede4ad81f5a2 P e8418c0c4c354f7fa36d240cda1f99b9: Time spent bootstrapping tablet: real 0.188s	user 0.025s	sys 0.016s
I20260709 14:52:31.255393  1802 raft_consensus.cc:359] T b51018c9020f48c886abede4ad81f5a2 P e8418c0c4c354f7fa36d240cda1f99b9 [term 0 FOLLOWER]: Replica starting. Triggering 0 pending ops. Active config: opid_index: -1 OBSOLETE_local: false peers { permanent_uuid: "af7c0b9c876743c09b1cf5bbd7d7e048" member_type: VOTER last_known_addr { host: "127.0.107.193" port: 43959 } } peers { permanent_uuid: "3975aaffaf294a528aed2f6630ae35dd" member_type: VOTER last_known_addr { host: "127.0.107.194" port: 37419 } } peers { permanent_uuid: "e8418c0c4c354f7fa36d240cda1f99b9" member_type: VOTER last_known_addr { host: "127.0.107.195" port: 36929 } }
I20260709 14:52:31.256119  1802 raft_consensus.cc:385] T b51018c9020f48c886abede4ad81f5a2 P e8418c0c4c354f7fa36d240cda1f99b9 [term 0 FOLLOWER]: Consensus starting up: Expiring failure detector timer to make a prompt election more likely
I20260709 14:52:31.259461  1757 tablet_service.cc:1917] Received RequestConsensusVote() RPC: tablet_id: "909c543f62004ecfae4318c3aad2279f" candidate_uuid: "af7c0b9c876743c09b1cf5bbd7d7e048" candidate_term: 1 candidate_status { last_received { term: 0 index: 0 } } ignore_live_leader: false dest_uuid: "e8418c0c4c354f7fa36d240cda1f99b9"
I20260709 14:52:31.260169  1757 raft_consensus.cc:3060] T 909c543f62004ecfae4318c3aad2279f P e8418c0c4c354f7fa36d240cda1f99b9 [term 0 FOLLOWER]: Advancing to term 1
I20260709 14:52:31.249542  1804 raft_consensus.cc:359] T 916f2855a91248f28973f857e9f01d99 P af7c0b9c876743c09b1cf5bbd7d7e048 [term 0 FOLLOWER]: Replica starting. Triggering 0 pending ops. Active config: opid_index: -1 OBSOLETE_local: false peers { permanent_uuid: "af7c0b9c876743c09b1cf5bbd7d7e048" member_type: VOTER last_known_addr { host: "127.0.107.193" port: 43959 } } peers { permanent_uuid: "3975aaffaf294a528aed2f6630ae35dd" member_type: VOTER last_known_addr { host: "127.0.107.194" port: 37419 } } peers { permanent_uuid: "e8418c0c4c354f7fa36d240cda1f99b9" member_type: VOTER last_known_addr { host: "127.0.107.195" port: 36929 } }
I20260709 14:52:31.263409  1804 raft_consensus.cc:385] T 916f2855a91248f28973f857e9f01d99 P af7c0b9c876743c09b1cf5bbd7d7e048 [term 0 FOLLOWER]: Consensus starting up: Expiring failure detector timer to make a prompt election more likely
I20260709 14:52:31.263687  1804 raft_consensus.cc:740] T 916f2855a91248f28973f857e9f01d99 P af7c0b9c876743c09b1cf5bbd7d7e048 [term 0 FOLLOWER]: Becoming Follower/Learner. State: Replica: af7c0b9c876743c09b1cf5bbd7d7e048, State: Initialized, Role: FOLLOWER
I20260709 14:52:31.265202  1804 consensus_queue.cc:260] T 916f2855a91248f28973f857e9f01d99 P af7c0b9c876743c09b1cf5bbd7d7e048 [NON_LEADER]: Queue going to NON_LEADER mode. State: All replicated index: 0, Majority replicated index: 0, Committed index: 0, Last appended: 0.0, Last appended by leader: 0, Current term: 0, Majority size: -1, State: 0, Mode: NON_LEADER, active raft config: opid_index: -1 OBSOLETE_local: false peers { permanent_uuid: "af7c0b9c876743c09b1cf5bbd7d7e048" member_type: VOTER last_known_addr { host: "127.0.107.193" port: 43959 } } peers { permanent_uuid: "3975aaffaf294a528aed2f6630ae35dd" member_type: VOTER last_known_addr { host: "127.0.107.194" port: 37419 } } peers { permanent_uuid: "e8418c0c4c354f7fa36d240cda1f99b9" member_type: VOTER last_known_addr { host: "127.0.107.195" port: 36929 } }
I20260709 14:52:31.269380  1757 raft_consensus.cc:2468] T 909c543f62004ecfae4318c3aad2279f P e8418c0c4c354f7fa36d240cda1f99b9 [term 1 FOLLOWER]: Leader election vote request: Granting yes vote for candidate af7c0b9c876743c09b1cf5bbd7d7e048 in term 1.
I20260709 14:52:31.272114  1579 leader_election.cc:304] T 909c543f62004ecfae4318c3aad2279f P af7c0b9c876743c09b1cf5bbd7d7e048 [CANDIDATE]: Term 1 election: Election decided. Result: candidate won. Election summary: received 2 responses out of 3 voters: 2 yes votes; 0 no votes. yes voters: af7c0b9c876743c09b1cf5bbd7d7e048, e8418c0c4c354f7fa36d240cda1f99b9; no voters: 
I20260709 14:52:31.273279  1905 raft_consensus.cc:2804] T 909c543f62004ecfae4318c3aad2279f P af7c0b9c876743c09b1cf5bbd7d7e048 [term 1 FOLLOWER]: Leader election won for term 1
I20260709 14:52:31.273891  1905 raft_consensus.cc:697] T 909c543f62004ecfae4318c3aad2279f P af7c0b9c876743c09b1cf5bbd7d7e048 [term 1 LEADER]: Becoming Leader. State: Replica: af7c0b9c876743c09b1cf5bbd7d7e048, State: Running, Role: LEADER
I20260709 14:52:31.274614  1685 raft_consensus.cc:2468] T 909c543f62004ecfae4318c3aad2279f P 3975aaffaf294a528aed2f6630ae35dd [term 1 FOLLOWER]: Leader election vote request: Granting yes vote for candidate af7c0b9c876743c09b1cf5bbd7d7e048 in term 1.
I20260709 14:52:31.270061  1802 raft_consensus.cc:740] T b51018c9020f48c886abede4ad81f5a2 P e8418c0c4c354f7fa36d240cda1f99b9 [term 0 FOLLOWER]: Becoming Follower/Learner. State: Replica: e8418c0c4c354f7fa36d240cda1f99b9, State: Initialized, Role: FOLLOWER
I20260709 14:52:31.270504  1916 leader_election.cc:290] T 909c543f62004ecfae4318c3aad2279f P af7c0b9c876743c09b1cf5bbd7d7e048 [CANDIDATE]: Term 1 election: Requested vote from peers 3975aaffaf294a528aed2f6630ae35dd (127.0.107.194:37419), e8418c0c4c354f7fa36d240cda1f99b9 (127.0.107.195:36929)
I20260709 14:52:31.275828  1804 ts_tablet_manager.cc:1434] T 916f2855a91248f28973f857e9f01d99 P af7c0b9c876743c09b1cf5bbd7d7e048: Time spent starting tablet: real 0.032s	user 0.003s	sys 0.008s
