I20260709 14:52:31.588685  1728 raft_consensus.cc:2393] T 1b3686d525994b92b0f9301a79a02693 P c414110bd7824be199b3751ee65a74ed [term 1 FOLLOWER]: Leader pre-election vote request: Denying vote to candidate fb949889d3ae4a6dbb1c4942c6b072bf in current term 1: Already voted for candidate e7d2b59f68554b41be9b2271c7f18be8 in this term.
I20260709 14:52:31.588848  1581 raft_consensus.cc:2468] T a28f0919be754ae6996269635df3b7a3 P fb949889d3ae4a6dbb1c4942c6b072bf [term 1 FOLLOWER]: Leader election vote request: Granting yes vote for candidate e7d2b59f68554b41be9b2271c7f18be8 in term 1.
I20260709 14:52:31.590229  1546 leader_election.cc:304] T 1b3686d525994b92b0f9301a79a02693 P fb949889d3ae4a6dbb1c4942c6b072bf [CANDIDATE]: Term 1 pre-election: Election decided. Result: candidate lost. Election summary: received 3 responses out of 3 voters: 1 yes votes; 2 no votes. yes voters: fb949889d3ae4a6dbb1c4942c6b072bf; no voters: c414110bd7824be199b3751ee65a74ed, e7d2b59f68554b41be9b2271c7f18be8
I20260709 14:52:31.590548  1696 leader_election.cc:304] T 659304aa9b6844b6973480d57c3bd15f P c414110bd7824be199b3751ee65a74ed [CANDIDATE]: Term 1 election: Election decided. Result: candidate won. Election summary: received 2 responses out of 3 voters: 2 yes votes; 0 no votes. yes voters: c414110bd7824be199b3751ee65a74ed, e7d2b59f68554b41be9b2271c7f18be8; no voters: 
I20260709 14:52:31.591282  1811 raft_consensus.cc:2804] T 659304aa9b6844b6973480d57c3bd15f P c414110bd7824be199b3751ee65a74ed [term 1 FOLLOWER]: Leader election won for term 1
I20260709 14:52:31.590195  1621 leader_election.cc:304] T 45f0d6f18b0c4f6ea559c7843e5fb218 P e7d2b59f68554b41be9b2271c7f18be8 [CANDIDATE]: Term 1 pre-election: Election decided. Result: candidate won. Election summary: received 3 responses out of 3 voters: 2 yes votes; 1 no votes. yes voters: e7d2b59f68554b41be9b2271c7f18be8, fb949889d3ae4a6dbb1c4942c6b072bf; no voters: c414110bd7824be199b3751ee65a74ed
I20260709 14:52:31.593634  1807 raft_consensus.cc:2804] T 45f0d6f18b0c4f6ea559c7843e5fb218 P e7d2b59f68554b41be9b2271c7f18be8 [term 0 FOLLOWER]: Leader pre-election won for term 1
I20260709 14:52:31.594012  1807 raft_consensus.cc:493] T 45f0d6f18b0c4f6ea559c7843e5fb218 P e7d2b59f68554b41be9b2271c7f18be8 [term 0 FOLLOWER]: Starting leader election (no leader contacted us within the election timeout)
I20260709 14:52:31.594353  1807 raft_consensus.cc:3060] T 45f0d6f18b0c4f6ea559c7843e5fb218 P e7d2b59f68554b41be9b2271c7f18be8 [term 0 FOLLOWER]: Advancing to term 1
I20260709 14:52:31.595320  1772 tablet_bootstrap.cc:654] T 8f5932ef96984ecbac7af247aafd810a P e7d2b59f68554b41be9b2271c7f18be8: Neither blocks nor log segments found. Creating new log.
I20260709 14:52:31.600787  1841 raft_consensus.cc:3060] T 1b3686d525994b92b0f9301a79a02693 P fb949889d3ae4a6dbb1c4942c6b072bf [term 0 FOLLOWER]: Advancing to term 1
I20260709 14:52:31.597749  1773 tablet_bootstrap.cc:654] T 6aca3591889f4e94965bcea58685907c P fb949889d3ae4a6dbb1c4942c6b072bf: Neither blocks nor log segments found. Creating new log.
I20260709 14:52:31.601522  1621 leader_election.cc:304] T a28f0919be754ae6996269635df3b7a3 P e7d2b59f68554b41be9b2271c7f18be8 [CANDIDATE]: Term 1 election: Election decided. Result: candidate won. Election summary: received 2 responses out of 3 voters: 2 yes votes; 0 no votes. yes voters: e7d2b59f68554b41be9b2271c7f18be8, fb949889d3ae4a6dbb1c4942c6b072bf; no voters: 
I20260709 14:52:31.602286  1777 raft_consensus.cc:2804] T a28f0919be754ae6996269635df3b7a3 P e7d2b59f68554b41be9b2271c7f18be8 [term 1 FOLLOWER]: Leader election won for term 1
I20260709 14:52:31.602759  1777 raft_consensus.cc:697] T a28f0919be754ae6996269635df3b7a3 P e7d2b59f68554b41be9b2271c7f18be8 [term 1 LEADER]: Becoming Leader. State: Replica: e7d2b59f68554b41be9b2271c7f18be8, State: Running, Role: LEADER
I20260709 14:52:31.603511  1777 consensus_queue.cc:237] T a28f0919be754ae6996269635df3b7a3 P e7d2b59f68554b41be9b2271c7f18be8 [LEADER]: Queue going to LEADER mode. State: All replicated index: 0, Majority replicated index: 0, Committed index: 0, Last appended: 0.0, Last appended by leader: 0, Current term: 1, Majority size: 2, State: 0, Mode: LEADER, active raft config: opid_index: -1 OBSOLETE_local: false peers { permanent_uuid: "fb949889d3ae4a6dbb1c4942c6b072bf" member_type: VOTER last_known_addr { host: "127.0.107.193" port: 34017 } } peers { permanent_uuid: "e7d2b59f68554b41be9b2271c7f18be8" member_type: VOTER last_known_addr { host: "127.0.107.194" port: 34599 } } peers { permanent_uuid: "c414110bd7824be199b3751ee65a74ed" member_type: VOTER last_known_addr { host: "127.0.107.195" port: 34659 } }
I20260709 14:52:31.604828  1770 tablet_bootstrap.cc:492] T 6aca3591889f4e94965bcea58685907c P c414110bd7824be199b3751ee65a74ed: No bootstrap required, opened a new log
I20260709 14:52:31.605242  1770 ts_tablet_manager.cc:1403] T 6aca3591889f4e94965bcea58685907c P c414110bd7824be199b3751ee65a74ed: Time spent bootstrapping tablet: real 0.044s	user 0.018s	sys 0.007s
I20260709 14:52:31.607929  1770 raft_consensus.cc:359] T 6aca3591889f4e94965bcea58685907c P c414110bd7824be199b3751ee65a74ed [term 0 FOLLOWER]: Replica starting. Triggering 0 pending ops. Active config: opid_index: -1 OBSOLETE_local: false peers { permanent_uuid: "fb949889d3ae4a6dbb1c4942c6b072bf" member_type: VOTER last_known_addr { host: "127.0.107.193" port: 34017 } } peers { permanent_uuid: "e7d2b59f68554b41be9b2271c7f18be8" member_type: VOTER last_known_addr { host: "127.0.107.194" port: 34599 } } peers { permanent_uuid: "c414110bd7824be199b3751ee65a74ed" member_type: VOTER last_known_addr { host: "127.0.107.195" port: 34659 } }
I20260709 14:52:31.608603  1770 raft_consensus.cc:385] T 6aca3591889f4e94965bcea58685907c P c414110bd7824be199b3751ee65a74ed [term 0 FOLLOWER]: Consensus starting up: Expiring failure detector timer to make a prompt election more likely
I20260709 14:52:31.608868  1770 raft_consensus.cc:740] T 6aca3591889f4e94965bcea58685907c P c414110bd7824be199b3751ee65a74ed [term 0 FOLLOWER]: Becoming Follower/Learner. State: Replica: c414110bd7824be199b3751ee65a74ed, State: Initialized, Role: FOLLOWER
I20260709 14:52:31.610783  1843 raft_consensus.cc:493] T 82c34e1970164666bde38769fc0e8061 P c414110bd7824be199b3751ee65a74ed [term 0 FOLLOWER]: Starting pre-election (no leader contacted us within the election timeout)
I20260709 14:52:31.611258  1843 raft_consensus.cc:515] T 82c34e1970164666bde38769fc0e8061 P c414110bd7824be199b3751ee65a74ed [term 0 FOLLOWER]: Starting pre-election with config: opid_index: -1 OBSOLETE_local: false peers { permanent_uuid: "fb949889d3ae4a6dbb1c4942c6b072bf" member_type: VOTER last_known_addr { host: "127.0.107.193" port: 34017 } } peers { permanent_uuid: "e7d2b59f68554b41be9b2271c7f18be8" member_type: VOTER last_known_addr { host: "127.0.107.194" port: 34599 } } peers { permanent_uuid: "c414110bd7824be199b3751ee65a74ed" member_type: VOTER last_known_addr { host: "127.0.107.195" port: 34659 } }
I20260709 14:52:31.612836  1811 raft_consensus.cc:697] T 659304aa9b6844b6973480d57c3bd15f P c414110bd7824be199b3751ee65a74ed [term 1 LEADER]: Becoming Leader. State: Replica: c414110bd7824be199b3751ee65a74ed, State: Running, Role: LEADER
I20260709 14:52:31.613691  1811 consensus_queue.cc:237] T 659304aa9b6844b6973480d57c3bd15f P c414110bd7824be199b3751ee65a74ed [LEADER]: Queue going to LEADER mode. State: All replicated index: 0, Majority replicated index: 0, Committed index: 0, Last appended: 0.0, Last appended by leader: 0, Current term: 1, Majority size: 2, State: 0, Mode: LEADER, active raft config: opid_index: -1 OBSOLETE_local: false peers { permanent_uuid: "fb949889d3ae4a6dbb1c4942c6b072bf" member_type: VOTER last_known_addr { host: "127.0.107.193" port: 34017 } } peers { permanent_uuid: "e7d2b59f68554b41be9b2271c7f18be8" member_type: VOTER last_known_addr { host: "127.0.107.194" port: 34599 } } peers { permanent_uuid: "c414110bd7824be199b3751ee65a74ed" member_type: VOTER last_known_addr { host: "127.0.107.195" port: 34659 } }
I20260709 14:52:31.615211  1770 consensus_queue.cc:260] T 6aca3591889f4e94965bcea58685907c P c414110bd7824be199b3751ee65a74ed [NON_LEADER]: Queue going to NON_LEADER mode. State: All replicated index: 0, Majority replicated index: 0, Committed index: 0, Last appended: 0.0, Last appended by leader: 0, Current term: 0, Majority size: -1, State: 0, Mode: NON_LEADER, active raft config: opid_index: -1 OBSOLETE_local: false peers { permanent_uuid: "fb949889d3ae4a6dbb1c4942c6b072bf" member_type: VOTER last_known_addr { host: "127.0.107.193" port: 34017 } } peers { permanent_uuid: "e7d2b59f68554b41be9b2271c7f18be8" member_type: VOTER last_known_addr { host: "127.0.107.194" port: 34599 } } peers { permanent_uuid: "c414110bd7824be199b3751ee65a74ed" member_type: VOTER last_known_addr { host: "127.0.107.195" port: 34659 } }
I20260709 14:52:31.617327  1770 ts_tablet_manager.cc:1434] T 6aca3591889f4e94965bcea58685907c P c414110bd7824be199b3751ee65a74ed: Time spent starting tablet: real 0.012s	user 0.006s	sys 0.000s
I20260709 14:52:31.618209  1770 tablet_bootstrap.cc:492] T b6a397fa417d4cc0b7ca46727893ac70 P c414110bd7824be199b3751ee65a74ed: Bootstrap starting.
I20260709 14:52:31.617540  1479 catalog_manager.cc:5697] T a28f0919be754ae6996269635df3b7a3 P e7d2b59f68554b41be9b2271c7f18be8 reported cstate change: term changed from 0 to 1, leader changed from <none> to e7d2b59f68554b41be9b2271c7f18be8 (127.0.107.194). New cstate: current_term: 1 leader_uuid: "e7d2b59f68554b41be9b2271c7f18be8" committed_config { opid_index: -1 OBSOLETE_local: false peers { permanent_uuid: "fb949889d3ae4a6dbb1c4942c6b072bf" member_type: VOTER last_known_addr { host: "127.0.107.193" port: 34017 } health_report { overall_health: UNKNOWN } } peers { permanent_uuid: "e7d2b59f68554b41be9b2271c7f18be8" member_type: VOTER last_known_addr { host: "127.0.107.194" port: 34599 } health_report { overall_health: HEALTHY } } peers { permanent_uuid: "c414110bd7824be199b3751ee65a74ed" member_type: VOTER last_known_addr { host: "127.0.107.195" port: 34659 } health_report { overall_health: UNKNOWN } } }
I20260709 14:52:31.614621  1772 tablet_bootstrap.cc:492] T 8f5932ef96984ecbac7af247aafd810a P e7d2b59f68554b41be9b2271c7f18be8: No bootstrap required, opened a new log
I20260709 14:52:31.621429  1581 tablet_service.cc:1917] Received RequestConsensusVote() RPC: tablet_id: "82c34e1970164666bde38769fc0e8061" candidate_uuid: "c414110bd7824be199b3751ee65a74ed" candidate_term: 1 candidate_status { last_received { term: 0 index: 0 } } ignore_live_leader: false dest_uuid: "fb949889d3ae4a6dbb1c4942c6b072bf" is_pre_election: true
I20260709 14:52:31.622033  1772 ts_tablet_manager.cc:1403] T 8f5932ef96984ecbac7af247aafd810a P e7d2b59f68554b41be9b2271c7f18be8: Time spent bootstrapping tablet: real 0.057s	user 0.007s	sys 0.004s
W20260709 14:52:31.623055  1695 leader_election.cc:343] T 82c34e1970164666bde38769fc0e8061 P c414110bd7824be199b3751ee65a74ed [CANDIDATE]: Term 1 pre-election: Tablet error from VoteRequest() call to peer fb949889d3ae4a6dbb1c4942c6b072bf (127.0.107.193:34017): Illegal state: must be running to vote when last-logged opid is not known
I20260709 14:52:31.623646  1845 raft_consensus.cc:493] T 6aca3591889f4e94965bcea58685907c P c414110bd7824be199b3751ee65a74ed [term 0 FOLLOWER]: Starting pre-election (no leader contacted us within the election timeout)
I20260709 14:52:31.624133  1845 raft_consensus.cc:515] T 6aca3591889f4e94965bcea58685907c P c414110bd7824be199b3751ee65a74ed [term 0 FOLLOWER]: Starting pre-election with config: opid_index: -1 OBSOLETE_local: false peers { permanent_uuid: "fb949889d3ae4a6dbb1c4942c6b072bf" member_type: VOTER last_known_addr { host: "127.0.107.193" port: 34017 } } peers { permanent_uuid: "e7d2b59f68554b41be9b2271c7f18be8" member_type: VOTER last_known_addr { host: "127.0.107.194" port: 34599 } } peers { permanent_uuid: "c414110bd7824be199b3751ee65a74ed" member_type: VOTER last_known_addr { host: "127.0.107.195" port: 34659 } }
I20260709 14:52:31.624397  1772 raft_consensus.cc:359] T 8f5932ef96984ecbac7af247aafd810a P e7d2b59f68554b41be9b2271c7f18be8 [term 0 FOLLOWER]: Replica starting. Triggering 0 pending ops. Active config: opid_index: -1 OBSOLETE_local: false peers { permanent_uuid: "fb949889d3ae4a6dbb1c4942c6b072bf" member_type: VOTER last_known_addr { host: "127.0.107.193" port: 34017 } } peers { permanent_uuid: "e7d2b59f68554b41be9b2271c7f18be8" member_type: VOTER last_known_addr { host: "127.0.107.194" port: 34599 } } peers { permanent_uuid: "c414110bd7824be199b3751ee65a74ed" member_type: VOTER last_known_addr { host: "127.0.107.195" port: 34659 } }
I20260709 14:52:31.625046  1772 raft_consensus.cc:385] T 8f5932ef96984ecbac7af247aafd810a P e7d2b59f68554b41be9b2271c7f18be8 [term 0 FOLLOWER]: Consensus starting up: Expiring failure detector timer to make a prompt election more likely
I20260709 14:52:31.625319  1772 raft_consensus.cc:740] T 8f5932ef96984ecbac7af247aafd810a P e7d2b59f68554b41be9b2271c7f18be8 [term 0 FOLLOWER]: Becoming Follower/Learner. State: Replica: e7d2b59f68554b41be9b2271c7f18be8, State: Initialized, Role: FOLLOWER
I20260709 14:52:31.626151  1772 consensus_queue.cc:260] T 8f5932ef96984ecbac7af247aafd810a P e7d2b59f68554b41be9b2271c7f18be8 [NON_LEADER]: Queue going to NON_LEADER mode. State: All replicated index: 0, Majority replicated index: 0, Committed index: 0, Last appended: 0.0, Last appended by leader: 0, Current term: 0, Majority size: -1, State: 0, Mode: NON_LEADER, active raft config: opid_index: -1 OBSOLETE_local: false peers { permanent_uuid: "fb949889d3ae4a6dbb1c4942c6b072bf" member_type: VOTER last_known_addr { host: "127.0.107.193" port: 34017 } } peers { permanent_uuid: "e7d2b59f68554b41be9b2271c7f18be8" member_type: VOTER last_known_addr { host: "127.0.107.194" port: 34599 } } peers { permanent_uuid: "c414110bd7824be199b3751ee65a74ed" member_type: VOTER last_known_addr { host: "127.0.107.195" port: 34659 } }
I20260709 14:52:31.627220  1581 tablet_service.cc:1917] Received RequestConsensusVote() RPC: tablet_id: "6aca3591889f4e94965bcea58685907c" candidate_uuid: "c414110bd7824be199b3751ee65a74ed" candidate_term: 1 candidate_status { last_received { term: 0 index: 0 } } ignore_live_leader: false dest_uuid: "fb949889d3ae4a6dbb1c4942c6b072bf" is_pre_election: true
W20260709 14:52:31.629369  1695 leader_election.cc:343] T 6aca3591889f4e94965bcea58685907c P c414110bd7824be199b3751ee65a74ed [CANDIDATE]: Term 1 pre-election: Tablet error from VoteRequest() call to peer fb949889d3ae4a6dbb1c4942c6b072bf (127.0.107.193:34017): Illegal state: must be running to vote when last-logged opid is not known
I20260709 14:52:31.629971  1772 ts_tablet_manager.cc:1434] T 8f5932ef96984ecbac7af247aafd810a P e7d2b59f68554b41be9b2271c7f18be8: Time spent starting tablet: real 0.008s	user 0.005s	sys 0.000s
I20260709 14:52:31.626432  1845 leader_election.cc:290] T 6aca3591889f4e94965bcea58685907c P c414110bd7824be199b3751ee65a74ed [CANDIDATE]: Term 1 pre-election: Requested pre-vote from peers fb949889d3ae4a6dbb1c4942c6b072bf (127.0.107.193:34017), e7d2b59f68554b41be9b2271c7f18be8 (127.0.107.194:34599)
I20260709 14:52:31.636332  1845 raft_consensus.cc:493] T d372e582f8d4473a8817b2207de3f0d3 P c414110bd7824be199b3751ee65a74ed [term 0 FOLLOWER]: Starting pre-election (no leader contacted us within the election timeout)
I20260709 14:52:31.636806  1845 raft_consensus.cc:515] T d372e582f8d4473a8817b2207de3f0d3 P c414110bd7824be199b3751ee65a74ed [term 0 FOLLOWER]: Starting pre-election with config: opid_index: -1 OBSOLETE_local: false peers { permanent_uuid: "fb949889d3ae4a6dbb1c4942c6b072bf" member_type: VOTER last_known_addr { host: "127.0.107.193" port: 34017 } } peers { permanent_uuid: "e7d2b59f68554b41be9b2271c7f18be8" member_type: VOTER last_known_addr { host: "127.0.107.194" port: 34599 } } peers { permanent_uuid: "c414110bd7824be199b3751ee65a74ed" member_type: VOTER last_known_addr { host: "127.0.107.195" port: 34659 } }
I20260709 14:52:31.630980  1772 tablet_bootstrap.cc:492] T d372e582f8d4473a8817b2207de3f0d3 P e7d2b59f68554b41be9b2271c7f18be8: Bootstrap starting.
I20260709 14:52:31.617575  1843 leader_election.cc:290] T 82c34e1970164666bde38769fc0e8061 P c414110bd7824be199b3751ee65a74ed [CANDIDATE]: Term 1 pre-election: Requested pre-vote from peers fb949889d3ae4a6dbb1c4942c6b072bf (127.0.107.193:34017), e7d2b59f68554b41be9b2271c7f18be8 (127.0.107.194:34599)
I20260709 14:52:31.632652  1656 tablet_service.cc:1917] Received RequestConsensusVote() RPC: tablet_id: "82c34e1970164666bde38769fc0e8061" candidate_uuid: "c414110bd7824be199b3751ee65a74ed" candidate_term: 1 candidate_status { last_received { term: 0 index: 0 } } ignore_live_leader: false dest_uuid: "e7d2b59f68554b41be9b2271c7f18be8" is_pre_election: true
I20260709 14:52:31.633332  1655 tablet_service.cc:1917] Received RequestConsensusVote() RPC: tablet_id: "6aca3591889f4e94965bcea58685907c" candidate_uuid: "c414110bd7824be199b3751ee65a74ed" candidate_term: 1 candidate_status { last_received { term: 0 index: 0 } } ignore_live_leader: false dest_uuid: "e7d2b59f68554b41be9b2271c7f18be8" is_pre_election: true
I20260709 14:52:31.645099  1655 raft_consensus.cc:2468] T 6aca3591889f4e94965bcea58685907c P e7d2b59f68554b41be9b2271c7f18be8 [term 0 FOLLOWER]: Leader pre-election vote request: Granting yes vote for candidate c414110bd7824be199b3751ee65a74ed in term 0.
I20260709 14:52:31.645684  1777 raft_consensus.cc:493] T e144066caddd4b6286f329f8e1a8d296 P e7d2b59f68554b41be9b2271c7f18be8 [term 0 FOLLOWER]: Starting pre-election (no leader contacted us within the election timeout)
I20260709 14:52:31.645143  1476 catalog_manager.cc:5697] T 659304aa9b6844b6973480d57c3bd15f P c414110bd7824be199b3751ee65a74ed reported cstate change: term changed from 0 to 1, leader changed from <none> to c414110bd7824be199b3751ee65a74ed (127.0.107.195). New cstate: current_term: 1 leader_uuid: "c414110bd7824be199b3751ee65a74ed" committed_config { opid_index: -1 OBSOLETE_local: false peers { permanent_uuid: "fb949889d3ae4a6dbb1c4942c6b072bf" member_type: VOTER last_known_addr { host: "127.0.107.193" port: 34017 } health_report { overall_health: UNKNOWN } } peers { permanent_uuid: "e7d2b59f68554b41be9b2271c7f18be8" member_type: VOTER last_known_addr { host: "127.0.107.194" port: 34599 } health_report { overall_health: UNKNOWN } } peers { permanent_uuid: "c414110bd7824be199b3751ee65a74ed" member_type: VOTER last_known_addr { host: "127.0.107.195" port: 34659 } health_report { overall_health: HEALTHY } } }
I20260709 14:52:31.646130  1777 raft_consensus.cc:515] T e144066caddd4b6286f329f8e1a8d296 P e7d2b59f68554b41be9b2271c7f18be8 [term 0 FOLLOWER]: Starting pre-election with config: opid_index: -1 OBSOLETE_local: false peers { permanent_uuid: "fb949889d3ae4a6dbb1c4942c6b072bf" member_type: VOTER last_known_addr { host: "127.0.107.193" port: 34017 } } peers { permanent_uuid: "e7d2b59f68554b41be9b2271c7f18be8" member_type: VOTER last_known_addr { host: "127.0.107.194" port: 34599 } } peers { permanent_uuid: "c414110bd7824be199b3751ee65a74ed" member_type: VOTER last_known_addr { host: "127.0.107.195" port: 34659 } }
I20260709 14:52:31.646808  1770 tablet_bootstrap.cc:654] T b6a397fa417d4cc0b7ca46727893ac70 P c414110bd7824be199b3751ee65a74ed: Neither blocks nor log segments found. Creating new log.
I20260709 14:52:31.648132  1581 tablet_service.cc:1917] Received RequestConsensusVote() RPC: tablet_id: "d372e582f8d4473a8817b2207de3f0d3" candidate_uuid: "c414110bd7824be199b3751ee65a74ed" candidate_term: 1 candidate_status { last_received { term: 0 index: 0 } } ignore_live_leader: false dest_uuid: "fb949889d3ae4a6dbb1c4942c6b072bf" is_pre_election: true
I20260709 14:52:31.648329  1777 leader_election.cc:290] T e144066caddd4b6286f329f8e1a8d296 P e7d2b59f68554b41be9b2271c7f18be8 [CANDIDATE]: Term 1 pre-election: Requested pre-vote from peers fb949889d3ae4a6dbb1c4942c6b072bf (127.0.107.193:34017), c414110bd7824be199b3751ee65a74ed (127.0.107.195:34659)
I20260709 14:52:31.645570  1845 leader_election.cc:290] T d372e582f8d4473a8817b2207de3f0d3 P c414110bd7824be199b3751ee65a74ed [CANDIDATE]: Term 1 pre-election: Requested pre-vote from peers fb949889d3ae4a6dbb1c4942c6b072bf (127.0.107.193:34017), e7d2b59f68554b41be9b2271c7f18be8 (127.0.107.194:34599)
I20260709 14:52:31.650297  1581 tablet_service.cc:1917] Received RequestConsensusVote() RPC: tablet_id: "e144066caddd4b6286f329f8e1a8d296" candidate_uuid: "e7d2b59f68554b41be9b2271c7f18be8" candidate_term: 1 candidate_status { last_received { term: 0 index: 0 } } ignore_live_leader: false dest_uuid: "fb949889d3ae4a6dbb1c4942c6b072bf" is_pre_election: true
I20260709 14:52:31.651572  1655 tablet_service.cc:1917] Received RequestConsensusVote() RPC: tablet_id: "d372e582f8d4473a8817b2207de3f0d3" candidate_uuid: "c414110bd7824be199b3751ee65a74ed" candidate_term: 1 candidate_status { last_received { term: 0 index: 0 } } ignore_live_leader: false dest_uuid: "e7d2b59f68554b41be9b2271c7f18be8" is_pre_election: true
W20260709 14:52:31.651922  1696 leader_election.cc:343] T 82c34e1970164666bde38769fc0e8061 P c414110bd7824be199b3751ee65a74ed [CANDIDATE]: Term 1 pre-election: Tablet error from VoteRequest() call to peer e7d2b59f68554b41be9b2271c7f18be8 (127.0.107.194:34599): Illegal state: must be running to vote when last-logged opid is not known
I20260709 14:52:31.652372  1696 leader_election.cc:304] T 82c34e1970164666bde38769fc0e8061 P c414110bd7824be199b3751ee65a74ed [CANDIDATE]: Term 1 pre-election: Election decided. Result: candidate lost. Election summary: received 3 responses out of 3 voters: 1 yes votes; 2 no votes. yes voters: c414110bd7824be199b3751ee65a74ed; no voters: e7d2b59f68554b41be9b2271c7f18be8, fb949889d3ae4a6dbb1c4942c6b072bf
W20260709 14:52:31.651443  1621 leader_election.cc:343] T e144066caddd4b6286f329f8e1a8d296 P e7d2b59f68554b41be9b2271c7f18be8 [CANDIDATE]: Term 1 pre-election: Tablet error from VoteRequest() call to peer fb949889d3ae4a6dbb1c4942c6b072bf (127.0.107.193:34017): Illegal state: must be running to vote when last-logged opid is not known
W20260709 14:52:31.652884  1695 leader_election.cc:343] T d372e582f8d4473a8817b2207de3f0d3 P c414110bd7824be199b3751ee65a74ed [CANDIDATE]: Term 1 pre-election: Tablet error from VoteRequest() call to peer fb949889d3ae4a6dbb1c4942c6b072bf (127.0.107.193:34017): Illegal state: must be running to vote when last-logged opid is not known
I20260709 14:52:31.652917  1772 tablet_bootstrap.cc:654] T d372e582f8d4473a8817b2207de3f0d3 P e7d2b59f68554b41be9b2271c7f18be8: Neither blocks nor log segments found. Creating new log.
I20260709 14:52:31.653913  1845 raft_consensus.cc:2749] T 82c34e1970164666bde38769fc0e8061 P c414110bd7824be199b3751ee65a74ed [term 0 FOLLOWER]: Leader pre-election lost for term 1. Reason: could not achieve majority
I20260709 14:52:31.654855  1696 leader_election.cc:304] T 6aca3591889f4e94965bcea58685907c P c414110bd7824be199b3751ee65a74ed [CANDIDATE]: Term 1 pre-election: Election decided. Result: candidate won. Election summary: received 3 responses out of 3 voters: 2 yes votes; 1 no votes. yes voters: c414110bd7824be199b3751ee65a74ed, e7d2b59f68554b41be9b2271c7f18be8; no voters: fb949889d3ae4a6dbb1c4942c6b072bf
I20260709 14:52:31.655786  1773 tablet_bootstrap.cc:492] T 6aca3591889f4e94965bcea58685907c P fb949889d3ae4a6dbb1c4942c6b072bf: No bootstrap required, opened a new log
W20260709 14:52:31.655973  1696 leader_election.cc:343] T d372e582f8d4473a8817b2207de3f0d3 P c414110bd7824be199b3751ee65a74ed [CANDIDATE]: Term 1 pre-election: Tablet error from VoteRequest() call to peer e7d2b59f68554b41be9b2271c7f18be8 (127.0.107.194:34599): Illegal state: must be running to vote when last-logged opid is not known
I20260709 14:52:31.656294  1773 ts_tablet_manager.cc:1403] T 6aca3591889f4e94965bcea58685907c P fb949889d3ae4a6dbb1c4942c6b072bf: Time spent bootstrapping tablet: real 0.094s	user 0.019s	sys 0.006s
I20260709 14:52:31.656440  1696 leader_election.cc:304] T d372e582f8d4473a8817b2207de3f0d3 P c414110bd7824be199b3751ee65a74ed [CANDIDATE]: Term 1 pre-election: Election decided. Result: candidate lost. Election summary: received 3 responses out of 3 voters: 1 yes votes; 2 no votes. yes voters: c414110bd7824be199b3751ee65a74ed; no voters: e7d2b59f68554b41be9b2271c7f18be8, fb949889d3ae4a6dbb1c4942c6b072bf
I20260709 14:52:31.656608  1845 raft_consensus.cc:2804] T 6aca3591889f4e94965bcea58685907c P c414110bd7824be199b3751ee65a74ed [term 0 FOLLOWER]: Leader pre-election won for term 1
I20260709 14:52:31.657840  1845 raft_consensus.cc:493] T 6aca3591889f4e94965bcea58685907c P c414110bd7824be199b3751ee65a74ed [term 0 FOLLOWER]: Starting leader election (no leader contacted us within the election timeout)
I20260709 14:52:31.658208  1845 raft_consensus.cc:3060] T 6aca3591889f4e94965bcea58685907c P c414110bd7824be199b3751ee65a74ed [term 0 FOLLOWER]: Advancing to term 1
I20260709 14:52:31.658130  1811 raft_consensus.cc:493] T e144066caddd4b6286f329f8e1a8d296 P c414110bd7824be199b3751ee65a74ed [term 0 FOLLOWER]: Starting pre-election (no leader contacted us within the election timeout)
I20260709 14:52:31.658752  1772 tablet_bootstrap.cc:492] T d372e582f8d4473a8817b2207de3f0d3 P e7d2b59f68554b41be9b2271c7f18be8: No bootstrap required, opened a new log
I20260709 14:52:31.657486  1770 tablet_bootstrap.cc:492] T b6a397fa417d4cc0b7ca46727893ac70 P c414110bd7824be199b3751ee65a74ed: No bootstrap required, opened a new log
I20260709 14:52:31.658788  1811 raft_consensus.cc:515] T e144066caddd4b6286f329f8e1a8d296 P c414110bd7824be199b3751ee65a74ed [term 0 FOLLOWER]: Starting pre-election with config: opid_index: -1 OBSOLETE_local: false peers { permanent_uuid: "fb949889d3ae4a6dbb1c4942c6b072bf" member_type: VOTER last_known_addr { host: "127.0.107.193" port: 34017 } } peers { permanent_uuid: "e7d2b59f68554b41be9b2271c7f18be8" member_type: VOTER last_known_addr { host: "127.0.107.194" port: 34599 } } peers { permanent_uuid: "c414110bd7824be199b3751ee65a74ed" member_type: VOTER last_known_addr { host: "127.0.107.195" port: 34659 } }
I20260709 14:52:31.659319  1770 ts_tablet_manager.cc:1403] T b6a397fa417d4cc0b7ca46727893ac70 P c414110bd7824be199b3751ee65a74ed: Time spent bootstrapping tablet: real 0.041s	user 0.012s	sys 0.000s
I20260709 14:52:31.659251  1772 ts_tablet_manager.cc:1403] T d372e582f8d4473a8817b2207de3f0d3 P e7d2b59f68554b41be9b2271c7f18be8: Time spent bootstrapping tablet: real 0.028s	user 0.011s	sys 0.000s
I20260709 14:52:31.660040  1773 raft_consensus.cc:359] T 6aca3591889f4e94965bcea58685907c P fb949889d3ae4a6dbb1c4942c6b072bf [term 0 FOLLOWER]: Replica starting. Triggering 0 pending ops. Active config: opid_index: -1 OBSOLETE_local: false peers { permanent_uuid: "fb949889d3ae4a6dbb1c4942c6b072bf" member_type: VOTER last_known_addr { host: "127.0.107.193" port: 34017 } } peers { permanent_uuid: "e7d2b59f68554b41be9b2271c7f18be8" member_type: VOTER last_known_addr { host: "127.0.107.194" port: 34599 } } peers { permanent_uuid: "c414110bd7824be199b3751ee65a74ed" member_type: VOTER last_known_addr { host: "127.0.107.195" port: 34659 } }
I20260709 14:52:31.660727  1773 raft_consensus.cc:385] T 6aca3591889f4e94965bcea58685907c P fb949889d3ae4a6dbb1c4942c6b072bf [term 0 FOLLOWER]: Consensus starting up: Expiring failure detector timer to make a prompt election more likely
I20260709 14:52:31.660992  1773 raft_consensus.cc:740] T 6aca3591889f4e94965bcea58685907c P fb949889d3ae4a6dbb1c4942c6b072bf [term 0 FOLLOWER]: Becoming Follower/Learner. State: Replica: fb949889d3ae4a6dbb1c4942c6b072bf, State: Initialized, Role: FOLLOWER
I20260709 14:52:31.661022  1849 raft_consensus.cc:2749] T d372e582f8d4473a8817b2207de3f0d3 P c414110bd7824be199b3751ee65a74ed [term 0 FOLLOWER]: Leader pre-election lost for term 1. Reason: could not achieve majority
I20260709 14:52:31.661937  1770 raft_consensus.cc:359] T b6a397fa417d4cc0b7ca46727893ac70 P c414110bd7824be199b3751ee65a74ed [term 0 FOLLOWER]: Replica starting. Triggering 0 pending ops. Active config: opid_index: -1 OBSOLETE_local: false peers { permanent_uuid: "fb949889d3ae4a6dbb1c4942c6b072bf" member_type: VOTER last_known_addr { host: "127.0.107.193" port: 34017 } } peers { permanent_uuid: "e7d2b59f68554b41be9b2271c7f18be8" member_type: VOTER last_known_addr { host: "127.0.107.194" port: 34599 } } peers { permanent_uuid: "c414110bd7824be199b3751ee65a74ed" member_type: VOTER last_known_addr { host: "127.0.107.195" port: 34659 } }
I20260709 14:52:31.662391  1581 tablet_service.cc:1917] Received RequestConsensusVote() RPC: tablet_id: "e144066caddd4b6286f329f8e1a8d296" candidate_uuid: "c414110bd7824be199b3751ee65a74ed" candidate_term: 1 candidate_status { last_received { term: 0 index: 0 } } ignore_live_leader: false dest_uuid: "fb949889d3ae4a6dbb1c4942c6b072bf" is_pre_election: true
I20260709 14:52:31.662822  1770 raft_consensus.cc:385] T b6a397fa417d4cc0b7ca46727893ac70 P c414110bd7824be199b3751ee65a74ed [term 0 FOLLOWER]: Consensus starting up: Expiring failure detector timer to make a prompt election more likely
I20260709 14:52:31.663102  1770 raft_consensus.cc:740] T b6a397fa417d4cc0b7ca46727893ac70 P c414110bd7824be199b3751ee65a74ed [term 0 FOLLOWER]: Becoming Follower/Learner. State: Replica: c414110bd7824be199b3751ee65a74ed, State: Initialized, Role: FOLLOWER
I20260709 14:52:31.663715  1655 tablet_service.cc:1917] Received RequestConsensusVote() RPC: tablet_id: "e144066caddd4b6286f329f8e1a8d296" candidate_uuid: "c414110bd7824be199b3751ee65a74ed" candidate_term: 1 candidate_status { last_received { term: 0 index: 0 } } ignore_live_leader: false dest_uuid: "e7d2b59f68554b41be9b2271c7f18be8" is_pre_election: true
I20260709 14:52:31.662029  1773 consensus_queue.cc:260] T 6aca3591889f4e94965bcea58685907c P fb949889d3ae4a6dbb1c4942c6b072bf [NON_LEADER]: Queue going to NON_LEADER mode. State: All replicated index: 0, Majority replicated index: 0, Committed index: 0, Last appended: 0.0, Last appended by leader: 0, Current term: 0, Majority size: -1, State: 0, Mode: NON_LEADER, active raft config: opid_index: -1 OBSOLETE_local: false peers { permanent_uuid: "fb949889d3ae4a6dbb1c4942c6b072bf" member_type: VOTER last_known_addr { host: "127.0.107.193" port: 34017 } } peers { permanent_uuid: "e7d2b59f68554b41be9b2271c7f18be8" member_type: VOTER last_known_addr { host: "127.0.107.194" port: 34599 } } peers { permanent_uuid: "c414110bd7824be199b3751ee65a74ed" member_type: VOTER last_known_addr { host: "127.0.107.195" port: 34659 } }
I20260709 14:52:31.663715  1770 consensus_queue.cc:260] T b6a397fa417d4cc0b7ca46727893ac70 P c414110bd7824be199b3751ee65a74ed [NON_LEADER]: Queue going to NON_LEADER mode. State: All replicated index: 0, Majority replicated index: 0, Committed index: 0, Last appended: 0.0, Last appended by leader: 0, Current term: 0, Majority size: -1, State: 0, Mode: NON_LEADER, active raft config: opid_index: -1 OBSOLETE_local: false peers { permanent_uuid: "fb949889d3ae4a6dbb1c4942c6b072bf" member_type: VOTER last_known_addr { host: "127.0.107.193" port: 34017 } } peers { permanent_uuid: "e7d2b59f68554b41be9b2271c7f18be8" member_type: VOTER last_known_addr { host: "127.0.107.194" port: 34599 } } peers { permanent_uuid: "c414110bd7824be199b3751ee65a74ed" member_type: VOTER last_known_addr { host: "127.0.107.195" port: 34659 } }
I20260709 14:52:31.664449  1655 raft_consensus.cc:2468] T e144066caddd4b6286f329f8e1a8d296 P e7d2b59f68554b41be9b2271c7f18be8 [term 0 FOLLOWER]: Leader pre-election vote request: Granting yes vote for candidate c414110bd7824be199b3751ee65a74ed in term 0.
I20260709 14:52:31.665689  1773 ts_tablet_manager.cc:1434] T 6aca3591889f4e94965bcea58685907c P fb949889d3ae4a6dbb1c4942c6b072bf: Time spent starting tablet: real 0.008s	user 0.006s	sys 0.000s
I20260709 14:52:31.664180  1772 raft_consensus.cc:359] T d372e582f8d4473a8817b2207de3f0d3 P e7d2b59f68554b41be9b2271c7f18be8 [term 0 FOLLOWER]: Replica starting. Triggering 0 pending ops. Active config: opid_index: -1 OBSOLETE_local: false peers { permanent_uuid: "fb949889d3ae4a6dbb1c4942c6b072bf" member_type: VOTER last_known_addr { host: "127.0.107.193" port: 34017 } } peers { permanent_uuid: "e7d2b59f68554b41be9b2271c7f18be8" member_type: VOTER last_known_addr { host: "127.0.107.194" port: 34599 } } peers { permanent_uuid: "c414110bd7824be199b3751ee65a74ed" member_type: VOTER last_known_addr { host: "127.0.107.195" port: 34659 } }
I20260709 14:52:31.665791  1770 ts_tablet_manager.cc:1434] T b6a397fa417d4cc0b7ca46727893ac70 P c414110bd7824be199b3751ee65a74ed: Time spent starting tablet: real 0.006s	user 0.005s	sys 0.000s
I20260709 14:52:31.666148  1772 raft_consensus.cc:385] T d372e582f8d4473a8817b2207de3f0d3 P e7d2b59f68554b41be9b2271c7f18be8 [term 0 FOLLOWER]: Consensus starting up: Expiring failure detector timer to make a prompt election more likely
I20260709 14:52:31.666321  1728 tablet_service.cc:1917] Received RequestConsensusVote() RPC: tablet_id: "e144066caddd4b6286f329f8e1a8d296" candidate_uuid: "e7d2b59f68554b41be9b2271c7f18be8" candidate_term: 1 candidate_status { last_received { term: 0 index: 0 } } ignore_live_leader: false dest_uuid: "c414110bd7824be199b3751ee65a74ed" is_pre_election: true
I20260709 14:52:31.666500  1772 raft_consensus.cc:740] T d372e582f8d4473a8817b2207de3f0d3 P e7d2b59f68554b41be9b2271c7f18be8 [term 0 FOLLOWER]: Becoming Follower/Learner. State: Replica: e7d2b59f68554b41be9b2271c7f18be8, State: Initialized, Role: FOLLOWER
I20260709 14:52:31.666756  1770 tablet_bootstrap.cc:492] T 2bac124836e341edbba6bcf1d07b20fd P c414110bd7824be199b3751ee65a74ed: Bootstrap starting.
I20260709 14:52:31.666875  1728 raft_consensus.cc:2468] T e144066caddd4b6286f329f8e1a8d296 P c414110bd7824be199b3751ee65a74ed [term 0 FOLLOWER]: Leader pre-election vote request: Granting yes vote for candidate e7d2b59f68554b41be9b2271c7f18be8 in term 0.
I20260709 14:52:31.660939  1811 leader_election.cc:290] T e144066caddd4b6286f329f8e1a8d296 P c414110bd7824be199b3751ee65a74ed [CANDIDATE]: Term 1 pre-election: Requested pre-vote from peers fb949889d3ae4a6dbb1c4942c6b072bf (127.0.107.193:34017), e7d2b59f68554b41be9b2271c7f18be8 (127.0.107.194:34599)
I20260709 14:52:31.668470  1621 leader_election.cc:304] T e144066caddd4b6286f329f8e1a8d296 P e7d2b59f68554b41be9b2271c7f18be8 [CANDIDATE]: Term 1 pre-election: Election decided. Result: candidate won. Election summary: received 3 responses out of 3 voters: 2 yes votes; 1 no votes. yes voters: c414110bd7824be199b3751ee65a74ed, e7d2b59f68554b41be9b2271c7f18be8; no voters: fb949889d3ae4a6dbb1c4942c6b072bf
I20260709 14:52:31.668649  1696 leader_election.cc:304] T e144066caddd4b6286f329f8e1a8d296 P c414110bd7824be199b3751ee65a74ed [CANDIDATE]: Term 1 pre-election: Election decided. Result: candidate won. Election summary: received 2 responses out of 3 voters: 2 yes votes; 0 no votes. yes voters: c414110bd7824be199b3751ee65a74ed, e7d2b59f68554b41be9b2271c7f18be8; no voters: 
I20260709 14:52:31.669546  1777 raft_consensus.cc:2804] T e144066caddd4b6286f329f8e1a8d296 P e7d2b59f68554b41be9b2271c7f18be8 [term 0 FOLLOWER]: Leader pre-election won for term 1
I20260709 14:52:31.669725  1811 raft_consensus.cc:2804] T e144066caddd4b6286f329f8e1a8d296 P c414110bd7824be199b3751ee65a74ed [term 0 FOLLOWER]: Leader pre-election won for term 1
I20260709 14:52:31.669888  1777 raft_consensus.cc:493] T e144066caddd4b6286f329f8e1a8d296 P e7d2b59f68554b41be9b2271c7f18be8 [term 0 FOLLOWER]: Starting leader election (no leader contacted us within the election timeout)
I20260709 14:52:31.670329  1811 raft_consensus.cc:493] T e144066caddd4b6286f329f8e1a8d296 P c414110bd7824be199b3751ee65a74ed [term 0 FOLLOWER]: Starting leader election (no leader contacted us within the election timeout)
I20260709 14:52:31.670508  1777 raft_consensus.cc:3060] T e144066caddd4b6286f329f8e1a8d296 P e7d2b59f68554b41be9b2271c7f18be8 [term 0 FOLLOWER]: Advancing to term 1
I20260709 14:52:31.670887  1811 raft_consensus.cc:3060] T e144066caddd4b6286f329f8e1a8d296 P c414110bd7824be199b3751ee65a74ed [term 0 FOLLOWER]: Advancing to term 1
W20260709 14:52:31.671341  1695 leader_election.cc:343] T e144066caddd4b6286f329f8e1a8d296 P c414110bd7824be199b3751ee65a74ed [CANDIDATE]: Term 1 pre-election: Tablet error from VoteRequest() call to peer fb949889d3ae4a6dbb1c4942c6b072bf (127.0.107.193:34017): Illegal state: must be running to vote when last-logged opid is not known
I20260709 14:52:31.667476  1772 consensus_queue.cc:260] T d372e582f8d4473a8817b2207de3f0d3 P e7d2b59f68554b41be9b2271c7f18be8 [NON_LEADER]: Queue going to NON_LEADER mode. State: All replicated index: 0, Majority replicated index: 0, Committed index: 0, Last appended: 0.0, Last appended by leader: 0, Current term: 0, Majority size: -1, State: 0, Mode: NON_LEADER, active raft config: opid_index: -1 OBSOLETE_local: false peers { permanent_uuid: "fb949889d3ae4a6dbb1c4942c6b072bf" member_type: VOTER last_known_addr { host: "127.0.107.193" port: 34017 } } peers { permanent_uuid: "e7d2b59f68554b41be9b2271c7f18be8" member_type: VOTER last_known_addr { host: "127.0.107.194" port: 34599 } } peers { permanent_uuid: "c414110bd7824be199b3751ee65a74ed" member_type: VOTER last_known_addr { host: "127.0.107.195" port: 34659 } }
I20260709 14:52:31.673806  1770 tablet_bootstrap.cc:654] T 2bac124836e341edbba6bcf1d07b20fd P c414110bd7824be199b3751ee65a74ed: Neither blocks nor log segments found. Creating new log.
I20260709 14:52:31.674280  1772 ts_tablet_manager.cc:1434] T d372e582f8d4473a8817b2207de3f0d3 P e7d2b59f68554b41be9b2271c7f18be8: Time spent starting tablet: real 0.014s	user 0.003s	sys 0.003s
I20260709 14:52:31.675143  1773 tablet_bootstrap.cc:492] T 618a88c2951246a59212e9bbe5447116 P fb949889d3ae4a6dbb1c4942c6b072bf: Bootstrap starting.
I20260709 14:52:31.676952  1772 tablet_bootstrap.cc:492] T 914aeb5c79fe4b2a9266f4340dac4359 P e7d2b59f68554b41be9b2271c7f18be8: Bootstrap starting.
I20260709 14:52:31.679841  1849 raft_consensus.cc:493] T 42b04507edc64ef19a42fd0b7384c83a P c414110bd7824be199b3751ee65a74ed [term 0 FOLLOWER]: Starting pre-election (no leader contacted us within the election timeout)
I20260709 14:52:31.680312  1849 raft_consensus.cc:515] T 42b04507edc64ef19a42fd0b7384c83a P c414110bd7824be199b3751ee65a74ed [term 0 FOLLOWER]: Starting pre-election with config: opid_index: -1 OBSOLETE_local: false peers { permanent_uuid: "fb949889d3ae4a6dbb1c4942c6b072bf" member_type: VOTER last_known_addr { host: "127.0.107.193" port: 34017 } } peers { permanent_uuid: "e7d2b59f68554b41be9b2271c7f18be8" member_type: VOTER last_known_addr { host: "127.0.107.194" port: 34599 } } peers { permanent_uuid: "c414110bd7824be199b3751ee65a74ed" member_type: VOTER last_known_addr { host: "127.0.107.195" port: 34659 } }
I20260709 14:52:31.681404  1773 tablet_bootstrap.cc:654] T 618a88c2951246a59212e9bbe5447116 P fb949889d3ae4a6dbb1c4942c6b072bf: Neither blocks nor log segments found. Creating new log.
I20260709 14:52:31.682595  1772 tablet_bootstrap.cc:654] T 914aeb5c79fe4b2a9266f4340dac4359 P e7d2b59f68554b41be9b2271c7f18be8: Neither blocks nor log segments found. Creating new log.
I20260709 14:52:31.682930  1849 leader_election.cc:290] T 42b04507edc64ef19a42fd0b7384c83a P c414110bd7824be199b3751ee65a74ed [CANDIDATE]: Term 1 pre-election: Requested pre-vote from peers fb949889d3ae4a6dbb1c4942c6b072bf (127.0.107.193:34017), e7d2b59f68554b41be9b2271c7f18be8 (127.0.107.194:34599)
I20260709 14:52:31.684862  1655 tablet_service.cc:1917] Received RequestConsensusVote() RPC: tablet_id: "42b04507edc64ef19a42fd0b7384c83a" candidate_uuid: "c414110bd7824be199b3751ee65a74ed" candidate_term: 1 candidate_status { last_received { term: 0 index: 0 } } ignore_live_leader: false dest_uuid: "e7d2b59f68554b41be9b2271c7f18be8" is_pre_election: true
I20260709 14:52:31.685461  1655 raft_consensus.cc:2468] T 42b04507edc64ef19a42fd0b7384c83a P e7d2b59f68554b41be9b2271c7f18be8 [term 0 FOLLOWER]: Leader pre-election vote request: Granting yes vote for candidate c414110bd7824be199b3751ee65a74ed in term 0.
I20260709 14:52:31.686371  1730 raft_consensus.cc:2468] T a28f0919be754ae6996269635df3b7a3 P c414110bd7824be199b3751ee65a74ed [term 1 FOLLOWER]: Leader election vote request: Granting yes vote for candidate e7d2b59f68554b41be9b2271c7f18be8 in term 1.
I20260709 14:52:31.687364  1580 raft_consensus.cc:2468] T 659304aa9b6844b6973480d57c3bd15f P fb949889d3ae4a6dbb1c4942c6b072bf [term 1 FOLLOWER]: Leader election vote request: Granting yes vote for candidate c414110bd7824be199b3751ee65a74ed in term 1.
I20260709 14:52:31.688421  1807 raft_consensus.cc:515] T 45f0d6f18b0c4f6ea559c7843e5fb218 P e7d2b59f68554b41be9b2271c7f18be8 [term 1 FOLLOWER]: Starting leader election with config: opid_index: -1 OBSOLETE_local: false peers { permanent_uuid: "fb949889d3ae4a6dbb1c4942c6b072bf" member_type: VOTER last_known_addr { host: "127.0.107.193" port: 34017 } } peers { permanent_uuid: "e7d2b59f68554b41be9b2271c7f18be8" member_type: VOTER last_known_addr { host: "127.0.107.194" port: 34599 } } peers { permanent_uuid: "c414110bd7824be199b3751ee65a74ed" member_type: VOTER last_known_addr { host: "127.0.107.195" port: 34659 } }
I20260709 14:52:31.691386  1807 leader_election.cc:290] T 45f0d6f18b0c4f6ea559c7843e5fb218 P e7d2b59f68554b41be9b2271c7f18be8 [CANDIDATE]: Term 1 election: Requested vote from peers fb949889d3ae4a6dbb1c4942c6b072bf (127.0.107.193:34017), c414110bd7824be199b3751ee65a74ed (127.0.107.195:34659)
I20260709 14:52:31.704025  1696 leader_election.cc:304] T 42b04507edc64ef19a42fd0b7384c83a P c414110bd7824be199b3751ee65a74ed [CANDIDATE]: Term 1 pre-election: Election decided. Result: candidate won. Election summary: received 2 responses out of 3 voters: 2 yes votes; 0 no votes. yes voters: c414110bd7824be199b3751ee65a74ed, e7d2b59f68554b41be9b2271c7f18be8; no voters: 
I20260709 14:52:31.704583  1730 tablet_service.cc:1917] Received RequestConsensusVote() RPC: tablet_id: "45f0d6f18b0c4f6ea559c7843e5fb218" candidate_uuid: "e7d2b59f68554b41be9b2271c7f18be8" candidate_term: 1 candidate_status { last_received { term: 0 index: 0 } } ignore_live_leader: false dest_uuid: "c414110bd7824be199b3751ee65a74ed"
I20260709 14:52:31.706229  1580 tablet_service.cc:1917] Received RequestConsensusVote() RPC: tablet_id: "45f0d6f18b0c4f6ea559c7843e5fb218" candidate_uuid: "e7d2b59f68554b41be9b2271c7f18be8" candidate_term: 1 candidate_status { last_received { term: 0 index: 0 } } ignore_live_leader: false dest_uuid: "fb949889d3ae4a6dbb1c4942c6b072bf"
I20260709 14:52:31.707002  1580 raft_consensus.cc:3060] T 45f0d6f18b0c4f6ea559c7843e5fb218 P fb949889d3ae4a6dbb1c4942c6b072bf [term 0 FOLLOWER]: Advancing to term 1
I20260709 14:52:31.708298  1773 tablet_bootstrap.cc:492] T 618a88c2951246a59212e9bbe5447116 P fb949889d3ae4a6dbb1c4942c6b072bf: No bootstrap required, opened a new log
I20260709 14:52:31.708710  1581 tablet_service.cc:1917] Received RequestConsensusVote() RPC: tablet_id: "42b04507edc64ef19a42fd0b7384c83a" candidate_uuid: "c414110bd7824be199b3751ee65a74ed" candidate_term: 1 candidate_status { last_received { term: 0 index: 0 } } ignore_live_leader: false dest_uuid: "fb949889d3ae4a6dbb1c4942c6b072bf" is_pre_election: true
I20260709 14:52:31.709831  1770 tablet_bootstrap.cc:492] T 2bac124836e341edbba6bcf1d07b20fd P c414110bd7824be199b3751ee65a74ed: No bootstrap required, opened a new log
W20260709 14:52:31.710016  1695 leader_election.cc:343] T 42b04507edc64ef19a42fd0b7384c83a P c414110bd7824be199b3751ee65a74ed [CANDIDATE]: Term 1 pre-election: Tablet error from VoteRequest() call to peer fb949889d3ae4a6dbb1c4942c6b072bf (127.0.107.193:34017): Illegal state: must be running to vote when last-logged opid is not known
I20260709 14:52:31.710247  1770 ts_tablet_manager.cc:1403] T 2bac124836e341edbba6bcf1d07b20fd P c414110bd7824be199b3751ee65a74ed: Time spent bootstrapping tablet: real 0.044s	user 0.013s	sys 0.009s
I20260709 14:52:31.708741  1773 ts_tablet_manager.cc:1403] T 618a88c2951246a59212e9bbe5447116 P fb949889d3ae4a6dbb1c4942c6b072bf: Time spent bootstrapping tablet: real 0.034s	user 0.006s	sys 0.010s
I20260709 14:52:31.715643  1773 raft_consensus.cc:359] T 618a88c2951246a59212e9bbe5447116 P fb949889d3ae4a6dbb1c4942c6b072bf [term 0 FOLLOWER]: Replica starting. Triggering 0 pending ops. Active config: opid_index: -1 OBSOLETE_local: false peers { permanent_uuid: "fb949889d3ae4a6dbb1c4942c6b072bf" member_type: VOTER last_known_addr { host: "127.0.107.193" port: 34017 } } peers { permanent_uuid: "e7d2b59f68554b41be9b2271c7f18be8" member_type: VOTER last_known_addr { host: "127.0.107.194" port: 34599 } } peers { permanent_uuid: "c414110bd7824be199b3751ee65a74ed" member_type: VOTER last_known_addr { host: "127.0.107.195" port: 34659 } }
I20260709 14:52:31.716329  1773 raft_consensus.cc:385] T 618a88c2951246a59212e9bbe5447116 P fb949889d3ae4a6dbb1c4942c6b072bf [term 0 FOLLOWER]: Consensus starting up: Expiring failure detector timer to make a prompt election more likely
W20260709 14:52:31.716074  1621 leader_election.cc:343] T 45f0d6f18b0c4f6ea559c7843e5fb218 P e7d2b59f68554b41be9b2271c7f18be8 [CANDIDATE]: Term 1 election: Tablet error from VoteRequest() call to peer c414110bd7824be199b3751ee65a74ed (127.0.107.195:34659): Illegal state: must be running to vote when last-logged opid is not known
I20260709 14:52:31.715372  1849 raft_consensus.cc:2804] T 42b04507edc64ef19a42fd0b7384c83a P c414110bd7824be199b3751ee65a74ed [term 0 FOLLOWER]: Leader pre-election won for term 1
I20260709 14:52:31.716668  1773 raft_consensus.cc:740] T 618a88c2951246a59212e9bbe5447116 P fb949889d3ae4a6dbb1c4942c6b072bf [term 0 FOLLOWER]: Becoming Follower/Learner. State: Replica: fb949889d3ae4a6dbb1c4942c6b072bf, State: Initialized, Role: FOLLOWER
I20260709 14:52:31.716847  1849 raft_consensus.cc:493] T 42b04507edc64ef19a42fd0b7384c83a P c414110bd7824be199b3751ee65a74ed [term 0 FOLLOWER]: Starting leader election (no leader contacted us within the election timeout)
I20260709 14:52:31.717245  1849 raft_consensus.cc:3060] T 42b04507edc64ef19a42fd0b7384c83a P c414110bd7824be199b3751ee65a74ed [term 0 FOLLOWER]: Advancing to term 1
I20260709 14:52:31.717501  1773 consensus_queue.cc:260] T 618a88c2951246a59212e9bbe5447116 P fb949889d3ae4a6dbb1c4942c6b072bf [NON_LEADER]: Queue going to NON_LEADER mode. State: All replicated index: 0, Majority replicated index: 0, Committed index: 0, Last appended: 0.0, Last appended by leader: 0, Current term: 0, Majority size: -1, State: 0, Mode: NON_LEADER, active raft config: opid_index: -1 OBSOLETE_local: false peers { permanent_uuid: "fb949889d3ae4a6dbb1c4942c6b072bf" member_type: VOTER last_known_addr { host: "127.0.107.193" port: 34017 } } peers { permanent_uuid: "e7d2b59f68554b41be9b2271c7f18be8" member_type: VOTER last_known_addr { host: "127.0.107.194" port: 34599 } } peers { permanent_uuid: "c414110bd7824be199b3751ee65a74ed" member_type: VOTER last_known_addr { host: "127.0.107.195" port: 34659 } }
I20260709 14:52:31.718730  1772 tablet_bootstrap.cc:492] T 914aeb5c79fe4b2a9266f4340dac4359 P e7d2b59f68554b41be9b2271c7f18be8: No bootstrap required, opened a new log
I20260709 14:52:31.719154  1772 ts_tablet_manager.cc:1403] T 914aeb5c79fe4b2a9266f4340dac4359 P e7d2b59f68554b41be9b2271c7f18be8: Time spent bootstrapping tablet: real 0.042s	user 0.016s	sys 0.008s
I20260709 14:52:31.721271  1773 ts_tablet_manager.cc:1434] T 618a88c2951246a59212e9bbe5447116 P fb949889d3ae4a6dbb1c4942c6b072bf: Time spent starting tablet: real 0.008s	user 0.005s	sys 0.000s
I20260709 14:52:31.722183  1773 tablet_bootstrap.cc:492] T e4860dcd30cc46bbacdaa836aac0a0fc P fb949889d3ae4a6dbb1c4942c6b072bf: Bootstrap starting.
I20260709 14:52:31.722358  1772 raft_consensus.cc:359] T 914aeb5c79fe4b2a9266f4340dac4359 P e7d2b59f68554b41be9b2271c7f18be8 [term 0 FOLLOWER]: Replica starting. Triggering 0 pending ops. Active config: opid_index: -1 OBSOLETE_local: false peers { permanent_uuid: "fb949889d3ae4a6dbb1c4942c6b072bf" member_type: VOTER last_known_addr { host: "127.0.107.193" port: 34017 } } peers { permanent_uuid: "e7d2b59f68554b41be9b2271c7f18be8" member_type: VOTER last_known_addr { host: "127.0.107.194" port: 34599 } } peers { permanent_uuid: "c414110bd7824be199b3751ee65a74ed" member_type: VOTER last_known_addr { host: "127.0.107.195" port: 34659 } }
I20260709 14:52:31.722232  1770 raft_consensus.cc:359] T 2bac124836e341edbba6bcf1d07b20fd P c414110bd7824be199b3751ee65a74ed [term 0 FOLLOWER]: Replica starting. Triggering 0 pending ops. Active config: opid_index: -1 OBSOLETE_local: false peers { permanent_uuid: "fb949889d3ae4a6dbb1c4942c6b072bf" member_type: VOTER last_known_addr { host: "127.0.107.193" port: 34017 } } peers { permanent_uuid: "e7d2b59f68554b41be9b2271c7f18be8" member_type: VOTER last_known_addr { host: "127.0.107.194" port: 34599 } } peers { permanent_uuid: "c414110bd7824be199b3751ee65a74ed" member_type: VOTER last_known_addr { host: "127.0.107.195" port: 34659 } }
I20260709 14:52:31.723130  1772 raft_consensus.cc:385] T 914aeb5c79fe4b2a9266f4340dac4359 P e7d2b59f68554b41be9b2271c7f18be8 [term 0 FOLLOWER]: Consensus starting up: Expiring failure detector timer to make a prompt election more likely
I20260709 14:52:31.723248  1770 raft_consensus.cc:385] T 2bac124836e341edbba6bcf1d07b20fd P c414110bd7824be199b3751ee65a74ed [term 0 FOLLOWER]: Consensus starting up: Expiring failure detector timer to make a prompt election more likely
I20260709 14:52:31.723433  1772 raft_consensus.cc:740] T 914aeb5c79fe4b2a9266f4340dac4359 P e7d2b59f68554b41be9b2271c7f18be8 [term 0 FOLLOWER]: Becoming Follower/Learner. State: Replica: e7d2b59f68554b41be9b2271c7f18be8, State: Initialized, Role: FOLLOWER
I20260709 14:52:31.723632  1770 raft_consensus.cc:740] T 2bac124836e341edbba6bcf1d07b20fd P c414110bd7824be199b3751ee65a74ed [term 0 FOLLOWER]: Becoming Follower/Learner. State: Replica: c414110bd7824be199b3751ee65a74ed, State: Initialized, Role: FOLLOWER
