I20260709 14:51:39.861860 19516 raft_consensus.cc:359] T 42d0199b94de4f38b2d961463c1986fc P b3f28632ac5b4d328772ed49e5f604ab [term 0 FOLLOWER]: Replica starting. Triggering 0 pending ops. Active config: opid_index: -1 OBSOLETE_local: false peers { permanent_uuid: "743ae7374e194f17b91cddca40dcea20" member_type: VOTER last_known_addr { host: "127.17.196.65" port: 46821 } } peers { permanent_uuid: "77fafd9150f845e49afdfa014f6bb4fa" member_type: VOTER last_known_addr { host: "127.17.196.66" port: 34635 } } peers { permanent_uuid: "b3f28632ac5b4d328772ed49e5f604ab" member_type: VOTER last_known_addr { host: "127.17.196.67" port: 45197 } }
I20260709 14:51:39.862663 19516 raft_consensus.cc:385] T 42d0199b94de4f38b2d961463c1986fc P b3f28632ac5b4d328772ed49e5f604ab [term 0 FOLLOWER]: Consensus starting up: Expiring failure detector timer to make a prompt election more likely
I20260709 14:51:39.863003 19516 raft_consensus.cc:740] T 42d0199b94de4f38b2d961463c1986fc P b3f28632ac5b4d328772ed49e5f604ab [term 0 FOLLOWER]: Becoming Follower/Learner. State: Replica: b3f28632ac5b4d328772ed49e5f604ab, State: Initialized, Role: FOLLOWER
I20260709 14:51:39.863765 19516 consensus_queue.cc:260] T 42d0199b94de4f38b2d961463c1986fc P b3f28632ac5b4d328772ed49e5f604ab [NON_LEADER]: Queue going to NON_LEADER mode. State: All replicated index: 0, Majority replicated index: 0, Committed index: 0, Last appended: 0.0, Last appended by leader: 0, Current term: 0, Majority size: -1, State: 0, Mode: NON_LEADER, active raft config: opid_index: -1 OBSOLETE_local: false peers { permanent_uuid: "743ae7374e194f17b91cddca40dcea20" member_type: VOTER last_known_addr { host: "127.17.196.65" port: 46821 } } peers { permanent_uuid: "77fafd9150f845e49afdfa014f6bb4fa" member_type: VOTER last_known_addr { host: "127.17.196.66" port: 34635 } } peers { permanent_uuid: "b3f28632ac5b4d328772ed49e5f604ab" member_type: VOTER last_known_addr { host: "127.17.196.67" port: 45197 } }
I20260709 14:51:39.873147 19459 data_dirs.cc:400] Could only allocate 1 dirs of requested 3 for tablet a2145a25b2b5450587dbf507d362707f. 1 dirs total, 0 dirs full, 0 dirs failed
I20260709 14:51:39.877475 19401 tablet_service.cc:1917] Received RequestConsensusVote() RPC: tablet_id: "9c6f464fe4c6423c8cd6f4ba18db75d8" candidate_uuid: "743ae7374e194f17b91cddca40dcea20" candidate_term: 1 candidate_status { last_received { term: 0 index: 0 } } ignore_live_leader: false dest_uuid: "77fafd9150f845e49afdfa014f6bb4fa" is_pre_election: true
W20260709 14:51:39.878993 19290 leader_election.cc:343] T 9c6f464fe4c6423c8cd6f4ba18db75d8 P 743ae7374e194f17b91cddca40dcea20 [CANDIDATE]: Term 1 pre-election: Tablet error from VoteRequest() call to peer 77fafd9150f845e49afdfa014f6bb4fa (127.17.196.66:34635): Illegal state: must be running to vote when last-logged opid is not known
I20260709 14:51:39.882426 19521 tablet_bootstrap.cc:654] T ea664a737b654b76bc0a119051aef8f5 P 77fafd9150f845e49afdfa014f6bb4fa: Neither blocks nor log segments found. Creating new log.
I20260709 14:51:39.959853 19516 ts_tablet_manager.cc:1434] T 42d0199b94de4f38b2d961463c1986fc P b3f28632ac5b4d328772ed49e5f604ab: Time spent starting tablet: real 0.190s	user 0.007s	sys 0.002s
I20260709 14:51:39.963698 19315 tablet_service.cc:1511] Processing CreateTablet for tablet 48e7bb1904714d0eb890240ec450b557 (DEFAULT_TABLE table=test-workload [id=01e5414bd98a4078ad202a1399969582]), partition=RANGE (key) PARTITION 1856299377 <= VALUES < 1892697404
I20260709 14:51:39.963796 19313 tablet_service.cc:1511] Processing CreateTablet for tablet 15fa4b5ed7c240d2bcbdbbb81e48fa07 (DEFAULT_TABLE table=test-workload [id=01e5414bd98a4078ad202a1399969582]), partition=RANGE (key) PARTITION 1892697404 <= VALUES < 1929095431
I20260709 14:51:39.965181 19315 data_dirs.cc:400] Could only allocate 1 dirs of requested 3 for tablet 48e7bb1904714d0eb890240ec450b557. 1 dirs total, 0 dirs full, 0 dirs failed
I20260709 14:51:39.966343 19458 tablet_service.cc:1511] Processing CreateTablet for tablet 05977c1f135a45cfa94c49c1849f6d0e (DEFAULT_TABLE table=test-workload [id=01e5414bd98a4078ad202a1399969582]), partition=RANGE (key) PARTITION 1674309242 <= VALUES < 1710707269
I20260709 14:51:40.001657 19458 data_dirs.cc:400] Could only allocate 1 dirs of requested 3 for tablet 05977c1f135a45cfa94c49c1849f6d0e. 1 dirs total, 0 dirs full, 0 dirs failed
I20260709 14:51:39.967406 19460 tablet_service.cc:1511] Processing CreateTablet for tablet 373c971c6b0e489597ed883fd78c6f36 (DEFAULT_TABLE table=test-workload [id=01e5414bd98a4078ad202a1399969582]), partition=RANGE (key) PARTITION 1710707269 <= VALUES < 1747105296
I20260709 14:51:39.974403 19316 tablet_service.cc:1511] Processing CreateTablet for tablet 60a9fca26d3d4273827d133769447379 (DEFAULT_TABLE table=test-workload [id=01e5414bd98a4078ad202a1399969582]), partition=RANGE (key) PARTITION 1929095431 <= VALUES < 1965493458
I20260709 14:51:40.005762 19460 data_dirs.cc:400] Could only allocate 1 dirs of requested 3 for tablet 373c971c6b0e489597ed883fd78c6f36. 1 dirs total, 0 dirs full, 0 dirs failed
I20260709 14:51:40.005904 19316 data_dirs.cc:400] Could only allocate 1 dirs of requested 3 for tablet 60a9fca26d3d4273827d133769447379. 1 dirs total, 0 dirs full, 0 dirs failed
I20260709 14:51:40.006014 19311 tablet_service.cc:1511] Processing CreateTablet for tablet 33c8860b32d347e0ac63ac6115d5e88e (DEFAULT_TABLE table=test-workload [id=01e5414bd98a4078ad202a1399969582]), partition=RANGE (key) PARTITION 1965493458 <= VALUES < 2001891485
I20260709 14:51:40.007522 19311 data_dirs.cc:400] Could only allocate 1 dirs of requested 3 for tablet 33c8860b32d347e0ac63ac6115d5e88e. 1 dirs total, 0 dirs full, 0 dirs failed
I20260709 14:51:39.977880 19475 tablet_service.cc:1917] Received RequestConsensusVote() RPC: tablet_id: "9c6f464fe4c6423c8cd6f4ba18db75d8" candidate_uuid: "743ae7374e194f17b91cddca40dcea20" candidate_term: 1 candidate_status { last_received { term: 0 index: 0 } } ignore_live_leader: false dest_uuid: "b3f28632ac5b4d328772ed49e5f604ab" is_pre_election: true
I20260709 14:51:39.984692 19387 tablet_service.cc:1511] Processing CreateTablet for tablet c505b48cfa6d4766b1630fbae864737c (DEFAULT_TABLE table=test-workload [id=01e5414bd98a4078ad202a1399969582]), partition=RANGE (key) PARTITION 1419523053 <= VALUES < 1455921080
I20260709 14:51:39.982963 19459 tablet_service.cc:1511] Processing CreateTablet for tablet ef122dcdc91b4e039415e167e1999a91 (DEFAULT_TABLE table=test-workload [id=01e5414bd98a4078ad202a1399969582]), partition=RANGE (key) PARTITION 1747105296 <= VALUES < 1783503323
I20260709 14:51:40.014235 19459 data_dirs.cc:400] Could only allocate 1 dirs of requested 3 for tablet ef122dcdc91b4e039415e167e1999a91. 1 dirs total, 0 dirs full, 0 dirs failed
W20260709 14:51:40.014850 19289 leader_election.cc:343] T 9c6f464fe4c6423c8cd6f4ba18db75d8 P 743ae7374e194f17b91cddca40dcea20 [CANDIDATE]: Term 1 pre-election: Tablet error from VoteRequest() call to peer b3f28632ac5b4d328772ed49e5f604ab (127.17.196.67:45197): Illegal state: must be running to vote when last-logged opid is not known
I20260709 14:51:40.015367 19289 leader_election.cc:304] T 9c6f464fe4c6423c8cd6f4ba18db75d8 P 743ae7374e194f17b91cddca40dcea20 [CANDIDATE]: Term 1 pre-election: Election decided. Result: candidate lost. Election summary: received 3 responses out of 3 voters: 1 yes votes; 2 no votes. yes voters: 743ae7374e194f17b91cddca40dcea20; no voters: 77fafd9150f845e49afdfa014f6bb4fa, b3f28632ac5b4d328772ed49e5f604ab
I20260709 14:51:40.014236 19387 data_dirs.cc:400] Could only allocate 1 dirs of requested 3 for tablet c505b48cfa6d4766b1630fbae864737c. 1 dirs total, 0 dirs full, 0 dirs failed
I20260709 14:51:40.016956 19519 raft_consensus.cc:2749] T 9c6f464fe4c6423c8cd6f4ba18db75d8 P 743ae7374e194f17b91cddca40dcea20 [term 0 FOLLOWER]: Leader pre-election lost for term 1. Reason: could not achieve majority
I20260709 14:51:40.017066 19516 tablet_bootstrap.cc:492] T e6700daeb1724843aa8cd7dbea6196b3 P b3f28632ac5b4d328772ed49e5f604ab: Bootstrap starting.
I20260709 14:51:39.993007 19529 raft_consensus.cc:493] T b2d9003e63d94642b2556847c0adb4c4 P 77fafd9150f845e49afdfa014f6bb4fa [term 0 FOLLOWER]: Starting pre-election (no leader contacted us within the election timeout)
I20260709 14:51:40.025976 19313 data_dirs.cc:400] Could only allocate 1 dirs of requested 3 for tablet 15fa4b5ed7c240d2bcbdbbb81e48fa07. 1 dirs total, 0 dirs full, 0 dirs failed
I20260709 14:51:39.878808 19456 tablet_service.cc:1511] Processing CreateTablet for tablet ba6fddd6043e4d43a70d576eca3a6b94 (DEFAULT_TABLE table=test-workload [id=01e5414bd98a4078ad202a1399969582]), partition=RANGE (key) PARTITION 1601513188 <= VALUES < 1637911215
I20260709 14:51:39.984499 19391 tablet_service.cc:1511] Processing CreateTablet for tablet c9b84c222e7f443caef4482b9de9d60e (DEFAULT_TABLE table=test-workload [id=01e5414bd98a4078ad202a1399969582]), partition=RANGE (key) PARTITION 1455921080 <= VALUES < 1492319107
I20260709 14:51:40.029434 19519 raft_consensus.cc:493] T aa06ce1cef634e32adf7b72917c3dd05 P 743ae7374e194f17b91cddca40dcea20 [term 0 FOLLOWER]: Starting pre-election (no leader contacted us within the election timeout)
I20260709 14:51:40.038259 19316 tablet_service.cc:1511] Processing CreateTablet for tablet dd17fc94c95d4389945a3ad3cc11d62e (DEFAULT_TABLE table=test-workload [id=01e5414bd98a4078ad202a1399969582]), partition=RANGE (key) PARTITION 2001891485 <= VALUES < 2038289512
I20260709 14:51:40.045725 19519 raft_consensus.cc:515] T aa06ce1cef634e32adf7b72917c3dd05 P 743ae7374e194f17b91cddca40dcea20 [term 0 FOLLOWER]: Starting pre-election with config: opid_index: -1 OBSOLETE_local: false peers { permanent_uuid: "743ae7374e194f17b91cddca40dcea20" member_type: VOTER last_known_addr { host: "127.17.196.65" port: 46821 } } peers { permanent_uuid: "77fafd9150f845e49afdfa014f6bb4fa" member_type: VOTER last_known_addr { host: "127.17.196.66" port: 34635 } } peers { permanent_uuid: "b3f28632ac5b4d328772ed49e5f604ab" member_type: VOTER last_known_addr { host: "127.17.196.67" port: 45197 } }
I20260709 14:51:40.053241 19475 tablet_service.cc:1917] Received RequestConsensusVote() RPC: tablet_id: "aa06ce1cef634e32adf7b72917c3dd05" candidate_uuid: "743ae7374e194f17b91cddca40dcea20" candidate_term: 1 candidate_status { last_received { term: 0 index: 0 } } ignore_live_leader: false dest_uuid: "b3f28632ac5b4d328772ed49e5f604ab" is_pre_election: true
I20260709 14:51:40.055406 19519 leader_election.cc:290] T aa06ce1cef634e32adf7b72917c3dd05 P 743ae7374e194f17b91cddca40dcea20 [CANDIDATE]: Term 1 pre-election: Requested pre-vote from peers 77fafd9150f845e49afdfa014f6bb4fa (127.17.196.66:34635), b3f28632ac5b4d328772ed49e5f604ab (127.17.196.67:45197)
I20260709 14:51:40.057252 19316 data_dirs.cc:400] Could only allocate 1 dirs of requested 3 for tablet dd17fc94c95d4389945a3ad3cc11d62e. 1 dirs total, 0 dirs full, 0 dirs failed
I20260709 14:51:40.060067 19401 tablet_service.cc:1917] Received RequestConsensusVote() RPC: tablet_id: "aa06ce1cef634e32adf7b72917c3dd05" candidate_uuid: "743ae7374e194f17b91cddca40dcea20" candidate_term: 1 candidate_status { last_received { term: 0 index: 0 } } ignore_live_leader: false dest_uuid: "77fafd9150f845e49afdfa014f6bb4fa" is_pre_election: true
W20260709 14:51:40.063428 19289 leader_election.cc:343] T aa06ce1cef634e32adf7b72917c3dd05 P 743ae7374e194f17b91cddca40dcea20 [CANDIDATE]: Term 1 pre-election: Tablet error from VoteRequest() call to peer b3f28632ac5b4d328772ed49e5f604ab (127.17.196.67:45197): Illegal state: must be running to vote when last-logged opid is not known
W20260709 14:51:40.065555 19290 leader_election.cc:343] T aa06ce1cef634e32adf7b72917c3dd05 P 743ae7374e194f17b91cddca40dcea20 [CANDIDATE]: Term 1 pre-election: Tablet error from VoteRequest() call to peer 77fafd9150f845e49afdfa014f6bb4fa (127.17.196.66:34635): Illegal state: must be running to vote when last-logged opid is not known
I20260709 14:51:40.066195 19290 leader_election.cc:304] T aa06ce1cef634e32adf7b72917c3dd05 P 743ae7374e194f17b91cddca40dcea20 [CANDIDATE]: Term 1 pre-election: Election decided. Result: candidate lost. Election summary: received 3 responses out of 3 voters: 1 yes votes; 2 no votes. yes voters: 743ae7374e194f17b91cddca40dcea20; no voters: 77fafd9150f845e49afdfa014f6bb4fa, b3f28632ac5b4d328772ed49e5f604ab
I20260709 14:51:40.067690 19519 raft_consensus.cc:2749] T aa06ce1cef634e32adf7b72917c3dd05 P 743ae7374e194f17b91cddca40dcea20 [term 0 FOLLOWER]: Leader pre-election lost for term 1. Reason: could not achieve majority
I20260709 14:51:40.077337 19391 data_dirs.cc:400] Could only allocate 1 dirs of requested 3 for tablet c9b84c222e7f443caef4482b9de9d60e. 1 dirs total, 0 dirs full, 0 dirs failed
I20260709 14:51:40.092990 19316 tablet_service.cc:1511] Processing CreateTablet for tablet 53b32a3810b843bba6610ebd9ebf8ecc (DEFAULT_TABLE table=test-workload [id=01e5414bd98a4078ad202a1399969582]), partition=RANGE (key) PARTITION 2074687539 <= VALUES < 2111085566
I20260709 14:51:40.094236 19316 data_dirs.cc:400] Could only allocate 1 dirs of requested 3 for tablet 53b32a3810b843bba6610ebd9ebf8ecc. 1 dirs total, 0 dirs full, 0 dirs failed
I20260709 14:51:40.046425 19529 raft_consensus.cc:515] T b2d9003e63d94642b2556847c0adb4c4 P 77fafd9150f845e49afdfa014f6bb4fa [term 0 FOLLOWER]: Starting pre-election with config: opid_index: -1 OBSOLETE_local: false peers { permanent_uuid: "743ae7374e194f17b91cddca40dcea20" member_type: VOTER last_known_addr { host: "127.17.196.65" port: 46821 } } peers { permanent_uuid: "77fafd9150f845e49afdfa014f6bb4fa" member_type: VOTER last_known_addr { host: "127.17.196.66" port: 34635 } } peers { permanent_uuid: "b3f28632ac5b4d328772ed49e5f604ab" member_type: VOTER last_known_addr { host: "127.17.196.67" port: 45197 } }
I20260709 14:51:40.100101 19529 leader_election.cc:290] T b2d9003e63d94642b2556847c0adb4c4 P 77fafd9150f845e49afdfa014f6bb4fa [CANDIDATE]: Term 1 pre-election: Requested pre-vote from peers 743ae7374e194f17b91cddca40dcea20 (127.17.196.65:46821), b3f28632ac5b4d328772ed49e5f604ab (127.17.196.67:45197)
I20260709 14:51:40.110467 19316 tablet_service.cc:1511] Processing CreateTablet for tablet fd1116f9482946c7a13049c992daf93b (DEFAULT_TABLE table=test-workload [id=01e5414bd98a4078ad202a1399969582]), partition=RANGE (key) PARTITION 2111085566 <= VALUES
I20260709 14:51:40.111657 19316 data_dirs.cc:400] Could only allocate 1 dirs of requested 3 for tablet fd1116f9482946c7a13049c992daf93b. 1 dirs total, 0 dirs full, 0 dirs failed
I20260709 14:51:40.125422 19456 data_dirs.cc:400] Could only allocate 1 dirs of requested 3 for tablet ba6fddd6043e4d43a70d576eca3a6b94. 1 dirs total, 0 dirs full, 0 dirs failed
I20260709 14:51:40.130014 19465 tablet_service.cc:1511] Processing CreateTablet for tablet 89cb28f950fe4fba8605191e9a927020 (DEFAULT_TABLE table=test-workload [id=01e5414bd98a4078ad202a1399969582]), partition=RANGE (key) PARTITION 1783503323 <= VALUES < 1819901350
I20260709 14:51:40.130210 19457 tablet_service.cc:1511] Processing CreateTablet for tablet 6aebe5b6834d435caa25ab27a7654f13 (DEFAULT_TABLE table=test-workload [id=01e5414bd98a4078ad202a1399969582]), partition=RANGE (key) PARTITION 1819901350 <= VALUES < 1856299377
I20260709 14:51:40.131469 19465 data_dirs.cc:400] Could only allocate 1 dirs of requested 3 for tablet 89cb28f950fe4fba8605191e9a927020. 1 dirs total, 0 dirs full, 0 dirs failed
I20260709 14:51:40.138196 19461 tablet_service.cc:1511] Processing CreateTablet for tablet 15fa4b5ed7c240d2bcbdbbb81e48fa07 (DEFAULT_TABLE table=test-workload [id=01e5414bd98a4078ad202a1399969582]), partition=RANGE (key) PARTITION 1892697404 <= VALUES < 1929095431
I20260709 14:51:40.139533 19461 data_dirs.cc:400] Could only allocate 1 dirs of requested 3 for tablet 15fa4b5ed7c240d2bcbdbbb81e48fa07. 1 dirs total, 0 dirs full, 0 dirs failed
I20260709 14:51:40.142222 19464 tablet_service.cc:1511] Processing CreateTablet for tablet 60a9fca26d3d4273827d133769447379 (DEFAULT_TABLE table=test-workload [id=01e5414bd98a4078ad202a1399969582]), partition=RANGE (key) PARTITION 1929095431 <= VALUES < 1965493458
I20260709 14:51:40.143599 19464 data_dirs.cc:400] Could only allocate 1 dirs of requested 3 for tablet 60a9fca26d3d4273827d133769447379. 1 dirs total, 0 dirs full, 0 dirs failed
I20260709 14:51:40.158075 19326 tablet_service.cc:1917] Received RequestConsensusVote() RPC: tablet_id: "62a1077dbcd6416dbcf6c97fdc93d4ef" candidate_uuid: "b3f28632ac5b4d328772ed49e5f604ab" candidate_term: 1 candidate_status { last_received { term: 0 index: 0 } } ignore_live_leader: false dest_uuid: "743ae7374e194f17b91cddca40dcea20" is_pre_election: true
W20260709 14:51:40.160121 19439 leader_election.cc:343] T 62a1077dbcd6416dbcf6c97fdc93d4ef P b3f28632ac5b4d328772ed49e5f604ab [CANDIDATE]: Term 1 pre-election: Tablet error from VoteRequest() call to peer 743ae7374e194f17b91cddca40dcea20 (127.17.196.65:46821): Illegal state: must be running to vote when last-logged opid is not known
I20260709 14:51:40.169500 19515 tablet_bootstrap.cc:492] T 886a44bd0a614c3a86f9748dc4435617 P 743ae7374e194f17b91cddca40dcea20: No bootstrap required, opened a new log
I20260709 14:51:40.170055 19515 ts_tablet_manager.cc:1403] T 886a44bd0a614c3a86f9748dc4435617 P 743ae7374e194f17b91cddca40dcea20: Time spent bootstrapping tablet: real 0.392s	user 0.028s	sys 0.042s
I20260709 14:51:40.182216 19384 tablet_service.cc:1511] Processing CreateTablet for tablet ad5fb0fe6e574ea1852f313e048ac7e9 (DEFAULT_TABLE table=test-workload [id=01e5414bd98a4078ad202a1399969582]), partition=RANGE (key) PARTITION 1492319107 <= VALUES < 1528717134
I20260709 14:51:40.092278 19314 tablet_service.cc:1511] Processing CreateTablet for tablet 30fa70bd89664653b64a917fb7701cc8 (DEFAULT_TABLE table=test-workload [id=01e5414bd98a4078ad202a1399969582]), partition=RANGE (key) PARTITION 2038289512 <= VALUES < 2074687539
I20260709 14:51:40.188849 19457 data_dirs.cc:400] Could only allocate 1 dirs of requested 3 for tablet 6aebe5b6834d435caa25ab27a7654f13. 1 dirs total, 0 dirs full, 0 dirs failed
I20260709 14:51:40.196054 19516 tablet_bootstrap.cc:654] T e6700daeb1724843aa8cd7dbea6196b3 P b3f28632ac5b4d328772ed49e5f604ab: Neither blocks nor log segments found. Creating new log.
I20260709 14:51:40.208221 19383 tablet_service.cc:1511] Processing CreateTablet for tablet 78c9b6bed3e748ff826568456a12a2b5 (DEFAULT_TABLE table=test-workload [id=01e5414bd98a4078ad202a1399969582]), partition=RANGE (key) PARTITION 1565115161 <= VALUES < 1601513188
I20260709 14:51:40.211308 19521 tablet_bootstrap.cc:492] T ea664a737b654b76bc0a119051aef8f5 P 77fafd9150f845e49afdfa014f6bb4fa: No bootstrap required, opened a new log
I20260709 14:51:40.211920 19521 ts_tablet_manager.cc:1403] T ea664a737b654b76bc0a119051aef8f5 P 77fafd9150f845e49afdfa014f6bb4fa: Time spent bootstrapping tablet: real 0.369s	user 0.027s	sys 0.063s
I20260709 14:51:40.208118 19388 tablet_service.cc:1511] Processing CreateTablet for tablet dbdf1059660348b8b10c80e2b381b78b (DEFAULT_TABLE table=test-workload [id=01e5414bd98a4078ad202a1399969582]), partition=RANGE (key) PARTITION 1528717134 <= VALUES < 1565115161
I20260709 14:51:40.213043 19314 data_dirs.cc:400] Could only allocate 1 dirs of requested 3 for tablet 30fa70bd89664653b64a917fb7701cc8. 1 dirs total, 0 dirs full, 0 dirs failed
I20260709 14:51:40.205284 19463 tablet_service.cc:1511] Processing CreateTablet for tablet dd17fc94c95d4389945a3ad3cc11d62e (DEFAULT_TABLE table=test-workload [id=01e5414bd98a4078ad202a1399969582]), partition=RANGE (key) PARTITION 2001891485 <= VALUES < 2038289512
I20260709 14:51:40.218019 19463 data_dirs.cc:400] Could only allocate 1 dirs of requested 3 for tablet dd17fc94c95d4389945a3ad3cc11d62e. 1 dirs total, 0 dirs full, 0 dirs failed
I20260709 14:51:40.230139 19326 tablet_service.cc:1917] Received RequestConsensusVote() RPC: tablet_id: "b2d9003e63d94642b2556847c0adb4c4" candidate_uuid: "77fafd9150f845e49afdfa014f6bb4fa" candidate_term: 1 candidate_status { last_received { term: 0 index: 0 } } ignore_live_leader: false dest_uuid: "743ae7374e194f17b91cddca40dcea20" is_pre_election: true
I20260709 14:51:40.231906 19401 tablet_service.cc:1917] Received RequestConsensusVote() RPC: tablet_id: "62a1077dbcd6416dbcf6c97fdc93d4ef" candidate_uuid: "b3f28632ac5b4d328772ed49e5f604ab" candidate_term: 1 candidate_status { last_received { term: 0 index: 0 } } ignore_live_leader: false dest_uuid: "77fafd9150f845e49afdfa014f6bb4fa" is_pre_election: true
W20260709 14:51:40.233201 19439 leader_election.cc:343] T 62a1077dbcd6416dbcf6c97fdc93d4ef P b3f28632ac5b4d328772ed49e5f604ab [CANDIDATE]: Term 1 pre-election: Tablet error from VoteRequest() call to peer 77fafd9150f845e49afdfa014f6bb4fa (127.17.196.66:34635): Illegal state: must be running to vote when last-logged opid is not known
I20260709 14:51:40.233671 19439 leader_election.cc:304] T 62a1077dbcd6416dbcf6c97fdc93d4ef P b3f28632ac5b4d328772ed49e5f604ab [CANDIDATE]: Term 1 pre-election: Election decided. Result: candidate lost. Election summary: received 3 responses out of 3 voters: 1 yes votes; 2 no votes. yes voters: b3f28632ac5b4d328772ed49e5f604ab; no voters: 743ae7374e194f17b91cddca40dcea20, 77fafd9150f845e49afdfa014f6bb4fa
I20260709 14:51:40.234527 19525 raft_consensus.cc:2749] T 62a1077dbcd6416dbcf6c97fdc93d4ef P b3f28632ac5b4d328772ed49e5f604ab [term 0 FOLLOWER]: Leader pre-election lost for term 1. Reason: could not achieve majority
W20260709 14:51:40.236240 19365 leader_election.cc:343] T b2d9003e63d94642b2556847c0adb4c4 P 77fafd9150f845e49afdfa014f6bb4fa [CANDIDATE]: Term 1 pre-election: Tablet error from VoteRequest() call to peer 743ae7374e194f17b91cddca40dcea20 (127.17.196.65:46821): Illegal state: must be running to vote when last-logged opid is not known
I20260709 14:51:40.240972 19384 data_dirs.cc:400] Could only allocate 1 dirs of requested 3 for tablet ad5fb0fe6e574ea1852f313e048ac7e9. 1 dirs total, 0 dirs full, 0 dirs failed
I20260709 14:51:40.241641 19383 data_dirs.cc:400] Could only allocate 1 dirs of requested 3 for tablet 78c9b6bed3e748ff826568456a12a2b5. 1 dirs total, 0 dirs full, 0 dirs failed
I20260709 14:51:40.245599 19388 data_dirs.cc:400] Could only allocate 1 dirs of requested 3 for tablet dbdf1059660348b8b10c80e2b381b78b. 1 dirs total, 0 dirs full, 0 dirs failed
I20260709 14:51:40.245079 19458 tablet_service.cc:1511] Processing CreateTablet for tablet 33c8860b32d347e0ac63ac6115d5e88e (DEFAULT_TABLE table=test-workload [id=01e5414bd98a4078ad202a1399969582]), partition=RANGE (key) PARTITION 1965493458 <= VALUES < 2001891485
I20260709 14:51:40.249502 19458 data_dirs.cc:400] Could only allocate 1 dirs of requested 3 for tablet 33c8860b32d347e0ac63ac6115d5e88e. 1 dirs total, 0 dirs full, 0 dirs failed
I20260709 14:51:40.254726 19464 tablet_service.cc:1511] Processing CreateTablet for tablet 53b32a3810b843bba6610ebd9ebf8ecc (DEFAULT_TABLE table=test-workload [id=01e5414bd98a4078ad202a1399969582]), partition=RANGE (key) PARTITION 2074687539 <= VALUES < 2111085566
I20260709 14:51:40.257946 19464 data_dirs.cc:400] Could only allocate 1 dirs of requested 3 for tablet 53b32a3810b843bba6610ebd9ebf8ecc. 1 dirs total, 0 dirs full, 0 dirs failed
W20260709 14:51:40.260474 19272 auto_rebalancer.cc:288] Could not retrieve cluster info: Service unavailable: Tablet not running
I20260709 14:51:40.247956 19387 tablet_service.cc:1511] Processing CreateTablet for tablet a2145a25b2b5450587dbf507d362707f (DEFAULT_TABLE table=test-workload [id=01e5414bd98a4078ad202a1399969582]), partition=RANGE (key) PARTITION 1637911215 <= VALUES < 1674309242
I20260709 14:51:40.261883 19387 data_dirs.cc:400] Could only allocate 1 dirs of requested 3 for tablet a2145a25b2b5450587dbf507d362707f. 1 dirs total, 0 dirs full, 0 dirs failed
I20260709 14:51:40.246469 19390 tablet_service.cc:1511] Processing CreateTablet for tablet ba6fddd6043e4d43a70d576eca3a6b94 (DEFAULT_TABLE table=test-workload [id=01e5414bd98a4078ad202a1399969582]), partition=RANGE (key) PARTITION 1601513188 <= VALUES < 1637911215
I20260709 14:51:40.273485 19390 data_dirs.cc:400] Could only allocate 1 dirs of requested 3 for tablet ba6fddd6043e4d43a70d576eca3a6b94. 1 dirs total, 0 dirs full, 0 dirs failed
I20260709 14:51:40.266846 19382 tablet_service.cc:1511] Processing CreateTablet for tablet 05977c1f135a45cfa94c49c1849f6d0e (DEFAULT_TABLE table=test-workload [id=01e5414bd98a4078ad202a1399969582]), partition=RANGE (key) PARTITION 1674309242 <= VALUES < 1710707269
I20260709 14:51:40.277361 19382 data_dirs.cc:400] Could only allocate 1 dirs of requested 3 for tablet 05977c1f135a45cfa94c49c1849f6d0e. 1 dirs total, 0 dirs full, 0 dirs failed
I20260709 14:51:40.277513 19388 tablet_service.cc:1511] Processing CreateTablet for tablet 89cb28f950fe4fba8605191e9a927020 (DEFAULT_TABLE table=test-workload [id=01e5414bd98a4078ad202a1399969582]), partition=RANGE (key) PARTITION 1783503323 <= VALUES < 1819901350
I20260709 14:51:40.278803 19388 data_dirs.cc:400] Could only allocate 1 dirs of requested 3 for tablet 89cb28f950fe4fba8605191e9a927020. 1 dirs total, 0 dirs full, 0 dirs failed
I20260709 14:51:40.259999 19460 tablet_service.cc:1511] Processing CreateTablet for tablet 30fa70bd89664653b64a917fb7701cc8 (DEFAULT_TABLE table=test-workload [id=01e5414bd98a4078ad202a1399969582]), partition=RANGE (key) PARTITION 2038289512 <= VALUES < 2074687539
I20260709 14:51:40.281507 19460 data_dirs.cc:400] Could only allocate 1 dirs of requested 3 for tablet 30fa70bd89664653b64a917fb7701cc8. 1 dirs total, 0 dirs full, 0 dirs failed
I20260709 14:51:40.284952 19515 raft_consensus.cc:359] T 886a44bd0a614c3a86f9748dc4435617 P 743ae7374e194f17b91cddca40dcea20 [term 0 FOLLOWER]: Replica starting. Triggering 0 pending ops. Active config: opid_index: -1 OBSOLETE_local: false peers { permanent_uuid: "743ae7374e194f17b91cddca40dcea20" member_type: VOTER last_known_addr { host: "127.17.196.65" port: 46821 } } peers { permanent_uuid: "77fafd9150f845e49afdfa014f6bb4fa" member_type: VOTER last_known_addr { host: "127.17.196.66" port: 34635 } } peers { permanent_uuid: "b3f28632ac5b4d328772ed49e5f604ab" member_type: VOTER last_known_addr { host: "127.17.196.67" port: 45197 } }
I20260709 14:51:40.285734 19515 raft_consensus.cc:385] T 886a44bd0a614c3a86f9748dc4435617 P 743ae7374e194f17b91cddca40dcea20 [term 0 FOLLOWER]: Consensus starting up: Expiring failure detector timer to make a prompt election more likely
I20260709 14:51:40.286037 19515 raft_consensus.cc:740] T 886a44bd0a614c3a86f9748dc4435617 P 743ae7374e194f17b91cddca40dcea20 [term 0 FOLLOWER]: Becoming Follower/Learner. State: Replica: 743ae7374e194f17b91cddca40dcea20, State: Initialized, Role: FOLLOWER
I20260709 14:51:40.286830 19515 consensus_queue.cc:260] T 886a44bd0a614c3a86f9748dc4435617 P 743ae7374e194f17b91cddca40dcea20 [NON_LEADER]: Queue going to NON_LEADER mode. State: All replicated index: 0, Majority replicated index: 0, Committed index: 0, Last appended: 0.0, Last appended by leader: 0, Current term: 0, Majority size: -1, State: 0, Mode: NON_LEADER, active raft config: opid_index: -1 OBSOLETE_local: false peers { permanent_uuid: "743ae7374e194f17b91cddca40dcea20" member_type: VOTER last_known_addr { host: "127.17.196.65" port: 46821 } } peers { permanent_uuid: "77fafd9150f845e49afdfa014f6bb4fa" member_type: VOTER last_known_addr { host: "127.17.196.66" port: 34635 } } peers { permanent_uuid: "b3f28632ac5b4d328772ed49e5f604ab" member_type: VOTER last_known_addr { host: "127.17.196.67" port: 45197 } }
I20260709 14:51:40.268445 19386 rpcz_store.cc:275] Call kudu.tserver.TabletServerAdminService.CreateTablet from 127.0.0.1:35724 (request call id 26) took 1059 ms. Trace:
I20260709 14:51:40.273375 19383 tablet_service.cc:1511] Processing CreateTablet for tablet 373c971c6b0e489597ed883fd78c6f36 (DEFAULT_TABLE table=test-workload [id=01e5414bd98a4078ad202a1399969582]), partition=RANGE (key) PARTITION 1710707269 <= VALUES < 1747105296
I20260709 14:51:40.290002 19383 data_dirs.cc:400] Could only allocate 1 dirs of requested 3 for tablet 373c971c6b0e489597ed883fd78c6f36. 1 dirs total, 0 dirs full, 0 dirs failed
I20260709 14:51:40.289005 19386 rpcz_store.cc:276] 0709 14:51:39.209507 (+     0us) service_pool.cc:167] Inserting onto call queue
0709 14:51:39.607632 (+398125us) service_pool.cc:224] Handling call
0709 14:51:39.689566 (+ 81934us) ts_tablet_manager.cc:669] Acquired tablet manager lock
0709 14:51:39.689645 (+    79us) ts_tablet_manager.cc:682] Creating new metadata...
0709 14:51:40.141353 (+451708us) tablet_metadata.cc:665] Metadata flushed
0709 14:51:40.267967 (+126614us) tablet_replica.cc:206] Creating consensus instance
0709 14:51:40.268390 (+   423us) inbound_call.cc:177] Queueing success response
Metrics: {"mutex_wait_us":32985}
I20260709 14:51:40.269280 19459 tablet_service.cc:1511] Processing CreateTablet for tablet 48e7bb1904714d0eb890240ec450b557 (DEFAULT_TABLE table=test-workload [id=01e5414bd98a4078ad202a1399969582]), partition=RANGE (key) PARTITION 1856299377 <= VALUES < 1892697404
I20260709 14:51:40.291846 19386 tablet_service.cc:1511] Processing CreateTablet for tablet 6aebe5b6834d435caa25ab27a7654f13 (DEFAULT_TABLE table=test-workload [id=01e5414bd98a4078ad202a1399969582]), partition=RANGE (key) PARTITION 1819901350 <= VALUES < 1856299377
I20260709 14:51:40.293071 19386 data_dirs.cc:400] Could only allocate 1 dirs of requested 3 for tablet 6aebe5b6834d435caa25ab27a7654f13. 1 dirs total, 0 dirs full, 0 dirs failed
I20260709 14:51:40.294584 19525 raft_consensus.cc:493] T 42d0199b94de4f38b2d961463c1986fc P b3f28632ac5b4d328772ed49e5f604ab [term 0 FOLLOWER]: Starting pre-election (no leader contacted us within the election timeout)
I20260709 14:51:40.295274 19459 data_dirs.cc:400] Could only allocate 1 dirs of requested 3 for tablet 48e7bb1904714d0eb890240ec450b557. 1 dirs total, 0 dirs full, 0 dirs failed
I20260709 14:51:40.295094 19525 raft_consensus.cc:515] T 42d0199b94de4f38b2d961463c1986fc P b3f28632ac5b4d328772ed49e5f604ab [term 0 FOLLOWER]: Starting pre-election with config: opid_index: -1 OBSOLETE_local: false peers { permanent_uuid: "743ae7374e194f17b91cddca40dcea20" member_type: VOTER last_known_addr { host: "127.17.196.65" port: 46821 } } peers { permanent_uuid: "77fafd9150f845e49afdfa014f6bb4fa" member_type: VOTER last_known_addr { host: "127.17.196.66" port: 34635 } } peers { permanent_uuid: "b3f28632ac5b4d328772ed49e5f604ab" member_type: VOTER last_known_addr { host: "127.17.196.67" port: 45197 } }
I20260709 14:51:40.302484 19525 leader_election.cc:290] T 42d0199b94de4f38b2d961463c1986fc P b3f28632ac5b4d328772ed49e5f604ab [CANDIDATE]: Term 1 pre-election: Requested pre-vote from peers 743ae7374e194f17b91cddca40dcea20 (127.17.196.65:46821), 77fafd9150f845e49afdfa014f6bb4fa (127.17.196.66:34635)
I20260709 14:51:40.302807 19391 tablet_service.cc:1511] Processing CreateTablet for tablet 48e7bb1904714d0eb890240ec450b557 (DEFAULT_TABLE table=test-workload [id=01e5414bd98a4078ad202a1399969582]), partition=RANGE (key) PARTITION 1856299377 <= VALUES < 1892697404
I20260709 14:51:40.304177 19391 data_dirs.cc:400] Could only allocate 1 dirs of requested 3 for tablet 48e7bb1904714d0eb890240ec450b557. 1 dirs total, 0 dirs full, 0 dirs failed
I20260709 14:51:40.305037 19401 tablet_service.cc:1917] Received RequestConsensusVote() RPC: tablet_id: "42d0199b94de4f38b2d961463c1986fc" candidate_uuid: "b3f28632ac5b4d328772ed49e5f604ab" candidate_term: 1 candidate_status { last_received { term: 0 index: 0 } } ignore_live_leader: false dest_uuid: "77fafd9150f845e49afdfa014f6bb4fa" is_pre_election: true
I20260709 14:51:40.306062 19326 tablet_service.cc:1917] Received RequestConsensusVote() RPC: tablet_id: "42d0199b94de4f38b2d961463c1986fc" candidate_uuid: "b3f28632ac5b4d328772ed49e5f604ab" candidate_term: 1 candidate_status { last_received { term: 0 index: 0 } } ignore_live_leader: false dest_uuid: "743ae7374e194f17b91cddca40dcea20" is_pre_election: true
I20260709 14:51:40.306737 19326 raft_consensus.cc:2468] T 42d0199b94de4f38b2d961463c1986fc P 743ae7374e194f17b91cddca40dcea20 [term 0 FOLLOWER]: Leader pre-election vote request: Granting yes vote for candidate b3f28632ac5b4d328772ed49e5f604ab in term 0.
I20260709 14:51:40.308328 19439 leader_election.cc:304] T 42d0199b94de4f38b2d961463c1986fc P b3f28632ac5b4d328772ed49e5f604ab [CANDIDATE]: Term 1 pre-election: Election decided. Result: candidate won. Election summary: received 2 responses out of 3 voters: 2 yes votes; 0 no votes. yes voters: 743ae7374e194f17b91cddca40dcea20, b3f28632ac5b4d328772ed49e5f604ab; no voters: 
I20260709 14:51:40.297552 19521 raft_consensus.cc:359] T ea664a737b654b76bc0a119051aef8f5 P 77fafd9150f845e49afdfa014f6bb4fa [term 0 FOLLOWER]: Replica starting. Triggering 0 pending ops. Active config: opid_index: -1 OBSOLETE_local: false peers { permanent_uuid: "743ae7374e194f17b91cddca40dcea20" member_type: VOTER last_known_addr { host: "127.17.196.65" port: 46821 } } peers { permanent_uuid: "77fafd9150f845e49afdfa014f6bb4fa" member_type: VOTER last_known_addr { host: "127.17.196.66" port: 34635 } } peers { permanent_uuid: "b3f28632ac5b4d328772ed49e5f604ab" member_type: VOTER last_known_addr { host: "127.17.196.67" port: 45197 } }
I20260709 14:51:40.298393 19475 tablet_service.cc:1917] Received RequestConsensusVote() RPC: tablet_id: "b2d9003e63d94642b2556847c0adb4c4" candidate_uuid: "77fafd9150f845e49afdfa014f6bb4fa" candidate_term: 1 candidate_status { last_received { term: 0 index: 0 } } ignore_live_leader: false dest_uuid: "b3f28632ac5b4d328772ed49e5f604ab" is_pre_election: true
I20260709 14:51:40.309173 19525 raft_consensus.cc:2804] T 42d0199b94de4f38b2d961463c1986fc P b3f28632ac5b4d328772ed49e5f604ab [term 0 FOLLOWER]: Leader pre-election won for term 1
I20260709 14:51:40.314725 19389 tablet_service.cc:1511] Processing CreateTablet for tablet 60a9fca26d3d4273827d133769447379 (DEFAULT_TABLE table=test-workload [id=01e5414bd98a4078ad202a1399969582]), partition=RANGE (key) PARTITION 1929095431 <= VALUES < 1965493458
W20260709 14:51:40.309320 19439 leader_election.cc:343] T 42d0199b94de4f38b2d961463c1986fc P b3f28632ac5b4d328772ed49e5f604ab [CANDIDATE]: Term 1 pre-election: Tablet error from VoteRequest() call to peer 77fafd9150f845e49afdfa014f6bb4fa (127.17.196.66:34635): Illegal state: must be running to vote when last-logged opid is not known
I20260709 14:51:40.276404 19385 tablet_service.cc:1511] Processing CreateTablet for tablet ef122dcdc91b4e039415e167e1999a91 (DEFAULT_TABLE table=test-workload [id=01e5414bd98a4078ad202a1399969582]), partition=RANGE (key) PARTITION 1747105296 <= VALUES < 1783503323
I20260709 14:51:40.312955 19388 tablet_service.cc:1511] Processing CreateTablet for tablet 15fa4b5ed7c240d2bcbdbbb81e48fa07 (DEFAULT_TABLE table=test-workload [id=01e5414bd98a4078ad202a1399969582]), partition=RANGE (key) PARTITION 1892697404 <= VALUES < 1929095431
I20260709 14:51:40.300912 19465 tablet_service.cc:1511] Processing CreateTablet for tablet fd1116f9482946c7a13049c992daf93b (DEFAULT_TABLE table=test-workload [id=01e5414bd98a4078ad202a1399969582]), partition=RANGE (key) PARTITION 2111085566 <= VALUES
W20260709 14:51:40.321918 19364 leader_election.cc:343] T b2d9003e63d94642b2556847c0adb4c4 P 77fafd9150f845e49afdfa014f6bb4fa [CANDIDATE]: Term 1 pre-election: Tablet error from VoteRequest() call to peer b3f28632ac5b4d328772ed49e5f604ab (127.17.196.67:45197): Illegal state: must be running to vote when last-logged opid is not known
I20260709 14:51:40.332981 19364 leader_election.cc:304] T b2d9003e63d94642b2556847c0adb4c4 P 77fafd9150f845e49afdfa014f6bb4fa [CANDIDATE]: Term 1 pre-election: Election decided. Result: candidate lost. Election summary: received 3 responses out of 3 voters: 1 yes votes; 2 no votes. yes voters: 77fafd9150f845e49afdfa014f6bb4fa; no voters: 743ae7374e194f17b91cddca40dcea20, b3f28632ac5b4d328772ed49e5f604ab
I20260709 14:51:40.334489 19529 raft_consensus.cc:2749] T b2d9003e63d94642b2556847c0adb4c4 P 77fafd9150f845e49afdfa014f6bb4fa [term 0 FOLLOWER]: Leader pre-election lost for term 1. Reason: could not achieve majority
I20260709 14:51:40.319074 19525 raft_consensus.cc:493] T 42d0199b94de4f38b2d961463c1986fc P b3f28632ac5b4d328772ed49e5f604ab [term 0 FOLLOWER]: Starting leader election (no leader contacted us within the election timeout)
I20260709 14:51:40.324610 19516 tablet_bootstrap.cc:492] T e6700daeb1724843aa8cd7dbea6196b3 P b3f28632ac5b4d328772ed49e5f604ab: No bootstrap required, opened a new log
I20260709 14:51:40.335255 19525 raft_consensus.cc:3060] T 42d0199b94de4f38b2d961463c1986fc P b3f28632ac5b4d328772ed49e5f604ab [term 0 FOLLOWER]: Advancing to term 1
I20260709 14:51:40.335526 19516 ts_tablet_manager.cc:1403] T e6700daeb1724843aa8cd7dbea6196b3 P b3f28632ac5b4d328772ed49e5f604ab: Time spent bootstrapping tablet: real 0.319s	user 0.014s	sys 0.008s
I20260709 14:51:40.338928 19516 raft_consensus.cc:359] T e6700daeb1724843aa8cd7dbea6196b3 P b3f28632ac5b4d328772ed49e5f604ab [term 0 FOLLOWER]: Replica starting. Triggering 0 pending ops. Active config: opid_index: -1 OBSOLETE_local: false peers { permanent_uuid: "743ae7374e194f17b91cddca40dcea20" member_type: VOTER last_known_addr { host: "127.17.196.65" port: 46821 } } peers { permanent_uuid: "77fafd9150f845e49afdfa014f6bb4fa" member_type: VOTER last_known_addr { host: "127.17.196.66" port: 34635 } } peers { permanent_uuid: "b3f28632ac5b4d328772ed49e5f604ab" member_type: VOTER last_known_addr { host: "127.17.196.67" port: 45197 } }
I20260709 14:51:40.339710 19516 raft_consensus.cc:385] T e6700daeb1724843aa8cd7dbea6196b3 P b3f28632ac5b4d328772ed49e5f604ab [term 0 FOLLOWER]: Consensus starting up: Expiring failure detector timer to make a prompt election more likely
I20260709 14:51:40.340037 19516 raft_consensus.cc:740] T e6700daeb1724843aa8cd7dbea6196b3 P b3f28632ac5b4d328772ed49e5f604ab [term 0 FOLLOWER]: Becoming Follower/Learner. State: Replica: b3f28632ac5b4d328772ed49e5f604ab, State: Initialized, Role: FOLLOWER
I20260709 14:51:40.325400 19388 data_dirs.cc:400] Could only allocate 1 dirs of requested 3 for tablet 15fa4b5ed7c240d2bcbdbbb81e48fa07. 1 dirs total, 0 dirs full, 0 dirs failed
I20260709 14:51:40.341427 19385 data_dirs.cc:400] Could only allocate 1 dirs of requested 3 for tablet ef122dcdc91b4e039415e167e1999a91. 1 dirs total, 0 dirs full, 0 dirs failed
I20260709 14:51:40.319641 19521 raft_consensus.cc:385] T ea664a737b654b76bc0a119051aef8f5 P 77fafd9150f845e49afdfa014f6bb4fa [term 0 FOLLOWER]: Consensus starting up: Expiring failure detector timer to make a prompt election more likely
I20260709 14:51:40.341881 19521 raft_consensus.cc:740] T ea664a737b654b76bc0a119051aef8f5 P 77fafd9150f845e49afdfa014f6bb4fa [term 0 FOLLOWER]: Becoming Follower/Learner. State: Replica: 77fafd9150f845e49afdfa014f6bb4fa, State: Initialized, Role: FOLLOWER
I20260709 14:51:40.342089 19389 data_dirs.cc:400] Could only allocate 1 dirs of requested 3 for tablet 60a9fca26d3d4273827d133769447379. 1 dirs total, 0 dirs full, 0 dirs failed
I20260709 14:51:40.343202 19521 consensus_queue.cc:260] T ea664a737b654b76bc0a119051aef8f5 P 77fafd9150f845e49afdfa014f6bb4fa [NON_LEADER]: Queue going to NON_LEADER mode. State: All replicated index: 0, Majority replicated index: 0, Committed index: 0, Last appended: 0.0, Last appended by leader: 0, Current term: 0, Majority size: -1, State: 0, Mode: NON_LEADER, active raft config: opid_index: -1 OBSOLETE_local: false peers { permanent_uuid: "743ae7374e194f17b91cddca40dcea20" member_type: VOTER last_known_addr { host: "127.17.196.65" port: 46821 } } peers { permanent_uuid: "77fafd9150f845e49afdfa014f6bb4fa" member_type: VOTER last_known_addr { host: "127.17.196.66" port: 34635 } } peers { permanent_uuid: "b3f28632ac5b4d328772ed49e5f604ab" member_type: VOTER last_known_addr { host: "127.17.196.67" port: 45197 } }
I20260709 14:51:40.349399 19465 data_dirs.cc:400] Could only allocate 1 dirs of requested 3 for tablet fd1116f9482946c7a13049c992daf93b. 1 dirs total, 0 dirs full, 0 dirs failed
I20260709 14:51:40.353986 19521 ts_tablet_manager.cc:1434] T ea664a737b654b76bc0a119051aef8f5 P 77fafd9150f845e49afdfa014f6bb4fa: Time spent starting tablet: real 0.142s	user 0.008s	sys 0.003s
I20260709 14:51:40.340410 19384 tablet_service.cc:1511] Processing CreateTablet for tablet dd17fc94c95d4389945a3ad3cc11d62e (DEFAULT_TABLE table=test-workload [id=01e5414bd98a4078ad202a1399969582]), partition=RANGE (key) PARTITION 2001891485 <= VALUES < 2038289512
I20260709 14:51:40.354509 19516 consensus_queue.cc:260] T e6700daeb1724843aa8cd7dbea6196b3 P b3f28632ac5b4d328772ed49e5f604ab [NON_LEADER]: Queue going to NON_LEADER mode. State: All replicated index: 0, Majority replicated index: 0, Committed index: 0, Last appended: 0.0, Last appended by leader: 0, Current term: 0, Majority size: -1, State: 0, Mode: NON_LEADER, active raft config: opid_index: -1 OBSOLETE_local: false peers { permanent_uuid: "743ae7374e194f17b91cddca40dcea20" member_type: VOTER last_known_addr { host: "127.17.196.65" port: 46821 } } peers { permanent_uuid: "77fafd9150f845e49afdfa014f6bb4fa" member_type: VOTER last_known_addr { host: "127.17.196.66" port: 34635 } } peers { permanent_uuid: "b3f28632ac5b4d328772ed49e5f604ab" member_type: VOTER last_known_addr { host: "127.17.196.67" port: 45197 } }
I20260709 14:51:40.329739 19515 ts_tablet_manager.cc:1434] T 886a44bd0a614c3a86f9748dc4435617 P 743ae7374e194f17b91cddca40dcea20: Time spent starting tablet: real 0.159s	user 0.009s	sys 0.000s
I20260709 14:51:40.357113 19521 tablet_bootstrap.cc:492] T d768c205444b40dd989b3b653e952d73 P 77fafd9150f845e49afdfa014f6bb4fa: Bootstrap starting.
I20260709 14:51:40.334918 19386 tablet_service.cc:1511] Processing CreateTablet for tablet 33c8860b32d347e0ac63ac6115d5e88e (DEFAULT_TABLE table=test-workload [id=01e5414bd98a4078ad202a1399969582]), partition=RANGE (key) PARTITION 1965493458 <= VALUES < 2001891485
I20260709 14:51:40.361480 19515 tablet_bootstrap.cc:492] T d768c205444b40dd989b3b653e952d73 P 743ae7374e194f17b91cddca40dcea20: Bootstrap starting.
I20260709 14:51:40.356000 19525 raft_consensus.cc:515] T 42d0199b94de4f38b2d961463c1986fc P b3f28632ac5b4d328772ed49e5f604ab [term 1 FOLLOWER]: Starting leader election with config: opid_index: -1 OBSOLETE_local: false peers { permanent_uuid: "743ae7374e194f17b91cddca40dcea20" member_type: VOTER last_known_addr { host: "127.17.196.65" port: 46821 } } peers { permanent_uuid: "77fafd9150f845e49afdfa014f6bb4fa" member_type: VOTER last_known_addr { host: "127.17.196.66" port: 34635 } } peers { permanent_uuid: "b3f28632ac5b4d328772ed49e5f604ab" member_type: VOTER last_known_addr { host: "127.17.196.67" port: 45197 } }
I20260709 14:51:40.370975 19525 leader_election.cc:290] T 42d0199b94de4f38b2d961463c1986fc P b3f28632ac5b4d328772ed49e5f604ab [CANDIDATE]: Term 1 election: Requested vote from peers 743ae7374e194f17b91cddca40dcea20 (127.17.196.65:46821), 77fafd9150f845e49afdfa014f6bb4fa (127.17.196.66:34635)
I20260709 14:51:40.371857 19384 data_dirs.cc:400] Could only allocate 1 dirs of requested 3 for tablet dd17fc94c95d4389945a3ad3cc11d62e. 1 dirs total, 0 dirs full, 0 dirs failed
I20260709 14:51:40.372200 19401 tablet_service.cc:1917] Received RequestConsensusVote() RPC: tablet_id: "42d0199b94de4f38b2d961463c1986fc" candidate_uuid: "b3f28632ac5b4d328772ed49e5f604ab" candidate_term: 1 candidate_status { last_received { term: 0 index: 0 } } ignore_live_leader: false dest_uuid: "77fafd9150f845e49afdfa014f6bb4fa"
I20260709 14:51:40.373548 19326 tablet_service.cc:1917] Received RequestConsensusVote() RPC: tablet_id: "42d0199b94de4f38b2d961463c1986fc" candidate_uuid: "b3f28632ac5b4d328772ed49e5f604ab" candidate_term: 1 candidate_status { last_received { term: 0 index: 0 } } ignore_live_leader: false dest_uuid: "743ae7374e194f17b91cddca40dcea20"
I20260709 14:51:40.374191 19326 raft_consensus.cc:3060] T 42d0199b94de4f38b2d961463c1986fc P 743ae7374e194f17b91cddca40dcea20 [term 0 FOLLOWER]: Advancing to term 1
W20260709 14:51:40.377859 19439 leader_election.cc:343] T 42d0199b94de4f38b2d961463c1986fc P b3f28632ac5b4d328772ed49e5f604ab [CANDIDATE]: Term 1 election: Tablet error from VoteRequest() call to peer 77fafd9150f845e49afdfa014f6bb4fa (127.17.196.66:34635): Illegal state: must be running to vote when last-logged opid is not known
I20260709 14:51:40.383833 19326 raft_consensus.cc:2468] T 42d0199b94de4f38b2d961463c1986fc P 743ae7374e194f17b91cddca40dcea20 [term 1 FOLLOWER]: Leader election vote request: Granting yes vote for candidate b3f28632ac5b4d328772ed49e5f604ab in term 1.
I20260709 14:51:40.390782 19439 leader_election.cc:304] T 42d0199b94de4f38b2d961463c1986fc P b3f28632ac5b4d328772ed49e5f604ab [CANDIDATE]: Term 1 election: Election decided. Result: candidate won. Election summary: received 3 responses out of 3 voters: 2 yes votes; 1 no votes. yes voters: 743ae7374e194f17b91cddca40dcea20, b3f28632ac5b4d328772ed49e5f604ab; no voters: 77fafd9150f845e49afdfa014f6bb4fa
I20260709 14:51:40.391703 19525 raft_consensus.cc:2804] T 42d0199b94de4f38b2d961463c1986fc P b3f28632ac5b4d328772ed49e5f604ab [term 1 FOLLOWER]: Leader election won for term 1
I20260709 14:51:40.392189 19525 raft_consensus.cc:697] T 42d0199b94de4f38b2d961463c1986fc P b3f28632ac5b4d328772ed49e5f604ab [term 1 LEADER]: Becoming Leader. State: Replica: b3f28632ac5b4d328772ed49e5f604ab, State: Running, Role: LEADER
I20260709 14:51:40.393065 19525 consensus_queue.cc:237] T 42d0199b94de4f38b2d961463c1986fc P b3f28632ac5b4d328772ed49e5f604ab [LEADER]: Queue going to LEADER mode. State: All replicated index: 0, Majority replicated index: 0, Committed index: 0, Last appended: 0.0, Last appended by leader: 0, Current term: 1, Majority size: 2, State: 0, Mode: LEADER, active raft config: opid_index: -1 OBSOLETE_local: false peers { permanent_uuid: "743ae7374e194f17b91cddca40dcea20" member_type: VOTER last_known_addr { host: "127.17.196.65" port: 46821 } } peers { permanent_uuid: "77fafd9150f845e49afdfa014f6bb4fa" member_type: VOTER last_known_addr { host: "127.17.196.66" port: 34635 } } peers { permanent_uuid: "b3f28632ac5b4d328772ed49e5f604ab" member_type: VOTER last_known_addr { host: "127.17.196.67" port: 45197 } }
I20260709 14:51:40.396404 19515 tablet_bootstrap.cc:654] T d768c205444b40dd989b3b653e952d73 P 743ae7374e194f17b91cddca40dcea20: Neither blocks nor log segments found. Creating new log.
I20260709 14:51:40.398550 19390 tablet_service.cc:1511] Processing CreateTablet for tablet 53b32a3810b843bba6610ebd9ebf8ecc (DEFAULT_TABLE table=test-workload [id=01e5414bd98a4078ad202a1399969582]), partition=RANGE (key) PARTITION 2074687539 <= VALUES < 2111085566
I20260709 14:51:40.400110 19390 data_dirs.cc:400] Could only allocate 1 dirs of requested 3 for tablet 53b32a3810b843bba6610ebd9ebf8ecc. 1 dirs total, 0 dirs full, 0 dirs failed
I20260709 14:51:40.401262 19516 ts_tablet_manager.cc:1434] T e6700daeb1724843aa8cd7dbea6196b3 P b3f28632ac5b4d328772ed49e5f604ab: Time spent starting tablet: real 0.065s	user 0.002s	sys 0.008s
I20260709 14:51:40.402595 19516 tablet_bootstrap.cc:492] T bc1787348a2b4f0fb738c6690c40a0f6 P b3f28632ac5b4d328772ed49e5f604ab: Bootstrap starting.
I20260709 14:51:40.403985 19385 tablet_service.cc:1511] Processing CreateTablet for tablet 30fa70bd89664653b64a917fb7701cc8 (DEFAULT_TABLE table=test-workload [id=01e5414bd98a4078ad202a1399969582]), partition=RANGE (key) PARTITION 2038289512 <= VALUES < 2074687539
I20260709 14:51:40.405335 19385 data_dirs.cc:400] Could only allocate 1 dirs of requested 3 for tablet 30fa70bd89664653b64a917fb7701cc8. 1 dirs total, 0 dirs full, 0 dirs failed
I20260709 14:51:40.410086 19521 tablet_bootstrap.cc:654] T d768c205444b40dd989b3b653e952d73 P 77fafd9150f845e49afdfa014f6bb4fa: Neither blocks nor log segments found. Creating new log.
I20260709 14:51:40.410629 19383 tablet_service.cc:1511] Processing CreateTablet for tablet fd1116f9482946c7a13049c992daf93b (DEFAULT_TABLE table=test-workload [id=01e5414bd98a4078ad202a1399969582]), partition=RANGE (key) PARTITION 2111085566 <= VALUES
I20260709 14:51:40.412225 19383 data_dirs.cc:400] Could only allocate 1 dirs of requested 3 for tablet fd1116f9482946c7a13049c992daf93b. 1 dirs total, 0 dirs full, 0 dirs failed
I20260709 14:51:40.418022 19516 tablet_bootstrap.cc:654] T bc1787348a2b4f0fb738c6690c40a0f6 P b3f28632ac5b4d328772ed49e5f604ab: Neither blocks nor log segments found. Creating new log.
I20260709 14:51:40.421957 19386 data_dirs.cc:400] Could only allocate 1 dirs of requested 3 for tablet 33c8860b32d347e0ac63ac6115d5e88e. 1 dirs total, 0 dirs full, 0 dirs failed
I20260709 14:51:40.438700 19529 raft_consensus.cc:493] T ea664a737b654b76bc0a119051aef8f5 P 77fafd9150f845e49afdfa014f6bb4fa [term 0 FOLLOWER]: Starting pre-election (no leader contacted us within the election timeout)
I20260709 14:51:40.439428 19529 raft_consensus.cc:515] T ea664a737b654b76bc0a119051aef8f5 P 77fafd9150f845e49afdfa014f6bb4fa [term 0 FOLLOWER]: Starting pre-election with config: opid_index: -1 OBSOLETE_local: false peers { permanent_uuid: "743ae7374e194f17b91cddca40dcea20" member_type: VOTER last_known_addr { host: "127.17.196.65" port: 46821 } } peers { permanent_uuid: "77fafd9150f845e49afdfa014f6bb4fa" member_type: VOTER last_known_addr { host: "127.17.196.66" port: 34635 } } peers { permanent_uuid: "b3f28632ac5b4d328772ed49e5f604ab" member_type: VOTER last_known_addr { host: "127.17.196.67" port: 45197 } }
I20260709 14:51:40.449071 19529 leader_election.cc:290] T ea664a737b654b76bc0a119051aef8f5 P 77fafd9150f845e49afdfa014f6bb4fa [CANDIDATE]: Term 1 pre-election: Requested pre-vote from peers 743ae7374e194f17b91cddca40dcea20 (127.17.196.65:46821), b3f28632ac5b4d328772ed49e5f604ab (127.17.196.67:45197)
