W20260709 14:51:34.801878 16712 consensus_peers.cc:597] T 54c9be08da814bf4b1a5af97ee3c1a31 P 07c1d338c2e046da8d236c7287de35ea -> Peer b9913da02250406c98d3f48b6b725069 (127.15.154.2:35347): Couldn't send request to peer b9913da02250406c98d3f48b6b725069. Status: Network error: Client connection negotiation failed: client connection to 127.15.154.2:35347: connect: Connection refused (error 111). This is attempt 1: this message will repeat every 5th retry.
I20260709 14:51:34.802479 15976 tablet_replica.cc:333] T 54c9be08da814bf4b1a5af97ee3c1a31 P 07c1d338c2e046da8d236c7287de35ea: stopping tablet replica
I20260709 14:51:34.802999 15976 raft_consensus.cc:2243] T 54c9be08da814bf4b1a5af97ee3c1a31 P 07c1d338c2e046da8d236c7287de35ea [term 4 LEADER]: Raft consensus shutting down.
I20260709 14:51:34.803762 15976 raft_consensus.cc:2272] T 54c9be08da814bf4b1a5af97ee3c1a31 P 07c1d338c2e046da8d236c7287de35ea [term 4 FOLLOWER]: Raft consensus is shut down!
I20260709 14:51:34.805371 15976 tablet_replica.cc:333] T 86d8b9827db3491eb78a8d847d8e1b61 P 07c1d338c2e046da8d236c7287de35ea: stopping tablet replica
I20260709 14:51:34.805723 15976 raft_consensus.cc:2243] T 86d8b9827db3491eb78a8d847d8e1b61 P 07c1d338c2e046da8d236c7287de35ea [term 4 FOLLOWER]: Raft consensus shutting down.
I20260709 14:51:34.806123 15976 raft_consensus.cc:2272] T 86d8b9827db3491eb78a8d847d8e1b61 P 07c1d338c2e046da8d236c7287de35ea [term 4 FOLLOWER]: Raft consensus is shut down!
I20260709 14:51:34.823086 15976 tablet_server.cc:196] TabletServer@127.15.154.3:0 shutdown complete.
I20260709 14:51:34.839480 15976 master.cc:562] Master@127.15.154.62:33249 shutting down...
I20260709 14:51:34.856179 15976 raft_consensus.cc:2243] T 00000000000000000000000000000000 P 1ab53dab5b6d4dd0893272beb38acdce [term 1 LEADER]: Raft consensus shutting down.
I20260709 14:51:34.856673 15976 raft_consensus.cc:2272] T 00000000000000000000000000000000 P 1ab53dab5b6d4dd0893272beb38acdce [term 1 FOLLOWER]: Raft consensus is shut down!
I20260709 14:51:34.856962 15976 tablet_replica.cc:333] T 00000000000000000000000000000000 P 1ab53dab5b6d4dd0893272beb38acdce: stopping tablet replica
I20260709 14:51:34.876356 15976 master.cc:584] Master@127.15.154.62:33249 shutdown complete.
07c1d338c2e046da8d236c7287de35ea  1
b56073d751804fcea3a24b07816eca8b  5
b9913da02250406c98d3f48b6b725069  4
[       OK ] LeaderRebalancerTest.FunctionalTestForNotDivided (10137 ms)
[ RUN      ] LeaderRebalancerTest.AddTserver
I20260709 14:51:34.912474 15976 internal_mini_cluster.cc:156] Creating distributed mini masters. Addrs: 127.15.154.62:40187
I20260709 14:51:34.913478 15976 file_cache.cc:504] Constructed file cache file cache with capacity 419430
W20260709 14:51:34.918133 16950 instance_detector.cc:116] could not retrieve AWS instance metadata: Network error: curl error: HTTP response code said error: The requested URL returned error: 404
W20260709 14:51:34.919363 16951 instance_detector.cc:116] could not retrieve Azure instance metadata: Network error: curl error: HTTP response code said error: The requested URL returned error: 404
W20260709 14:51:34.919806 16953 instance_detector.cc:116] could not retrieve OpenStack instance metadata: Network error: curl error: HTTP response code said error: The requested URL returned error: 404
I20260709 14:51:34.919919 15976 server_base.cc:1061] running on GCE node
I20260709 14:51:34.920756 15976 hybrid_clock.cc:584] initializing the hybrid clock with 'system_unsync' time source
W20260709 14:51:34.920944 15976 system_unsync_time.cc:38] NTP support is disabled. Clock error bounds will not be accurate. This configuration is not suitable for distributed clusters.
I20260709 14:51:34.921094 15976 hybrid_clock.cc:648] HybridClock initialized: now 1783608694921077 us; error 0 us; skew 500 ppm
I20260709 14:51:34.921561 15976 server_base.cc:861] Flag tcmalloc_max_total_thread_cache_bytes is not working since tcmalloc is not enabled.
I20260709 14:51:34.923784 15976 webserver.cc:533] Webserver started at http://127.15.154.62:44073/ using document root <none> and password file <none>
I20260709 14:51:34.924245 15976 fs_manager.cc:362] Metadata directory not provided
I20260709 14:51:34.924412 15976 fs_manager.cc:368] Using write-ahead log directory (fs_wal_dir) as metadata directory
I20260709 14:51:34.924656 15976 server_base.cc:909] This appears to be a new deployment of Kudu; creating new FS layout
I20260709 14:51:34.925673 15976 fs_manager.cc:1068] Generated new instance metadata in path /tmp/dist-test-taskx_bCNm/test-tmp/auto_leader_rebalancer-test.0.LeaderRebalancerTest.AddTserver.1783608671990630-15976-0/minicluster-data/master-0-root/instance:
uuid: "dd90a2f4bba147588330551fa9c259e6"
format_stamp: "Formatted at 2026-07-09 14:51:34 on dist-test-slave-31z3"
I20260709 14:51:34.929548 15976 fs_manager.cc:696] Time spent creating directory manager: real 0.003s	user 0.005s	sys 0.000s
I20260709 14:51:34.932757 16958 log_block_manager.cc:4127] Time spent loading block containers with low live blocks: real 0.000s	user 0.000s	sys 0.000s
I20260709 14:51:34.933406 15976 fs_manager.cc:730] Time spent opening block manager: real 0.002s	user 0.003s	sys 0.000s
I20260709 14:51:34.933655 15976 fs_manager.cc:647] Opened local filesystem: /tmp/dist-test-taskx_bCNm/test-tmp/auto_leader_rebalancer-test.0.LeaderRebalancerTest.AddTserver.1783608671990630-15976-0/minicluster-data/master-0-root
uuid: "dd90a2f4bba147588330551fa9c259e6"
format_stamp: "Formatted at 2026-07-09 14:51:34 on dist-test-slave-31z3"
I20260709 14:51:34.933903 15976 fs_report.cc:389] FS layout report
--------------------
wal directory: /tmp/dist-test-taskx_bCNm/test-tmp/auto_leader_rebalancer-test.0.LeaderRebalancerTest.AddTserver.1783608671990630-15976-0/minicluster-data/master-0-root
metadata directory: /tmp/dist-test-taskx_bCNm/test-tmp/auto_leader_rebalancer-test.0.LeaderRebalancerTest.AddTserver.1783608671990630-15976-0/minicluster-data/master-0-root
1 data directories: /tmp/dist-test-taskx_bCNm/test-tmp/auto_leader_rebalancer-test.0.LeaderRebalancerTest.AddTserver.1783608671990630-15976-0/minicluster-data/master-0-root/data
Total live blocks: 0
Total live bytes: 0
Total live bytes (after alignment): 0
Total number of LBM containers: 0 (0 full)
Did not check for missing blocks
Did not check for orphaned blocks
Total full LBM containers with extra space: 0 (0 repaired)
Total full LBM container extra space in bytes: 0 (0 repaired)
Total incomplete LBM containers: 0 (0 repaired)
Total LBM partial records: 0 (0 repaired)
Total corrupted LBM metadata records in RocksDB: 0 (0 repaired)
I20260709 14:51:34.984186 15976 rpc_server.cc:225] running with OpenSSL 1.1.1  11 Sep 2018
I20260709 14:51:34.985666 15976 kserver.cc:163] Server-wide thread pool size limit: 3276
I20260709 14:51:35.024338 15976 rpc_server.cc:307] RPC server started. Bound to: 127.15.154.62:40187
I20260709 14:51:35.024451 17009 acceptor_pool.cc:272] collecting diagnostics on the listening RPC socket 127.15.154.62:40187 every 8 connection(s)
I20260709 14:51:35.028205 17010 data_dirs.cc:400] Could only allocate 1 dirs of requested 3 for tablet 00000000000000000000000000000000. 1 dirs total, 0 dirs full, 0 dirs failed
I20260709 14:51:35.037528 17010 tablet_bootstrap.cc:492] T 00000000000000000000000000000000 P dd90a2f4bba147588330551fa9c259e6: Bootstrap starting.
I20260709 14:51:35.041755 17010 tablet_bootstrap.cc:654] T 00000000000000000000000000000000 P dd90a2f4bba147588330551fa9c259e6: Neither blocks nor log segments found. Creating new log.
I20260709 14:51:35.045507 17010 tablet_bootstrap.cc:492] T 00000000000000000000000000000000 P dd90a2f4bba147588330551fa9c259e6: No bootstrap required, opened a new log
I20260709 14:51:35.047406 17010 raft_consensus.cc:359] T 00000000000000000000000000000000 P dd90a2f4bba147588330551fa9c259e6 [term 0 FOLLOWER]: Replica starting. Triggering 0 pending ops. Active config: opid_index: -1 OBSOLETE_local: true peers { permanent_uuid: "dd90a2f4bba147588330551fa9c259e6" member_type: VOTER }
I20260709 14:51:35.047755 17010 raft_consensus.cc:385] T 00000000000000000000000000000000 P dd90a2f4bba147588330551fa9c259e6 [term 0 FOLLOWER]: Consensus starting up: Expiring failure detector timer to make a prompt election more likely
I20260709 14:51:35.048009 17010 raft_consensus.cc:740] T 00000000000000000000000000000000 P dd90a2f4bba147588330551fa9c259e6 [term 0 FOLLOWER]: Becoming Follower/Learner. State: Replica: dd90a2f4bba147588330551fa9c259e6, State: Initialized, Role: FOLLOWER
I20260709 14:51:35.048512 17010 consensus_queue.cc:260] T 00000000000000000000000000000000 P dd90a2f4bba147588330551fa9c259e6 [NON_LEADER]: Queue going to NON_LEADER mode. State: All replicated index: 0, Majority replicated index: 0, Committed index: 0, Last appended: 0.0, Last appended by leader: 0, Current term: 0, Majority size: -1, State: 0, Mode: NON_LEADER, active raft config: opid_index: -1 OBSOLETE_local: true peers { permanent_uuid: "dd90a2f4bba147588330551fa9c259e6" member_type: VOTER }
I20260709 14:51:35.048923 17010 raft_consensus.cc:399] T 00000000000000000000000000000000 P dd90a2f4bba147588330551fa9c259e6 [term 0 FOLLOWER]: Only one voter in the Raft config. Triggering election immediately
I20260709 14:51:35.049130 17010 raft_consensus.cc:493] T 00000000000000000000000000000000 P dd90a2f4bba147588330551fa9c259e6 [term 0 FOLLOWER]: Starting leader election (initial election of a single-replica configuration)
I20260709 14:51:35.049376 17010 raft_consensus.cc:3060] T 00000000000000000000000000000000 P dd90a2f4bba147588330551fa9c259e6 [term 0 FOLLOWER]: Advancing to term 1
I20260709 14:51:35.053113 17010 raft_consensus.cc:515] T 00000000000000000000000000000000 P dd90a2f4bba147588330551fa9c259e6 [term 1 FOLLOWER]: Starting leader election with config: opid_index: -1 OBSOLETE_local: true peers { permanent_uuid: "dd90a2f4bba147588330551fa9c259e6" member_type: VOTER }
I20260709 14:51:35.053565 17010 leader_election.cc:304] T 00000000000000000000000000000000 P dd90a2f4bba147588330551fa9c259e6 [CANDIDATE]: Term 1 election: Election decided. Result: candidate won. Election summary: received 1 responses out of 1 voters: 1 yes votes; 0 no votes. yes voters: dd90a2f4bba147588330551fa9c259e6; no voters: 
I20260709 14:51:35.054579 17010 leader_election.cc:290] T 00000000000000000000000000000000 P dd90a2f4bba147588330551fa9c259e6 [CANDIDATE]: Term 1 election: Requested vote from peers 
I20260709 14:51:35.054906 17013 raft_consensus.cc:2804] T 00000000000000000000000000000000 P dd90a2f4bba147588330551fa9c259e6 [term 1 FOLLOWER]: Leader election won for term 1
I20260709 14:51:35.056034 17013 raft_consensus.cc:697] T 00000000000000000000000000000000 P dd90a2f4bba147588330551fa9c259e6 [term 1 LEADER]: Becoming Leader. State: Replica: dd90a2f4bba147588330551fa9c259e6, State: Running, Role: LEADER
I20260709 14:51:35.056653 17013 consensus_queue.cc:237] T 00000000000000000000000000000000 P dd90a2f4bba147588330551fa9c259e6 [LEADER]: Queue going to LEADER mode. State: All replicated index: 0, Majority replicated index: 0, Committed index: 0, Last appended: 0.0, Last appended by leader: 0, Current term: 1, Majority size: 1, State: 0, Mode: LEADER, active raft config: opid_index: -1 OBSOLETE_local: true peers { permanent_uuid: "dd90a2f4bba147588330551fa9c259e6" member_type: VOTER }
I20260709 14:51:35.057124 17010 sys_catalog.cc:565] T 00000000000000000000000000000000 P dd90a2f4bba147588330551fa9c259e6 [sys.catalog]: configured and running, proceeding with master startup.
I20260709 14:51:35.059218 17014 sys_catalog.cc:455] T 00000000000000000000000000000000 P dd90a2f4bba147588330551fa9c259e6 [sys.catalog]: SysCatalogTable state changed. Reason: RaftConsensus started. Latest consensus state: current_term: 1 leader_uuid: "dd90a2f4bba147588330551fa9c259e6" committed_config { opid_index: -1 OBSOLETE_local: true peers { permanent_uuid: "dd90a2f4bba147588330551fa9c259e6" member_type: VOTER } }
I20260709 14:51:35.059407 17015 sys_catalog.cc:455] T 00000000000000000000000000000000 P dd90a2f4bba147588330551fa9c259e6 [sys.catalog]: SysCatalogTable state changed. Reason: New leader dd90a2f4bba147588330551fa9c259e6. Latest consensus state: current_term: 1 leader_uuid: "dd90a2f4bba147588330551fa9c259e6" committed_config { opid_index: -1 OBSOLETE_local: true peers { permanent_uuid: "dd90a2f4bba147588330551fa9c259e6" member_type: VOTER } }
I20260709 14:51:35.059811 17014 sys_catalog.cc:458] T 00000000000000000000000000000000 P dd90a2f4bba147588330551fa9c259e6 [sys.catalog]: This master's current role is: LEADER
I20260709 14:51:35.059942 17015 sys_catalog.cc:458] T 00000000000000000000000000000000 P dd90a2f4bba147588330551fa9c259e6 [sys.catalog]: This master's current role is: LEADER
I20260709 14:51:35.065133 17019 catalog_manager.cc:1511] Loading table and tablet metadata into memory...
I20260709 14:51:35.071756 17019 catalog_manager.cc:1520] Initializing Kudu cluster ID...
I20260709 14:51:35.072660 15976 internal_mini_cluster.cc:184] Waiting to initialize catalog manager on master 0
I20260709 14:51:35.079485 17019 catalog_manager.cc:1383] Generated new cluster ID: 124acd72fa1944a382f41fbcf3eec9e4
I20260709 14:51:35.079752 17019 catalog_manager.cc:1531] Initializing Kudu internal certificate authority...
I20260709 14:51:35.090459 17019 catalog_manager.cc:1406] Generated new certificate authority record
I20260709 14:51:35.091527 17019 catalog_manager.cc:1540] Loading token signing keys...
I20260709 14:51:35.101804 17019 catalog_manager.cc:6070] T 00000000000000000000000000000000 P dd90a2f4bba147588330551fa9c259e6: Generated new TSK 0
I20260709 14:51:35.102296 17019 catalog_manager.cc:1550] Initializing in-progress tserver states...
I20260709 14:51:35.106338 15976 file_cache.cc:504] Constructed file cache file cache with capacity 419430
W20260709 14:51:35.111742 17031 instance_detector.cc:116] could not retrieve AWS instance metadata: Network error: curl error: HTTP response code said error: The requested URL returned error: 404
W20260709 14:51:35.112577 17032 instance_detector.cc:116] could not retrieve Azure instance metadata: Network error: curl error: HTTP response code said error: The requested URL returned error: 404
W20260709 14:51:35.113651 17034 instance_detector.cc:116] could not retrieve OpenStack instance metadata: Network error: curl error: HTTP response code said error: The requested URL returned error: 404
I20260709 14:51:35.114178 15976 server_base.cc:1061] running on GCE node
I20260709 14:51:35.114868 15976 hybrid_clock.cc:584] initializing the hybrid clock with 'system_unsync' time source
W20260709 14:51:35.115036 15976 system_unsync_time.cc:38] NTP support is disabled. Clock error bounds will not be accurate. This configuration is not suitable for distributed clusters.
I20260709 14:51:35.115191 15976 hybrid_clock.cc:648] HybridClock initialized: now 1783608695115177 us; error 0 us; skew 500 ppm
I20260709 14:51:35.115685 15976 server_base.cc:861] Flag tcmalloc_max_total_thread_cache_bytes is not working since tcmalloc is not enabled.
I20260709 14:51:35.117681 15976 webserver.cc:533] Webserver started at http://127.15.154.1:35329/ using document root <none> and password file <none>
I20260709 14:51:35.118116 15976 fs_manager.cc:362] Metadata directory not provided
I20260709 14:51:35.118273 15976 fs_manager.cc:368] Using write-ahead log directory (fs_wal_dir) as metadata directory
I20260709 14:51:35.118516 15976 server_base.cc:909] This appears to be a new deployment of Kudu; creating new FS layout
I20260709 14:51:35.119462 15976 fs_manager.cc:1068] Generated new instance metadata in path /tmp/dist-test-taskx_bCNm/test-tmp/auto_leader_rebalancer-test.0.LeaderRebalancerTest.AddTserver.1783608671990630-15976-0/minicluster-data/ts-0-root/instance:
uuid: "70c0e87e584c4c88bc5514e1eab00116"
format_stamp: "Formatted at 2026-07-09 14:51:35 on dist-test-slave-31z3"
I20260709 14:51:35.123531 15976 fs_manager.cc:696] Time spent creating directory manager: real 0.004s	user 0.002s	sys 0.001s
I20260709 14:51:35.126466 17039 log_block_manager.cc:4127] Time spent loading block containers with low live blocks: real 0.000s	user 0.000s	sys 0.000s
I20260709 14:51:35.127104 15976 fs_manager.cc:730] Time spent opening block manager: real 0.002s	user 0.000s	sys 0.002s
I20260709 14:51:35.127358 15976 fs_manager.cc:647] Opened local filesystem: /tmp/dist-test-taskx_bCNm/test-tmp/auto_leader_rebalancer-test.0.LeaderRebalancerTest.AddTserver.1783608671990630-15976-0/minicluster-data/ts-0-root
uuid: "70c0e87e584c4c88bc5514e1eab00116"
format_stamp: "Formatted at 2026-07-09 14:51:35 on dist-test-slave-31z3"
I20260709 14:51:35.127599 15976 fs_report.cc:389] FS layout report
--------------------
wal directory: /tmp/dist-test-taskx_bCNm/test-tmp/auto_leader_rebalancer-test.0.LeaderRebalancerTest.AddTserver.1783608671990630-15976-0/minicluster-data/ts-0-root
metadata directory: /tmp/dist-test-taskx_bCNm/test-tmp/auto_leader_rebalancer-test.0.LeaderRebalancerTest.AddTserver.1783608671990630-15976-0/minicluster-data/ts-0-root
1 data directories: /tmp/dist-test-taskx_bCNm/test-tmp/auto_leader_rebalancer-test.0.LeaderRebalancerTest.AddTserver.1783608671990630-15976-0/minicluster-data/ts-0-root/data
Total live blocks: 0
Total live bytes: 0
Total live bytes (after alignment): 0
Total number of LBM containers: 0 (0 full)
Did not check for missing blocks
Did not check for orphaned blocks
Total full LBM containers with extra space: 0 (0 repaired)
Total full LBM container extra space in bytes: 0 (0 repaired)
Total incomplete LBM containers: 0 (0 repaired)
Total LBM partial records: 0 (0 repaired)
Total corrupted LBM metadata records in RocksDB: 0 (0 repaired)
I20260709 14:51:35.160240 15976 rpc_server.cc:225] running with OpenSSL 1.1.1  11 Sep 2018
I20260709 14:51:35.161410 15976 kserver.cc:163] Server-wide thread pool size limit: 3276
I20260709 14:51:35.162797 15976 txn_system_client.cc:432] TxnSystemClient initialization is disabled...
I20260709 14:51:35.164920 15976 ts_tablet_manager.cc:585] Loaded tablet metadata (0 total tablets, 0 live tablets)
I20260709 14:51:35.165129 15976 ts_tablet_manager.cc:531] Time spent load tablet metadata: real 0.000s	user 0.000s	sys 0.000s
I20260709 14:51:35.165364 15976 ts_tablet_manager.cc:616] Registered 0 tablets
I20260709 14:51:35.165530 15976 ts_tablet_manager.cc:595] Time spent register tablets: real 0.000s	user 0.000s	sys 0.000s
I20260709 14:51:35.202531 15976 rpc_server.cc:307] RPC server started. Bound to: 127.15.154.1:42573
I20260709 14:51:35.202638 17101 acceptor_pool.cc:272] collecting diagnostics on the listening RPC socket 127.15.154.1:42573 every 8 connection(s)
I20260709 14:51:35.206913 15976 file_cache.cc:504] Constructed file cache file cache with capacity 419430
W20260709 14:51:35.212975 17106 instance_detector.cc:116] could not retrieve AWS instance metadata: Network error: curl error: HTTP response code said error: The requested URL returned error: 404
W20260709 14:51:35.213567 17107 instance_detector.cc:116] could not retrieve Azure instance metadata: Network error: curl error: HTTP response code said error: The requested URL returned error: 404
W20260709 14:51:35.215698 17109 instance_detector.cc:116] could not retrieve OpenStack instance metadata: Network error: curl error: HTTP response code said error: The requested URL returned error: 404
I20260709 14:51:35.218150 15976 server_base.cc:1061] running on GCE node
I20260709 14:51:35.218498 17102 heartbeater.cc:344] Connected to a master server at 127.15.154.62:40187
I20260709 14:51:35.218819 17102 heartbeater.cc:461] Registering TS with master...
I20260709 14:51:35.219009 15976 hybrid_clock.cc:584] initializing the hybrid clock with 'system_unsync' time source
W20260709 14:51:35.219213 15976 system_unsync_time.cc:38] NTP support is disabled. Clock error bounds will not be accurate. This configuration is not suitable for distributed clusters.
I20260709 14:51:35.219360 15976 hybrid_clock.cc:648] HybridClock initialized: now 1783608695219343 us; error 0 us; skew 500 ppm
I20260709 14:51:35.219460 17102 heartbeater.cc:507] Master 127.15.154.62:40187 requested a full tablet report, sending...
I20260709 14:51:35.219939 15976 server_base.cc:861] Flag tcmalloc_max_total_thread_cache_bytes is not working since tcmalloc is not enabled.
I20260709 14:51:35.221597 16975 ts_manager.cc:194] Registered new tserver with Master: 70c0e87e584c4c88bc5514e1eab00116 (127.15.154.1:42573)
I20260709 14:51:35.222472 15976 webserver.cc:533] Webserver started at http://127.15.154.2:33793/ using document root <none> and password file <none>
I20260709 14:51:35.223075 15976 fs_manager.cc:362] Metadata directory not provided
I20260709 14:51:35.223312 15976 fs_manager.cc:368] Using write-ahead log directory (fs_wal_dir) as metadata directory
I20260709 14:51:35.223708 15976 server_base.cc:909] This appears to be a new deployment of Kudu; creating new FS layout
I20260709 14:51:35.223788 16975 master_service.cc:502] Signed X509 certificate for tserver {username='slave'} at 127.0.0.1:40862
I20260709 14:51:35.225203 15976 fs_manager.cc:1068] Generated new instance metadata in path /tmp/dist-test-taskx_bCNm/test-tmp/auto_leader_rebalancer-test.0.LeaderRebalancerTest.AddTserver.1783608671990630-15976-0/minicluster-data/ts-1-root/instance:
uuid: "5d4c401bde414becb1512f9a2ae36723"
format_stamp: "Formatted at 2026-07-09 14:51:35 on dist-test-slave-31z3"
I20260709 14:51:35.229157 15976 fs_manager.cc:696] Time spent creating directory manager: real 0.003s	user 0.002s	sys 0.003s
I20260709 14:51:35.232086 17114 log_block_manager.cc:4127] Time spent loading block containers with low live blocks: real 0.000s	user 0.000s	sys 0.000s
I20260709 14:51:35.232700 15976 fs_manager.cc:730] Time spent opening block manager: real 0.002s	user 0.002s	sys 0.001s
I20260709 14:51:35.232949 15976 fs_manager.cc:647] Opened local filesystem: /tmp/dist-test-taskx_bCNm/test-tmp/auto_leader_rebalancer-test.0.LeaderRebalancerTest.AddTserver.1783608671990630-15976-0/minicluster-data/ts-1-root
uuid: "5d4c401bde414becb1512f9a2ae36723"
format_stamp: "Formatted at 2026-07-09 14:51:35 on dist-test-slave-31z3"
I20260709 14:51:35.233175 15976 fs_report.cc:389] FS layout report
--------------------
wal directory: /tmp/dist-test-taskx_bCNm/test-tmp/auto_leader_rebalancer-test.0.LeaderRebalancerTest.AddTserver.1783608671990630-15976-0/minicluster-data/ts-1-root
metadata directory: /tmp/dist-test-taskx_bCNm/test-tmp/auto_leader_rebalancer-test.0.LeaderRebalancerTest.AddTserver.1783608671990630-15976-0/minicluster-data/ts-1-root
1 data directories: /tmp/dist-test-taskx_bCNm/test-tmp/auto_leader_rebalancer-test.0.LeaderRebalancerTest.AddTserver.1783608671990630-15976-0/minicluster-data/ts-1-root/data
Total live blocks: 0
Total live bytes: 0
Total live bytes (after alignment): 0
Total number of LBM containers: 0 (0 full)
Did not check for missing blocks
Did not check for orphaned blocks
Total full LBM containers with extra space: 0 (0 repaired)
Total full LBM container extra space in bytes: 0 (0 repaired)
Total incomplete LBM containers: 0 (0 repaired)
Total LBM partial records: 0 (0 repaired)
Total corrupted LBM metadata records in RocksDB: 0 (0 repaired)
I20260709 14:51:35.247172 15976 rpc_server.cc:225] running with OpenSSL 1.1.1  11 Sep 2018
I20260709 14:51:35.248205 15976 kserver.cc:163] Server-wide thread pool size limit: 3276
I20260709 14:51:35.249497 15976 txn_system_client.cc:432] TxnSystemClient initialization is disabled...
I20260709 14:51:35.251471 15976 ts_tablet_manager.cc:585] Loaded tablet metadata (0 total tablets, 0 live tablets)
I20260709 14:51:35.251648 15976 ts_tablet_manager.cc:531] Time spent load tablet metadata: real 0.000s	user 0.000s	sys 0.000s
I20260709 14:51:35.251902 15976 ts_tablet_manager.cc:616] Registered 0 tablets
I20260709 14:51:35.252058 15976 ts_tablet_manager.cc:595] Time spent register tablets: real 0.000s	user 0.001s	sys 0.000s
I20260709 14:51:35.288407 15976 rpc_server.cc:307] RPC server started. Bound to: 127.15.154.2:32847
I20260709 14:51:35.288496 17176 acceptor_pool.cc:272] collecting diagnostics on the listening RPC socket 127.15.154.2:32847 every 8 connection(s)
I20260709 14:51:35.292717 15976 file_cache.cc:504] Constructed file cache file cache with capacity 419430
W20260709 14:51:35.299472 17180 instance_detector.cc:116] could not retrieve AWS instance metadata: Network error: curl error: HTTP response code said error: The requested URL returned error: 404
W20260709 14:51:35.300087 17181 instance_detector.cc:116] could not retrieve Azure instance metadata: Network error: curl error: HTTP response code said error: The requested URL returned error: 404
W20260709 14:51:35.304226 17183 instance_detector.cc:116] could not retrieve OpenStack instance metadata: Network error: curl error: HTTP response code said error: The requested URL returned error: 404
I20260709 14:51:35.304625 15976 server_base.cc:1061] running on GCE node
I20260709 14:51:35.304843 17177 heartbeater.cc:344] Connected to a master server at 127.15.154.62:40187
I20260709 14:51:35.305243 17177 heartbeater.cc:461] Registering TS with master...
I20260709 14:51:35.305548 15976 hybrid_clock.cc:584] initializing the hybrid clock with 'system_unsync' time source
W20260709 14:51:35.305809 15976 system_unsync_time.cc:38] NTP support is disabled. Clock error bounds will not be accurate. This configuration is not suitable for distributed clusters.
I20260709 14:51:35.306003 15976 hybrid_clock.cc:648] HybridClock initialized: now 1783608695305984 us; error 0 us; skew 500 ppm
I20260709 14:51:35.306056 17177 heartbeater.cc:507] Master 127.15.154.62:40187 requested a full tablet report, sending...
I20260709 14:51:35.306736 15976 server_base.cc:861] Flag tcmalloc_max_total_thread_cache_bytes is not working since tcmalloc is not enabled.
I20260709 14:51:35.308213 16975 ts_manager.cc:194] Registered new tserver with Master: 5d4c401bde414becb1512f9a2ae36723 (127.15.154.2:32847)
I20260709 14:51:35.309144 15976 webserver.cc:533] Webserver started at http://127.15.154.3:34941/ using document root <none> and password file <none>
I20260709 14:51:35.309590 15976 fs_manager.cc:362] Metadata directory not provided
I20260709 14:51:35.309549 16975 master_service.cc:502] Signed X509 certificate for tserver {username='slave'} at 127.0.0.1:40864
I20260709 14:51:35.309873 15976 fs_manager.cc:368] Using write-ahead log directory (fs_wal_dir) as metadata directory
I20260709 14:51:35.310137 15976 server_base.cc:909] This appears to be a new deployment of Kudu; creating new FS layout
I20260709 14:51:35.311208 15976 fs_manager.cc:1068] Generated new instance metadata in path /tmp/dist-test-taskx_bCNm/test-tmp/auto_leader_rebalancer-test.0.LeaderRebalancerTest.AddTserver.1783608671990630-15976-0/minicluster-data/ts-2-root/instance:
uuid: "2f60e2580cc24ef6a10fe9d8719ae581"
format_stamp: "Formatted at 2026-07-09 14:51:35 on dist-test-slave-31z3"
I20260709 14:51:35.315119 15976 fs_manager.cc:696] Time spent creating directory manager: real 0.003s	user 0.005s	sys 0.000s
I20260709 14:51:35.318176 17188 log_block_manager.cc:4127] Time spent loading block containers with low live blocks: real 0.000s	user 0.000s	sys 0.000s
I20260709 14:51:35.318943 15976 fs_manager.cc:730] Time spent opening block manager: real 0.002s	user 0.002s	sys 0.000s
I20260709 14:51:35.319202 15976 fs_manager.cc:647] Opened local filesystem: /tmp/dist-test-taskx_bCNm/test-tmp/auto_leader_rebalancer-test.0.LeaderRebalancerTest.AddTserver.1783608671990630-15976-0/minicluster-data/ts-2-root
uuid: "2f60e2580cc24ef6a10fe9d8719ae581"
format_stamp: "Formatted at 2026-07-09 14:51:35 on dist-test-slave-31z3"
I20260709 14:51:35.319456 15976 fs_report.cc:389] FS layout report
--------------------
wal directory: /tmp/dist-test-taskx_bCNm/test-tmp/auto_leader_rebalancer-test.0.LeaderRebalancerTest.AddTserver.1783608671990630-15976-0/minicluster-data/ts-2-root
metadata directory: /tmp/dist-test-taskx_bCNm/test-tmp/auto_leader_rebalancer-test.0.LeaderRebalancerTest.AddTserver.1783608671990630-15976-0/minicluster-data/ts-2-root
1 data directories: /tmp/dist-test-taskx_bCNm/test-tmp/auto_leader_rebalancer-test.0.LeaderRebalancerTest.AddTserver.1783608671990630-15976-0/minicluster-data/ts-2-root/data
Total live blocks: 0
Total live bytes: 0
Total live bytes (after alignment): 0
Total number of LBM containers: 0 (0 full)
Did not check for missing blocks
Did not check for orphaned blocks
Total full LBM containers with extra space: 0 (0 repaired)
Total full LBM container extra space in bytes: 0 (0 repaired)
Total incomplete LBM containers: 0 (0 repaired)
Total LBM partial records: 0 (0 repaired)
Total corrupted LBM metadata records in RocksDB: 0 (0 repaired)
I20260709 14:51:35.359002 15976 rpc_server.cc:225] running with OpenSSL 1.1.1  11 Sep 2018
I20260709 14:51:35.360100 15976 kserver.cc:163] Server-wide thread pool size limit: 3276
I20260709 14:51:35.361471 15976 txn_system_client.cc:432] TxnSystemClient initialization is disabled...
I20260709 14:51:35.363511 15976 ts_tablet_manager.cc:585] Loaded tablet metadata (0 total tablets, 0 live tablets)
I20260709 14:51:35.363696 15976 ts_tablet_manager.cc:531] Time spent load tablet metadata: real 0.000s	user 0.000s	sys 0.000s
I20260709 14:51:35.363927 15976 ts_tablet_manager.cc:616] Registered 0 tablets
I20260709 14:51:35.364078 15976 ts_tablet_manager.cc:595] Time spent register tablets: real 0.000s	user 0.000s	sys 0.000s
I20260709 14:51:35.400902 15976 rpc_server.cc:307] RPC server started. Bound to: 127.15.154.3:37535
I20260709 14:51:35.401002 17250 acceptor_pool.cc:272] collecting diagnostics on the listening RPC socket 127.15.154.3:37535 every 8 connection(s)
I20260709 14:51:35.413190 17251 heartbeater.cc:344] Connected to a master server at 127.15.154.62:40187
I20260709 14:51:35.413507 17251 heartbeater.cc:461] Registering TS with master...
I20260709 14:51:35.414162 17251 heartbeater.cc:507] Master 127.15.154.62:40187 requested a full tablet report, sending...
I20260709 14:51:35.415856 16975 ts_manager.cc:194] Registered new tserver with Master: 2f60e2580cc24ef6a10fe9d8719ae581 (127.15.154.3:37535)
I20260709 14:51:35.416081 15976 internal_mini_cluster.cc:371] 3 TS(s) registered with all masters after 0.012229082s
I20260709 14:51:35.417120 16975 master_service.cc:502] Signed X509 certificate for tserver {username='slave'} at 127.0.0.1:40870
I20260709 14:51:35.438750 16975 catalog_manager.cc:2283] Servicing CreateTable request from {username='slave'} at 127.0.0.1:40886:
name: "test-workload"
schema {
  columns {
    name: "key"
    type: INT32
    is_key: true
    is_nullable: false
    encoding: AUTO_ENCODING
    compression: DEFAULT_COMPRESSION
    cfile_block_size: 0
    immutable: false
  }
  columns {
    name: "int_val"
    type: INT32
    is_key: false
    is_nullable: false
    encoding: AUTO_ENCODING
    compression: DEFAULT_COMPRESSION
    cfile_block_size: 0
    immutable: false
  }
  columns {
    name: "string_val"
    type: STRING
    is_key: false
    is_nullable: true
    encoding: AUTO_ENCODING
    compression: DEFAULT_COMPRESSION
    cfile_block_size: 0
    immutable: false
  }
}
num_replicas: 3
split_rows_range_bounds {
  rows: "\004\001\000\313c+\002\004\001\000\226\307V\004\004\001\000a+\202\006\004\001\000,\217\255\010\004\001\000\367\362\330\n\004\001\000\302V\004\r\004\001\000\215\272/\017\004\001\000X\036[\021\004\001\000#\202\206\023\004\001\000\356\345\261\025\004\001\000\271I\335\027\004\001\000\204\255\010\032\004\001\000O\0214\034\004\001\000\032u_\036\004\001\000\345\330\212 \004\001\000\260<\266\"\004\001\000{\240\341$\004\001\000F\004\r\'\004\001\000\021h8)\004\001\000\334\313c+\004\001\000\247/\217-\004\001\000r\223\272/\004\001\000=\367\3451\004\001\000\010[\0214\004\001\000\323\276<6\004\001\000\236\"h8\004\001\000i\206\223:\004\001\0004\352\276<\004\001\000\377M\352>\004\001\000\312\261\025A\004\001\000\225\025AC\004\001\000`ylE\004\001\000+\335\227G\004\001\000\366@\303I\004\001\000\301\244\356K\004\001\000\214\010\032N\004\001\000WlEP\004\001\000\"\320pR\004\001\000\3553\234T\004\001\000\270\227\307V\004\001\000\203\373\362X\004\001\000N_\036[\004\001\000\031\303I]\004\001\000\344&u_\004\001\000\257\212\240a\004\001\000z\356\313c\004\001\000ER\367e\004\001\000\020\266\"h\004\001\000\333\031Nj\004\001\000\246}yl\004\001\000q\341\244n\004\001\000<E\320p\004\001\000\007\251\373r\004\001\000\322\014\'u\004\001\000\235pRw\004\001\000h\324}y\004\001\00038\251{\004\001\000\376\233\324}""\004\001\000\313c+\002\004\001\000\226\307V\004\004\001\000a+\202\006\004\001\000,\217\255\010\004\001\000\367\362\330\n\004\001\000\302V\004\r\004\001\000\215\272/\017\004\001\000X\036[\021\004\001\000#\202\206\023\004\001\000\356\345\261\025\004\001\000\271I\335\027\004\001\000\204\255\010\032\004\001\000O\0214\034\004\001\000\032u_\036\004\001\000\345\330\212 \004\001\000\260<\266\"\004\001\000{\240\341$\004\001\000F\004\r\'\004\001\000\021h8)\004\001\000\334\313c+\004\001\000\247/\217-\004\001\000r\223\272/\004\001\000=\367\3451\004\001\000\010[\0214\004\001\000\323\276<6\004\001\000\236\"h8\004\001\000i\206\223:\004\001\0004\352\276<\004\001\000\377M\352>\004\001\000\312\261\025A\004\001\000\225\025AC\004\001\000`ylE\004\001\000+\335\227G\004\001\000\366@\303I\004\001\000\301\244\356K\004\001\000\214\010\032N\004\001\000WlEP\004\001\000\"\320pR\004\001\000\3553\234T\004\001\000\270\227\307V\004\001\000\203\373\362X\004\001\000N_\036[\004\001\000\031\303I]\004\001\000\344&u_\004\001\000\257\212\240a\004\001\000z\356\313c\004\001\000ER\367e\004\001\000\020\266\"h\004\001\000\333\031Nj\004\001\000\246}yl\004\001\000q\341\244n\004\001\000<E\320p\004\001\000\007\251\373r\004\001\000\322\014\'u\004\001\000\235pRw\004\001\000h\324}y\004\001\00038\251{\004\001\000\376\233\324}"
  indirect_data: """"
}
partition_schema {
  range_schema {
    columns {
      name: "key"
    }
  }
}
W20260709 14:51:35.444432 16975 catalog_manager.cc:7077] The number of live tablet servers is not enough to re-replicate a tablet replica of the newly created table test-workload in case of a server failure: 4 tablet servers would be needed, 3 are available. Consider bringing up more tablet servers.
I20260709 14:51:35.626456 17142 tablet_service.cc:1511] Processing CreateTablet for tablet 3ecf429102cb41b4a237b8ac8dbb3568 (DEFAULT_TABLE table=test-workload [id=b707fe1a15f94f2abc5fa6883226582e]), partition=RANGE (key) PARTITION VALUES < 36398027
I20260709 14:51:35.627840 17142 data_dirs.cc:400] Could only allocate 1 dirs of requested 3 for tablet 3ecf429102cb41b4a237b8ac8dbb3568. 1 dirs total, 0 dirs full, 0 dirs failed
I20260709 14:51:35.627966 17216 tablet_service.cc:1511] Processing CreateTablet for tablet 3ecf429102cb41b4a237b8ac8dbb3568 (DEFAULT_TABLE table=test-workload [id=b707fe1a15f94f2abc5fa6883226582e]), partition=RANGE (key) PARTITION VALUES < 36398027
I20260709 14:51:35.629144 17141 tablet_service.cc:1511] Processing CreateTablet for tablet 054bae5c8a5540eba0a0642f8a927016 (DEFAULT_TABLE table=test-workload [id=b707fe1a15f94f2abc5fa6883226582e]), partition=RANGE (key) PARTITION 36398027 <= VALUES < 72796054
I20260709 14:51:35.630913 17215 tablet_service.cc:1511] Processing CreateTablet for tablet 054bae5c8a5540eba0a0642f8a927016 (DEFAULT_TABLE table=test-workload [id=b707fe1a15f94f2abc5fa6883226582e]), partition=RANGE (key) PARTITION 36398027 <= VALUES < 72796054
I20260709 14:51:35.629185 17216 data_dirs.cc:400] Could only allocate 1 dirs of requested 3 for tablet 3ecf429102cb41b4a237b8ac8dbb3568. 1 dirs total, 0 dirs full, 0 dirs failed
I20260709 14:51:35.633740 17141 data_dirs.cc:400] Could only allocate 1 dirs of requested 3 for tablet 054bae5c8a5540eba0a0642f8a927016. 1 dirs total, 0 dirs full, 0 dirs failed
I20260709 14:51:35.633904 17215 data_dirs.cc:400] Could only allocate 1 dirs of requested 3 for tablet 054bae5c8a5540eba0a0642f8a927016. 1 dirs total, 0 dirs full, 0 dirs failed
I20260709 14:51:35.635108 17140 tablet_service.cc:1511] Processing CreateTablet for tablet 88aeb25e77b64cafaf35e5542f9a191f (DEFAULT_TABLE table=test-workload [id=b707fe1a15f94f2abc5fa6883226582e]), partition=RANGE (key) PARTITION 72796054 <= VALUES < 109194081
I20260709 14:51:35.637653 17140 data_dirs.cc:400] Could only allocate 1 dirs of requested 3 for tablet 88aeb25e77b64cafaf35e5542f9a191f. 1 dirs total, 0 dirs full, 0 dirs failed
I20260709 14:51:35.649072 17214 tablet_service.cc:1511] Processing CreateTablet for tablet 88aeb25e77b64cafaf35e5542f9a191f (DEFAULT_TABLE table=test-workload [id=b707fe1a15f94f2abc5fa6883226582e]), partition=RANGE (key) PARTITION 72796054 <= VALUES < 109194081
I20260709 14:51:35.650337 17214 data_dirs.cc:400] Could only allocate 1 dirs of requested 3 for tablet 88aeb25e77b64cafaf35e5542f9a191f. 1 dirs total, 0 dirs full, 0 dirs failed
I20260709 14:51:35.651522 17139 tablet_service.cc:1511] Processing CreateTablet for tablet 0a73431a59af40b4b7fb4cb1fbba27dc (DEFAULT_TABLE table=test-workload [id=b707fe1a15f94f2abc5fa6883226582e]), partition=RANGE (key) PARTITION 109194081 <= VALUES < 145592108
I20260709 14:51:35.652757 17139 data_dirs.cc:400] Could only allocate 1 dirs of requested 3 for tablet 0a73431a59af40b4b7fb4cb1fbba27dc. 1 dirs total, 0 dirs full, 0 dirs failed
I20260709 14:51:35.663103 17067 tablet_service.cc:1511] Processing CreateTablet for tablet 3ecf429102cb41b4a237b8ac8dbb3568 (DEFAULT_TABLE table=test-workload [id=b707fe1a15f94f2abc5fa6883226582e]), partition=RANGE (key) PARTITION VALUES < 36398027
I20260709 14:51:35.664397 17067 data_dirs.cc:400] Could only allocate 1 dirs of requested 3 for tablet 3ecf429102cb41b4a237b8ac8dbb3568. 1 dirs total, 0 dirs full, 0 dirs failed
I20260709 14:51:35.666481 17066 tablet_service.cc:1511] Processing CreateTablet for tablet 054bae5c8a5540eba0a0642f8a927016 (DEFAULT_TABLE table=test-workload [id=b707fe1a15f94f2abc5fa6883226582e]), partition=RANGE (key) PARTITION 36398027 <= VALUES < 72796054
I20260709 14:51:35.669102 17066 data_dirs.cc:400] Could only allocate 1 dirs of requested 3 for tablet 054bae5c8a5540eba0a0642f8a927016. 1 dirs total, 0 dirs full, 0 dirs failed
I20260709 14:51:35.668977 17064 tablet_service.cc:1511] Processing CreateTablet for tablet 0a73431a59af40b4b7fb4cb1fbba27dc (DEFAULT_TABLE table=test-workload [id=b707fe1a15f94f2abc5fa6883226582e]), partition=RANGE (key) PARTITION 109194081 <= VALUES < 145592108
I20260709 14:51:35.670395 17064 data_dirs.cc:400] Could only allocate 1 dirs of requested 3 for tablet 0a73431a59af40b4b7fb4cb1fbba27dc. 1 dirs total, 0 dirs full, 0 dirs failed
I20260709 14:51:35.668991 17065 tablet_service.cc:1511] Processing CreateTablet for tablet 88aeb25e77b64cafaf35e5542f9a191f (DEFAULT_TABLE table=test-workload [id=b707fe1a15f94f2abc5fa6883226582e]), partition=RANGE (key) PARTITION 72796054 <= VALUES < 109194081
I20260709 14:51:35.672144 17065 data_dirs.cc:400] Could only allocate 1 dirs of requested 3 for tablet 88aeb25e77b64cafaf35e5542f9a191f. 1 dirs total, 0 dirs full, 0 dirs failed
I20260709 14:51:35.668936 17266 tablet_bootstrap.cc:492] T 054bae5c8a5540eba0a0642f8a927016 P 5d4c401bde414becb1512f9a2ae36723: Bootstrap starting.
I20260709 14:51:35.687543 17267 tablet_bootstrap.cc:492] T 3ecf429102cb41b4a237b8ac8dbb3568 P 2f60e2580cc24ef6a10fe9d8719ae581: Bootstrap starting.
I20260709 14:51:35.695461 17216 tablet_service.cc:1511] Processing CreateTablet for tablet 0a73431a59af40b4b7fb4cb1fbba27dc (DEFAULT_TABLE table=test-workload [id=b707fe1a15f94f2abc5fa6883226582e]), partition=RANGE (key) PARTITION 109194081 <= VALUES < 145592108
I20260709 14:51:35.696709 17216 data_dirs.cc:400] Could only allocate 1 dirs of requested 3 for tablet 0a73431a59af40b4b7fb4cb1fbba27dc. 1 dirs total, 0 dirs full, 0 dirs failed
I20260709 14:51:35.697583 17140 tablet_service.cc:1511] Processing CreateTablet for tablet 3714a4bec42a4f1897fedf5b9b834e5a (DEFAULT_TABLE table=test-workload [id=b707fe1a15f94f2abc5fa6883226582e]), partition=RANGE (key) PARTITION 145592108 <= VALUES < 181990135
I20260709 14:51:35.698719 17140 data_dirs.cc:400] Could only allocate 1 dirs of requested 3 for tablet 3714a4bec42a4f1897fedf5b9b834e5a. 1 dirs total, 0 dirs full, 0 dirs failed
I20260709 14:51:35.701923 17268 tablet_bootstrap.cc:492] T 3ecf429102cb41b4a237b8ac8dbb3568 P 70c0e87e584c4c88bc5514e1eab00116: Bootstrap starting.
I20260709 14:51:35.702246 17063 tablet_service.cc:1511] Processing CreateTablet for tablet 3714a4bec42a4f1897fedf5b9b834e5a (DEFAULT_TABLE table=test-workload [id=b707fe1a15f94f2abc5fa6883226582e]), partition=RANGE (key) PARTITION 145592108 <= VALUES < 181990135
I20260709 14:51:35.703507 17063 data_dirs.cc:400] Could only allocate 1 dirs of requested 3 for tablet 3714a4bec42a4f1897fedf5b9b834e5a. 1 dirs total, 0 dirs full, 0 dirs failed
I20260709 14:51:35.703615 17266 tablet_bootstrap.cc:654] T 054bae5c8a5540eba0a0642f8a927016 P 5d4c401bde414becb1512f9a2ae36723: Neither blocks nor log segments found. Creating new log.
I20260709 14:51:35.708331 17268 tablet_bootstrap.cc:654] T 3ecf429102cb41b4a237b8ac8dbb3568 P 70c0e87e584c4c88bc5514e1eab00116: Neither blocks nor log segments found. Creating new log.
I20260709 14:51:35.713726 17267 tablet_bootstrap.cc:654] T 3ecf429102cb41b4a237b8ac8dbb3568 P 2f60e2580cc24ef6a10fe9d8719ae581: Neither blocks nor log segments found. Creating new log.
I20260709 14:51:35.715698 17064 tablet_service.cc:1511] Processing CreateTablet for tablet 1c67d970dafa45449bdfdad3c965ccd1 (DEFAULT_TABLE table=test-workload [id=b707fe1a15f94f2abc5fa6883226582e]), partition=RANGE (key) PARTITION 181990135 <= VALUES < 218388162
I20260709 14:51:35.716696 17140 tablet_service.cc:1511] Processing CreateTablet for tablet 1c67d970dafa45449bdfdad3c965ccd1 (DEFAULT_TABLE table=test-workload [id=b707fe1a15f94f2abc5fa6883226582e]), partition=RANGE (key) PARTITION 181990135 <= VALUES < 218388162
I20260709 14:51:35.717873 17213 tablet_service.cc:1511] Processing CreateTablet for tablet 1c67d970dafa45449bdfdad3c965ccd1 (DEFAULT_TABLE table=test-workload [id=b707fe1a15f94f2abc5fa6883226582e]), partition=RANGE (key) PARTITION 181990135 <= VALUES < 218388162
I20260709 14:51:35.719103 17213 data_dirs.cc:400] Could only allocate 1 dirs of requested 3 for tablet 1c67d970dafa45449bdfdad3c965ccd1. 1 dirs total, 0 dirs full, 0 dirs failed
I20260709 14:51:35.718835 17065 tablet_service.cc:1511] Processing CreateTablet for tablet b8ffa107d808425a9d2ecb3717a2a3e5 (DEFAULT_TABLE table=test-workload [id=b707fe1a15f94f2abc5fa6883226582e]), partition=RANGE (key) PARTITION 218388162 <= VALUES < 254786189
I20260709 14:51:35.720088 17065 data_dirs.cc:400] Could only allocate 1 dirs of requested 3 for tablet b8ffa107d808425a9d2ecb3717a2a3e5. 1 dirs total, 0 dirs full, 0 dirs failed
I20260709 14:51:35.719941 17142 tablet_service.cc:1511] Processing CreateTablet for tablet b8ffa107d808425a9d2ecb3717a2a3e5 (DEFAULT_TABLE table=test-workload [id=b707fe1a15f94f2abc5fa6883226582e]), partition=RANGE (key) PARTITION 218388162 <= VALUES < 254786189
I20260709 14:51:35.723263 17212 tablet_service.cc:1511] Processing CreateTablet for tablet b8ffa107d808425a9d2ecb3717a2a3e5 (DEFAULT_TABLE table=test-workload [id=b707fe1a15f94f2abc5fa6883226582e]), partition=RANGE (key) PARTITION 218388162 <= VALUES < 254786189
I20260709 14:51:35.723443 17141 tablet_service.cc:1511] Processing CreateTablet for tablet c7bf6def80de4b7389f1ced2c3c913cd (DEFAULT_TABLE table=test-workload [id=b707fe1a15f94f2abc5fa6883226582e]), partition=RANGE (key) PARTITION 254786189 <= VALUES < 291184216
I20260709 14:51:35.724498 17212 data_dirs.cc:400] Could only allocate 1 dirs of requested 3 for tablet b8ffa107d808425a9d2ecb3717a2a3e5. 1 dirs total, 0 dirs full, 0 dirs failed
I20260709 14:51:35.726760 17139 tablet_service.cc:1511] Processing CreateTablet for tablet 6728ebe85b5e4ac4b9a1a7bcaa37af5f (DEFAULT_TABLE table=test-workload [id=b707fe1a15f94f2abc5fa6883226582e]), partition=RANGE (key) PARTITION 291184216 <= VALUES < 327582243
I20260709 14:51:35.728247 17211 tablet_service.cc:1511] Processing CreateTablet for tablet c7bf6def80de4b7389f1ced2c3c913cd (DEFAULT_TABLE table=test-workload [id=b707fe1a15f94f2abc5fa6883226582e]), partition=RANGE (key) PARTITION 254786189 <= VALUES < 291184216
I20260709 14:51:35.729540 17211 data_dirs.cc:400] Could only allocate 1 dirs of requested 3 for tablet c7bf6def80de4b7389f1ced2c3c913cd. 1 dirs total, 0 dirs full, 0 dirs failed
I20260709 14:51:35.730080 17138 tablet_service.cc:1511] Processing CreateTablet for tablet b890820f657e47d184c113a7dcdc5cf2 (DEFAULT_TABLE table=test-workload [id=b707fe1a15f94f2abc5fa6883226582e]), partition=RANGE (key) PARTITION 327582243 <= VALUES < 363980270
I20260709 14:51:35.731494 17209 tablet_service.cc:1511] Processing CreateTablet for tablet b890820f657e47d184c113a7dcdc5cf2 (DEFAULT_TABLE table=test-workload [id=b707fe1a15f94f2abc5fa6883226582e]), partition=RANGE (key) PARTITION 327582243 <= VALUES < 363980270
I20260709 14:51:35.732739 17209 data_dirs.cc:400] Could only allocate 1 dirs of requested 3 for tablet b890820f657e47d184c113a7dcdc5cf2. 1 dirs total, 0 dirs full, 0 dirs failed
I20260709 14:51:35.733666 17137 tablet_service.cc:1511] Processing CreateTablet for tablet d358096fb3314bd09d4601716758ea01 (DEFAULT_TABLE table=test-workload [id=b707fe1a15f94f2abc5fa6883226582e]), partition=RANGE (key) PARTITION 363980270 <= VALUES < 400378297
I20260709 14:51:35.734790 17208 tablet_service.cc:1511] Processing CreateTablet for tablet d358096fb3314bd09d4601716758ea01 (DEFAULT_TABLE table=test-workload [id=b707fe1a15f94f2abc5fa6883226582e]), partition=RANGE (key) PARTITION 363980270 <= VALUES < 400378297
I20260709 14:51:35.736146 17208 data_dirs.cc:400] Could only allocate 1 dirs of requested 3 for tablet d358096fb3314bd09d4601716758ea01. 1 dirs total, 0 dirs full, 0 dirs failed
I20260709 14:51:35.737048 17136 tablet_service.cc:1511] Processing CreateTablet for tablet 453bc75e32684cf19a2683a43ff0ed25 (DEFAULT_TABLE table=test-workload [id=b707fe1a15f94f2abc5fa6883226582e]), partition=RANGE (key) PARTITION 400378297 <= VALUES < 436776324
I20260709 14:51:35.734545 17214 tablet_service.cc:1511] Processing CreateTablet for tablet 3714a4bec42a4f1897fedf5b9b834e5a (DEFAULT_TABLE table=test-workload [id=b707fe1a15f94f2abc5fa6883226582e]), partition=RANGE (key) PARTITION 145592108 <= VALUES < 181990135
I20260709 14:51:35.738481 17214 data_dirs.cc:400] Could only allocate 1 dirs of requested 3 for tablet 3714a4bec42a4f1897fedf5b9b834e5a. 1 dirs total, 0 dirs full, 0 dirs failed
I20260709 14:51:35.740725 17207 tablet_service.cc:1511] Processing CreateTablet for tablet 453bc75e32684cf19a2683a43ff0ed25 (DEFAULT_TABLE table=test-workload [id=b707fe1a15f94f2abc5fa6883226582e]), partition=RANGE (key) PARTITION 400378297 <= VALUES < 436776324
I20260709 14:51:35.741495 17210 tablet_service.cc:1511] Processing CreateTablet for tablet 6728ebe85b5e4ac4b9a1a7bcaa37af5f (DEFAULT_TABLE table=test-workload [id=b707fe1a15f94f2abc5fa6883226582e]), partition=RANGE (key) PARTITION 291184216 <= VALUES < 327582243
I20260709 14:51:35.717850 17140 data_dirs.cc:400] Could only allocate 1 dirs of requested 3 for tablet 1c67d970dafa45449bdfdad3c965ccd1. 1 dirs total, 0 dirs full, 0 dirs failed
I20260709 14:51:35.746580 17139 data_dirs.cc:400] Could only allocate 1 dirs of requested 3 for tablet 6728ebe85b5e4ac4b9a1a7bcaa37af5f. 1 dirs total, 0 dirs full, 0 dirs failed
I20260709 14:51:35.749881 17135 tablet_service.cc:1511] Processing CreateTablet for tablet eb43d1a333d2446db60904e5f8bfda5c (DEFAULT_TABLE table=test-workload [id=b707fe1a15f94f2abc5fa6883226582e]), partition=RANGE (key) PARTITION 436776324 <= VALUES < 473174351
I20260709 14:51:35.751102 17135 data_dirs.cc:400] Could only allocate 1 dirs of requested 3 for tablet eb43d1a333d2446db60904e5f8bfda5c. 1 dirs total, 0 dirs full, 0 dirs failed
I20260709 14:51:35.752255 17136 data_dirs.cc:400] Could only allocate 1 dirs of requested 3 for tablet 453bc75e32684cf19a2683a43ff0ed25. 1 dirs total, 0 dirs full, 0 dirs failed
I20260709 14:51:35.752687 17066 tablet_service.cc:1511] Processing CreateTablet for tablet c7bf6def80de4b7389f1ced2c3c913cd (DEFAULT_TABLE table=test-workload [id=b707fe1a15f94f2abc5fa6883226582e]), partition=RANGE (key) PARTITION 254786189 <= VALUES < 291184216
I20260709 14:51:35.753800 17061 tablet_service.cc:1511] Processing CreateTablet for tablet d358096fb3314bd09d4601716758ea01 (DEFAULT_TABLE table=test-workload [id=b707fe1a15f94f2abc5fa6883226582e]), partition=RANGE (key) PARTITION 363980270 <= VALUES < 400378297
I20260709 14:51:35.754769 17062 tablet_service.cc:1511] Processing CreateTablet for tablet b890820f657e47d184c113a7dcdc5cf2 (DEFAULT_TABLE table=test-workload [id=b707fe1a15f94f2abc5fa6883226582e]), partition=RANGE (key) PARTITION 327582243 <= VALUES < 363980270
I20260709 14:51:35.756290 17137 data_dirs.cc:400] Could only allocate 1 dirs of requested 3 for tablet d358096fb3314bd09d4601716758ea01. 1 dirs total, 0 dirs full, 0 dirs failed
I20260709 14:51:35.756982 17266 tablet_bootstrap.cc:492] T 054bae5c8a5540eba0a0642f8a927016 P 5d4c401bde414becb1512f9a2ae36723: No bootstrap required, opened a new log
I20260709 14:51:35.757414 17266 ts_tablet_manager.cc:1403] T 054bae5c8a5540eba0a0642f8a927016 P 5d4c401bde414becb1512f9a2ae36723: Time spent bootstrapping tablet: real 0.089s	user 0.011s	sys 0.000s
I20260709 14:51:35.757198 17059 tablet_service.cc:1511] Processing CreateTablet for tablet eb43d1a333d2446db60904e5f8bfda5c (DEFAULT_TABLE table=test-workload [id=b707fe1a15f94f2abc5fa6883226582e]), partition=RANGE (key) PARTITION 436776324 <= VALUES < 473174351
I20260709 14:51:35.752703 17067 tablet_service.cc:1511] Processing CreateTablet for tablet 6728ebe85b5e4ac4b9a1a7bcaa37af5f (DEFAULT_TABLE table=test-workload [id=b707fe1a15f94f2abc5fa6883226582e]), partition=RANGE (key) PARTITION 291184216 <= VALUES < 327582243
