I20260709 14:51:15.093708  6766 raft_consensus.cc:3060] T 49a94e2c9c7347d7a8d58ca2761ad33e P 322df6c8cdd945e09e25fb8286c30079 [term 0 FOLLOWER]: Advancing to term 1
I20260709 14:51:15.097208  6567 raft_consensus.cc:2393] T da6b85651e134010b9df775c67cf20b1 P 95073321e104457f9b0546df24f0b3f3 [term 1 FOLLOWER]: Leader election vote request: Denying vote to candidate 613190766a6e44c58fd74063849099d6 in current term 1: Already voted for candidate 95073321e104457f9b0546df24f0b3f3 in this term.
I20260709 14:51:15.096441  6568 tablet_service.cc:1917] Received RequestConsensusVote() RPC: tablet_id: "0f48692249d14c60902746d491e8bf19" candidate_uuid: "613190766a6e44c58fd74063849099d6" candidate_term: 1 candidate_status { last_received { term: 0 index: 0 } } ignore_live_leader: false dest_uuid: "95073321e104457f9b0546df24f0b3f3"
I20260709 14:51:15.099764  6643 tablet_service.cc:1917] Received RequestConsensusVote() RPC: tablet_id: "0f48692249d14c60902746d491e8bf19" candidate_uuid: "613190766a6e44c58fd74063849099d6" candidate_term: 1 candidate_status { last_received { term: 0 index: 0 } } ignore_live_leader: false dest_uuid: "322df6c8cdd945e09e25fb8286c30079"
I20260709 14:51:15.100354  6643 raft_consensus.cc:3060] T 0f48692249d14c60902746d491e8bf19 P 322df6c8cdd945e09e25fb8286c30079 [term 0 FOLLOWER]: Advancing to term 1
I20260709 14:51:15.102034  6641 tablet_service.cc:1917] Received RequestConsensusVote() RPC: tablet_id: "da6b85651e134010b9df775c67cf20b1" candidate_uuid: "95073321e104457f9b0546df24f0b3f3" candidate_term: 1 candidate_status { last_received { term: 0 index: 0 } } ignore_live_leader: false dest_uuid: "322df6c8cdd945e09e25fb8286c30079"
I20260709 14:51:15.103735  6642 raft_consensus.cc:2468] T da6b85651e134010b9df775c67cf20b1 P 322df6c8cdd945e09e25fb8286c30079 [term 1 FOLLOWER]: Leader election vote request: Granting yes vote for candidate 613190766a6e44c58fd74063849099d6 in term 1.
I20260709 14:51:15.106137  6760 raft_consensus.cc:359] T 2286dcbf0e3f4f00b2f8b19620c79d1a P 95073321e104457f9b0546df24f0b3f3 [term 0 FOLLOWER]: Replica starting. Triggering 0 pending ops. Active config: opid_index: -1 OBSOLETE_local: false peers { permanent_uuid: "95073321e104457f9b0546df24f0b3f3" member_type: VOTER last_known_addr { host: "127.6.72.65" port: 46505 } } peers { permanent_uuid: "322df6c8cdd945e09e25fb8286c30079" member_type: VOTER last_known_addr { host: "127.6.72.66" port: 41791 } } peers { permanent_uuid: "613190766a6e44c58fd74063849099d6" member_type: VOTER last_known_addr { host: "127.6.72.67" port: 41267 } }
I20260709 14:51:15.107082  6760 raft_consensus.cc:385] T 2286dcbf0e3f4f00b2f8b19620c79d1a P 95073321e104457f9b0546df24f0b3f3 [term 0 FOLLOWER]: Consensus starting up: Expiring failure detector timer to make a prompt election more likely
I20260709 14:51:15.107295  6643 raft_consensus.cc:2468] T 0f48692249d14c60902746d491e8bf19 P 322df6c8cdd945e09e25fb8286c30079 [term 1 FOLLOWER]: Leader election vote request: Granting yes vote for candidate 613190766a6e44c58fd74063849099d6 in term 1.
I20260709 14:51:15.107503  6760 raft_consensus.cc:740] T 2286dcbf0e3f4f00b2f8b19620c79d1a P 95073321e104457f9b0546df24f0b3f3 [term 0 FOLLOWER]: Becoming Follower/Learner. State: Replica: 95073321e104457f9b0546df24f0b3f3, State: Initialized, Role: FOLLOWER
W20260709 14:51:15.108300  6680 leader_election.cc:343] T 0f48692249d14c60902746d491e8bf19 P 613190766a6e44c58fd74063849099d6 [CANDIDATE]: Term 1 election: Tablet error from VoteRequest() call to peer 95073321e104457f9b0546df24f0b3f3 (127.6.72.65:46505): Illegal state: must be running to vote when last-logged opid is not known
I20260709 14:51:15.105513  6766 raft_consensus.cc:515] T 49a94e2c9c7347d7a8d58ca2761ad33e P 322df6c8cdd945e09e25fb8286c30079 [term 1 FOLLOWER]: Starting leader election with config: opid_index: -1 OBSOLETE_local: false peers { permanent_uuid: "95073321e104457f9b0546df24f0b3f3" member_type: VOTER last_known_addr { host: "127.6.72.65" port: 46505 } } peers { permanent_uuid: "322df6c8cdd945e09e25fb8286c30079" member_type: VOTER last_known_addr { host: "127.6.72.66" port: 41791 } } peers { permanent_uuid: "613190766a6e44c58fd74063849099d6" member_type: VOTER last_known_addr { host: "127.6.72.67" port: 41267 } }
I20260709 14:51:15.109459  6680 leader_election.cc:304] T da6b85651e134010b9df775c67cf20b1 P 613190766a6e44c58fd74063849099d6 [CANDIDATE]: Term 1 election: Election decided. Result: candidate won. Election summary: received 3 responses out of 3 voters: 2 yes votes; 1 no votes. yes voters: 322df6c8cdd945e09e25fb8286c30079, 613190766a6e44c58fd74063849099d6; no voters: 95073321e104457f9b0546df24f0b3f3
I20260709 14:51:15.110263  6769 raft_consensus.cc:2804] T da6b85651e134010b9df775c67cf20b1 P 613190766a6e44c58fd74063849099d6 [term 1 FOLLOWER]: Leader election won for term 1
I20260709 14:51:15.110741  6769 raft_consensus.cc:697] T da6b85651e134010b9df775c67cf20b1 P 613190766a6e44c58fd74063849099d6 [term 1 LEADER]: Becoming Leader. State: Replica: 613190766a6e44c58fd74063849099d6, State: Running, Role: LEADER
I20260709 14:51:15.111011  6766 leader_election.cc:290] T 49a94e2c9c7347d7a8d58ca2761ad33e P 322df6c8cdd945e09e25fb8286c30079 [CANDIDATE]: Term 1 election: Requested vote from peers 95073321e104457f9b0546df24f0b3f3 (127.6.72.65:46505), 613190766a6e44c58fd74063849099d6 (127.6.72.67:41267)
I20260709 14:51:15.111565  6769 consensus_queue.cc:237] T da6b85651e134010b9df775c67cf20b1 P 613190766a6e44c58fd74063849099d6 [LEADER]: Queue going to LEADER mode. State: All replicated index: 0, Majority replicated index: 0, Committed index: 0, Last appended: 0.0, Last appended by leader: 0, Current term: 1, Majority size: 2, State: 0, Mode: LEADER, active raft config: opid_index: -1 OBSOLETE_local: false peers { permanent_uuid: "95073321e104457f9b0546df24f0b3f3" member_type: VOTER last_known_addr { host: "127.6.72.65" port: 46505 } } peers { permanent_uuid: "322df6c8cdd945e09e25fb8286c30079" member_type: VOTER last_known_addr { host: "127.6.72.66" port: 41791 } } peers { permanent_uuid: "613190766a6e44c58fd74063849099d6" member_type: VOTER last_known_addr { host: "127.6.72.67" port: 41267 } }
I20260709 14:51:15.112149  6717 tablet_service.cc:1917] Received RequestConsensusVote() RPC: tablet_id: "49a94e2c9c7347d7a8d58ca2761ad33e" candidate_uuid: "322df6c8cdd945e09e25fb8286c30079" candidate_term: 1 candidate_status { last_received { term: 0 index: 0 } } ignore_live_leader: false dest_uuid: "613190766a6e44c58fd74063849099d6"
I20260709 14:51:15.112712  6567 tablet_service.cc:1917] Received RequestConsensusVote() RPC: tablet_id: "49a94e2c9c7347d7a8d58ca2761ad33e" candidate_uuid: "322df6c8cdd945e09e25fb8286c30079" candidate_term: 1 candidate_status { last_received { term: 0 index: 0 } } ignore_live_leader: false dest_uuid: "95073321e104457f9b0546df24f0b3f3"
I20260709 14:51:15.113250  6567 raft_consensus.cc:3060] T 49a94e2c9c7347d7a8d58ca2761ad33e P 95073321e104457f9b0546df24f0b3f3 [term 0 FOLLOWER]: Advancing to term 1
W20260709 14:51:15.113490  6607 leader_election.cc:343] T 49a94e2c9c7347d7a8d58ca2761ad33e P 322df6c8cdd945e09e25fb8286c30079 [CANDIDATE]: Term 1 election: Tablet error from VoteRequest() call to peer 613190766a6e44c58fd74063849099d6 (127.6.72.67:41267): Illegal state: must be running to vote when last-logged opid is not known
I20260709 14:51:15.114534  6762 tablet_bootstrap.cc:492] T 2286dcbf0e3f4f00b2f8b19620c79d1a P 613190766a6e44c58fd74063849099d6: No bootstrap required, opened a new log
I20260709 14:51:15.117450  6762 ts_tablet_manager.cc:1403] T 2286dcbf0e3f4f00b2f8b19620c79d1a P 613190766a6e44c58fd74063849099d6: Time spent bootstrapping tablet: real 0.123s	user 0.019s	sys 0.018s
I20260709 14:51:15.118909  6768 leader_election.cc:290] T da6b85651e134010b9df775c67cf20b1 P 95073321e104457f9b0546df24f0b3f3 [CANDIDATE]: Term 1 election: Requested vote from peers 322df6c8cdd945e09e25fb8286c30079 (127.6.72.66:41791), 613190766a6e44c58fd74063849099d6 (127.6.72.67:41267)
I20260709 14:51:15.122490  6762 raft_consensus.cc:359] T 2286dcbf0e3f4f00b2f8b19620c79d1a P 613190766a6e44c58fd74063849099d6 [term 0 FOLLOWER]: Replica starting. Triggering 0 pending ops. Active config: opid_index: -1 OBSOLETE_local: false peers { permanent_uuid: "95073321e104457f9b0546df24f0b3f3" member_type: VOTER last_known_addr { host: "127.6.72.65" port: 46505 } } peers { permanent_uuid: "322df6c8cdd945e09e25fb8286c30079" member_type: VOTER last_known_addr { host: "127.6.72.66" port: 41791 } } peers { permanent_uuid: "613190766a6e44c58fd74063849099d6" member_type: VOTER last_known_addr { host: "127.6.72.67" port: 41267 } }
I20260709 14:51:15.123749  6567 raft_consensus.cc:2468] T 49a94e2c9c7347d7a8d58ca2761ad33e P 95073321e104457f9b0546df24f0b3f3 [term 1 FOLLOWER]: Leader election vote request: Granting yes vote for candidate 322df6c8cdd945e09e25fb8286c30079 in term 1.
I20260709 14:51:15.117306  6760 consensus_queue.cc:260] T 2286dcbf0e3f4f00b2f8b19620c79d1a P 95073321e104457f9b0546df24f0b3f3 [NON_LEADER]: Queue going to NON_LEADER mode. State: All replicated index: 0, Majority replicated index: 0, Committed index: 0, Last appended: 0.0, Last appended by leader: 0, Current term: 0, Majority size: -1, State: 0, Mode: NON_LEADER, active raft config: opid_index: -1 OBSOLETE_local: false peers { permanent_uuid: "95073321e104457f9b0546df24f0b3f3" member_type: VOTER last_known_addr { host: "127.6.72.65" port: 46505 } } peers { permanent_uuid: "322df6c8cdd945e09e25fb8286c30079" member_type: VOTER last_known_addr { host: "127.6.72.66" port: 41791 } } peers { permanent_uuid: "613190766a6e44c58fd74063849099d6" member_type: VOTER last_known_addr { host: "127.6.72.67" port: 41267 } }
I20260709 14:51:15.125020  6606 leader_election.cc:304] T 49a94e2c9c7347d7a8d58ca2761ad33e P 322df6c8cdd945e09e25fb8286c30079 [CANDIDATE]: Term 1 election: Election decided. Result: candidate won. Election summary: received 3 responses out of 3 voters: 2 yes votes; 1 no votes. yes voters: 322df6c8cdd945e09e25fb8286c30079, 95073321e104457f9b0546df24f0b3f3; no voters: 613190766a6e44c58fd74063849099d6
I20260709 14:51:15.125907  6766 raft_consensus.cc:2804] T 49a94e2c9c7347d7a8d58ca2761ad33e P 322df6c8cdd945e09e25fb8286c30079 [term 1 FOLLOWER]: Leader election won for term 1
I20260709 14:51:15.125902  6760 ts_tablet_manager.cc:1434] T 2286dcbf0e3f4f00b2f8b19620c79d1a P 95073321e104457f9b0546df24f0b3f3: Time spent starting tablet: real 0.037s	user 0.008s	sys 0.001s
I20260709 14:51:15.129751  6760 tablet_bootstrap.cc:492] T 0f48692249d14c60902746d491e8bf19 P 95073321e104457f9b0546df24f0b3f3: Bootstrap starting.
I20260709 14:51:15.124143  6762 raft_consensus.cc:385] T 2286dcbf0e3f4f00b2f8b19620c79d1a P 613190766a6e44c58fd74063849099d6 [term 0 FOLLOWER]: Consensus starting up: Expiring failure detector timer to make a prompt election more likely
I20260709 14:51:15.137781  6762 raft_consensus.cc:740] T 2286dcbf0e3f4f00b2f8b19620c79d1a P 613190766a6e44c58fd74063849099d6 [term 0 FOLLOWER]: Becoming Follower/Learner. State: Replica: 613190766a6e44c58fd74063849099d6, State: Initialized, Role: FOLLOWER
I20260709 14:51:15.138926  6762 consensus_queue.cc:260] T 2286dcbf0e3f4f00b2f8b19620c79d1a P 613190766a6e44c58fd74063849099d6 [NON_LEADER]: Queue going to NON_LEADER mode. State: All replicated index: 0, Majority replicated index: 0, Committed index: 0, Last appended: 0.0, Last appended by leader: 0, Current term: 0, Majority size: -1, State: 0, Mode: NON_LEADER, active raft config: opid_index: -1 OBSOLETE_local: false peers { permanent_uuid: "95073321e104457f9b0546df24f0b3f3" member_type: VOTER last_known_addr { host: "127.6.72.65" port: 46505 } } peers { permanent_uuid: "322df6c8cdd945e09e25fb8286c30079" member_type: VOTER last_known_addr { host: "127.6.72.66" port: 41791 } } peers { permanent_uuid: "613190766a6e44c58fd74063849099d6" member_type: VOTER last_known_addr { host: "127.6.72.67" port: 41267 } }
I20260709 14:51:15.142112  6766 raft_consensus.cc:697] T 49a94e2c9c7347d7a8d58ca2761ad33e P 322df6c8cdd945e09e25fb8286c30079 [term 1 LEADER]: Becoming Leader. State: Replica: 322df6c8cdd945e09e25fb8286c30079, State: Running, Role: LEADER
I20260709 14:51:15.143527  6680 leader_election.cc:304] T 0f48692249d14c60902746d491e8bf19 P 613190766a6e44c58fd74063849099d6 [CANDIDATE]: Term 1 election: Election decided. Result: candidate won. Election summary: received 3 responses out of 3 voters: 2 yes votes; 1 no votes. yes voters: 322df6c8cdd945e09e25fb8286c30079, 613190766a6e44c58fd74063849099d6; no voters: 95073321e104457f9b0546df24f0b3f3
I20260709 14:51:15.143858  6766 consensus_queue.cc:237] T 49a94e2c9c7347d7a8d58ca2761ad33e P 322df6c8cdd945e09e25fb8286c30079 [LEADER]: Queue going to LEADER mode. State: All replicated index: 0, Majority replicated index: 0, Committed index: 0, Last appended: 0.0, Last appended by leader: 0, Current term: 1, Majority size: 2, State: 0, Mode: LEADER, active raft config: opid_index: -1 OBSOLETE_local: false peers { permanent_uuid: "95073321e104457f9b0546df24f0b3f3" member_type: VOTER last_known_addr { host: "127.6.72.65" port: 46505 } } peers { permanent_uuid: "322df6c8cdd945e09e25fb8286c30079" member_type: VOTER last_known_addr { host: "127.6.72.66" port: 41791 } } peers { permanent_uuid: "613190766a6e44c58fd74063849099d6" member_type: VOTER last_known_addr { host: "127.6.72.67" port: 41267 } }
I20260709 14:51:15.146766  6778 raft_consensus.cc:2804] T 0f48692249d14c60902746d491e8bf19 P 613190766a6e44c58fd74063849099d6 [term 1 FOLLOWER]: Leader election won for term 1
I20260709 14:51:15.148962  6717 tablet_service.cc:1917] Received RequestConsensusVote() RPC: tablet_id: "da6b85651e134010b9df775c67cf20b1" candidate_uuid: "95073321e104457f9b0546df24f0b3f3" candidate_term: 1 candidate_status { last_received { term: 0 index: 0 } } ignore_live_leader: false dest_uuid: "613190766a6e44c58fd74063849099d6" is_pre_election: true
I20260709 14:51:15.150789  6762 ts_tablet_manager.cc:1434] T 2286dcbf0e3f4f00b2f8b19620c79d1a P 613190766a6e44c58fd74063849099d6: Time spent starting tablet: real 0.033s	user 0.006s	sys 0.000s
I20260709 14:51:15.152427  6761 tablet_bootstrap.cc:492] T d0893baf47cb473691a0894e499f87a1 P 322df6c8cdd945e09e25fb8286c30079: No bootstrap required, opened a new log
I20260709 14:51:15.153471  6761 ts_tablet_manager.cc:1403] T d0893baf47cb473691a0894e499f87a1 P 322df6c8cdd945e09e25fb8286c30079: Time spent bootstrapping tablet: real 0.103s	user 0.039s	sys 0.030s
I20260709 14:51:15.154214  6762 tablet_bootstrap.cc:492] T 49a94e2c9c7347d7a8d58ca2761ad33e P 613190766a6e44c58fd74063849099d6: Bootstrap starting.
I20260709 14:51:15.158975  6716 tablet_service.cc:1917] Received RequestConsensusVote() RPC: tablet_id: "da6b85651e134010b9df775c67cf20b1" candidate_uuid: "95073321e104457f9b0546df24f0b3f3" candidate_term: 1 candidate_status { last_received { term: 0 index: 0 } } ignore_live_leader: false dest_uuid: "613190766a6e44c58fd74063849099d6"
I20260709 14:51:15.161302  6760 tablet_bootstrap.cc:654] T 0f48692249d14c60902746d491e8bf19 P 95073321e104457f9b0546df24f0b3f3: Neither blocks nor log segments found. Creating new log.
I20260709 14:51:15.157742  6761 raft_consensus.cc:359] T d0893baf47cb473691a0894e499f87a1 P 322df6c8cdd945e09e25fb8286c30079 [term 0 FOLLOWER]: Replica starting. Triggering 0 pending ops. Active config: opid_index: -1 OBSOLETE_local: false peers { permanent_uuid: "95073321e104457f9b0546df24f0b3f3" member_type: VOTER last_known_addr { host: "127.6.72.65" port: 46505 } } peers { permanent_uuid: "322df6c8cdd945e09e25fb8286c30079" member_type: VOTER last_known_addr { host: "127.6.72.66" port: 41791 } } peers { permanent_uuid: "613190766a6e44c58fd74063849099d6" member_type: VOTER last_known_addr { host: "127.6.72.67" port: 41267 } }
I20260709 14:51:15.164306  6761 raft_consensus.cc:385] T d0893baf47cb473691a0894e499f87a1 P 322df6c8cdd945e09e25fb8286c30079 [term 0 FOLLOWER]: Consensus starting up: Expiring failure detector timer to make a prompt election more likely
I20260709 14:51:15.164714  6761 raft_consensus.cc:740] T d0893baf47cb473691a0894e499f87a1 P 322df6c8cdd945e09e25fb8286c30079 [term 0 FOLLOWER]: Becoming Follower/Learner. State: Replica: 322df6c8cdd945e09e25fb8286c30079, State: Initialized, Role: FOLLOWER
I20260709 14:51:15.172142  6761 consensus_queue.cc:260] T d0893baf47cb473691a0894e499f87a1 P 322df6c8cdd945e09e25fb8286c30079 [NON_LEADER]: Queue going to NON_LEADER mode. State: All replicated index: 0, Majority replicated index: 0, Committed index: 0, Last appended: 0.0, Last appended by leader: 0, Current term: 0, Majority size: -1, State: 0, Mode: NON_LEADER, active raft config: opid_index: -1 OBSOLETE_local: false peers { permanent_uuid: "95073321e104457f9b0546df24f0b3f3" member_type: VOTER last_known_addr { host: "127.6.72.65" port: 46505 } } peers { permanent_uuid: "322df6c8cdd945e09e25fb8286c30079" member_type: VOTER last_known_addr { host: "127.6.72.66" port: 41791 } } peers { permanent_uuid: "613190766a6e44c58fd74063849099d6" member_type: VOTER last_known_addr { host: "127.6.72.67" port: 41267 } }
I20260709 14:51:15.173573  6768 raft_consensus.cc:493] T 2286dcbf0e3f4f00b2f8b19620c79d1a P 95073321e104457f9b0546df24f0b3f3 [term 0 FOLLOWER]: Starting pre-election (no leader contacted us within the election timeout)
I20260709 14:51:15.173653  6532 leader_election.cc:304] T da6b85651e134010b9df775c67cf20b1 P 95073321e104457f9b0546df24f0b3f3 [CANDIDATE]: Term 1 election: Election decided. Result: candidate lost. Election summary: received 3 responses out of 3 voters: 1 yes votes; 2 no votes. yes voters: 95073321e104457f9b0546df24f0b3f3; no voters: 322df6c8cdd945e09e25fb8286c30079, 613190766a6e44c58fd74063849099d6
I20260709 14:51:15.174618  6768 raft_consensus.cc:515] T 2286dcbf0e3f4f00b2f8b19620c79d1a P 95073321e104457f9b0546df24f0b3f3 [term 0 FOLLOWER]: Starting pre-election with config: opid_index: -1 OBSOLETE_local: false peers { permanent_uuid: "95073321e104457f9b0546df24f0b3f3" member_type: VOTER last_known_addr { host: "127.6.72.65" port: 46505 } } peers { permanent_uuid: "322df6c8cdd945e09e25fb8286c30079" member_type: VOTER last_known_addr { host: "127.6.72.66" port: 41791 } } peers { permanent_uuid: "613190766a6e44c58fd74063849099d6" member_type: VOTER last_known_addr { host: "127.6.72.67" port: 41267 } }
I20260709 14:51:15.175436  6769 raft_consensus.cc:493] T 2286dcbf0e3f4f00b2f8b19620c79d1a P 613190766a6e44c58fd74063849099d6 [term 0 FOLLOWER]: Starting pre-election (no leader contacted us within the election timeout)
I20260709 14:51:15.176311  6769 raft_consensus.cc:515] T 2286dcbf0e3f4f00b2f8b19620c79d1a P 613190766a6e44c58fd74063849099d6 [term 0 FOLLOWER]: Starting pre-election with config: opid_index: -1 OBSOLETE_local: false peers { permanent_uuid: "95073321e104457f9b0546df24f0b3f3" member_type: VOTER last_known_addr { host: "127.6.72.65" port: 46505 } } peers { permanent_uuid: "322df6c8cdd945e09e25fb8286c30079" member_type: VOTER last_known_addr { host: "127.6.72.66" port: 41791 } } peers { permanent_uuid: "613190766a6e44c58fd74063849099d6" member_type: VOTER last_known_addr { host: "127.6.72.67" port: 41267 } }
I20260709 14:51:15.177847  6768 leader_election.cc:290] T 2286dcbf0e3f4f00b2f8b19620c79d1a P 95073321e104457f9b0546df24f0b3f3 [CANDIDATE]: Term 1 pre-election: Requested pre-vote from peers 322df6c8cdd945e09e25fb8286c30079 (127.6.72.66:41791), 613190766a6e44c58fd74063849099d6 (127.6.72.67:41267)
I20260709 14:51:15.178350  6768 raft_consensus.cc:2749] T da6b85651e134010b9df775c67cf20b1 P 95073321e104457f9b0546df24f0b3f3 [term 1 FOLLOWER]: Leader election lost for term 1. Reason: could not achieve majority
I20260709 14:51:15.178457  6769 leader_election.cc:290] T 2286dcbf0e3f4f00b2f8b19620c79d1a P 613190766a6e44c58fd74063849099d6 [CANDIDATE]: Term 1 pre-election: Requested pre-vote from peers 95073321e104457f9b0546df24f0b3f3 (127.6.72.65:46505), 322df6c8cdd945e09e25fb8286c30079 (127.6.72.66:41791)
I20260709 14:51:15.185621  6761 ts_tablet_manager.cc:1434] T d0893baf47cb473691a0894e499f87a1 P 322df6c8cdd945e09e25fb8286c30079: Time spent starting tablet: real 0.032s	user 0.005s	sys 0.003s
I20260709 14:51:15.189219  6761 tablet_bootstrap.cc:492] T 2286dcbf0e3f4f00b2f8b19620c79d1a P 322df6c8cdd945e09e25fb8286c30079: Bootstrap starting.
I20260709 14:51:15.190254  6643 tablet_service.cc:1917] Received RequestConsensusVote() RPC: tablet_id: "2286dcbf0e3f4f00b2f8b19620c79d1a" candidate_uuid: "95073321e104457f9b0546df24f0b3f3" candidate_term: 1 candidate_status { last_received { term: 0 index: 0 } } ignore_live_leader: false dest_uuid: "322df6c8cdd945e09e25fb8286c30079" is_pre_election: true
I20260709 14:51:15.193573  6567 tablet_service.cc:1917] Received RequestConsensusVote() RPC: tablet_id: "2286dcbf0e3f4f00b2f8b19620c79d1a" candidate_uuid: "613190766a6e44c58fd74063849099d6" candidate_term: 1 candidate_status { last_received { term: 0 index: 0 } } ignore_live_leader: false dest_uuid: "95073321e104457f9b0546df24f0b3f3" is_pre_election: true
W20260709 14:51:15.194837  6531 leader_election.cc:343] T 2286dcbf0e3f4f00b2f8b19620c79d1a P 95073321e104457f9b0546df24f0b3f3 [CANDIDATE]: Term 1 pre-election: Tablet error from VoteRequest() call to peer 322df6c8cdd945e09e25fb8286c30079 (127.6.72.66:41791): Illegal state: must be running to vote when last-logged opid is not known
I20260709 14:51:15.194890  6567 raft_consensus.cc:2468] T 2286dcbf0e3f4f00b2f8b19620c79d1a P 95073321e104457f9b0546df24f0b3f3 [term 0 FOLLOWER]: Leader pre-election vote request: Granting yes vote for candidate 613190766a6e44c58fd74063849099d6 in term 0.
I20260709 14:51:15.197365  6716 tablet_service.cc:1917] Received RequestConsensusVote() RPC: tablet_id: "2286dcbf0e3f4f00b2f8b19620c79d1a" candidate_uuid: "95073321e104457f9b0546df24f0b3f3" candidate_term: 1 candidate_status { last_received { term: 0 index: 0 } } ignore_live_leader: false dest_uuid: "613190766a6e44c58fd74063849099d6" is_pre_election: true
I20260709 14:51:15.190129  6778 raft_consensus.cc:697] T 0f48692249d14c60902746d491e8bf19 P 613190766a6e44c58fd74063849099d6 [term 1 LEADER]: Becoming Leader. State: Replica: 613190766a6e44c58fd74063849099d6, State: Running, Role: LEADER
I20260709 14:51:15.195943  6642 tablet_service.cc:1917] Received RequestConsensusVote() RPC: tablet_id: "2286dcbf0e3f4f00b2f8b19620c79d1a" candidate_uuid: "613190766a6e44c58fd74063849099d6" candidate_term: 1 candidate_status { last_received { term: 0 index: 0 } } ignore_live_leader: false dest_uuid: "322df6c8cdd945e09e25fb8286c30079" is_pre_election: true
I20260709 14:51:15.197981  6716 raft_consensus.cc:2468] T 2286dcbf0e3f4f00b2f8b19620c79d1a P 613190766a6e44c58fd74063849099d6 [term 0 FOLLOWER]: Leader pre-election vote request: Granting yes vote for candidate 95073321e104457f9b0546df24f0b3f3 in term 0.
W20260709 14:51:15.200016  6680 leader_election.cc:343] T 2286dcbf0e3f4f00b2f8b19620c79d1a P 613190766a6e44c58fd74063849099d6 [CANDIDATE]: Term 1 pre-election: Tablet error from VoteRequest() call to peer 322df6c8cdd945e09e25fb8286c30079 (127.6.72.66:41791): Illegal state: must be running to vote when last-logged opid is not known
I20260709 14:51:15.199980  6532 leader_election.cc:304] T 2286dcbf0e3f4f00b2f8b19620c79d1a P 95073321e104457f9b0546df24f0b3f3 [CANDIDATE]: Term 1 pre-election: Election decided. Result: candidate won. Election summary: received 3 responses out of 3 voters: 2 yes votes; 1 no votes. yes voters: 613190766a6e44c58fd74063849099d6, 95073321e104457f9b0546df24f0b3f3; no voters: 322df6c8cdd945e09e25fb8286c30079
I20260709 14:51:15.201608  6680 leader_election.cc:304] T 2286dcbf0e3f4f00b2f8b19620c79d1a P 613190766a6e44c58fd74063849099d6 [CANDIDATE]: Term 1 pre-election: Election decided. Result: candidate won. Election summary: received 3 responses out of 3 voters: 2 yes votes; 1 no votes. yes voters: 613190766a6e44c58fd74063849099d6, 95073321e104457f9b0546df24f0b3f3; no voters: 322df6c8cdd945e09e25fb8286c30079
I20260709 14:51:15.203238  6794 raft_consensus.cc:2804] T 2286dcbf0e3f4f00b2f8b19620c79d1a P 95073321e104457f9b0546df24f0b3f3 [term 0 FOLLOWER]: Leader pre-election won for term 1
I20260709 14:51:15.203346  6792 raft_consensus.cc:2804] T 2286dcbf0e3f4f00b2f8b19620c79d1a P 613190766a6e44c58fd74063849099d6 [term 0 FOLLOWER]: Leader pre-election won for term 1
I20260709 14:51:15.203756  6794 raft_consensus.cc:493] T 2286dcbf0e3f4f00b2f8b19620c79d1a P 95073321e104457f9b0546df24f0b3f3 [term 0 FOLLOWER]: Starting leader election (no leader contacted us within the election timeout)
I20260709 14:51:15.204099  6792 raft_consensus.cc:493] T 2286dcbf0e3f4f00b2f8b19620c79d1a P 613190766a6e44c58fd74063849099d6 [term 0 FOLLOWER]: Starting leader election (no leader contacted us within the election timeout)
I20260709 14:51:15.204339  6794 raft_consensus.cc:3060] T 2286dcbf0e3f4f00b2f8b19620c79d1a P 95073321e104457f9b0546df24f0b3f3 [term 0 FOLLOWER]: Advancing to term 1
I20260709 14:51:15.204535  6792 raft_consensus.cc:3060] T 2286dcbf0e3f4f00b2f8b19620c79d1a P 613190766a6e44c58fd74063849099d6 [term 0 FOLLOWER]: Advancing to term 1
I20260709 14:51:15.203382  6778 consensus_queue.cc:237] T 0f48692249d14c60902746d491e8bf19 P 613190766a6e44c58fd74063849099d6 [LEADER]: Queue going to LEADER mode. State: All replicated index: 0, Majority replicated index: 0, Committed index: 0, Last appended: 0.0, Last appended by leader: 0, Current term: 1, Majority size: 2, State: 0, Mode: LEADER, active raft config: opid_index: -1 OBSOLETE_local: false peers { permanent_uuid: "95073321e104457f9b0546df24f0b3f3" member_type: VOTER last_known_addr { host: "127.6.72.65" port: 46505 } } peers { permanent_uuid: "322df6c8cdd945e09e25fb8286c30079" member_type: VOTER last_known_addr { host: "127.6.72.66" port: 41791 } } peers { permanent_uuid: "613190766a6e44c58fd74063849099d6" member_type: VOTER last_known_addr { host: "127.6.72.67" port: 41267 } }
I20260709 14:51:15.211720  6761 tablet_bootstrap.cc:654] T 2286dcbf0e3f4f00b2f8b19620c79d1a P 322df6c8cdd945e09e25fb8286c30079: Neither blocks nor log segments found. Creating new log.
I20260709 14:51:15.218437  6792 raft_consensus.cc:515] T 2286dcbf0e3f4f00b2f8b19620c79d1a P 613190766a6e44c58fd74063849099d6 [term 1 FOLLOWER]: Starting leader election with config: opid_index: -1 OBSOLETE_local: false peers { permanent_uuid: "95073321e104457f9b0546df24f0b3f3" member_type: VOTER last_known_addr { host: "127.6.72.65" port: 46505 } } peers { permanent_uuid: "322df6c8cdd945e09e25fb8286c30079" member_type: VOTER last_known_addr { host: "127.6.72.66" port: 41791 } } peers { permanent_uuid: "613190766a6e44c58fd74063849099d6" member_type: VOTER last_known_addr { host: "127.6.72.67" port: 41267 } }
I20260709 14:51:15.232424  6762 tablet_bootstrap.cc:654] T 49a94e2c9c7347d7a8d58ca2761ad33e P 613190766a6e44c58fd74063849099d6: Neither blocks nor log segments found. Creating new log.
I20260709 14:51:15.235095  6760 tablet_bootstrap.cc:492] T 0f48692249d14c60902746d491e8bf19 P 95073321e104457f9b0546df24f0b3f3: No bootstrap required, opened a new log
I20260709 14:51:15.239351  6792 leader_election.cc:290] T 2286dcbf0e3f4f00b2f8b19620c79d1a P 613190766a6e44c58fd74063849099d6 [CANDIDATE]: Term 1 election: Requested vote from peers 95073321e104457f9b0546df24f0b3f3 (127.6.72.65:46505), 322df6c8cdd945e09e25fb8286c30079 (127.6.72.66:41791)
I20260709 14:51:15.240093  6567 tablet_service.cc:1917] Received RequestConsensusVote() RPC: tablet_id: "2286dcbf0e3f4f00b2f8b19620c79d1a" candidate_uuid: "613190766a6e44c58fd74063849099d6" candidate_term: 1 candidate_status { last_received { term: 0 index: 0 } } ignore_live_leader: false dest_uuid: "95073321e104457f9b0546df24f0b3f3"
I20260709 14:51:15.242331  6642 tablet_service.cc:1917] Received RequestConsensusVote() RPC: tablet_id: "2286dcbf0e3f4f00b2f8b19620c79d1a" candidate_uuid: "613190766a6e44c58fd74063849099d6" candidate_term: 1 candidate_status { last_received { term: 0 index: 0 } } ignore_live_leader: false dest_uuid: "322df6c8cdd945e09e25fb8286c30079"
I20260709 14:51:15.238274  6760 ts_tablet_manager.cc:1403] T 0f48692249d14c60902746d491e8bf19 P 95073321e104457f9b0546df24f0b3f3: Time spent bootstrapping tablet: real 0.109s	user 0.019s	sys 0.000s
W20260709 14:51:15.249989  6680 leader_election.cc:343] T 2286dcbf0e3f4f00b2f8b19620c79d1a P 613190766a6e44c58fd74063849099d6 [CANDIDATE]: Term 1 election: Tablet error from VoteRequest() call to peer 322df6c8cdd945e09e25fb8286c30079 (127.6.72.66:41791): Illegal state: must be running to vote when last-logged opid is not known
I20260709 14:51:15.258740  6760 raft_consensus.cc:359] T 0f48692249d14c60902746d491e8bf19 P 95073321e104457f9b0546df24f0b3f3 [term 0 FOLLOWER]: Replica starting. Triggering 0 pending ops. Active config: opid_index: -1 OBSOLETE_local: false peers { permanent_uuid: "95073321e104457f9b0546df24f0b3f3" member_type: VOTER last_known_addr { host: "127.6.72.65" port: 46505 } } peers { permanent_uuid: "322df6c8cdd945e09e25fb8286c30079" member_type: VOTER last_known_addr { host: "127.6.72.66" port: 41791 } } peers { permanent_uuid: "613190766a6e44c58fd74063849099d6" member_type: VOTER last_known_addr { host: "127.6.72.67" port: 41267 } }
I20260709 14:51:15.245290  6794 raft_consensus.cc:515] T 2286dcbf0e3f4f00b2f8b19620c79d1a P 95073321e104457f9b0546df24f0b3f3 [term 1 FOLLOWER]: Starting leader election with config: opid_index: -1 OBSOLETE_local: false peers { permanent_uuid: "95073321e104457f9b0546df24f0b3f3" member_type: VOTER last_known_addr { host: "127.6.72.65" port: 46505 } } peers { permanent_uuid: "322df6c8cdd945e09e25fb8286c30079" member_type: VOTER last_known_addr { host: "127.6.72.66" port: 41791 } } peers { permanent_uuid: "613190766a6e44c58fd74063849099d6" member_type: VOTER last_known_addr { host: "127.6.72.67" port: 41267 } }
I20260709 14:51:15.263363  6567 raft_consensus.cc:2393] T 2286dcbf0e3f4f00b2f8b19620c79d1a P 95073321e104457f9b0546df24f0b3f3 [term 1 FOLLOWER]: Leader election vote request: Denying vote to candidate 613190766a6e44c58fd74063849099d6 in current term 1: Already voted for candidate 95073321e104457f9b0546df24f0b3f3 in this term.
I20260709 14:51:15.265456  6680 leader_election.cc:304] T 2286dcbf0e3f4f00b2f8b19620c79d1a P 613190766a6e44c58fd74063849099d6 [CANDIDATE]: Term 1 election: Election decided. Result: candidate lost. Election summary: received 3 responses out of 3 voters: 1 yes votes; 2 no votes. yes voters: 613190766a6e44c58fd74063849099d6; no voters: 322df6c8cdd945e09e25fb8286c30079, 95073321e104457f9b0546df24f0b3f3
I20260709 14:51:15.266443  6778 raft_consensus.cc:2749] T 2286dcbf0e3f4f00b2f8b19620c79d1a P 613190766a6e44c58fd74063849099d6 [term 1 FOLLOWER]: Leader election lost for term 1. Reason: could not achieve majority
I20260709 14:51:15.259819  6760 raft_consensus.cc:385] T 0f48692249d14c60902746d491e8bf19 P 95073321e104457f9b0546df24f0b3f3 [term 0 FOLLOWER]: Consensus starting up: Expiring failure detector timer to make a prompt election more likely
I20260709 14:51:15.265551  6761 tablet_bootstrap.cc:492] T 2286dcbf0e3f4f00b2f8b19620c79d1a P 322df6c8cdd945e09e25fb8286c30079: No bootstrap required, opened a new log
I20260709 14:51:15.267776  6760 raft_consensus.cc:740] T 0f48692249d14c60902746d491e8bf19 P 95073321e104457f9b0546df24f0b3f3 [term 0 FOLLOWER]: Becoming Follower/Learner. State: Replica: 95073321e104457f9b0546df24f0b3f3, State: Initialized, Role: FOLLOWER
I20260709 14:51:15.269475  6761 ts_tablet_manager.cc:1403] T 2286dcbf0e3f4f00b2f8b19620c79d1a P 322df6c8cdd945e09e25fb8286c30079: Time spent bootstrapping tablet: real 0.082s	user 0.017s	sys 0.013s
I20260709 14:51:15.269683  6642 tablet_service.cc:1917] Received RequestConsensusVote() RPC: tablet_id: "2286dcbf0e3f4f00b2f8b19620c79d1a" candidate_uuid: "95073321e104457f9b0546df24f0b3f3" candidate_term: 1 candidate_status { last_received { term: 0 index: 0 } } ignore_live_leader: false dest_uuid: "322df6c8cdd945e09e25fb8286c30079"
I20260709 14:51:15.265405  6464 catalog_manager.cc:5697] T 0f48692249d14c60902746d491e8bf19 P 613190766a6e44c58fd74063849099d6 reported cstate change: term changed from 0 to 1, leader changed from <none> to 613190766a6e44c58fd74063849099d6 (127.6.72.67). New cstate: current_term: 1 leader_uuid: "613190766a6e44c58fd74063849099d6" committed_config { opid_index: -1 OBSOLETE_local: false peers { permanent_uuid: "95073321e104457f9b0546df24f0b3f3" member_type: VOTER last_known_addr { host: "127.6.72.65" port: 46505 } health_report { overall_health: UNKNOWN } } peers { permanent_uuid: "322df6c8cdd945e09e25fb8286c30079" member_type: VOTER last_known_addr { host: "127.6.72.66" port: 41791 } health_report { overall_health: UNKNOWN } } peers { permanent_uuid: "613190766a6e44c58fd74063849099d6" member_type: VOTER last_known_addr { host: "127.6.72.67" port: 41267 } health_report { overall_health: HEALTHY } } }
I20260709 14:51:15.270573  6794 leader_election.cc:290] T 2286dcbf0e3f4f00b2f8b19620c79d1a P 95073321e104457f9b0546df24f0b3f3 [CANDIDATE]: Term 1 election: Requested vote from peers 322df6c8cdd945e09e25fb8286c30079 (127.6.72.66:41791), 613190766a6e44c58fd74063849099d6 (127.6.72.67:41267)
I20260709 14:51:15.271339  6716 tablet_service.cc:1917] Received RequestConsensusVote() RPC: tablet_id: "2286dcbf0e3f4f00b2f8b19620c79d1a" candidate_uuid: "95073321e104457f9b0546df24f0b3f3" candidate_term: 1 candidate_status { last_received { term: 0 index: 0 } } ignore_live_leader: false dest_uuid: "613190766a6e44c58fd74063849099d6"
I20260709 14:51:15.271891  6716 raft_consensus.cc:2393] T 2286dcbf0e3f4f00b2f8b19620c79d1a P 613190766a6e44c58fd74063849099d6 [term 1 FOLLOWER]: Leader election vote request: Denying vote to candidate 95073321e104457f9b0546df24f0b3f3 in current term 1: Already voted for candidate 613190766a6e44c58fd74063849099d6 in this term.
I20260709 14:51:15.271494  6464 catalog_manager.cc:5697] T da6b85651e134010b9df775c67cf20b1 P 613190766a6e44c58fd74063849099d6 reported cstate change: term changed from 0 to 1, leader changed from <none> to 613190766a6e44c58fd74063849099d6 (127.6.72.67). New cstate: current_term: 1 leader_uuid: "613190766a6e44c58fd74063849099d6" committed_config { opid_index: -1 OBSOLETE_local: false peers { permanent_uuid: "95073321e104457f9b0546df24f0b3f3" member_type: VOTER last_known_addr { host: "127.6.72.65" port: 46505 } health_report { overall_health: UNKNOWN } } peers { permanent_uuid: "322df6c8cdd945e09e25fb8286c30079" member_type: VOTER last_known_addr { host: "127.6.72.66" port: 41791 } health_report { overall_health: UNKNOWN } } peers { permanent_uuid: "613190766a6e44c58fd74063849099d6" member_type: VOTER last_known_addr { host: "127.6.72.67" port: 41267 } health_report { overall_health: HEALTHY } } }
I20260709 14:51:15.269357  6760 consensus_queue.cc:260] T 0f48692249d14c60902746d491e8bf19 P 95073321e104457f9b0546df24f0b3f3 [NON_LEADER]: Queue going to NON_LEADER mode. State: All replicated index: 0, Majority replicated index: 0, Committed index: 0, Last appended: 0.0, Last appended by leader: 0, Current term: 0, Majority size: -1, State: 0, Mode: NON_LEADER, active raft config: opid_index: -1 OBSOLETE_local: false peers { permanent_uuid: "95073321e104457f9b0546df24f0b3f3" member_type: VOTER last_known_addr { host: "127.6.72.65" port: 46505 } } peers { permanent_uuid: "322df6c8cdd945e09e25fb8286c30079" member_type: VOTER last_known_addr { host: "127.6.72.66" port: 41791 } } peers { permanent_uuid: "613190766a6e44c58fd74063849099d6" member_type: VOTER last_known_addr { host: "127.6.72.67" port: 41267 } }
W20260709 14:51:15.275717  6531 leader_election.cc:343] T 2286dcbf0e3f4f00b2f8b19620c79d1a P 95073321e104457f9b0546df24f0b3f3 [CANDIDATE]: Term 1 election: Tablet error from VoteRequest() call to peer 322df6c8cdd945e09e25fb8286c30079 (127.6.72.66:41791): Illegal state: must be running to vote when last-logged opid is not known
I20260709 14:51:15.276186  6531 leader_election.cc:304] T 2286dcbf0e3f4f00b2f8b19620c79d1a P 95073321e104457f9b0546df24f0b3f3 [CANDIDATE]: Term 1 election: Election decided. Result: candidate lost. Election summary: received 3 responses out of 3 voters: 1 yes votes; 2 no votes. yes voters: 95073321e104457f9b0546df24f0b3f3; no voters: 322df6c8cdd945e09e25fb8286c30079, 613190766a6e44c58fd74063849099d6
I20260709 14:51:15.276407  6762 tablet_bootstrap.cc:492] T 49a94e2c9c7347d7a8d58ca2761ad33e P 613190766a6e44c58fd74063849099d6: No bootstrap required, opened a new log
I20260709 14:51:15.277139  6768 raft_consensus.cc:2749] T 2286dcbf0e3f4f00b2f8b19620c79d1a P 95073321e104457f9b0546df24f0b3f3 [term 1 FOLLOWER]: Leader election lost for term 1. Reason: could not achieve majority
I20260709 14:51:15.277138  6762 ts_tablet_manager.cc:1403] T 49a94e2c9c7347d7a8d58ca2761ad33e P 613190766a6e44c58fd74063849099d6: Time spent bootstrapping tablet: real 0.123s	user 0.030s	sys 0.001s
I20260709 14:51:15.279700  6761 raft_consensus.cc:359] T 2286dcbf0e3f4f00b2f8b19620c79d1a P 322df6c8cdd945e09e25fb8286c30079 [term 0 FOLLOWER]: Replica starting. Triggering 0 pending ops. Active config: opid_index: -1 OBSOLETE_local: false peers { permanent_uuid: "95073321e104457f9b0546df24f0b3f3" member_type: VOTER last_known_addr { host: "127.6.72.65" port: 46505 } } peers { permanent_uuid: "322df6c8cdd945e09e25fb8286c30079" member_type: VOTER last_known_addr { host: "127.6.72.66" port: 41791 } } peers { permanent_uuid: "613190766a6e44c58fd74063849099d6" member_type: VOTER last_known_addr { host: "127.6.72.67" port: 41267 } }
I20260709 14:51:15.280463  6761 raft_consensus.cc:385] T 2286dcbf0e3f4f00b2f8b19620c79d1a P 322df6c8cdd945e09e25fb8286c30079 [term 0 FOLLOWER]: Consensus starting up: Expiring failure detector timer to make a prompt election more likely
I20260709 14:51:15.280805  6761 raft_consensus.cc:740] T 2286dcbf0e3f4f00b2f8b19620c79d1a P 322df6c8cdd945e09e25fb8286c30079 [term 0 FOLLOWER]: Becoming Follower/Learner. State: Replica: 322df6c8cdd945e09e25fb8286c30079, State: Initialized, Role: FOLLOWER
I20260709 14:51:15.281993  6760 ts_tablet_manager.cc:1434] T 0f48692249d14c60902746d491e8bf19 P 95073321e104457f9b0546df24f0b3f3: Time spent starting tablet: real 0.035s	user 0.010s	sys 0.001s
I20260709 14:51:15.282724  6761 consensus_queue.cc:260] T 2286dcbf0e3f4f00b2f8b19620c79d1a P 322df6c8cdd945e09e25fb8286c30079 [NON_LEADER]: Queue going to NON_LEADER mode. State: All replicated index: 0, Majority replicated index: 0, Committed index: 0, Last appended: 0.0, Last appended by leader: 0, Current term: 0, Majority size: -1, State: 0, Mode: NON_LEADER, active raft config: opid_index: -1 OBSOLETE_local: false peers { permanent_uuid: "95073321e104457f9b0546df24f0b3f3" member_type: VOTER last_known_addr { host: "127.6.72.65" port: 46505 } } peers { permanent_uuid: "322df6c8cdd945e09e25fb8286c30079" member_type: VOTER last_known_addr { host: "127.6.72.66" port: 41791 } } peers { permanent_uuid: "613190766a6e44c58fd74063849099d6" member_type: VOTER last_known_addr { host: "127.6.72.67" port: 41267 } }
I20260709 14:51:15.283052  6762 raft_consensus.cc:359] T 49a94e2c9c7347d7a8d58ca2761ad33e P 613190766a6e44c58fd74063849099d6 [term 0 FOLLOWER]: Replica starting. Triggering 0 pending ops. Active config: opid_index: -1 OBSOLETE_local: false peers { permanent_uuid: "95073321e104457f9b0546df24f0b3f3" member_type: VOTER last_known_addr { host: "127.6.72.65" port: 46505 } } peers { permanent_uuid: "322df6c8cdd945e09e25fb8286c30079" member_type: VOTER last_known_addr { host: "127.6.72.66" port: 41791 } } peers { permanent_uuid: "613190766a6e44c58fd74063849099d6" member_type: VOTER last_known_addr { host: "127.6.72.67" port: 41267 } }
I20260709 14:51:15.283767  6762 raft_consensus.cc:385] T 49a94e2c9c7347d7a8d58ca2761ad33e P 613190766a6e44c58fd74063849099d6 [term 0 FOLLOWER]: Consensus starting up: Expiring failure detector timer to make a prompt election more likely
I20260709 14:51:15.284082  6762 raft_consensus.cc:740] T 49a94e2c9c7347d7a8d58ca2761ad33e P 613190766a6e44c58fd74063849099d6 [term 0 FOLLOWER]: Becoming Follower/Learner. State: Replica: 613190766a6e44c58fd74063849099d6, State: Initialized, Role: FOLLOWER
I20260709 14:51:15.285353  6761 ts_tablet_manager.cc:1434] T 2286dcbf0e3f4f00b2f8b19620c79d1a P 322df6c8cdd945e09e25fb8286c30079: Time spent starting tablet: real 0.015s	user 0.004s	sys 0.003s
I20260709 14:51:15.284811  6762 consensus_queue.cc:260] T 49a94e2c9c7347d7a8d58ca2761ad33e P 613190766a6e44c58fd74063849099d6 [NON_LEADER]: Queue going to NON_LEADER mode. State: All replicated index: 0, Majority replicated index: 0, Committed index: 0, Last appended: 0.0, Last appended by leader: 0, Current term: 0, Majority size: -1, State: 0, Mode: NON_LEADER, active raft config: opid_index: -1 OBSOLETE_local: false peers { permanent_uuid: "95073321e104457f9b0546df24f0b3f3" member_type: VOTER last_known_addr { host: "127.6.72.65" port: 46505 } } peers { permanent_uuid: "322df6c8cdd945e09e25fb8286c30079" member_type: VOTER last_known_addr { host: "127.6.72.66" port: 41791 } } peers { permanent_uuid: "613190766a6e44c58fd74063849099d6" member_type: VOTER last_known_addr { host: "127.6.72.67" port: 41267 } }
I20260709 14:51:15.286345  6761 tablet_bootstrap.cc:492] T 8c6bd8cc754f44059c01d112b4188638 P 322df6c8cdd945e09e25fb8286c30079: Bootstrap starting.
I20260709 14:51:15.287153  6766 raft_consensus.cc:493] T 2286dcbf0e3f4f00b2f8b19620c79d1a P 322df6c8cdd945e09e25fb8286c30079 [term 0 FOLLOWER]: Starting pre-election (no leader contacted us within the election timeout)
I20260709 14:51:15.287546  6762 ts_tablet_manager.cc:1434] T 49a94e2c9c7347d7a8d58ca2761ad33e P 613190766a6e44c58fd74063849099d6: Time spent starting tablet: real 0.009s	user 0.006s	sys 0.000s
I20260709 14:51:15.287635  6766 raft_consensus.cc:515] T 2286dcbf0e3f4f00b2f8b19620c79d1a P 322df6c8cdd945e09e25fb8286c30079 [term 0 FOLLOWER]: Starting pre-election with config: opid_index: -1 OBSOLETE_local: false peers { permanent_uuid: "95073321e104457f9b0546df24f0b3f3" member_type: VOTER last_known_addr { host: "127.6.72.65" port: 46505 } } peers { permanent_uuid: "322df6c8cdd945e09e25fb8286c30079" member_type: VOTER last_known_addr { host: "127.6.72.66" port: 41791 } } peers { permanent_uuid: "613190766a6e44c58fd74063849099d6" member_type: VOTER last_known_addr { host: "127.6.72.67" port: 41267 } }
I20260709 14:51:15.288625  6762 tablet_bootstrap.cc:492] T 348b01a60aa54d76887aacf519fe55ca P 613190766a6e44c58fd74063849099d6: Bootstrap starting.
I20260709 14:51:15.289875  6766 leader_election.cc:290] T 2286dcbf0e3f4f00b2f8b19620c79d1a P 322df6c8cdd945e09e25fb8286c30079 [CANDIDATE]: Term 1 pre-election: Requested pre-vote from peers 95073321e104457f9b0546df24f0b3f3 (127.6.72.65:46505), 613190766a6e44c58fd74063849099d6 (127.6.72.67:41267)
I20260709 14:51:15.290966  6716 tablet_service.cc:1917] Received RequestConsensusVote() RPC: tablet_id: "2286dcbf0e3f4f00b2f8b19620c79d1a" candidate_uuid: "322df6c8cdd945e09e25fb8286c30079" candidate_term: 1 candidate_status { last_received { term: 0 index: 0 } } ignore_live_leader: false dest_uuid: "613190766a6e44c58fd74063849099d6" is_pre_election: true
I20260709 14:51:15.289203  6463 catalog_manager.cc:5697] T 49a94e2c9c7347d7a8d58ca2761ad33e P 322df6c8cdd945e09e25fb8286c30079 reported cstate change: term changed from 0 to 1, leader changed from <none> to 322df6c8cdd945e09e25fb8286c30079 (127.6.72.66). New cstate: current_term: 1 leader_uuid: "322df6c8cdd945e09e25fb8286c30079" committed_config { opid_index: -1 OBSOLETE_local: false peers { permanent_uuid: "95073321e104457f9b0546df24f0b3f3" member_type: VOTER last_known_addr { host: "127.6.72.65" port: 46505 } health_report { overall_health: UNKNOWN } } peers { permanent_uuid: "322df6c8cdd945e09e25fb8286c30079" member_type: VOTER last_known_addr { host: "127.6.72.66" port: 41791 } health_report { overall_health: HEALTHY } } peers { permanent_uuid: "613190766a6e44c58fd74063849099d6" member_type: VOTER last_known_addr { host: "127.6.72.67" port: 41267 } health_report { overall_health: UNKNOWN } } }
I20260709 14:51:15.292235  6716 raft_consensus.cc:2393] T 2286dcbf0e3f4f00b2f8b19620c79d1a P 613190766a6e44c58fd74063849099d6 [term 1 FOLLOWER]: Leader pre-election vote request: Denying vote to candidate 322df6c8cdd945e09e25fb8286c30079 in current term 1: Already voted for candidate 613190766a6e44c58fd74063849099d6 in this term.
I20260709 14:51:15.292721  6567 tablet_service.cc:1917] Received RequestConsensusVote() RPC: tablet_id: "2286dcbf0e3f4f00b2f8b19620c79d1a" candidate_uuid: "322df6c8cdd945e09e25fb8286c30079" candidate_term: 1 candidate_status { last_received { term: 0 index: 0 } } ignore_live_leader: false dest_uuid: "95073321e104457f9b0546df24f0b3f3" is_pre_election: true
I20260709 14:51:15.293563  6567 raft_consensus.cc:2393] T 2286dcbf0e3f4f00b2f8b19620c79d1a P 95073321e104457f9b0546df24f0b3f3 [term 1 FOLLOWER]: Leader pre-election vote request: Denying vote to candidate 322df6c8cdd945e09e25fb8286c30079 in current term 1: Already voted for candidate 95073321e104457f9b0546df24f0b3f3 in this term.
I20260709 14:51:15.294813  6606 leader_election.cc:304] T 2286dcbf0e3f4f00b2f8b19620c79d1a P 322df6c8cdd945e09e25fb8286c30079 [CANDIDATE]: Term 1 pre-election: Election decided. Result: candidate lost. Election summary: received 3 responses out of 3 voters: 1 yes votes; 2 no votes. yes voters: 322df6c8cdd945e09e25fb8286c30079; no voters: 613190766a6e44c58fd74063849099d6, 95073321e104457f9b0546df24f0b3f3
I20260709 14:51:15.295619  6766 raft_consensus.cc:3060] T 2286dcbf0e3f4f00b2f8b19620c79d1a P 322df6c8cdd945e09e25fb8286c30079 [term 0 FOLLOWER]: Advancing to term 1
I20260709 14:51:15.296468  6762 tablet_bootstrap.cc:654] T 348b01a60aa54d76887aacf519fe55ca P 613190766a6e44c58fd74063849099d6: Neither blocks nor log segments found. Creating new log.
I20260709 14:51:15.296670  6760 tablet_bootstrap.cc:492] T 348b01a60aa54d76887aacf519fe55ca P 95073321e104457f9b0546df24f0b3f3: Bootstrap starting.
I20260709 14:51:15.302971  6766 raft_consensus.cc:2749] T 2286dcbf0e3f4f00b2f8b19620c79d1a P 322df6c8cdd945e09e25fb8286c30079 [term 1 FOLLOWER]: Leader pre-election lost for term 1. Reason: could not achieve majority
I20260709 14:51:15.305364  6761 tablet_bootstrap.cc:654] T 8c6bd8cc754f44059c01d112b4188638 P 322df6c8cdd945e09e25fb8286c30079: Neither blocks nor log segments found. Creating new log.
I20260709 14:51:15.309307  6762 tablet_bootstrap.cc:492] T 348b01a60aa54d76887aacf519fe55ca P 613190766a6e44c58fd74063849099d6: No bootstrap required, opened a new log
I20260709 14:51:15.309893  6762 ts_tablet_manager.cc:1403] T 348b01a60aa54d76887aacf519fe55ca P 613190766a6e44c58fd74063849099d6: Time spent bootstrapping tablet: real 0.021s	user 0.011s	sys 0.007s
I20260709 14:51:15.312764  6762 raft_consensus.cc:359] T 348b01a60aa54d76887aacf519fe55ca P 613190766a6e44c58fd74063849099d6 [term 0 FOLLOWER]: Replica starting. Triggering 0 pending ops. Active config: opid_index: -1 OBSOLETE_local: false peers { permanent_uuid: "95073321e104457f9b0546df24f0b3f3" member_type: VOTER last_known_addr { host: "127.6.72.65" port: 46505 } } peers { permanent_uuid: "322df6c8cdd945e09e25fb8286c30079" member_type: VOTER last_known_addr { host: "127.6.72.66" port: 41791 } } peers { permanent_uuid: "613190766a6e44c58fd74063849099d6" member_type: VOTER last_known_addr { host: "127.6.72.67" port: 41267 } }
I20260709 14:51:15.313627  6762 raft_consensus.cc:385] T 348b01a60aa54d76887aacf519fe55ca P 613190766a6e44c58fd74063849099d6 [term 0 FOLLOWER]: Consensus starting up: Expiring failure detector timer to make a prompt election more likely
I20260709 14:51:15.313971  6762 raft_consensus.cc:740] T 348b01a60aa54d76887aacf519fe55ca P 613190766a6e44c58fd74063849099d6 [term 0 FOLLOWER]: Becoming Follower/Learner. State: Replica: 613190766a6e44c58fd74063849099d6, State: Initialized, Role: FOLLOWER
I20260709 14:51:15.314772  6762 consensus_queue.cc:260] T 348b01a60aa54d76887aacf519fe55ca P 613190766a6e44c58fd74063849099d6 [NON_LEADER]: Queue going to NON_LEADER mode. State: All replicated index: 0, Majority replicated index: 0, Committed index: 0, Last appended: 0.0, Last appended by leader: 0, Current term: 0, Majority size: -1, State: 0, Mode: NON_LEADER, active raft config: opid_index: -1 OBSOLETE_local: false peers { permanent_uuid: "95073321e104457f9b0546df24f0b3f3" member_type: VOTER last_known_addr { host: "127.6.72.65" port: 46505 } } peers { permanent_uuid: "322df6c8cdd945e09e25fb8286c30079" member_type: VOTER last_known_addr { host: "127.6.72.66" port: 41791 } } peers { permanent_uuid: "613190766a6e44c58fd74063849099d6" member_type: VOTER last_known_addr { host: "127.6.72.67" port: 41267 } }
I20260709 14:51:15.321655  6762 ts_tablet_manager.cc:1434] T 348b01a60aa54d76887aacf519fe55ca P 613190766a6e44c58fd74063849099d6: Time spent starting tablet: real 0.011s	user 0.006s	sys 0.000s
I20260709 14:51:15.322700  6762 tablet_bootstrap.cc:492] T 681f28fc7ed34fcfaa9697733d52448d P 613190766a6e44c58fd74063849099d6: Bootstrap starting.
I20260709 14:51:15.325984  6761 tablet_bootstrap.cc:492] T 8c6bd8cc754f44059c01d112b4188638 P 322df6c8cdd945e09e25fb8286c30079: No bootstrap required, opened a new log
I20260709 14:51:15.326444  6761 ts_tablet_manager.cc:1403] T 8c6bd8cc754f44059c01d112b4188638 P 322df6c8cdd945e09e25fb8286c30079: Time spent bootstrapping tablet: real 0.040s	user 0.010s	sys 0.007s
I20260709 14:51:15.329123  6762 tablet_bootstrap.cc:654] T 681f28fc7ed34fcfaa9697733d52448d P 613190766a6e44c58fd74063849099d6: Neither blocks nor log segments found. Creating new log.
