I20260709 14:51:40.635025 19856 tablet_bootstrap.cc:654] T 0e3617591069414499f2b167ed987883 P 479fcf06c5c0433598fabad1b3e81291: Neither blocks nor log segments found. Creating new log.
I20260709 14:51:40.635403 20045 raft_consensus.cc:2749] T e622ef52a63d4698a05479dc2561be6a P 479fcf06c5c0433598fabad1b3e81291 [term 0 FOLLOWER]: Leader pre-election lost for term 1. Reason: could not achieve majority
W20260709 14:51:40.638585 19705 leader_election.cc:343] T a590ca6f26f74c93a3c96f093994e049 P 479fcf06c5c0433598fabad1b3e81291 [CANDIDATE]: Term 1 pre-election: Tablet error from VoteRequest() call to peer 98c9b2fef77d4a37bad7997e82a467da (127.18.24.3:43469): Illegal state: must be running to vote when last-logged opid is not known
I20260709 14:51:40.640753 19855 tablet_bootstrap.cc:492] T ccbc45de6aec4dc6bdb800a1bfd350ee P 98c9b2fef77d4a37bad7997e82a467da: No bootstrap required, opened a new log
I20260709 14:51:40.641533 19855 ts_tablet_manager.cc:1403] T ccbc45de6aec4dc6bdb800a1bfd350ee P 98c9b2fef77d4a37bad7997e82a467da: Time spent bootstrapping tablet: real 0.065s	user 0.020s	sys 0.010s
I20260709 14:51:40.644044 19855 raft_consensus.cc:359] T ccbc45de6aec4dc6bdb800a1bfd350ee P 98c9b2fef77d4a37bad7997e82a467da [term 0 FOLLOWER]: Replica starting. Triggering 0 pending ops. Active config: opid_index: -1 OBSOLETE_local: false peers { permanent_uuid: "ec18dfc4d7a342eaabbe0416ee25ba2e" member_type: VOTER last_known_addr { host: "127.18.24.1" port: 43535 } } peers { permanent_uuid: "479fcf06c5c0433598fabad1b3e81291" member_type: VOTER last_known_addr { host: "127.18.24.2" port: 42925 } } peers { permanent_uuid: "98c9b2fef77d4a37bad7997e82a467da" member_type: VOTER last_known_addr { host: "127.18.24.3" port: 43469 } }
I20260709 14:51:40.644676 19855 raft_consensus.cc:385] T ccbc45de6aec4dc6bdb800a1bfd350ee P 98c9b2fef77d4a37bad7997e82a467da [term 0 FOLLOWER]: Consensus starting up: Expiring failure detector timer to make a prompt election more likely
I20260709 14:51:40.645603 19855 raft_consensus.cc:740] T ccbc45de6aec4dc6bdb800a1bfd350ee P 98c9b2fef77d4a37bad7997e82a467da [term 0 FOLLOWER]: Becoming Follower/Learner. State: Replica: 98c9b2fef77d4a37bad7997e82a467da, State: Initialized, Role: FOLLOWER
I20260709 14:51:40.645725 20045 consensus_queue.cc:1048] T f9c41b09aed843999711dcbd33a8f91e P 479fcf06c5c0433598fabad1b3e81291 [LEADER]: Connected to new peer: Peer: permanent_uuid: "ec18dfc4d7a342eaabbe0416ee25ba2e" member_type: VOTER last_known_addr { host: "127.18.24.1" port: 43535 }, Status: LMP_MISMATCH, Last received: 0.0, Next index: 1, Last known committed idx: 0, Time since last communication: 0.001s
I20260709 14:51:40.646283 19855 consensus_queue.cc:260] T ccbc45de6aec4dc6bdb800a1bfd350ee P 98c9b2fef77d4a37bad7997e82a467da [NON_LEADER]: Queue going to NON_LEADER mode. State: All replicated index: 0, Majority replicated index: 0, Committed index: 0, Last appended: 0.0, Last appended by leader: 0, Current term: 0, Majority size: -1, State: 0, Mode: NON_LEADER, active raft config: opid_index: -1 OBSOLETE_local: false peers { permanent_uuid: "ec18dfc4d7a342eaabbe0416ee25ba2e" member_type: VOTER last_known_addr { host: "127.18.24.1" port: 43535 } } peers { permanent_uuid: "479fcf06c5c0433598fabad1b3e81291" member_type: VOTER last_known_addr { host: "127.18.24.2" port: 42925 } } peers { permanent_uuid: "98c9b2fef77d4a37bad7997e82a467da" member_type: VOTER last_known_addr { host: "127.18.24.3" port: 43469 } }
I20260709 14:51:40.648378 19855 ts_tablet_manager.cc:1434] T ccbc45de6aec4dc6bdb800a1bfd350ee P 98c9b2fef77d4a37bad7997e82a467da: Time spent starting tablet: real 0.007s	user 0.003s	sys 0.000s
I20260709 14:51:40.656860 19881 raft_consensus.cc:493] T daf5dc4ab5884c87b8ad911e6b53100d P ec18dfc4d7a342eaabbe0416ee25ba2e [term 0 FOLLOWER]: Starting pre-election (no leader contacted us within the election timeout)
I20260709 14:51:40.657387 19881 raft_consensus.cc:515] T daf5dc4ab5884c87b8ad911e6b53100d P ec18dfc4d7a342eaabbe0416ee25ba2e [term 0 FOLLOWER]: Starting pre-election with config: opid_index: -1 OBSOLETE_local: false peers { permanent_uuid: "ec18dfc4d7a342eaabbe0416ee25ba2e" member_type: VOTER last_known_addr { host: "127.18.24.1" port: 43535 } } peers { permanent_uuid: "479fcf06c5c0433598fabad1b3e81291" member_type: VOTER last_known_addr { host: "127.18.24.2" port: 42925 } } peers { permanent_uuid: "98c9b2fef77d4a37bad7997e82a467da" member_type: VOTER last_known_addr { host: "127.18.24.3" port: 43469 } }
I20260709 14:51:40.657896 19855 tablet_bootstrap.cc:492] T 1ed614cc70e24a249734ada16ed33f01 P 98c9b2fef77d4a37bad7997e82a467da: Bootstrap starting.
I20260709 14:51:40.659353 19881 leader_election.cc:290] T daf5dc4ab5884c87b8ad911e6b53100d P ec18dfc4d7a342eaabbe0416ee25ba2e [CANDIDATE]: Term 1 pre-election: Requested pre-vote from peers 479fcf06c5c0433598fabad1b3e81291 (127.18.24.2:42925), 98c9b2fef77d4a37bad7997e82a467da (127.18.24.3:43469)
I20260709 14:51:40.653512 19856 tablet_bootstrap.cc:492] T 0e3617591069414499f2b167ed987883 P 479fcf06c5c0433598fabad1b3e81291: No bootstrap required, opened a new log
I20260709 14:51:40.661451 19856 ts_tablet_manager.cc:1403] T 0e3617591069414499f2b167ed987883 P 479fcf06c5c0433598fabad1b3e81291: Time spent bootstrapping tablet: real 0.044s	user 0.015s	sys 0.000s
I20260709 14:51:40.661368 19812 tablet_service.cc:1917] Received RequestConsensusVote() RPC: tablet_id: "daf5dc4ab5884c87b8ad911e6b53100d" candidate_uuid: "ec18dfc4d7a342eaabbe0416ee25ba2e" candidate_term: 1 candidate_status { last_received { term: 0 index: 0 } } ignore_live_leader: false dest_uuid: "98c9b2fef77d4a37bad7997e82a467da" is_pre_election: true
W20260709 14:51:40.662948 19630 leader_election.cc:343] T daf5dc4ab5884c87b8ad911e6b53100d P ec18dfc4d7a342eaabbe0416ee25ba2e [CANDIDATE]: Term 1 pre-election: Tablet error from VoteRequest() call to peer 98c9b2fef77d4a37bad7997e82a467da (127.18.24.3:43469): Illegal state: must be running to vote when last-logged opid is not known
W20260709 14:51:40.647286 19705 leader_election.cc:343] T a590ca6f26f74c93a3c96f093994e049 P 479fcf06c5c0433598fabad1b3e81291 [CANDIDATE]: Term 1 pre-election: Tablet error from VoteRequest() call to peer ec18dfc4d7a342eaabbe0416ee25ba2e (127.18.24.1:43535): Illegal state: must be running to vote when last-logged opid is not known
I20260709 14:51:40.667716 19705 leader_election.cc:304] T a590ca6f26f74c93a3c96f093994e049 P 479fcf06c5c0433598fabad1b3e81291 [CANDIDATE]: Term 1 pre-election: Election decided. Result: candidate lost. Election summary: received 3 responses out of 3 voters: 1 yes votes; 2 no votes. yes voters: 479fcf06c5c0433598fabad1b3e81291; no voters: 98c9b2fef77d4a37bad7997e82a467da, ec18dfc4d7a342eaabbe0416ee25ba2e
I20260709 14:51:40.664134 19856 raft_consensus.cc:359] T 0e3617591069414499f2b167ed987883 P 479fcf06c5c0433598fabad1b3e81291 [term 0 FOLLOWER]: Replica starting. Triggering 0 pending ops. Active config: opid_index: -1 OBSOLETE_local: false peers { permanent_uuid: "ec18dfc4d7a342eaabbe0416ee25ba2e" member_type: VOTER last_known_addr { host: "127.18.24.1" port: 43535 } } peers { permanent_uuid: "479fcf06c5c0433598fabad1b3e81291" member_type: VOTER last_known_addr { host: "127.18.24.2" port: 42925 } } peers { permanent_uuid: "98c9b2fef77d4a37bad7997e82a467da" member_type: VOTER last_known_addr { host: "127.18.24.3" port: 43469 } }
I20260709 14:51:40.668741 20045 raft_consensus.cc:2749] T a590ca6f26f74c93a3c96f093994e049 P 479fcf06c5c0433598fabad1b3e81291 [term 0 FOLLOWER]: Leader pre-election lost for term 1. Reason: could not achieve majority
I20260709 14:51:40.669241 19856 raft_consensus.cc:385] T 0e3617591069414499f2b167ed987883 P 479fcf06c5c0433598fabad1b3e81291 [term 0 FOLLOWER]: Consensus starting up: Expiring failure detector timer to make a prompt election more likely
I20260709 14:51:40.669538 19856 raft_consensus.cc:740] T 0e3617591069414499f2b167ed987883 P 479fcf06c5c0433598fabad1b3e81291 [term 0 FOLLOWER]: Becoming Follower/Learner. State: Replica: 479fcf06c5c0433598fabad1b3e81291, State: Initialized, Role: FOLLOWER
W20260709 14:51:40.670744 19611 auto_rebalancer.cc:288] Could not retrieve cluster info: Service unavailable: Tablet not running
I20260709 14:51:40.671427 19856 consensus_queue.cc:260] T 0e3617591069414499f2b167ed987883 P 479fcf06c5c0433598fabad1b3e81291 [NON_LEADER]: Queue going to NON_LEADER mode. State: All replicated index: 0, Majority replicated index: 0, Committed index: 0, Last appended: 0.0, Last appended by leader: 0, Current term: 0, Majority size: -1, State: 0, Mode: NON_LEADER, active raft config: opid_index: -1 OBSOLETE_local: false peers { permanent_uuid: "ec18dfc4d7a342eaabbe0416ee25ba2e" member_type: VOTER last_known_addr { host: "127.18.24.1" port: 43535 } } peers { permanent_uuid: "479fcf06c5c0433598fabad1b3e81291" member_type: VOTER last_known_addr { host: "127.18.24.2" port: 42925 } } peers { permanent_uuid: "98c9b2fef77d4a37bad7997e82a467da" member_type: VOTER last_known_addr { host: "127.18.24.3" port: 43469 } }
I20260709 14:51:40.673216 19856 ts_tablet_manager.cc:1434] T 0e3617591069414499f2b167ed987883 P 479fcf06c5c0433598fabad1b3e81291: Time spent starting tablet: real 0.011s	user 0.006s	sys 0.000s
I20260709 14:51:40.675384 19856 tablet_bootstrap.cc:492] T 4483473a649346b5a85cf55ec86c1375 P 479fcf06c5c0433598fabad1b3e81291: Bootstrap starting.
I20260709 14:51:40.679481 19855 tablet_bootstrap.cc:654] T 1ed614cc70e24a249734ada16ed33f01 P 98c9b2fef77d4a37bad7997e82a467da: Neither blocks nor log segments found. Creating new log.
I20260709 14:51:40.689985 20048 raft_consensus.cc:493] T 0e3617591069414499f2b167ed987883 P 98c9b2fef77d4a37bad7997e82a467da [term 0 FOLLOWER]: Starting pre-election (no leader contacted us within the election timeout)
I20260709 14:51:40.690583 20048 raft_consensus.cc:515] T 0e3617591069414499f2b167ed987883 P 98c9b2fef77d4a37bad7997e82a467da [term 0 FOLLOWER]: Starting pre-election with config: opid_index: -1 OBSOLETE_local: false peers { permanent_uuid: "ec18dfc4d7a342eaabbe0416ee25ba2e" member_type: VOTER last_known_addr { host: "127.18.24.1" port: 43535 } } peers { permanent_uuid: "479fcf06c5c0433598fabad1b3e81291" member_type: VOTER last_known_addr { host: "127.18.24.2" port: 42925 } } peers { permanent_uuid: "98c9b2fef77d4a37bad7997e82a467da" member_type: VOTER last_known_addr { host: "127.18.24.3" port: 43469 } }
I20260709 14:51:40.693640 20048 leader_election.cc:290] T 0e3617591069414499f2b167ed987883 P 98c9b2fef77d4a37bad7997e82a467da [CANDIDATE]: Term 1 pre-election: Requested pre-vote from peers ec18dfc4d7a342eaabbe0416ee25ba2e (127.18.24.1:43535), 479fcf06c5c0433598fabad1b3e81291 (127.18.24.2:42925)
I20260709 14:51:40.698452 19740 tablet_service.cc:1917] Received RequestConsensusVote() RPC: tablet_id: "0e3617591069414499f2b167ed987883" candidate_uuid: "98c9b2fef77d4a37bad7997e82a467da" candidate_term: 1 candidate_status { last_received { term: 0 index: 0 } } ignore_live_leader: false dest_uuid: "479fcf06c5c0433598fabad1b3e81291" is_pre_election: true
I20260709 14:51:40.699257 19740 raft_consensus.cc:2468] T 0e3617591069414499f2b167ed987883 P 479fcf06c5c0433598fabad1b3e81291 [term 0 FOLLOWER]: Leader pre-election vote request: Granting yes vote for candidate 98c9b2fef77d4a37bad7997e82a467da in term 0.
I20260709 14:51:40.700922 19740 tablet_service.cc:1917] Received RequestConsensusVote() RPC: tablet_id: "daf5dc4ab5884c87b8ad911e6b53100d" candidate_uuid: "ec18dfc4d7a342eaabbe0416ee25ba2e" candidate_term: 1 candidate_status { last_received { term: 0 index: 0 } } ignore_live_leader: false dest_uuid: "479fcf06c5c0433598fabad1b3e81291" is_pre_election: true
I20260709 14:51:40.702611 19780 leader_election.cc:304] T 0e3617591069414499f2b167ed987883 P 98c9b2fef77d4a37bad7997e82a467da [CANDIDATE]: Term 1 pre-election: Election decided. Result: candidate won. Election summary: received 2 responses out of 3 voters: 2 yes votes; 0 no votes. yes voters: 479fcf06c5c0433598fabad1b3e81291, 98c9b2fef77d4a37bad7997e82a467da; no voters: 
I20260709 14:51:40.705049 19662 tablet_service.cc:1917] Received RequestConsensusVote() RPC: tablet_id: "0e3617591069414499f2b167ed987883" candidate_uuid: "98c9b2fef77d4a37bad7997e82a467da" candidate_term: 1 candidate_status { last_received { term: 0 index: 0 } } ignore_live_leader: false dest_uuid: "ec18dfc4d7a342eaabbe0416ee25ba2e" is_pre_election: true
W20260709 14:51:40.707202 19779 leader_election.cc:343] T 0e3617591069414499f2b167ed987883 P 98c9b2fef77d4a37bad7997e82a467da [CANDIDATE]: Term 1 pre-election: Tablet error from VoteRequest() call to peer ec18dfc4d7a342eaabbe0416ee25ba2e (127.18.24.1:43535): Illegal state: must be running to vote when last-logged opid is not known
I20260709 14:51:40.708658 19881 consensus_queue.cc:1048] T 66f53b7c7e434821abf94081f4a1a60f P ec18dfc4d7a342eaabbe0416ee25ba2e [LEADER]: Connected to new peer: Peer: permanent_uuid: "98c9b2fef77d4a37bad7997e82a467da" member_type: VOTER last_known_addr { host: "127.18.24.3" port: 43469 }, Status: LMP_MISMATCH, Last received: 0.0, Next index: 1, Last known committed idx: 0, Time since last communication: 0.001s
W20260709 14:51:40.710073 19766 tablet.cc:2406] T 0e3617591069414499f2b167ed987883 P 479fcf06c5c0433598fabad1b3e81291: Can't schedule compaction. Clean time has not been advanced past its initial value.
I20260709 14:51:40.710170 19881 consensus_queue.cc:1048] T 66f53b7c7e434821abf94081f4a1a60f P ec18dfc4d7a342eaabbe0416ee25ba2e [LEADER]: Connected to new peer: Peer: permanent_uuid: "479fcf06c5c0433598fabad1b3e81291" member_type: VOTER last_known_addr { host: "127.18.24.2" port: 42925 }, Status: LMP_MISMATCH, Last received: 0.0, Next index: 1, Last known committed idx: 0, Time since last communication: 0.001s
W20260709 14:51:40.712671 19631 leader_election.cc:343] T daf5dc4ab5884c87b8ad911e6b53100d P ec18dfc4d7a342eaabbe0416ee25ba2e [CANDIDATE]: Term 1 pre-election: Tablet error from VoteRequest() call to peer 479fcf06c5c0433598fabad1b3e81291 (127.18.24.2:42925): Illegal state: must be running to vote when last-logged opid is not known
I20260709 14:51:40.713274 19631 leader_election.cc:304] T daf5dc4ab5884c87b8ad911e6b53100d P ec18dfc4d7a342eaabbe0416ee25ba2e [CANDIDATE]: Term 1 pre-election: Election decided. Result: candidate lost. Election summary: received 3 responses out of 3 voters: 1 yes votes; 2 no votes. yes voters: ec18dfc4d7a342eaabbe0416ee25ba2e; no voters: 479fcf06c5c0433598fabad1b3e81291, 98c9b2fef77d4a37bad7997e82a467da
I20260709 14:51:40.714535 19881 raft_consensus.cc:2749] T daf5dc4ab5884c87b8ad911e6b53100d P ec18dfc4d7a342eaabbe0416ee25ba2e [term 0 FOLLOWER]: Leader pre-election lost for term 1. Reason: could not achieve majority
I20260709 14:51:40.688594 19856 tablet_bootstrap.cc:654] T 4483473a649346b5a85cf55ec86c1375 P 479fcf06c5c0433598fabad1b3e81291: Neither blocks nor log segments found. Creating new log.
I20260709 14:51:40.720865 20053 raft_consensus.cc:2804] T 0e3617591069414499f2b167ed987883 P 98c9b2fef77d4a37bad7997e82a467da [term 0 FOLLOWER]: Leader pre-election won for term 1
I20260709 14:51:40.721235 20053 raft_consensus.cc:493] T 0e3617591069414499f2b167ed987883 P 98c9b2fef77d4a37bad7997e82a467da [term 0 FOLLOWER]: Starting leader election (no leader contacted us within the election timeout)
I20260709 14:51:40.721557 20053 raft_consensus.cc:3060] T 0e3617591069414499f2b167ed987883 P 98c9b2fef77d4a37bad7997e82a467da [term 0 FOLLOWER]: Advancing to term 1
I20260709 14:51:40.728091 20053 raft_consensus.cc:515] T 0e3617591069414499f2b167ed987883 P 98c9b2fef77d4a37bad7997e82a467da [term 1 FOLLOWER]: Starting leader election with config: opid_index: -1 OBSOLETE_local: false peers { permanent_uuid: "ec18dfc4d7a342eaabbe0416ee25ba2e" member_type: VOTER last_known_addr { host: "127.18.24.1" port: 43535 } } peers { permanent_uuid: "479fcf06c5c0433598fabad1b3e81291" member_type: VOTER last_known_addr { host: "127.18.24.2" port: 42925 } } peers { permanent_uuid: "98c9b2fef77d4a37bad7997e82a467da" member_type: VOTER last_known_addr { host: "127.18.24.3" port: 43469 } }
I20260709 14:51:40.729823 20045 consensus_queue.cc:1048] T d2dbb16bda074ed08f0ad8da125571a1 P 479fcf06c5c0433598fabad1b3e81291 [LEADER]: Connected to new peer: Peer: permanent_uuid: "98c9b2fef77d4a37bad7997e82a467da" member_type: VOTER last_known_addr { host: "127.18.24.3" port: 43469 }, Status: LMP_MISMATCH, Last received: 0.0, Next index: 1, Last known committed idx: 0, Time since last communication: 0.000s
I20260709 14:51:40.731195 19740 tablet_service.cc:1917] Received RequestConsensusVote() RPC: tablet_id: "0e3617591069414499f2b167ed987883" candidate_uuid: "98c9b2fef77d4a37bad7997e82a467da" candidate_term: 1 candidate_status { last_received { term: 0 index: 0 } } ignore_live_leader: false dest_uuid: "479fcf06c5c0433598fabad1b3e81291"
I20260709 14:51:40.731838 19740 raft_consensus.cc:3060] T 0e3617591069414499f2b167ed987883 P 479fcf06c5c0433598fabad1b3e81291 [term 0 FOLLOWER]: Advancing to term 1
I20260709 14:51:40.730078 20053 leader_election.cc:290] T 0e3617591069414499f2b167ed987883 P 98c9b2fef77d4a37bad7997e82a467da [CANDIDATE]: Term 1 election: Requested vote from peers ec18dfc4d7a342eaabbe0416ee25ba2e (127.18.24.1:43535), 479fcf06c5c0433598fabad1b3e81291 (127.18.24.2:42925)
I20260709 14:51:40.738210 19663 tablet_service.cc:1917] Received RequestConsensusVote() RPC: tablet_id: "0e3617591069414499f2b167ed987883" candidate_uuid: "98c9b2fef77d4a37bad7997e82a467da" candidate_term: 1 candidate_status { last_received { term: 0 index: 0 } } ignore_live_leader: false dest_uuid: "ec18dfc4d7a342eaabbe0416ee25ba2e"
W20260709 14:51:40.742178 19779 leader_election.cc:343] T 0e3617591069414499f2b167ed987883 P 98c9b2fef77d4a37bad7997e82a467da [CANDIDATE]: Term 1 election: Tablet error from VoteRequest() call to peer ec18dfc4d7a342eaabbe0416ee25ba2e (127.18.24.1:43535): Illegal state: must be running to vote when last-logged opid is not known
I20260709 14:51:40.753310 19740 raft_consensus.cc:2468] T 0e3617591069414499f2b167ed987883 P 479fcf06c5c0433598fabad1b3e81291 [term 1 FOLLOWER]: Leader election vote request: Granting yes vote for candidate 98c9b2fef77d4a37bad7997e82a467da in term 1.
I20260709 14:51:40.754618 19780 leader_election.cc:304] T 0e3617591069414499f2b167ed987883 P 98c9b2fef77d4a37bad7997e82a467da [CANDIDATE]: Term 1 election: Election decided. Result: candidate won. Election summary: received 3 responses out of 3 voters: 2 yes votes; 1 no votes. yes voters: 479fcf06c5c0433598fabad1b3e81291, 98c9b2fef77d4a37bad7997e82a467da; no voters: ec18dfc4d7a342eaabbe0416ee25ba2e
I20260709 14:51:40.755786 20053 raft_consensus.cc:2804] T 0e3617591069414499f2b167ed987883 P 98c9b2fef77d4a37bad7997e82a467da [term 1 FOLLOWER]: Leader election won for term 1
I20260709 14:51:40.756290 20053 raft_consensus.cc:697] T 0e3617591069414499f2b167ed987883 P 98c9b2fef77d4a37bad7997e82a467da [term 1 LEADER]: Becoming Leader. State: Replica: 98c9b2fef77d4a37bad7997e82a467da, State: Running, Role: LEADER
I20260709 14:51:40.758091 20053 consensus_queue.cc:237] T 0e3617591069414499f2b167ed987883 P 98c9b2fef77d4a37bad7997e82a467da [LEADER]: Queue going to LEADER mode. State: All replicated index: 0, Majority replicated index: 0, Committed index: 0, Last appended: 0.0, Last appended by leader: 0, Current term: 1, Majority size: 2, State: 0, Mode: LEADER, active raft config: opid_index: -1 OBSOLETE_local: false peers { permanent_uuid: "ec18dfc4d7a342eaabbe0416ee25ba2e" member_type: VOTER last_known_addr { host: "127.18.24.1" port: 43535 } } peers { permanent_uuid: "479fcf06c5c0433598fabad1b3e81291" member_type: VOTER last_known_addr { host: "127.18.24.2" port: 42925 } } peers { permanent_uuid: "98c9b2fef77d4a37bad7997e82a467da" member_type: VOTER last_known_addr { host: "127.18.24.3" port: 43469 } }
I20260709 14:51:40.766625 19963 raft_consensus.cc:493] T 1ed614cc70e24a249734ada16ed33f01 P 479fcf06c5c0433598fabad1b3e81291 [term 0 FOLLOWER]: Starting pre-election (no leader contacted us within the election timeout)
I20260709 14:51:40.767107 19963 raft_consensus.cc:515] T 1ed614cc70e24a249734ada16ed33f01 P 479fcf06c5c0433598fabad1b3e81291 [term 0 FOLLOWER]: Starting pre-election with config: opid_index: -1 OBSOLETE_local: false peers { permanent_uuid: "ec18dfc4d7a342eaabbe0416ee25ba2e" member_type: VOTER last_known_addr { host: "127.18.24.1" port: 43535 } } peers { permanent_uuid: "479fcf06c5c0433598fabad1b3e81291" member_type: VOTER last_known_addr { host: "127.18.24.2" port: 42925 } } peers { permanent_uuid: "98c9b2fef77d4a37bad7997e82a467da" member_type: VOTER last_known_addr { host: "127.18.24.3" port: 43469 } }
I20260709 14:51:40.768975 19963 leader_election.cc:290] T 1ed614cc70e24a249734ada16ed33f01 P 479fcf06c5c0433598fabad1b3e81291 [CANDIDATE]: Term 1 pre-election: Requested pre-vote from peers ec18dfc4d7a342eaabbe0416ee25ba2e (127.18.24.1:43535), 98c9b2fef77d4a37bad7997e82a467da (127.18.24.3:43469)
I20260709 14:51:40.769444 19963 raft_consensus.cc:493] T 62a9f7b7991c428ba212e9def65ba71c P 479fcf06c5c0433598fabad1b3e81291 [term 0 FOLLOWER]: Starting pre-election (no leader contacted us within the election timeout)
I20260709 14:51:40.769905 19963 raft_consensus.cc:515] T 62a9f7b7991c428ba212e9def65ba71c P 479fcf06c5c0433598fabad1b3e81291 [term 0 FOLLOWER]: Starting pre-election with config: opid_index: -1 OBSOLETE_local: false peers { permanent_uuid: "ec18dfc4d7a342eaabbe0416ee25ba2e" member_type: VOTER last_known_addr { host: "127.18.24.1" port: 43535 } } peers { permanent_uuid: "479fcf06c5c0433598fabad1b3e81291" member_type: VOTER last_known_addr { host: "127.18.24.2" port: 42925 } } peers { permanent_uuid: "98c9b2fef77d4a37bad7997e82a467da" member_type: VOTER last_known_addr { host: "127.18.24.3" port: 43469 } }
I20260709 14:51:40.772075 19963 leader_election.cc:290] T 62a9f7b7991c428ba212e9def65ba71c P 479fcf06c5c0433598fabad1b3e81291 [CANDIDATE]: Term 1 pre-election: Requested pre-vote from peers ec18dfc4d7a342eaabbe0416ee25ba2e (127.18.24.1:43535), 98c9b2fef77d4a37bad7997e82a467da (127.18.24.3:43469)
I20260709 14:51:40.774407 19854 tablet_bootstrap.cc:492] T d2dbb16bda074ed08f0ad8da125571a1 P ec18dfc4d7a342eaabbe0416ee25ba2e: No bootstrap required, opened a new log
I20260709 14:51:40.775300 19854 ts_tablet_manager.cc:1403] T d2dbb16bda074ed08f0ad8da125571a1 P ec18dfc4d7a342eaabbe0416ee25ba2e: Time spent bootstrapping tablet: real 0.193s	user 0.044s	sys 0.062s
I20260709 14:51:40.776901 19855 tablet_bootstrap.cc:492] T 1ed614cc70e24a249734ada16ed33f01 P 98c9b2fef77d4a37bad7997e82a467da: No bootstrap required, opened a new log
I20260709 14:51:40.777323 19855 ts_tablet_manager.cc:1403] T 1ed614cc70e24a249734ada16ed33f01 P 98c9b2fef77d4a37bad7997e82a467da: Time spent bootstrapping tablet: real 0.120s	user 0.024s	sys 0.056s
I20260709 14:51:40.780612 19855 raft_consensus.cc:359] T 1ed614cc70e24a249734ada16ed33f01 P 98c9b2fef77d4a37bad7997e82a467da [term 0 FOLLOWER]: Replica starting. Triggering 0 pending ops. Active config: opid_index: -1 OBSOLETE_local: false peers { permanent_uuid: "ec18dfc4d7a342eaabbe0416ee25ba2e" member_type: VOTER last_known_addr { host: "127.18.24.1" port: 43535 } } peers { permanent_uuid: "479fcf06c5c0433598fabad1b3e81291" member_type: VOTER last_known_addr { host: "127.18.24.2" port: 42925 } } peers { permanent_uuid: "98c9b2fef77d4a37bad7997e82a467da" member_type: VOTER last_known_addr { host: "127.18.24.3" port: 43469 } }
I20260709 14:51:40.781427 19855 raft_consensus.cc:385] T 1ed614cc70e24a249734ada16ed33f01 P 98c9b2fef77d4a37bad7997e82a467da [term 0 FOLLOWER]: Consensus starting up: Expiring failure detector timer to make a prompt election more likely
I20260709 14:51:40.781750 19855 raft_consensus.cc:740] T 1ed614cc70e24a249734ada16ed33f01 P 98c9b2fef77d4a37bad7997e82a467da [term 0 FOLLOWER]: Becoming Follower/Learner. State: Replica: 98c9b2fef77d4a37bad7997e82a467da, State: Initialized, Role: FOLLOWER
I20260709 14:51:40.782470 19855 consensus_queue.cc:260] T 1ed614cc70e24a249734ada16ed33f01 P 98c9b2fef77d4a37bad7997e82a467da [NON_LEADER]: Queue going to NON_LEADER mode. State: All replicated index: 0, Majority replicated index: 0, Committed index: 0, Last appended: 0.0, Last appended by leader: 0, Current term: 0, Majority size: -1, State: 0, Mode: NON_LEADER, active raft config: opid_index: -1 OBSOLETE_local: false peers { permanent_uuid: "ec18dfc4d7a342eaabbe0416ee25ba2e" member_type: VOTER last_known_addr { host: "127.18.24.1" port: 43535 } } peers { permanent_uuid: "479fcf06c5c0433598fabad1b3e81291" member_type: VOTER last_known_addr { host: "127.18.24.2" port: 42925 } } peers { permanent_uuid: "98c9b2fef77d4a37bad7997e82a467da" member_type: VOTER last_known_addr { host: "127.18.24.3" port: 43469 } }
I20260709 14:51:40.783689 19854 raft_consensus.cc:359] T d2dbb16bda074ed08f0ad8da125571a1 P ec18dfc4d7a342eaabbe0416ee25ba2e [term 0 FOLLOWER]: Replica starting. Triggering 0 pending ops. Active config: opid_index: -1 OBSOLETE_local: false peers { permanent_uuid: "ec18dfc4d7a342eaabbe0416ee25ba2e" member_type: VOTER last_known_addr { host: "127.18.24.1" port: 43535 } } peers { permanent_uuid: "479fcf06c5c0433598fabad1b3e81291" member_type: VOTER last_known_addr { host: "127.18.24.2" port: 42925 } } peers { permanent_uuid: "98c9b2fef77d4a37bad7997e82a467da" member_type: VOTER last_known_addr { host: "127.18.24.3" port: 43469 } }
I20260709 14:51:40.784355 19854 raft_consensus.cc:385] T d2dbb16bda074ed08f0ad8da125571a1 P ec18dfc4d7a342eaabbe0416ee25ba2e [term 0 FOLLOWER]: Consensus starting up: Expiring failure detector timer to make a prompt election more likely
I20260709 14:51:40.784579 19855 ts_tablet_manager.cc:1434] T 1ed614cc70e24a249734ada16ed33f01 P 98c9b2fef77d4a37bad7997e82a467da: Time spent starting tablet: real 0.007s	user 0.007s	sys 0.000s
I20260709 14:51:40.784627 19854 raft_consensus.cc:740] T d2dbb16bda074ed08f0ad8da125571a1 P ec18dfc4d7a342eaabbe0416ee25ba2e [term 0 FOLLOWER]: Becoming Follower/Learner. State: Replica: ec18dfc4d7a342eaabbe0416ee25ba2e, State: Initialized, Role: FOLLOWER
I20260709 14:51:40.785580 19855 tablet_bootstrap.cc:492] T fd2ce4b475c84d719069248f3a2241dd P 98c9b2fef77d4a37bad7997e82a467da: Bootstrap starting.
I20260709 14:51:40.785692 19854 consensus_queue.cc:260] T d2dbb16bda074ed08f0ad8da125571a1 P ec18dfc4d7a342eaabbe0416ee25ba2e [NON_LEADER]: Queue going to NON_LEADER mode. State: All replicated index: 0, Majority replicated index: 0, Committed index: 0, Last appended: 0.0, Last appended by leader: 0, Current term: 0, Majority size: -1, State: 0, Mode: NON_LEADER, active raft config: opid_index: -1 OBSOLETE_local: false peers { permanent_uuid: "ec18dfc4d7a342eaabbe0416ee25ba2e" member_type: VOTER last_known_addr { host: "127.18.24.1" port: 43535 } } peers { permanent_uuid: "479fcf06c5c0433598fabad1b3e81291" member_type: VOTER last_known_addr { host: "127.18.24.2" port: 42925 } } peers { permanent_uuid: "98c9b2fef77d4a37bad7997e82a467da" member_type: VOTER last_known_addr { host: "127.18.24.3" port: 43469 } }
I20260709 14:51:40.788997 19664 tablet_service.cc:1917] Received RequestConsensusVote() RPC: tablet_id: "1ed614cc70e24a249734ada16ed33f01" candidate_uuid: "479fcf06c5c0433598fabad1b3e81291" candidate_term: 1 candidate_status { last_received { term: 0 index: 0 } } ignore_live_leader: false dest_uuid: "ec18dfc4d7a342eaabbe0416ee25ba2e" is_pre_election: true
I20260709 14:51:40.789954 19854 ts_tablet_manager.cc:1434] T d2dbb16bda074ed08f0ad8da125571a1 P ec18dfc4d7a342eaabbe0416ee25ba2e: Time spent starting tablet: real 0.009s	user 0.005s	sys 0.001s
I20260709 14:51:40.789963 19664 raft_consensus.cc:2468] T 1ed614cc70e24a249734ada16ed33f01 P ec18dfc4d7a342eaabbe0416ee25ba2e [term 0 FOLLOWER]: Leader pre-election vote request: Granting yes vote for candidate 479fcf06c5c0433598fabad1b3e81291 in term 0.
I20260709 14:51:40.791321 19854 tablet_bootstrap.cc:492] T fd2ce4b475c84d719069248f3a2241dd P ec18dfc4d7a342eaabbe0416ee25ba2e: Bootstrap starting.
I20260709 14:51:40.791579 19855 tablet_bootstrap.cc:654] T fd2ce4b475c84d719069248f3a2241dd P 98c9b2fef77d4a37bad7997e82a467da: Neither blocks nor log segments found. Creating new log.
I20260709 14:51:40.791579 20053 raft_consensus.cc:493] T ccbc45de6aec4dc6bdb800a1bfd350ee P 98c9b2fef77d4a37bad7997e82a467da [term 0 FOLLOWER]: Starting pre-election (no leader contacted us within the election timeout)
I20260709 14:51:40.792322 20053 raft_consensus.cc:515] T ccbc45de6aec4dc6bdb800a1bfd350ee P 98c9b2fef77d4a37bad7997e82a467da [term 0 FOLLOWER]: Starting pre-election with config: opid_index: -1 OBSOLETE_local: false peers { permanent_uuid: "ec18dfc4d7a342eaabbe0416ee25ba2e" member_type: VOTER last_known_addr { host: "127.18.24.1" port: 43535 } } peers { permanent_uuid: "479fcf06c5c0433598fabad1b3e81291" member_type: VOTER last_known_addr { host: "127.18.24.2" port: 42925 } } peers { permanent_uuid: "98c9b2fef77d4a37bad7997e82a467da" member_type: VOTER last_known_addr { host: "127.18.24.3" port: 43469 } }
I20260709 14:51:40.796512 19664 tablet_service.cc:1917] Received RequestConsensusVote() RPC: tablet_id: "ccbc45de6aec4dc6bdb800a1bfd350ee" candidate_uuid: "98c9b2fef77d4a37bad7997e82a467da" candidate_term: 1 candidate_status { last_received { term: 0 index: 0 } } ignore_live_leader: false dest_uuid: "ec18dfc4d7a342eaabbe0416ee25ba2e" is_pre_election: true
I20260709 14:51:40.797403 19740 tablet_service.cc:1917] Received RequestConsensusVote() RPC: tablet_id: "ccbc45de6aec4dc6bdb800a1bfd350ee" candidate_uuid: "98c9b2fef77d4a37bad7997e82a467da" candidate_term: 1 candidate_status { last_received { term: 0 index: 0 } } ignore_live_leader: false dest_uuid: "479fcf06c5c0433598fabad1b3e81291" is_pre_election: true
I20260709 14:51:40.797765 19664 raft_consensus.cc:2468] T ccbc45de6aec4dc6bdb800a1bfd350ee P ec18dfc4d7a342eaabbe0416ee25ba2e [term 0 FOLLOWER]: Leader pre-election vote request: Granting yes vote for candidate 98c9b2fef77d4a37bad7997e82a467da in term 0.
W20260709 14:51:40.798585 19780 leader_election.cc:343] T ccbc45de6aec4dc6bdb800a1bfd350ee P 98c9b2fef77d4a37bad7997e82a467da [CANDIDATE]: Term 1 pre-election: Tablet error from VoteRequest() call to peer 479fcf06c5c0433598fabad1b3e81291 (127.18.24.2:42925): Illegal state: must be running to vote when last-logged opid is not known
I20260709 14:51:40.798939 19854 tablet_bootstrap.cc:654] T fd2ce4b475c84d719069248f3a2241dd P ec18dfc4d7a342eaabbe0416ee25ba2e: Neither blocks nor log segments found. Creating new log.
I20260709 14:51:40.799139 19779 leader_election.cc:304] T ccbc45de6aec4dc6bdb800a1bfd350ee P 98c9b2fef77d4a37bad7997e82a467da [CANDIDATE]: Term 1 pre-election: Election decided. Result: candidate won. Election summary: received 3 responses out of 3 voters: 2 yes votes; 1 no votes. yes voters: 98c9b2fef77d4a37bad7997e82a467da, ec18dfc4d7a342eaabbe0416ee25ba2e; no voters: 479fcf06c5c0433598fabad1b3e81291
I20260709 14:51:40.799806 20048 raft_consensus.cc:2804] T ccbc45de6aec4dc6bdb800a1bfd350ee P 98c9b2fef77d4a37bad7997e82a467da [term 0 FOLLOWER]: Leader pre-election won for term 1
I20260709 14:51:40.800184 20048 raft_consensus.cc:493] T ccbc45de6aec4dc6bdb800a1bfd350ee P 98c9b2fef77d4a37bad7997e82a467da [term 0 FOLLOWER]: Starting leader election (no leader contacted us within the election timeout)
I20260709 14:51:40.800354 19811 tablet_service.cc:1917] Received RequestConsensusVote() RPC: tablet_id: "1ed614cc70e24a249734ada16ed33f01" candidate_uuid: "479fcf06c5c0433598fabad1b3e81291" candidate_term: 1 candidate_status { last_received { term: 0 index: 0 } } ignore_live_leader: false dest_uuid: "98c9b2fef77d4a37bad7997e82a467da" is_pre_election: true
I20260709 14:51:40.800657 19855 tablet_bootstrap.cc:492] T fd2ce4b475c84d719069248f3a2241dd P 98c9b2fef77d4a37bad7997e82a467da: No bootstrap required, opened a new log
I20260709 14:51:40.801002 19811 raft_consensus.cc:2468] T 1ed614cc70e24a249734ada16ed33f01 P 98c9b2fef77d4a37bad7997e82a467da [term 0 FOLLOWER]: Leader pre-election vote request: Granting yes vote for candidate 479fcf06c5c0433598fabad1b3e81291 in term 0.
I20260709 14:51:40.796490 20053 leader_election.cc:290] T ccbc45de6aec4dc6bdb800a1bfd350ee P 98c9b2fef77d4a37bad7997e82a467da [CANDIDATE]: Term 1 pre-election: Requested pre-vote from peers ec18dfc4d7a342eaabbe0416ee25ba2e (127.18.24.1:43535), 479fcf06c5c0433598fabad1b3e81291 (127.18.24.2:42925)
I20260709 14:51:40.800544 20048 raft_consensus.cc:3060] T ccbc45de6aec4dc6bdb800a1bfd350ee P 98c9b2fef77d4a37bad7997e82a467da [term 0 FOLLOWER]: Advancing to term 1
I20260709 14:51:40.801142 19855 ts_tablet_manager.cc:1403] T fd2ce4b475c84d719069248f3a2241dd P 98c9b2fef77d4a37bad7997e82a467da: Time spent bootstrapping tablet: real 0.016s	user 0.012s	sys 0.000s
I20260709 14:51:40.804550 19855 raft_consensus.cc:359] T fd2ce4b475c84d719069248f3a2241dd P 98c9b2fef77d4a37bad7997e82a467da [term 0 FOLLOWER]: Replica starting. Triggering 0 pending ops. Active config: opid_index: -1 OBSOLETE_local: false peers { permanent_uuid: "ec18dfc4d7a342eaabbe0416ee25ba2e" member_type: VOTER last_known_addr { host: "127.18.24.1" port: 43535 } } peers { permanent_uuid: "479fcf06c5c0433598fabad1b3e81291" member_type: VOTER last_known_addr { host: "127.18.24.2" port: 42925 } } peers { permanent_uuid: "98c9b2fef77d4a37bad7997e82a467da" member_type: VOTER last_known_addr { host: "127.18.24.3" port: 43469 } }
I20260709 14:51:40.805400 19855 raft_consensus.cc:385] T fd2ce4b475c84d719069248f3a2241dd P 98c9b2fef77d4a37bad7997e82a467da [term 0 FOLLOWER]: Consensus starting up: Expiring failure detector timer to make a prompt election more likely
I20260709 14:51:40.805727 19855 raft_consensus.cc:740] T fd2ce4b475c84d719069248f3a2241dd P 98c9b2fef77d4a37bad7997e82a467da [term 0 FOLLOWER]: Becoming Follower/Learner. State: Replica: 98c9b2fef77d4a37bad7997e82a467da, State: Initialized, Role: FOLLOWER
I20260709 14:51:40.806541 19855 consensus_queue.cc:260] T fd2ce4b475c84d719069248f3a2241dd P 98c9b2fef77d4a37bad7997e82a467da [NON_LEADER]: Queue going to NON_LEADER mode. State: All replicated index: 0, Majority replicated index: 0, Committed index: 0, Last appended: 0.0, Last appended by leader: 0, Current term: 0, Majority size: -1, State: 0, Mode: NON_LEADER, active raft config: opid_index: -1 OBSOLETE_local: false peers { permanent_uuid: "ec18dfc4d7a342eaabbe0416ee25ba2e" member_type: VOTER last_known_addr { host: "127.18.24.1" port: 43535 } } peers { permanent_uuid: "479fcf06c5c0433598fabad1b3e81291" member_type: VOTER last_known_addr { host: "127.18.24.2" port: 42925 } } peers { permanent_uuid: "98c9b2fef77d4a37bad7997e82a467da" member_type: VOTER last_known_addr { host: "127.18.24.3" port: 43469 } }
I20260709 14:51:40.810699 19811 tablet_service.cc:1917] Received RequestConsensusVote() RPC: tablet_id: "62a9f7b7991c428ba212e9def65ba71c" candidate_uuid: "479fcf06c5c0433598fabad1b3e81291" candidate_term: 1 candidate_status { last_received { term: 0 index: 0 } } ignore_live_leader: false dest_uuid: "98c9b2fef77d4a37bad7997e82a467da" is_pre_election: true
I20260709 14:51:40.800356 19664 tablet_service.cc:1917] Received RequestConsensusVote() RPC: tablet_id: "62a9f7b7991c428ba212e9def65ba71c" candidate_uuid: "479fcf06c5c0433598fabad1b3e81291" candidate_term: 1 candidate_status { last_received { term: 0 index: 0 } } ignore_live_leader: false dest_uuid: "ec18dfc4d7a342eaabbe0416ee25ba2e" is_pre_election: true
I20260709 14:51:40.813542 20048 raft_consensus.cc:515] T ccbc45de6aec4dc6bdb800a1bfd350ee P 98c9b2fef77d4a37bad7997e82a467da [term 1 FOLLOWER]: Starting leader election with config: opid_index: -1 OBSOLETE_local: false peers { permanent_uuid: "ec18dfc4d7a342eaabbe0416ee25ba2e" member_type: VOTER last_known_addr { host: "127.18.24.1" port: 43535 } } peers { permanent_uuid: "479fcf06c5c0433598fabad1b3e81291" member_type: VOTER last_known_addr { host: "127.18.24.2" port: 42925 } } peers { permanent_uuid: "98c9b2fef77d4a37bad7997e82a467da" member_type: VOTER last_known_addr { host: "127.18.24.3" port: 43469 } }
I20260709 14:51:40.819339 19856 tablet_bootstrap.cc:492] T 4483473a649346b5a85cf55ec86c1375 P 479fcf06c5c0433598fabad1b3e81291: No bootstrap required, opened a new log
I20260709 14:51:40.819839 19856 ts_tablet_manager.cc:1403] T 4483473a649346b5a85cf55ec86c1375 P 479fcf06c5c0433598fabad1b3e81291: Time spent bootstrapping tablet: real 0.145s	user 0.012s	sys 0.000s
I20260709 14:51:40.820158 19855 ts_tablet_manager.cc:1434] T fd2ce4b475c84d719069248f3a2241dd P 98c9b2fef77d4a37bad7997e82a467da: Time spent starting tablet: real 0.018s	user 0.006s	sys 0.000s
I20260709 14:51:40.821060 19664 tablet_service.cc:1917] Received RequestConsensusVote() RPC: tablet_id: "ccbc45de6aec4dc6bdb800a1bfd350ee" candidate_uuid: "98c9b2fef77d4a37bad7997e82a467da" candidate_term: 1 candidate_status { last_received { term: 0 index: 0 } } ignore_live_leader: false dest_uuid: "ec18dfc4d7a342eaabbe0416ee25ba2e"
I20260709 14:51:40.821609 19664 raft_consensus.cc:3060] T ccbc45de6aec4dc6bdb800a1bfd350ee P ec18dfc4d7a342eaabbe0416ee25ba2e [term 0 FOLLOWER]: Advancing to term 1
I20260709 14:51:40.828313 19854 tablet_bootstrap.cc:492] T fd2ce4b475c84d719069248f3a2241dd P ec18dfc4d7a342eaabbe0416ee25ba2e: No bootstrap required, opened a new log
I20260709 14:51:40.828744 19854 ts_tablet_manager.cc:1403] T fd2ce4b475c84d719069248f3a2241dd P ec18dfc4d7a342eaabbe0416ee25ba2e: Time spent bootstrapping tablet: real 0.038s	user 0.013s	sys 0.021s
I20260709 14:51:40.830360 19740 tablet_service.cc:1917] Received RequestConsensusVote() RPC: tablet_id: "ccbc45de6aec4dc6bdb800a1bfd350ee" candidate_uuid: "98c9b2fef77d4a37bad7997e82a467da" candidate_term: 1 candidate_status { last_received { term: 0 index: 0 } } ignore_live_leader: false dest_uuid: "479fcf06c5c0433598fabad1b3e81291"
I20260709 14:51:40.831300 19854 raft_consensus.cc:359] T fd2ce4b475c84d719069248f3a2241dd P ec18dfc4d7a342eaabbe0416ee25ba2e [term 0 FOLLOWER]: Replica starting. Triggering 0 pending ops. Active config: opid_index: -1 OBSOLETE_local: false peers { permanent_uuid: "ec18dfc4d7a342eaabbe0416ee25ba2e" member_type: VOTER last_known_addr { host: "127.18.24.1" port: 43535 } } peers { permanent_uuid: "479fcf06c5c0433598fabad1b3e81291" member_type: VOTER last_known_addr { host: "127.18.24.2" port: 42925 } } peers { permanent_uuid: "98c9b2fef77d4a37bad7997e82a467da" member_type: VOTER last_known_addr { host: "127.18.24.3" port: 43469 } }
W20260709 14:51:40.831645 19780 leader_election.cc:343] T ccbc45de6aec4dc6bdb800a1bfd350ee P 98c9b2fef77d4a37bad7997e82a467da [CANDIDATE]: Term 1 election: Tablet error from VoteRequest() call to peer 479fcf06c5c0433598fabad1b3e81291 (127.18.24.2:42925): Illegal state: must be running to vote when last-logged opid is not known
I20260709 14:51:40.831945 19854 raft_consensus.cc:385] T fd2ce4b475c84d719069248f3a2241dd P ec18dfc4d7a342eaabbe0416ee25ba2e [term 0 FOLLOWER]: Consensus starting up: Expiring failure detector timer to make a prompt election more likely
I20260709 14:51:40.832196 20048 leader_election.cc:290] T ccbc45de6aec4dc6bdb800a1bfd350ee P 98c9b2fef77d4a37bad7997e82a467da [CANDIDATE]: Term 1 election: Requested vote from peers ec18dfc4d7a342eaabbe0416ee25ba2e (127.18.24.1:43535), 479fcf06c5c0433598fabad1b3e81291 (127.18.24.2:42925)
I20260709 14:51:40.832240 19854 raft_consensus.cc:740] T fd2ce4b475c84d719069248f3a2241dd P ec18dfc4d7a342eaabbe0416ee25ba2e [term 0 FOLLOWER]: Becoming Follower/Learner. State: Replica: ec18dfc4d7a342eaabbe0416ee25ba2e, State: Initialized, Role: FOLLOWER
I20260709 14:51:40.828441 19664 raft_consensus.cc:2468] T ccbc45de6aec4dc6bdb800a1bfd350ee P ec18dfc4d7a342eaabbe0416ee25ba2e [term 1 FOLLOWER]: Leader election vote request: Granting yes vote for candidate 98c9b2fef77d4a37bad7997e82a467da in term 1.
I20260709 14:51:40.833145 19854 consensus_queue.cc:260] T fd2ce4b475c84d719069248f3a2241dd P ec18dfc4d7a342eaabbe0416ee25ba2e [NON_LEADER]: Queue going to NON_LEADER mode. State: All replicated index: 0, Majority replicated index: 0, Committed index: 0, Last appended: 0.0, Last appended by leader: 0, Current term: 0, Majority size: -1, State: 0, Mode: NON_LEADER, active raft config: opid_index: -1 OBSOLETE_local: false peers { permanent_uuid: "ec18dfc4d7a342eaabbe0416ee25ba2e" member_type: VOTER last_known_addr { host: "127.18.24.1" port: 43535 } } peers { permanent_uuid: "479fcf06c5c0433598fabad1b3e81291" member_type: VOTER last_known_addr { host: "127.18.24.2" port: 42925 } } peers { permanent_uuid: "98c9b2fef77d4a37bad7997e82a467da" member_type: VOTER last_known_addr { host: "127.18.24.3" port: 43469 } }
I20260709 14:51:40.833806 19779 leader_election.cc:304] T ccbc45de6aec4dc6bdb800a1bfd350ee P 98c9b2fef77d4a37bad7997e82a467da [CANDIDATE]: Term 1 election: Election decided. Result: candidate won. Election summary: received 3 responses out of 3 voters: 2 yes votes; 1 no votes. yes voters: 98c9b2fef77d4a37bad7997e82a467da, ec18dfc4d7a342eaabbe0416ee25ba2e; no voters: 479fcf06c5c0433598fabad1b3e81291
I20260709 14:51:40.834594 19854 ts_tablet_manager.cc:1434] T fd2ce4b475c84d719069248f3a2241dd P ec18dfc4d7a342eaabbe0416ee25ba2e: Time spent starting tablet: real 0.005s	user 0.003s	sys 0.001s
I20260709 14:51:40.835752 19854 tablet_bootstrap.cc:492] T 1bfc5fec72e54516a6a4ad8c9576599b P ec18dfc4d7a342eaabbe0416ee25ba2e: Bootstrap starting.
I20260709 14:51:40.835845 20053 raft_consensus.cc:2804] T ccbc45de6aec4dc6bdb800a1bfd350ee P 98c9b2fef77d4a37bad7997e82a467da [term 1 FOLLOWER]: Leader election won for term 1
I20260709 14:51:40.836301 20053 raft_consensus.cc:697] T ccbc45de6aec4dc6bdb800a1bfd350ee P 98c9b2fef77d4a37bad7997e82a467da [term 1 LEADER]: Becoming Leader. State: Replica: 98c9b2fef77d4a37bad7997e82a467da, State: Running, Role: LEADER
I20260709 14:51:40.837069 20053 consensus_queue.cc:237] T ccbc45de6aec4dc6bdb800a1bfd350ee P 98c9b2fef77d4a37bad7997e82a467da [LEADER]: Queue going to LEADER mode. State: All replicated index: 0, Majority replicated index: 0, Committed index: 0, Last appended: 0.0, Last appended by leader: 0, Current term: 1, Majority size: 2, State: 0, Mode: LEADER, active raft config: opid_index: -1 OBSOLETE_local: false peers { permanent_uuid: "ec18dfc4d7a342eaabbe0416ee25ba2e" member_type: VOTER last_known_addr { host: "127.18.24.1" port: 43535 } } peers { permanent_uuid: "479fcf06c5c0433598fabad1b3e81291" member_type: VOTER last_known_addr { host: "127.18.24.2" port: 42925 } } peers { permanent_uuid: "98c9b2fef77d4a37bad7997e82a467da" member_type: VOTER last_known_addr { host: "127.18.24.3" port: 43469 } }
I20260709 14:51:40.841622 19854 tablet_bootstrap.cc:654] T 1bfc5fec72e54516a6a4ad8c9576599b P ec18dfc4d7a342eaabbe0416ee25ba2e: Neither blocks nor log segments found. Creating new log.
I20260709 14:51:40.842765 19856 raft_consensus.cc:359] T 4483473a649346b5a85cf55ec86c1375 P 479fcf06c5c0433598fabad1b3e81291 [term 0 FOLLOWER]: Replica starting. Triggering 0 pending ops. Active config: opid_index: -1 OBSOLETE_local: false peers { permanent_uuid: "ec18dfc4d7a342eaabbe0416ee25ba2e" member_type: VOTER last_known_addr { host: "127.18.24.1" port: 43535 } } peers { permanent_uuid: "479fcf06c5c0433598fabad1b3e81291" member_type: VOTER last_known_addr { host: "127.18.24.2" port: 42925 } } peers { permanent_uuid: "98c9b2fef77d4a37bad7997e82a467da" member_type: VOTER last_known_addr { host: "127.18.24.3" port: 43469 } }
I20260709 14:51:40.843426 19856 raft_consensus.cc:385] T 4483473a649346b5a85cf55ec86c1375 P 479fcf06c5c0433598fabad1b3e81291 [term 0 FOLLOWER]: Consensus starting up: Expiring failure detector timer to make a prompt election more likely
I20260709 14:51:40.843690 19856 raft_consensus.cc:740] T 4483473a649346b5a85cf55ec86c1375 P 479fcf06c5c0433598fabad1b3e81291 [term 0 FOLLOWER]: Becoming Follower/Learner. State: Replica: 479fcf06c5c0433598fabad1b3e81291, State: Initialized, Role: FOLLOWER
I20260709 14:51:40.844514 19856 consensus_queue.cc:260] T 4483473a649346b5a85cf55ec86c1375 P 479fcf06c5c0433598fabad1b3e81291 [NON_LEADER]: Queue going to NON_LEADER mode. State: All replicated index: 0, Majority replicated index: 0, Committed index: 0, Last appended: 0.0, Last appended by leader: 0, Current term: 0, Majority size: -1, State: 0, Mode: NON_LEADER, active raft config: opid_index: -1 OBSOLETE_local: false peers { permanent_uuid: "ec18dfc4d7a342eaabbe0416ee25ba2e" member_type: VOTER last_known_addr { host: "127.18.24.1" port: 43535 } } peers { permanent_uuid: "479fcf06c5c0433598fabad1b3e81291" member_type: VOTER last_known_addr { host: "127.18.24.2" port: 42925 } } peers { permanent_uuid: "98c9b2fef77d4a37bad7997e82a467da" member_type: VOTER last_known_addr { host: "127.18.24.3" port: 43469 } }
I20260709 14:51:40.847082 19856 ts_tablet_manager.cc:1434] T 4483473a649346b5a85cf55ec86c1375 P 479fcf06c5c0433598fabad1b3e81291: Time spent starting tablet: real 0.027s	user 0.004s	sys 0.000s
I20260709 14:51:40.847887 19856 tablet_bootstrap.cc:492] T ccbc45de6aec4dc6bdb800a1bfd350ee P 479fcf06c5c0433598fabad1b3e81291: Bootstrap starting.
I20260709 14:51:40.849159 19855 tablet_bootstrap.cc:492] T 1bfc5fec72e54516a6a4ad8c9576599b P 98c9b2fef77d4a37bad7997e82a467da: Bootstrap starting.
I20260709 14:51:40.851233 19705 leader_election.cc:304] T 1ed614cc70e24a249734ada16ed33f01 P 479fcf06c5c0433598fabad1b3e81291 [CANDIDATE]: Term 1 pre-election: Election decided. Result: candidate won. Election summary: received 2 responses out of 3 voters: 2 yes votes; 0 no votes. yes voters: 479fcf06c5c0433598fabad1b3e81291, ec18dfc4d7a342eaabbe0416ee25ba2e; no voters: 
I20260709 14:51:40.851899 19962 raft_consensus.cc:2804] T 1ed614cc70e24a249734ada16ed33f01 P 479fcf06c5c0433598fabad1b3e81291 [term 0 FOLLOWER]: Leader pre-election won for term 1
I20260709 14:51:40.852262 19962 raft_consensus.cc:493] T 1ed614cc70e24a249734ada16ed33f01 P 479fcf06c5c0433598fabad1b3e81291 [term 0 FOLLOWER]: Starting leader election (no leader contacted us within the election timeout)
I20260709 14:51:40.852628 19962 raft_consensus.cc:3060] T 1ed614cc70e24a249734ada16ed33f01 P 479fcf06c5c0433598fabad1b3e81291 [term 0 FOLLOWER]: Advancing to term 1
I20260709 14:51:40.855036 19855 tablet_bootstrap.cc:654] T 1bfc5fec72e54516a6a4ad8c9576599b P 98c9b2fef77d4a37bad7997e82a467da: Neither blocks nor log segments found. Creating new log.
I20260709 14:51:40.858490 19856 tablet_bootstrap.cc:654] T ccbc45de6aec4dc6bdb800a1bfd350ee P 479fcf06c5c0433598fabad1b3e81291: Neither blocks nor log segments found. Creating new log.
W20260709 14:51:40.859563 19705 leader_election.cc:343] T 62a9f7b7991c428ba212e9def65ba71c P 479fcf06c5c0433598fabad1b3e81291 [CANDIDATE]: Term 1 pre-election: Tablet error from VoteRequest() call to peer ec18dfc4d7a342eaabbe0416ee25ba2e (127.18.24.1:43535): Illegal state: must be running to vote when last-logged opid is not known
I20260709 14:51:40.861270 19854 tablet_bootstrap.cc:492] T 1bfc5fec72e54516a6a4ad8c9576599b P ec18dfc4d7a342eaabbe0416ee25ba2e: No bootstrap required, opened a new log
I20260709 14:51:40.861680 19854 ts_tablet_manager.cc:1403] T 1bfc5fec72e54516a6a4ad8c9576599b P ec18dfc4d7a342eaabbe0416ee25ba2e: Time spent bootstrapping tablet: real 0.026s	user 0.008s	sys 0.003s
I20260709 14:51:40.867750 19663 raft_consensus.cc:3060] T d2dbb16bda074ed08f0ad8da125571a1 P ec18dfc4d7a342eaabbe0416ee25ba2e [term 0 FOLLOWER]: Advancing to term 1
I20260709 14:51:40.869388 20045 consensus_queue.cc:1048] T f9c41b09aed843999711dcbd33a8f91e P 479fcf06c5c0433598fabad1b3e81291 [LEADER]: Connected to new peer: Peer: permanent_uuid: "98c9b2fef77d4a37bad7997e82a467da" member_type: VOTER last_known_addr { host: "127.18.24.3" port: 43469 }, Status: LMP_MISMATCH, Last received: 0.0, Next index: 1, Last known committed idx: 0, Time since last communication: 0.000s
I20260709 14:51:40.873013 19561 catalog_manager.cc:5697] T 0e3617591069414499f2b167ed987883 P 98c9b2fef77d4a37bad7997e82a467da reported cstate change: term changed from 0 to 1, leader changed from <none> to 98c9b2fef77d4a37bad7997e82a467da (127.18.24.3). New cstate: current_term: 1 leader_uuid: "98c9b2fef77d4a37bad7997e82a467da" committed_config { opid_index: -1 OBSOLETE_local: false peers { permanent_uuid: "ec18dfc4d7a342eaabbe0416ee25ba2e" member_type: VOTER last_known_addr { host: "127.18.24.1" port: 43535 } health_report { overall_health: UNKNOWN } } peers { permanent_uuid: "479fcf06c5c0433598fabad1b3e81291" member_type: VOTER last_known_addr { host: "127.18.24.2" port: 42925 } health_report { overall_health: UNKNOWN } } peers { permanent_uuid: "98c9b2fef77d4a37bad7997e82a467da" member_type: VOTER last_known_addr { host: "127.18.24.3" port: 43469 } health_report { overall_health: HEALTHY } } }
I20260709 14:51:40.882202 19963 consensus_queue.cc:1048] T 693acdddbc4343e19d2f8cbd1e3c50ce P 479fcf06c5c0433598fabad1b3e81291 [LEADER]: Connected to new peer: Peer: permanent_uuid: "98c9b2fef77d4a37bad7997e82a467da" member_type: VOTER last_known_addr { host: "127.18.24.3" port: 43469 }, Status: LMP_MISMATCH, Last received: 0.0, Next index: 1, Last known committed idx: 0, Time since last communication: 0.000s
I20260709 14:51:40.882807 19855 tablet_bootstrap.cc:492] T 1bfc5fec72e54516a6a4ad8c9576599b P 98c9b2fef77d4a37bad7997e82a467da: No bootstrap required, opened a new log
I20260709 14:51:40.883208 19855 ts_tablet_manager.cc:1403] T 1bfc5fec72e54516a6a4ad8c9576599b P 98c9b2fef77d4a37bad7997e82a467da: Time spent bootstrapping tablet: real 0.034s	user 0.005s	sys 0.006s
I20260709 14:51:40.884886 19963 consensus_queue.cc:1048] T 95c1814352594f9b8b63821c115b9a3f P 479fcf06c5c0433598fabad1b3e81291 [LEADER]: Connected to new peer: Peer: permanent_uuid: "98c9b2fef77d4a37bad7997e82a467da" member_type: VOTER last_known_addr { host: "127.18.24.3" port: 43469 }, Status: LMP_MISMATCH, Last received: 0.0, Next index: 1, Last known committed idx: 0, Time since last communication: 0.001s
