I20260709 14:51:10.357082  9306 raft_consensus.cc:493] T 223228ca7cc24d29a62aa32935ef74dd P 5f5e5d3323a94099bef1f49e387d6b8f [term 0 FOLLOWER]: Starting leader election (no leader contacted us within the election timeout)
I20260709 14:51:10.357388  9306 raft_consensus.cc:3060] T 223228ca7cc24d29a62aa32935ef74dd P 5f5e5d3323a94099bef1f49e387d6b8f [term 0 FOLLOWER]: Advancing to term 1
I20260709 14:51:10.361436  9306 raft_consensus.cc:515] T 223228ca7cc24d29a62aa32935ef74dd P 5f5e5d3323a94099bef1f49e387d6b8f [term 1 FOLLOWER]: Starting leader election with config: opid_index: -1 OBSOLETE_local: false peers { permanent_uuid: "5f5e5d3323a94099bef1f49e387d6b8f" member_type: VOTER last_known_addr { host: "127.8.194.193" port: 45153 } } peers { permanent_uuid: "77e907fca7a24bb98b868a9dec524db5" member_type: VOTER last_known_addr { host: "127.8.194.194" port: 38711 } } peers { permanent_uuid: "8e91e26e201048479473f1951993e50a" member_type: VOTER last_known_addr { host: "127.8.194.195" port: 37677 } }
I20260709 14:51:10.363023  9306 leader_election.cc:290] T 223228ca7cc24d29a62aa32935ef74dd P 5f5e5d3323a94099bef1f49e387d6b8f [CANDIDATE]: Term 1 election: Requested vote from peers 77e907fca7a24bb98b868a9dec524db5 (127.8.194.194:38711), 8e91e26e201048479473f1951993e50a (127.8.194.195:37677)
I20260709 14:51:10.363790  9181 tablet_service.cc:1917] Received RequestConsensusVote() RPC: tablet_id: "223228ca7cc24d29a62aa32935ef74dd" candidate_uuid: "5f5e5d3323a94099bef1f49e387d6b8f" candidate_term: 1 candidate_status { last_received { term: 0 index: 0 } } ignore_live_leader: false dest_uuid: "77e907fca7a24bb98b868a9dec524db5"
I20260709 14:51:10.364207  9181 raft_consensus.cc:3060] T 223228ca7cc24d29a62aa32935ef74dd P 77e907fca7a24bb98b868a9dec524db5 [term 0 FOLLOWER]: Advancing to term 1
I20260709 14:51:10.364079  9255 tablet_service.cc:1917] Received RequestConsensusVote() RPC: tablet_id: "223228ca7cc24d29a62aa32935ef74dd" candidate_uuid: "5f5e5d3323a94099bef1f49e387d6b8f" candidate_term: 1 candidate_status { last_received { term: 0 index: 0 } } ignore_live_leader: false dest_uuid: "8e91e26e201048479473f1951993e50a"
I20260709 14:51:10.364734  9255 raft_consensus.cc:3060] T 223228ca7cc24d29a62aa32935ef74dd P 8e91e26e201048479473f1951993e50a [term 0 FOLLOWER]: Advancing to term 1
I20260709 14:51:10.368484  9181 raft_consensus.cc:2468] T 223228ca7cc24d29a62aa32935ef74dd P 77e907fca7a24bb98b868a9dec524db5 [term 1 FOLLOWER]: Leader election vote request: Granting yes vote for candidate 5f5e5d3323a94099bef1f49e387d6b8f in term 1.
I20260709 14:51:10.369328  9071 leader_election.cc:304] T 223228ca7cc24d29a62aa32935ef74dd P 5f5e5d3323a94099bef1f49e387d6b8f [CANDIDATE]: Term 1 election: Election decided. Result: candidate won. Election summary: received 2 responses out of 3 voters: 2 yes votes; 0 no votes. yes voters: 5f5e5d3323a94099bef1f49e387d6b8f, 77e907fca7a24bb98b868a9dec524db5; no voters: 
I20260709 14:51:10.369908  9306 raft_consensus.cc:2804] T 223228ca7cc24d29a62aa32935ef74dd P 5f5e5d3323a94099bef1f49e387d6b8f [term 1 FOLLOWER]: Leader election won for term 1
I20260709 14:51:10.370265  9306 raft_consensus.cc:697] T 223228ca7cc24d29a62aa32935ef74dd P 5f5e5d3323a94099bef1f49e387d6b8f [term 1 LEADER]: Becoming Leader. State: Replica: 5f5e5d3323a94099bef1f49e387d6b8f, State: Running, Role: LEADER
I20260709 14:51:10.370965  9306 consensus_queue.cc:237] T 223228ca7cc24d29a62aa32935ef74dd P 5f5e5d3323a94099bef1f49e387d6b8f [LEADER]: Queue going to LEADER mode. State: All replicated index: 0, Majority replicated index: 0, Committed index: 0, Last appended: 0.0, Last appended by leader: 0, Current term: 1, Majority size: 2, State: 0, Mode: LEADER, active raft config: opid_index: -1 OBSOLETE_local: false peers { permanent_uuid: "5f5e5d3323a94099bef1f49e387d6b8f" member_type: VOTER last_known_addr { host: "127.8.194.193" port: 45153 } } peers { permanent_uuid: "77e907fca7a24bb98b868a9dec524db5" member_type: VOTER last_known_addr { host: "127.8.194.194" port: 38711 } } peers { permanent_uuid: "8e91e26e201048479473f1951993e50a" member_type: VOTER last_known_addr { host: "127.8.194.195" port: 37677 } }
I20260709 14:51:10.371490  9255 raft_consensus.cc:2468] T 223228ca7cc24d29a62aa32935ef74dd P 8e91e26e201048479473f1951993e50a [term 1 FOLLOWER]: Leader election vote request: Granting yes vote for candidate 5f5e5d3323a94099bef1f49e387d6b8f in term 1.
I20260709 14:51:10.381280  9001 catalog_manager.cc:5697] T 223228ca7cc24d29a62aa32935ef74dd P 5f5e5d3323a94099bef1f49e387d6b8f reported cstate change: term changed from 0 to 1, leader changed from <none> to 5f5e5d3323a94099bef1f49e387d6b8f (127.8.194.193). New cstate: current_term: 1 leader_uuid: "5f5e5d3323a94099bef1f49e387d6b8f" committed_config { opid_index: -1 OBSOLETE_local: false peers { permanent_uuid: "5f5e5d3323a94099bef1f49e387d6b8f" member_type: VOTER last_known_addr { host: "127.8.194.193" port: 45153 } health_report { overall_health: HEALTHY } } peers { permanent_uuid: "77e907fca7a24bb98b868a9dec524db5" member_type: VOTER last_known_addr { host: "127.8.194.194" port: 38711 } health_report { overall_health: UNKNOWN } } peers { permanent_uuid: "8e91e26e201048479473f1951993e50a" member_type: VOTER last_known_addr { host: "127.8.194.195" port: 37677 } health_report { overall_health: UNKNOWN } } }
I20260709 14:51:10.391544  9305 raft_consensus.cc:493] T 2571320f7eaf40189416519a018389ae P 77e907fca7a24bb98b868a9dec524db5 [term 0 FOLLOWER]: Starting pre-election (no leader contacted us within the election timeout)
I20260709 14:51:10.392035  9305 raft_consensus.cc:515] T 2571320f7eaf40189416519a018389ae P 77e907fca7a24bb98b868a9dec524db5 [term 0 FOLLOWER]: Starting pre-election with config: opid_index: -1 OBSOLETE_local: false peers { permanent_uuid: "5f5e5d3323a94099bef1f49e387d6b8f" member_type: VOTER last_known_addr { host: "127.8.194.193" port: 45153 } } peers { permanent_uuid: "77e907fca7a24bb98b868a9dec524db5" member_type: VOTER last_known_addr { host: "127.8.194.194" port: 38711 } } peers { permanent_uuid: "8e91e26e201048479473f1951993e50a" member_type: VOTER last_known_addr { host: "127.8.194.195" port: 37677 } }
I20260709 14:51:10.394052  9305 leader_election.cc:290] T 2571320f7eaf40189416519a018389ae P 77e907fca7a24bb98b868a9dec524db5 [CANDIDATE]: Term 1 pre-election: Requested pre-vote from peers 5f5e5d3323a94099bef1f49e387d6b8f (127.8.194.193:45153), 8e91e26e201048479473f1951993e50a (127.8.194.195:37677)
I20260709 14:51:10.394686  9104 tablet_service.cc:1917] Received RequestConsensusVote() RPC: tablet_id: "2571320f7eaf40189416519a018389ae" candidate_uuid: "77e907fca7a24bb98b868a9dec524db5" candidate_term: 1 candidate_status { last_received { term: 0 index: 0 } } ignore_live_leader: false dest_uuid: "5f5e5d3323a94099bef1f49e387d6b8f" is_pre_election: true
I20260709 14:51:10.394937  9255 tablet_service.cc:1917] Received RequestConsensusVote() RPC: tablet_id: "2571320f7eaf40189416519a018389ae" candidate_uuid: "77e907fca7a24bb98b868a9dec524db5" candidate_term: 1 candidate_status { last_received { term: 0 index: 0 } } ignore_live_leader: false dest_uuid: "8e91e26e201048479473f1951993e50a" is_pre_election: true
I20260709 14:51:10.395218  9104 raft_consensus.cc:2468] T 2571320f7eaf40189416519a018389ae P 5f5e5d3323a94099bef1f49e387d6b8f [term 0 FOLLOWER]: Leader pre-election vote request: Granting yes vote for candidate 77e907fca7a24bb98b868a9dec524db5 in term 0.
I20260709 14:51:10.395556  9255 raft_consensus.cc:2468] T 2571320f7eaf40189416519a018389ae P 8e91e26e201048479473f1951993e50a [term 0 FOLLOWER]: Leader pre-election vote request: Granting yes vote for candidate 77e907fca7a24bb98b868a9dec524db5 in term 0.
I20260709 14:51:10.396067  9144 leader_election.cc:304] T 2571320f7eaf40189416519a018389ae P 77e907fca7a24bb98b868a9dec524db5 [CANDIDATE]: Term 1 pre-election: Election decided. Result: candidate won. Election summary: received 2 responses out of 3 voters: 2 yes votes; 0 no votes. yes voters: 5f5e5d3323a94099bef1f49e387d6b8f, 77e907fca7a24bb98b868a9dec524db5; no voters: 
I20260709 14:51:10.396754  9305 raft_consensus.cc:2804] T 2571320f7eaf40189416519a018389ae P 77e907fca7a24bb98b868a9dec524db5 [term 0 FOLLOWER]: Leader pre-election won for term 1
I20260709 14:51:10.397099  9305 raft_consensus.cc:493] T 2571320f7eaf40189416519a018389ae P 77e907fca7a24bb98b868a9dec524db5 [term 0 FOLLOWER]: Starting leader election (no leader contacted us within the election timeout)
I20260709 14:51:10.397473  9305 raft_consensus.cc:3060] T 2571320f7eaf40189416519a018389ae P 77e907fca7a24bb98b868a9dec524db5 [term 0 FOLLOWER]: Advancing to term 1
I20260709 14:51:10.403898  9305 raft_consensus.cc:515] T 2571320f7eaf40189416519a018389ae P 77e907fca7a24bb98b868a9dec524db5 [term 1 FOLLOWER]: Starting leader election with config: opid_index: -1 OBSOLETE_local: false peers { permanent_uuid: "5f5e5d3323a94099bef1f49e387d6b8f" member_type: VOTER last_known_addr { host: "127.8.194.193" port: 45153 } } peers { permanent_uuid: "77e907fca7a24bb98b868a9dec524db5" member_type: VOTER last_known_addr { host: "127.8.194.194" port: 38711 } } peers { permanent_uuid: "8e91e26e201048479473f1951993e50a" member_type: VOTER last_known_addr { host: "127.8.194.195" port: 37677 } }
I20260709 14:51:10.405896  9305 leader_election.cc:290] T 2571320f7eaf40189416519a018389ae P 77e907fca7a24bb98b868a9dec524db5 [CANDIDATE]: Term 1 election: Requested vote from peers 5f5e5d3323a94099bef1f49e387d6b8f (127.8.194.193:45153), 8e91e26e201048479473f1951993e50a (127.8.194.195:37677)
I20260709 14:51:10.406436  9104 tablet_service.cc:1917] Received RequestConsensusVote() RPC: tablet_id: "2571320f7eaf40189416519a018389ae" candidate_uuid: "77e907fca7a24bb98b868a9dec524db5" candidate_term: 1 candidate_status { last_received { term: 0 index: 0 } } ignore_live_leader: false dest_uuid: "5f5e5d3323a94099bef1f49e387d6b8f"
I20260709 14:51:10.406792  9255 tablet_service.cc:1917] Received RequestConsensusVote() RPC: tablet_id: "2571320f7eaf40189416519a018389ae" candidate_uuid: "77e907fca7a24bb98b868a9dec524db5" candidate_term: 1 candidate_status { last_received { term: 0 index: 0 } } ignore_live_leader: false dest_uuid: "8e91e26e201048479473f1951993e50a"
I20260709 14:51:10.406972  9104 raft_consensus.cc:3060] T 2571320f7eaf40189416519a018389ae P 5f5e5d3323a94099bef1f49e387d6b8f [term 0 FOLLOWER]: Advancing to term 1
I20260709 14:51:10.407339  9255 raft_consensus.cc:3060] T 2571320f7eaf40189416519a018389ae P 8e91e26e201048479473f1951993e50a [term 0 FOLLOWER]: Advancing to term 1
I20260709 14:51:10.411770  9104 raft_consensus.cc:2468] T 2571320f7eaf40189416519a018389ae P 5f5e5d3323a94099bef1f49e387d6b8f [term 1 FOLLOWER]: Leader election vote request: Granting yes vote for candidate 77e907fca7a24bb98b868a9dec524db5 in term 1.
I20260709 14:51:10.413527  9255 raft_consensus.cc:2468] T 2571320f7eaf40189416519a018389ae P 8e91e26e201048479473f1951993e50a [term 1 FOLLOWER]: Leader election vote request: Granting yes vote for candidate 77e907fca7a24bb98b868a9dec524db5 in term 1.
I20260709 14:51:10.414129  9305 consensus_queue.cc:1048] T 25f35be1f2ce4e9e9c3639b811428dde P 77e907fca7a24bb98b868a9dec524db5 [LEADER]: Connected to new peer: Peer: permanent_uuid: "8e91e26e201048479473f1951993e50a" member_type: VOTER last_known_addr { host: "127.8.194.195" port: 37677 }, Status: LMP_MISMATCH, Last received: 0.0, Next index: 1, Last known committed idx: 0, Time since last communication: 0.000s
I20260709 14:51:10.414299  9144 leader_election.cc:304] T 2571320f7eaf40189416519a018389ae P 77e907fca7a24bb98b868a9dec524db5 [CANDIDATE]: Term 1 election: Election decided. Result: candidate won. Election summary: received 2 responses out of 3 voters: 2 yes votes; 0 no votes. yes voters: 5f5e5d3323a94099bef1f49e387d6b8f, 77e907fca7a24bb98b868a9dec524db5; no voters: 
I20260709 14:51:10.415097  9331 raft_consensus.cc:2804] T 2571320f7eaf40189416519a018389ae P 77e907fca7a24bb98b868a9dec524db5 [term 1 FOLLOWER]: Leader election won for term 1
I20260709 14:51:10.415570  9331 raft_consensus.cc:697] T 2571320f7eaf40189416519a018389ae P 77e907fca7a24bb98b868a9dec524db5 [term 1 LEADER]: Becoming Leader. State: Replica: 77e907fca7a24bb98b868a9dec524db5, State: Running, Role: LEADER
I20260709 14:51:10.416343  9331 consensus_queue.cc:237] T 2571320f7eaf40189416519a018389ae P 77e907fca7a24bb98b868a9dec524db5 [LEADER]: Queue going to LEADER mode. State: All replicated index: 0, Majority replicated index: 0, Committed index: 0, Last appended: 0.0, Last appended by leader: 0, Current term: 1, Majority size: 2, State: 0, Mode: LEADER, active raft config: opid_index: -1 OBSOLETE_local: false peers { permanent_uuid: "5f5e5d3323a94099bef1f49e387d6b8f" member_type: VOTER last_known_addr { host: "127.8.194.193" port: 45153 } } peers { permanent_uuid: "77e907fca7a24bb98b868a9dec524db5" member_type: VOTER last_known_addr { host: "127.8.194.194" port: 38711 } } peers { permanent_uuid: "8e91e26e201048479473f1951993e50a" member_type: VOTER last_known_addr { host: "127.8.194.195" port: 37677 } }
I20260709 14:51:10.427979  9000 catalog_manager.cc:5697] T 2571320f7eaf40189416519a018389ae P 77e907fca7a24bb98b868a9dec524db5 reported cstate change: term changed from 0 to 1, leader changed from <none> to 77e907fca7a24bb98b868a9dec524db5 (127.8.194.194). New cstate: current_term: 1 leader_uuid: "77e907fca7a24bb98b868a9dec524db5" committed_config { opid_index: -1 OBSOLETE_local: false peers { permanent_uuid: "5f5e5d3323a94099bef1f49e387d6b8f" member_type: VOTER last_known_addr { host: "127.8.194.193" port: 45153 } health_report { overall_health: UNKNOWN } } peers { permanent_uuid: "77e907fca7a24bb98b868a9dec524db5" member_type: VOTER last_known_addr { host: "127.8.194.194" port: 38711 } health_report { overall_health: HEALTHY } } peers { permanent_uuid: "8e91e26e201048479473f1951993e50a" member_type: VOTER last_known_addr { host: "127.8.194.195" port: 37677 } health_report { overall_health: UNKNOWN } } }
I20260709 14:51:10.442018  9304 consensus_queue.cc:1048] T fc0db4508c364a33aac192f4cad675b5 P 8e91e26e201048479473f1951993e50a [LEADER]: Connected to new peer: Peer: permanent_uuid: "77e907fca7a24bb98b868a9dec524db5" member_type: VOTER last_known_addr { host: "127.8.194.194" port: 38711 }, Status: LMP_MISMATCH, Last received: 0.0, Next index: 1, Last known committed idx: 0, Time since last communication: 0.000s
I20260709 14:51:10.447845  9331 consensus_queue.cc:1048] T 25f35be1f2ce4e9e9c3639b811428dde P 77e907fca7a24bb98b868a9dec524db5 [LEADER]: Connected to new peer: Peer: permanent_uuid: "5f5e5d3323a94099bef1f49e387d6b8f" member_type: VOTER last_known_addr { host: "127.8.194.193" port: 45153 }, Status: LMP_MISMATCH, Last received: 0.0, Next index: 1, Last known committed idx: 0, Time since last communication: 0.000s
I20260709 14:51:10.451762  9304 consensus_queue.cc:1048] T fc0db4508c364a33aac192f4cad675b5 P 8e91e26e201048479473f1951993e50a [LEADER]: Connected to new peer: Peer: permanent_uuid: "5f5e5d3323a94099bef1f49e387d6b8f" member_type: VOTER last_known_addr { host: "127.8.194.193" port: 45153 }, Status: LMP_MISMATCH, Last received: 0.0, Next index: 1, Last known committed idx: 0, Time since last communication: 0.000s
I20260709 14:51:10.473002  9306 consensus_queue.cc:1048] T bb77886e9ca14255853e359e6f9ffd05 P 5f5e5d3323a94099bef1f49e387d6b8f [LEADER]: Connected to new peer: Peer: permanent_uuid: "77e907fca7a24bb98b868a9dec524db5" member_type: VOTER last_known_addr { host: "127.8.194.194" port: 38711 }, Status: LMP_MISMATCH, Last received: 0.0, Next index: 1, Last known committed idx: 0, Time since last communication: 0.000s
I20260709 14:51:10.485436  9254 raft_consensus.cc:3060] T bb77886e9ca14255853e359e6f9ffd05 P 8e91e26e201048479473f1951993e50a [term 0 FOLLOWER]: Advancing to term 1
I20260709 14:51:10.496876  9304 raft_consensus.cc:493] T bb77886e9ca14255853e359e6f9ffd05 P 8e91e26e201048479473f1951993e50a [term 1 FOLLOWER]: Starting pre-election (no leader contacted us within the election timeout)
I20260709 14:51:10.497354  9304 raft_consensus.cc:515] T bb77886e9ca14255853e359e6f9ffd05 P 8e91e26e201048479473f1951993e50a [term 1 FOLLOWER]: Starting pre-election with config: opid_index: -1 OBSOLETE_local: false peers { permanent_uuid: "5f5e5d3323a94099bef1f49e387d6b8f" member_type: VOTER last_known_addr { host: "127.8.194.193" port: 45153 } } peers { permanent_uuid: "77e907fca7a24bb98b868a9dec524db5" member_type: VOTER last_known_addr { host: "127.8.194.194" port: 38711 } } peers { permanent_uuid: "8e91e26e201048479473f1951993e50a" member_type: VOTER last_known_addr { host: "127.8.194.195" port: 37677 } }
I20260709 14:51:10.501374  9304 leader_election.cc:290] T bb77886e9ca14255853e359e6f9ffd05 P 8e91e26e201048479473f1951993e50a [CANDIDATE]: Term 2 pre-election: Requested pre-vote from peers 5f5e5d3323a94099bef1f49e387d6b8f (127.8.194.193:45153), 77e907fca7a24bb98b868a9dec524db5 (127.8.194.194:38711)
I20260709 14:51:10.502506  9180 tablet_service.cc:1917] Received RequestConsensusVote() RPC: tablet_id: "bb77886e9ca14255853e359e6f9ffd05" candidate_uuid: "8e91e26e201048479473f1951993e50a" candidate_term: 2 candidate_status { last_received { term: 0 index: 0 } } ignore_live_leader: false dest_uuid: "77e907fca7a24bb98b868a9dec524db5" is_pre_election: true
I20260709 14:51:10.519860  9105 tablet_service.cc:1917] Received RequestConsensusVote() RPC: tablet_id: "bb77886e9ca14255853e359e6f9ffd05" candidate_uuid: "8e91e26e201048479473f1951993e50a" candidate_term: 2 candidate_status { last_received { term: 0 index: 0 } } ignore_live_leader: false dest_uuid: "5f5e5d3323a94099bef1f49e387d6b8f" is_pre_election: true
I20260709 14:51:10.520156  9306 consensus_queue.cc:1048] T bb77886e9ca14255853e359e6f9ffd05 P 5f5e5d3323a94099bef1f49e387d6b8f [LEADER]: Connected to new peer: Peer: permanent_uuid: "8e91e26e201048479473f1951993e50a" member_type: VOTER last_known_addr { host: "127.8.194.195" port: 37677 }, Status: LMP_MISMATCH, Last received: 0.0, Next index: 1, Last known committed idx: 0, Time since last communication: 0.000s
I20260709 14:51:10.524535  9218 leader_election.cc:304] T bb77886e9ca14255853e359e6f9ffd05 P 8e91e26e201048479473f1951993e50a [CANDIDATE]: Term 2 pre-election: Election decided. Result: candidate lost. Election summary: received 3 responses out of 3 voters: 1 yes votes; 2 no votes. yes voters: 8e91e26e201048479473f1951993e50a; no voters: 5f5e5d3323a94099bef1f49e387d6b8f, 77e907fca7a24bb98b868a9dec524db5
I20260709 14:51:10.526294  9253 raft_consensus.cc:3060] T 1401bda0f30547c5a0f69a462a218dd2 P 8e91e26e201048479473f1951993e50a [term 0 FOLLOWER]: Advancing to term 1
I20260709 14:51:10.530297  9304 raft_consensus.cc:2749] T bb77886e9ca14255853e359e6f9ffd05 P 8e91e26e201048479473f1951993e50a [term 1 FOLLOWER]: Leader pre-election lost for term 2. Reason: could not achieve majority
I20260709 14:51:10.533062  9334 consensus_queue.cc:1048] T ba72a184631740d1991b519f34764c37 P 77e907fca7a24bb98b868a9dec524db5 [LEADER]: Connected to new peer: Peer: permanent_uuid: "8e91e26e201048479473f1951993e50a" member_type: VOTER last_known_addr { host: "127.8.194.195" port: 37677 }, Status: LMP_MISMATCH, Last received: 0.0, Next index: 1, Last known committed idx: 0, Time since last communication: 0.000s
I20260709 14:51:10.540678  9334 consensus_queue.cc:1048] T 1401bda0f30547c5a0f69a462a218dd2 P 77e907fca7a24bb98b868a9dec524db5 [LEADER]: Connected to new peer: Peer: permanent_uuid: "8e91e26e201048479473f1951993e50a" member_type: VOTER last_known_addr { host: "127.8.194.195" port: 37677 }, Status: LMP_MISMATCH, Last received: 0.0, Next index: 1, Last known committed idx: 0, Time since last communication: 0.000s
I20260709 14:51:10.541505  9367 raft_consensus.cc:493] T 1401bda0f30547c5a0f69a462a218dd2 P 8e91e26e201048479473f1951993e50a [term 1 FOLLOWER]: Starting pre-election (no leader contacted us within the election timeout)
I20260709 14:51:10.542062  9367 raft_consensus.cc:515] T 1401bda0f30547c5a0f69a462a218dd2 P 8e91e26e201048479473f1951993e50a [term 1 FOLLOWER]: Starting pre-election with config: opid_index: -1 OBSOLETE_local: false peers { permanent_uuid: "5f5e5d3323a94099bef1f49e387d6b8f" member_type: VOTER last_known_addr { host: "127.8.194.193" port: 45153 } } peers { permanent_uuid: "77e907fca7a24bb98b868a9dec524db5" member_type: VOTER last_known_addr { host: "127.8.194.194" port: 38711 } } peers { permanent_uuid: "8e91e26e201048479473f1951993e50a" member_type: VOTER last_known_addr { host: "127.8.194.195" port: 37677 } }
I20260709 14:51:10.550482  9367 leader_election.cc:290] T 1401bda0f30547c5a0f69a462a218dd2 P 8e91e26e201048479473f1951993e50a [CANDIDATE]: Term 2 pre-election: Requested pre-vote from peers 5f5e5d3323a94099bef1f49e387d6b8f (127.8.194.193:45153), 77e907fca7a24bb98b868a9dec524db5 (127.8.194.194:38711)
I20260709 14:51:10.551446  9180 tablet_service.cc:1917] Received RequestConsensusVote() RPC: tablet_id: "1401bda0f30547c5a0f69a462a218dd2" candidate_uuid: "8e91e26e201048479473f1951993e50a" candidate_term: 2 candidate_status { last_received { term: 0 index: 0 } } ignore_live_leader: false dest_uuid: "77e907fca7a24bb98b868a9dec524db5" is_pre_election: true
I20260709 14:51:10.553218  9105 tablet_service.cc:1917] Received RequestConsensusVote() RPC: tablet_id: "1401bda0f30547c5a0f69a462a218dd2" candidate_uuid: "8e91e26e201048479473f1951993e50a" candidate_term: 2 candidate_status { last_received { term: 0 index: 0 } } ignore_live_leader: false dest_uuid: "5f5e5d3323a94099bef1f49e387d6b8f" is_pre_election: true
I20260709 14:51:10.553889  9105 raft_consensus.cc:2468] T 1401bda0f30547c5a0f69a462a218dd2 P 5f5e5d3323a94099bef1f49e387d6b8f [term 1 FOLLOWER]: Leader pre-election vote request: Granting yes vote for candidate 8e91e26e201048479473f1951993e50a in term 1.
I20260709 14:51:10.555105  9218 leader_election.cc:304] T 1401bda0f30547c5a0f69a462a218dd2 P 8e91e26e201048479473f1951993e50a [CANDIDATE]: Term 2 pre-election: Election decided. Result: candidate won. Election summary: received 3 responses out of 3 voters: 2 yes votes; 1 no votes. yes voters: 5f5e5d3323a94099bef1f49e387d6b8f, 8e91e26e201048479473f1951993e50a; no voters: 77e907fca7a24bb98b868a9dec524db5
I20260709 14:51:10.559921  9363 raft_consensus.cc:2804] T 1401bda0f30547c5a0f69a462a218dd2 P 8e91e26e201048479473f1951993e50a [term 1 FOLLOWER]: Leader pre-election won for term 2
I20260709 14:51:10.567224  9305 consensus_queue.cc:1048] T 1401bda0f30547c5a0f69a462a218dd2 P 77e907fca7a24bb98b868a9dec524db5 [LEADER]: Connected to new peer: Peer: permanent_uuid: "5f5e5d3323a94099bef1f49e387d6b8f" member_type: VOTER last_known_addr { host: "127.8.194.193" port: 45153 }, Status: LMP_MISMATCH, Last received: 0.0, Next index: 1, Last known committed idx: 0, Time since last communication: 0.000s
I20260709 14:51:10.573460  9363 raft_consensus.cc:493] T 1401bda0f30547c5a0f69a462a218dd2 P 8e91e26e201048479473f1951993e50a [term 1 FOLLOWER]: Starting leader election (detected failure of leader 77e907fca7a24bb98b868a9dec524db5)
I20260709 14:51:10.573844  9363 raft_consensus.cc:3060] T 1401bda0f30547c5a0f69a462a218dd2 P 8e91e26e201048479473f1951993e50a [term 1 FOLLOWER]: Advancing to term 2
I20260709 14:51:10.580097  9363 raft_consensus.cc:515] T 1401bda0f30547c5a0f69a462a218dd2 P 8e91e26e201048479473f1951993e50a [term 2 FOLLOWER]: Starting leader election with config: opid_index: -1 OBSOLETE_local: false peers { permanent_uuid: "5f5e5d3323a94099bef1f49e387d6b8f" member_type: VOTER last_known_addr { host: "127.8.194.193" port: 45153 } } peers { permanent_uuid: "77e907fca7a24bb98b868a9dec524db5" member_type: VOTER last_known_addr { host: "127.8.194.194" port: 38711 } } peers { permanent_uuid: "8e91e26e201048479473f1951993e50a" member_type: VOTER last_known_addr { host: "127.8.194.195" port: 37677 } }
I20260709 14:51:10.582592  9105 tablet_service.cc:1917] Received RequestConsensusVote() RPC: tablet_id: "1401bda0f30547c5a0f69a462a218dd2" candidate_uuid: "8e91e26e201048479473f1951993e50a" candidate_term: 2 candidate_status { last_received { term: 1 index: 1 } } ignore_live_leader: false dest_uuid: "5f5e5d3323a94099bef1f49e387d6b8f"
I20260709 14:51:10.583385  9180 tablet_service.cc:1917] Received RequestConsensusVote() RPC: tablet_id: "1401bda0f30547c5a0f69a462a218dd2" candidate_uuid: "8e91e26e201048479473f1951993e50a" candidate_term: 2 candidate_status { last_received { term: 1 index: 1 } } ignore_live_leader: false dest_uuid: "77e907fca7a24bb98b868a9dec524db5"
I20260709 14:51:10.587797  9220 leader_election.cc:304] T 1401bda0f30547c5a0f69a462a218dd2 P 8e91e26e201048479473f1951993e50a [CANDIDATE]: Term 2 election: Election decided. Result: candidate lost. Election summary: received 3 responses out of 3 voters: 1 yes votes; 2 no votes. yes voters: 8e91e26e201048479473f1951993e50a; no voters: 5f5e5d3323a94099bef1f49e387d6b8f, 77e907fca7a24bb98b868a9dec524db5
I20260709 14:51:10.588507  9363 leader_election.cc:290] T 1401bda0f30547c5a0f69a462a218dd2 P 8e91e26e201048479473f1951993e50a [CANDIDATE]: Term 2 election: Requested vote from peers 5f5e5d3323a94099bef1f49e387d6b8f (127.8.194.193:45153), 77e907fca7a24bb98b868a9dec524db5 (127.8.194.194:38711)
I20260709 14:51:10.589061  9367 raft_consensus.cc:2749] T 1401bda0f30547c5a0f69a462a218dd2 P 8e91e26e201048479473f1951993e50a [term 2 FOLLOWER]: Leader election lost for term 2. Reason: could not achieve majority
I20260709 14:51:10.592236  9105 raft_consensus.cc:3060] T ba72a184631740d1991b519f34764c37 P 5f5e5d3323a94099bef1f49e387d6b8f [term 0 FOLLOWER]: Advancing to term 1
I20260709 14:51:10.599232  9306 raft_consensus.cc:493] T ba72a184631740d1991b519f34764c37 P 5f5e5d3323a94099bef1f49e387d6b8f [term 1 FOLLOWER]: Starting pre-election (no leader contacted us within the election timeout)
I20260709 14:51:10.599674  9306 raft_consensus.cc:515] T ba72a184631740d1991b519f34764c37 P 5f5e5d3323a94099bef1f49e387d6b8f [term 1 FOLLOWER]: Starting pre-election with config: opid_index: -1 OBSOLETE_local: false peers { permanent_uuid: "5f5e5d3323a94099bef1f49e387d6b8f" member_type: VOTER last_known_addr { host: "127.8.194.193" port: 45153 } } peers { permanent_uuid: "77e907fca7a24bb98b868a9dec524db5" member_type: VOTER last_known_addr { host: "127.8.194.194" port: 38711 } } peers { permanent_uuid: "8e91e26e201048479473f1951993e50a" member_type: VOTER last_known_addr { host: "127.8.194.195" port: 37677 } }
I20260709 14:51:10.601572  9306 leader_election.cc:290] T ba72a184631740d1991b519f34764c37 P 5f5e5d3323a94099bef1f49e387d6b8f [CANDIDATE]: Term 2 pre-election: Requested pre-vote from peers 77e907fca7a24bb98b868a9dec524db5 (127.8.194.194:38711), 8e91e26e201048479473f1951993e50a (127.8.194.195:37677)
I20260709 14:51:10.602851  9334 consensus_queue.cc:1048] T ba72a184631740d1991b519f34764c37 P 77e907fca7a24bb98b868a9dec524db5 [LEADER]: Connected to new peer: Peer: permanent_uuid: "5f5e5d3323a94099bef1f49e387d6b8f" member_type: VOTER last_known_addr { host: "127.8.194.193" port: 45153 }, Status: LMP_MISMATCH, Last received: 0.0, Next index: 1, Last known committed idx: 0, Time since last communication: 0.000s
I20260709 14:51:10.602599  9180 tablet_service.cc:1917] Received RequestConsensusVote() RPC: tablet_id: "ba72a184631740d1991b519f34764c37" candidate_uuid: "5f5e5d3323a94099bef1f49e387d6b8f" candidate_term: 2 candidate_status { last_received { term: 0 index: 0 } } ignore_live_leader: false dest_uuid: "77e907fca7a24bb98b868a9dec524db5" is_pre_election: true
I20260709 14:51:10.606329  9253 tablet_service.cc:1917] Received RequestConsensusVote() RPC: tablet_id: "ba72a184631740d1991b519f34764c37" candidate_uuid: "5f5e5d3323a94099bef1f49e387d6b8f" candidate_term: 2 candidate_status { last_received { term: 0 index: 0 } } ignore_live_leader: false dest_uuid: "8e91e26e201048479473f1951993e50a" is_pre_election: true
I20260709 14:51:10.607810  9069 leader_election.cc:304] T ba72a184631740d1991b519f34764c37 P 5f5e5d3323a94099bef1f49e387d6b8f [CANDIDATE]: Term 2 pre-election: Election decided. Result: candidate lost. Election summary: received 3 responses out of 3 voters: 1 yes votes; 2 no votes. yes voters: 5f5e5d3323a94099bef1f49e387d6b8f; no voters: 77e907fca7a24bb98b868a9dec524db5, 8e91e26e201048479473f1951993e50a
I20260709 14:51:10.613175  9306 raft_consensus.cc:2749] T ba72a184631740d1991b519f34764c37 P 5f5e5d3323a94099bef1f49e387d6b8f [term 1 FOLLOWER]: Leader pre-election lost for term 2. Reason: could not achieve majority
I20260709 14:51:10.657943  9180 tablet_service.cc:2072] Received LeaderStepDown RPC: tablet_id: "25f35be1f2ce4e9e9c3639b811428dde"
dest_uuid: "77e907fca7a24bb98b868a9dec524db5"
mode: GRACEFUL
new_leader_uuid: "5f5e5d3323a94099bef1f49e387d6b8f"
 from {username='slave'} at 127.0.0.1:37566
I20260709 14:51:10.658375  9334 consensus_queue.cc:1048] T 530630124bff4e4eb2f5da9276d73137 P 77e907fca7a24bb98b868a9dec524db5 [LEADER]: Connected to new peer: Peer: permanent_uuid: "5f5e5d3323a94099bef1f49e387d6b8f" member_type: VOTER last_known_addr { host: "127.8.194.193" port: 45153 }, Status: LMP_MISMATCH, Last received: 0.0, Next index: 1, Last known committed idx: 0, Time since last communication: 0.000s
I20260709 14:51:10.658594  9180 raft_consensus.cc:606] T 25f35be1f2ce4e9e9c3639b811428dde P 77e907fca7a24bb98b868a9dec524db5 [term 1 LEADER]: Received request to transfer leadership to TS 5f5e5d3323a94099bef1f49e387d6b8f
I20260709 14:51:10.664139  9180 tablet_service.cc:2072] Received LeaderStepDown RPC: tablet_id: "1401bda0f30547c5a0f69a462a218dd2"
dest_uuid: "77e907fca7a24bb98b868a9dec524db5"
mode: GRACEFUL
new_leader_uuid: "5f5e5d3323a94099bef1f49e387d6b8f"
 from {username='slave'} at 127.0.0.1:37566
I20260709 14:51:10.664685  9180 raft_consensus.cc:606] T 1401bda0f30547c5a0f69a462a218dd2 P 77e907fca7a24bb98b868a9dec524db5 [term 1 LEADER]: Received request to transfer leadership to TS 5f5e5d3323a94099bef1f49e387d6b8f
I20260709 14:51:10.670609  9331 consensus_queue.cc:1048] T 530630124bff4e4eb2f5da9276d73137 P 77e907fca7a24bb98b868a9dec524db5 [LEADER]: Connected to new peer: Peer: permanent_uuid: "8e91e26e201048479473f1951993e50a" member_type: VOTER last_known_addr { host: "127.8.194.195" port: 37677 }, Status: LMP_MISMATCH, Last received: 0.0, Next index: 1, Last known committed idx: 0, Time since last communication: 0.000s
I20260709 14:51:10.674922  9180 tablet_service.cc:2072] Received LeaderStepDown RPC: tablet_id: "ba72a184631740d1991b519f34764c37"
dest_uuid: "77e907fca7a24bb98b868a9dec524db5"
mode: GRACEFUL
new_leader_uuid: "5f5e5d3323a94099bef1f49e387d6b8f"
 from {username='slave'} at 127.0.0.1:37566
I20260709 14:51:10.675462  9180 raft_consensus.cc:606] T ba72a184631740d1991b519f34764c37 P 77e907fca7a24bb98b868a9dec524db5 [term 1 LEADER]: Received request to transfer leadership to TS 5f5e5d3323a94099bef1f49e387d6b8f
I20260709 14:51:10.694864  9253 tablet_service.cc:2072] Received LeaderStepDown RPC: tablet_id: "fc0db4508c364a33aac192f4cad675b5"
dest_uuid: "8e91e26e201048479473f1951993e50a"
mode: GRACEFUL
new_leader_uuid: "5f5e5d3323a94099bef1f49e387d6b8f"
 from {username='slave'} at 127.0.0.1:60380
I20260709 14:51:10.695341  9253 raft_consensus.cc:606] T fc0db4508c364a33aac192f4cad675b5 P 8e91e26e201048479473f1951993e50a [term 1 LEADER]: Received request to transfer leadership to TS 5f5e5d3323a94099bef1f49e387d6b8f
I20260709 14:51:10.710258  9105 tablet_service.cc:2072] Received LeaderStepDown RPC: tablet_id: "bb77886e9ca14255853e359e6f9ffd05"
dest_uuid: "5f5e5d3323a94099bef1f49e387d6b8f"
mode: GRACEFUL
new_leader_uuid: "77e907fca7a24bb98b868a9dec524db5"
 from {username='slave'} at 127.0.0.1:47844
I20260709 14:51:10.710736  9105 raft_consensus.cc:606] T bb77886e9ca14255853e359e6f9ffd05 P 5f5e5d3323a94099bef1f49e387d6b8f [term 1 LEADER]: Received request to transfer leadership to TS 77e907fca7a24bb98b868a9dec524db5
I20260709 14:51:10.717469  9105 tablet_service.cc:2072] Received LeaderStepDown RPC: tablet_id: "223228ca7cc24d29a62aa32935ef74dd"
dest_uuid: "5f5e5d3323a94099bef1f49e387d6b8f"
mode: GRACEFUL
new_leader_uuid: "77e907fca7a24bb98b868a9dec524db5"
 from {username='slave'} at 127.0.0.1:47844
I20260709 14:51:10.717916  9105 raft_consensus.cc:606] T 223228ca7cc24d29a62aa32935ef74dd P 5f5e5d3323a94099bef1f49e387d6b8f [term 1 LEADER]: Received request to transfer leadership to TS 77e907fca7a24bb98b868a9dec524db5
I20260709 14:51:10.722383  9180 tablet_service.cc:2072] Received LeaderStepDown RPC: tablet_id: "b88f2087e66a4fc483349c451817f51e"
dest_uuid: "77e907fca7a24bb98b868a9dec524db5"
mode: GRACEFUL
new_leader_uuid: "8e91e26e201048479473f1951993e50a"
 from {username='slave'} at 127.0.0.1:37566
I20260709 14:51:10.722843  9180 raft_consensus.cc:606] T b88f2087e66a4fc483349c451817f51e P 77e907fca7a24bb98b868a9dec524db5 [term 1 LEADER]: Received request to transfer leadership to TS 8e91e26e201048479473f1951993e50a
I20260709 14:51:10.755968  9306 consensus_queue.cc:1048] T 223228ca7cc24d29a62aa32935ef74dd P 5f5e5d3323a94099bef1f49e387d6b8f [LEADER]: Connected to new peer: Peer: permanent_uuid: "8e91e26e201048479473f1951993e50a" member_type: VOTER last_known_addr { host: "127.8.194.195" port: 37677 }, Status: LMP_MISMATCH, Last received: 0.0, Next index: 1, Last known committed idx: 0, Time since last communication: 0.000s
I20260709 14:51:10.765391  9306 consensus_queue.cc:1048] T 223228ca7cc24d29a62aa32935ef74dd P 5f5e5d3323a94099bef1f49e387d6b8f [LEADER]: Connected to new peer: Peer: permanent_uuid: "77e907fca7a24bb98b868a9dec524db5" member_type: VOTER last_known_addr { host: "127.8.194.194" port: 38711 }, Status: LMP_MISMATCH, Last received: 0.0, Next index: 1, Last known committed idx: 0, Time since last communication: 0.000s
I20260709 14:51:10.776214  9381 raft_consensus.cc:993] T 223228ca7cc24d29a62aa32935ef74dd P 5f5e5d3323a94099bef1f49e387d6b8f: : Instructing follower 77e907fca7a24bb98b868a9dec524db5 to start an election
I20260709 14:51:10.776654  9306 raft_consensus.cc:1081] T 223228ca7cc24d29a62aa32935ef74dd P 5f5e5d3323a94099bef1f49e387d6b8f [term 1 LEADER]: Signalling peer 77e907fca7a24bb98b868a9dec524db5 to start an election
I20260709 14:51:10.778256  9180 tablet_service.cc:2044] Received Run Leader Election RPC: tablet_id: "223228ca7cc24d29a62aa32935ef74dd"
dest_uuid: "77e907fca7a24bb98b868a9dec524db5"
 from {username='slave'} at 127.0.0.1:37550
I20260709 14:51:10.778793  9180 raft_consensus.cc:493] T 223228ca7cc24d29a62aa32935ef74dd P 77e907fca7a24bb98b868a9dec524db5 [term 1 FOLLOWER]: Starting forced leader election (received explicit request)
I20260709 14:51:10.779084  9180 raft_consensus.cc:3060] T 223228ca7cc24d29a62aa32935ef74dd P 77e907fca7a24bb98b868a9dec524db5 [term 1 FOLLOWER]: Advancing to term 2
I20260709 14:51:10.784545  9180 raft_consensus.cc:515] T 223228ca7cc24d29a62aa32935ef74dd P 77e907fca7a24bb98b868a9dec524db5 [term 2 FOLLOWER]: Starting forced leader election with config: opid_index: -1 OBSOLETE_local: false peers { permanent_uuid: "5f5e5d3323a94099bef1f49e387d6b8f" member_type: VOTER last_known_addr { host: "127.8.194.193" port: 45153 } } peers { permanent_uuid: "77e907fca7a24bb98b868a9dec524db5" member_type: VOTER last_known_addr { host: "127.8.194.194" port: 38711 } } peers { permanent_uuid: "8e91e26e201048479473f1951993e50a" member_type: VOTER last_known_addr { host: "127.8.194.195" port: 37677 } }
I20260709 14:51:10.785967  9180 leader_election.cc:290] T 223228ca7cc24d29a62aa32935ef74dd P 77e907fca7a24bb98b868a9dec524db5 [CANDIDATE]: Term 2 election: Requested vote from peers 5f5e5d3323a94099bef1f49e387d6b8f (127.8.194.193:45153), 8e91e26e201048479473f1951993e50a (127.8.194.195:37677)
I20260709 14:51:10.786754  9105 tablet_service.cc:1917] Received RequestConsensusVote() RPC: tablet_id: "223228ca7cc24d29a62aa32935ef74dd" candidate_uuid: "77e907fca7a24bb98b868a9dec524db5" candidate_term: 2 candidate_status { last_received { term: 1 index: 1 } } ignore_live_leader: true dest_uuid: "5f5e5d3323a94099bef1f49e387d6b8f"
I20260709 14:51:10.787101  9253 tablet_service.cc:1917] Received RequestConsensusVote() RPC: tablet_id: "223228ca7cc24d29a62aa32935ef74dd" candidate_uuid: "77e907fca7a24bb98b868a9dec524db5" candidate_term: 2 candidate_status { last_received { term: 1 index: 1 } } ignore_live_leader: true dest_uuid: "8e91e26e201048479473f1951993e50a"
I20260709 14:51:10.787343  9105 raft_consensus.cc:3055] T 223228ca7cc24d29a62aa32935ef74dd P 5f5e5d3323a94099bef1f49e387d6b8f [term 1 LEADER]: Stepping down as leader of term 1
I20260709 14:51:10.787645  9105 raft_consensus.cc:740] T 223228ca7cc24d29a62aa32935ef74dd P 5f5e5d3323a94099bef1f49e387d6b8f [term 1 LEADER]: Becoming Follower/Learner. State: Replica: 5f5e5d3323a94099bef1f49e387d6b8f, State: Running, Role: LEADER
I20260709 14:51:10.787685  9253 raft_consensus.cc:3060] T 223228ca7cc24d29a62aa32935ef74dd P 8e91e26e201048479473f1951993e50a [term 1 FOLLOWER]: Advancing to term 2
I20260709 14:51:10.788326  9105 consensus_queue.cc:260] T 223228ca7cc24d29a62aa32935ef74dd P 5f5e5d3323a94099bef1f49e387d6b8f [NON_LEADER]: Queue going to NON_LEADER mode. State: All replicated index: 0, Majority replicated index: 1, Committed index: 1, Last appended: 1.1, Last appended by leader: 1, Current term: 1, Majority size: -1, State: 0, Mode: NON_LEADER, active raft config: opid_index: -1 OBSOLETE_local: false peers { permanent_uuid: "5f5e5d3323a94099bef1f49e387d6b8f" member_type: VOTER last_known_addr { host: "127.8.194.193" port: 45153 } } peers { permanent_uuid: "77e907fca7a24bb98b868a9dec524db5" member_type: VOTER last_known_addr { host: "127.8.194.194" port: 38711 } } peers { permanent_uuid: "8e91e26e201048479473f1951993e50a" member_type: VOTER last_known_addr { host: "127.8.194.195" port: 37677 } }
I20260709 14:51:10.789330  9105 raft_consensus.cc:3060] T 223228ca7cc24d29a62aa32935ef74dd P 5f5e5d3323a94099bef1f49e387d6b8f [term 1 FOLLOWER]: Advancing to term 2
I20260709 14:51:10.794073  9253 raft_consensus.cc:2468] T 223228ca7cc24d29a62aa32935ef74dd P 8e91e26e201048479473f1951993e50a [term 2 FOLLOWER]: Leader election vote request: Granting yes vote for candidate 77e907fca7a24bb98b868a9dec524db5 in term 2.
I20260709 14:51:10.794734  9105 raft_consensus.cc:2468] T 223228ca7cc24d29a62aa32935ef74dd P 5f5e5d3323a94099bef1f49e387d6b8f [term 2 FOLLOWER]: Leader election vote request: Granting yes vote for candidate 77e907fca7a24bb98b868a9dec524db5 in term 2.
I20260709 14:51:10.795377  9144 leader_election.cc:304] T 223228ca7cc24d29a62aa32935ef74dd P 77e907fca7a24bb98b868a9dec524db5 [CANDIDATE]: Term 2 election: Election decided. Result: candidate won. Election summary: received 2 responses out of 3 voters: 2 yes votes; 0 no votes. yes voters: 77e907fca7a24bb98b868a9dec524db5, 8e91e26e201048479473f1951993e50a; no voters: 
I20260709 14:51:10.796120  9331 raft_consensus.cc:2804] T 223228ca7cc24d29a62aa32935ef74dd P 77e907fca7a24bb98b868a9dec524db5 [term 2 FOLLOWER]: Leader election won for term 2
I20260709 14:51:10.796581  9331 raft_consensus.cc:697] T 223228ca7cc24d29a62aa32935ef74dd P 77e907fca7a24bb98b868a9dec524db5 [term 2 LEADER]: Becoming Leader. State: Replica: 77e907fca7a24bb98b868a9dec524db5, State: Running, Role: LEADER
I20260709 14:51:10.797349  9331 consensus_queue.cc:237] T 223228ca7cc24d29a62aa32935ef74dd P 77e907fca7a24bb98b868a9dec524db5 [LEADER]: Queue going to LEADER mode. State: All replicated index: 0, Majority replicated index: 1, Committed index: 1, Last appended: 1.1, Last appended by leader: 1, Current term: 2, Majority size: 2, State: 0, Mode: LEADER, active raft config: opid_index: -1 OBSOLETE_local: false peers { permanent_uuid: "5f5e5d3323a94099bef1f49e387d6b8f" member_type: VOTER last_known_addr { host: "127.8.194.193" port: 45153 } } peers { permanent_uuid: "77e907fca7a24bb98b868a9dec524db5" member_type: VOTER last_known_addr { host: "127.8.194.194" port: 38711 } } peers { permanent_uuid: "8e91e26e201048479473f1951993e50a" member_type: VOTER last_known_addr { host: "127.8.194.195" port: 37677 } }
I20260709 14:51:10.803541  9003 catalog_manager.cc:5697] T 223228ca7cc24d29a62aa32935ef74dd P 77e907fca7a24bb98b868a9dec524db5 reported cstate change: term changed from 1 to 2, leader changed from 5f5e5d3323a94099bef1f49e387d6b8f (127.8.194.193) to 77e907fca7a24bb98b868a9dec524db5 (127.8.194.194). New cstate: current_term: 2 leader_uuid: "77e907fca7a24bb98b868a9dec524db5" committed_config { opid_index: -1 OBSOLETE_local: false peers { permanent_uuid: "5f5e5d3323a94099bef1f49e387d6b8f" member_type: VOTER last_known_addr { host: "127.8.194.193" port: 45153 } health_report { overall_health: UNKNOWN } } peers { permanent_uuid: "77e907fca7a24bb98b868a9dec524db5" member_type: VOTER last_known_addr { host: "127.8.194.194" port: 38711 } health_report { overall_health: HEALTHY } } peers { permanent_uuid: "8e91e26e201048479473f1951993e50a" member_type: VOTER last_known_addr { host: "127.8.194.195" port: 37677 } health_report { overall_health: UNKNOWN } } }
I20260709 14:51:10.826928  9331 consensus_queue.cc:1048] T b88f2087e66a4fc483349c451817f51e P 77e907fca7a24bb98b868a9dec524db5 [LEADER]: Connected to new peer: Peer: permanent_uuid: "5f5e5d3323a94099bef1f49e387d6b8f" member_type: VOTER last_known_addr { host: "127.8.194.193" port: 45153 }, Status: LMP_MISMATCH, Last received: 0.0, Next index: 1, Last known committed idx: 0, Time since last communication: 0.000s
I20260709 14:51:10.840749  9334 consensus_queue.cc:1048] T b88f2087e66a4fc483349c451817f51e P 77e907fca7a24bb98b868a9dec524db5 [LEADER]: Connected to new peer: Peer: permanent_uuid: "8e91e26e201048479473f1951993e50a" member_type: VOTER last_known_addr { host: "127.8.194.195" port: 37677 }, Status: LMP_MISMATCH, Last received: 0.0, Next index: 1, Last known committed idx: 0, Time since last communication: 0.000s
I20260709 14:51:10.848897  9338 raft_consensus.cc:993] T b88f2087e66a4fc483349c451817f51e P 77e907fca7a24bb98b868a9dec524db5: : Instructing follower 8e91e26e201048479473f1951993e50a to start an election
I20260709 14:51:10.849363  9334 raft_consensus.cc:1081] T b88f2087e66a4fc483349c451817f51e P 77e907fca7a24bb98b868a9dec524db5 [term 1 LEADER]: Signalling peer 8e91e26e201048479473f1951993e50a to start an election
I20260709 14:51:10.850910  9253 tablet_service.cc:2044] Received Run Leader Election RPC: tablet_id: "b88f2087e66a4fc483349c451817f51e"
dest_uuid: "8e91e26e201048479473f1951993e50a"
 from {username='slave'} at 127.0.0.1:60374
I20260709 14:51:10.852684  9253 raft_consensus.cc:493] T b88f2087e66a4fc483349c451817f51e P 8e91e26e201048479473f1951993e50a [term 1 FOLLOWER]: Starting forced leader election (received explicit request)
I20260709 14:51:10.852980  9253 raft_consensus.cc:3060] T b88f2087e66a4fc483349c451817f51e P 8e91e26e201048479473f1951993e50a [term 1 FOLLOWER]: Advancing to term 2
I20260709 14:51:10.858531  9253 raft_consensus.cc:515] T b88f2087e66a4fc483349c451817f51e P 8e91e26e201048479473f1951993e50a [term 2 FOLLOWER]: Starting forced leader election with config: opid_index: -1 OBSOLETE_local: false peers { permanent_uuid: "5f5e5d3323a94099bef1f49e387d6b8f" member_type: VOTER last_known_addr { host: "127.8.194.193" port: 45153 } } peers { permanent_uuid: "77e907fca7a24bb98b868a9dec524db5" member_type: VOTER last_known_addr { host: "127.8.194.194" port: 38711 } } peers { permanent_uuid: "8e91e26e201048479473f1951993e50a" member_type: VOTER last_known_addr { host: "127.8.194.195" port: 37677 } }
I20260709 14:51:10.860023  9253 leader_election.cc:290] T b88f2087e66a4fc483349c451817f51e P 8e91e26e201048479473f1951993e50a [CANDIDATE]: Term 2 election: Requested vote from peers 5f5e5d3323a94099bef1f49e387d6b8f (127.8.194.193:45153), 77e907fca7a24bb98b868a9dec524db5 (127.8.194.194:38711)
I20260709 14:51:10.860836  9105 tablet_service.cc:1917] Received RequestConsensusVote() RPC: tablet_id: "b88f2087e66a4fc483349c451817f51e" candidate_uuid: "8e91e26e201048479473f1951993e50a" candidate_term: 2 candidate_status { last_received { term: 1 index: 1 } } ignore_live_leader: true dest_uuid: "5f5e5d3323a94099bef1f49e387d6b8f"
I20260709 14:51:10.861078  9180 tablet_service.cc:1917] Received RequestConsensusVote() RPC: tablet_id: "b88f2087e66a4fc483349c451817f51e" candidate_uuid: "8e91e26e201048479473f1951993e50a" candidate_term: 2 candidate_status { last_received { term: 1 index: 1 } } ignore_live_leader: true dest_uuid: "77e907fca7a24bb98b868a9dec524db5"
I20260709 14:51:10.861399  9105 raft_consensus.cc:3060] T b88f2087e66a4fc483349c451817f51e P 5f5e5d3323a94099bef1f49e387d6b8f [term 1 FOLLOWER]: Advancing to term 2
I20260709 14:51:10.861527  9180 raft_consensus.cc:3055] T b88f2087e66a4fc483349c451817f51e P 77e907fca7a24bb98b868a9dec524db5 [term 1 LEADER]: Stepping down as leader of term 1
I20260709 14:51:10.861785  9180 raft_consensus.cc:740] T b88f2087e66a4fc483349c451817f51e P 77e907fca7a24bb98b868a9dec524db5 [term 1 LEADER]: Becoming Follower/Learner. State: Replica: 77e907fca7a24bb98b868a9dec524db5, State: Running, Role: LEADER
I20260709 14:51:10.862360  9180 consensus_queue.cc:260] T b88f2087e66a4fc483349c451817f51e P 77e907fca7a24bb98b868a9dec524db5 [NON_LEADER]: Queue going to NON_LEADER mode. State: All replicated index: 0, Majority replicated index: 1, Committed index: 1, Last appended: 1.1, Last appended by leader: 1, Current term: 1, Majority size: -1, State: 0, Mode: NON_LEADER, active raft config: opid_index: -1 OBSOLETE_local: false peers { permanent_uuid: "5f5e5d3323a94099bef1f49e387d6b8f" member_type: VOTER last_known_addr { host: "127.8.194.193" port: 45153 } } peers { permanent_uuid: "77e907fca7a24bb98b868a9dec524db5" member_type: VOTER last_known_addr { host: "127.8.194.194" port: 38711 } } peers { permanent_uuid: "8e91e26e201048479473f1951993e50a" member_type: VOTER last_known_addr { host: "127.8.194.195" port: 37677 } }
I20260709 14:51:10.863267  9180 raft_consensus.cc:3060] T b88f2087e66a4fc483349c451817f51e P 77e907fca7a24bb98b868a9dec524db5 [term 1 FOLLOWER]: Advancing to term 2
I20260709 14:51:10.867774  9180 raft_consensus.cc:2468] T b88f2087e66a4fc483349c451817f51e P 77e907fca7a24bb98b868a9dec524db5 [term 2 FOLLOWER]: Leader election vote request: Granting yes vote for candidate 8e91e26e201048479473f1951993e50a in term 2.
I20260709 14:51:10.867815  9105 raft_consensus.cc:2468] T b88f2087e66a4fc483349c451817f51e P 5f5e5d3323a94099bef1f49e387d6b8f [term 2 FOLLOWER]: Leader election vote request: Granting yes vote for candidate 8e91e26e201048479473f1951993e50a in term 2.
I20260709 14:51:10.868783  9220 leader_election.cc:304] T b88f2087e66a4fc483349c451817f51e P 8e91e26e201048479473f1951993e50a [CANDIDATE]: Term 2 election: Election decided. Result: candidate won. Election summary: received 2 responses out of 3 voters: 2 yes votes; 0 no votes. yes voters: 77e907fca7a24bb98b868a9dec524db5, 8e91e26e201048479473f1951993e50a; no voters: 
I20260709 14:51:10.869390  9363 raft_consensus.cc:2804] T b88f2087e66a4fc483349c451817f51e P 8e91e26e201048479473f1951993e50a [term 2 FOLLOWER]: Leader election won for term 2
I20260709 14:51:10.869808  9363 raft_consensus.cc:697] T b88f2087e66a4fc483349c451817f51e P 8e91e26e201048479473f1951993e50a [term 2 LEADER]: Becoming Leader. State: Replica: 8e91e26e201048479473f1951993e50a, State: Running, Role: LEADER
I20260709 14:51:10.870436  9363 consensus_queue.cc:237] T b88f2087e66a4fc483349c451817f51e P 8e91e26e201048479473f1951993e50a [LEADER]: Queue going to LEADER mode. State: All replicated index: 0, Majority replicated index: 1, Committed index: 1, Last appended: 1.1, Last appended by leader: 1, Current term: 2, Majority size: 2, State: 0, Mode: LEADER, active raft config: opid_index: -1 OBSOLETE_local: false peers { permanent_uuid: "5f5e5d3323a94099bef1f49e387d6b8f" member_type: VOTER last_known_addr { host: "127.8.194.193" port: 45153 } } peers { permanent_uuid: "77e907fca7a24bb98b868a9dec524db5" member_type: VOTER last_known_addr { host: "127.8.194.194" port: 38711 } } peers { permanent_uuid: "8e91e26e201048479473f1951993e50a" member_type: VOTER last_known_addr { host: "127.8.194.195" port: 37677 } }
I20260709 14:51:10.876441  9003 catalog_manager.cc:5697] T b88f2087e66a4fc483349c451817f51e P 8e91e26e201048479473f1951993e50a reported cstate change: term changed from 1 to 2, leader changed from 77e907fca7a24bb98b868a9dec524db5 (127.8.194.194) to 8e91e26e201048479473f1951993e50a (127.8.194.195). New cstate: current_term: 2 leader_uuid: "8e91e26e201048479473f1951993e50a" committed_config { opid_index: -1 OBSOLETE_local: false peers { permanent_uuid: "5f5e5d3323a94099bef1f49e387d6b8f" member_type: VOTER last_known_addr { host: "127.8.194.193" port: 45153 } health_report { overall_health: UNKNOWN } } peers { permanent_uuid: "77e907fca7a24bb98b868a9dec524db5" member_type: VOTER last_known_addr { host: "127.8.194.194" port: 38711 } health_report { overall_health: UNKNOWN } } peers { permanent_uuid: "8e91e26e201048479473f1951993e50a" member_type: VOTER last_known_addr { host: "127.8.194.195" port: 37677 } health_report { overall_health: HEALTHY } } }
I20260709 14:51:10.932938  9367 raft_consensus.cc:993] T fc0db4508c364a33aac192f4cad675b5 P 8e91e26e201048479473f1951993e50a: : Instructing follower 5f5e5d3323a94099bef1f49e387d6b8f to start an election
I20260709 14:51:10.933382  9363 raft_consensus.cc:1081] T fc0db4508c364a33aac192f4cad675b5 P 8e91e26e201048479473f1951993e50a [term 1 LEADER]: Signalling peer 5f5e5d3323a94099bef1f49e387d6b8f to start an election
I20260709 14:51:10.934804  9105 tablet_service.cc:2044] Received Run Leader Election RPC: tablet_id: "fc0db4508c364a33aac192f4cad675b5"
dest_uuid: "5f5e5d3323a94099bef1f49e387d6b8f"
 from {username='slave'} at 127.0.0.1:47842
I20260709 14:51:10.935362  9105 raft_consensus.cc:493] T fc0db4508c364a33aac192f4cad675b5 P 5f5e5d3323a94099bef1f49e387d6b8f [term 1 FOLLOWER]: Starting forced leader election (received explicit request)
I20260709 14:51:10.935721  9105 raft_consensus.cc:3060] T fc0db4508c364a33aac192f4cad675b5 P 5f5e5d3323a94099bef1f49e387d6b8f [term 1 FOLLOWER]: Advancing to term 2
