I20260709 14:51:31.497375 11134 raft_consensus.cc:740] T ed1af201374d48a58e6d3234340cc72f P 2a7736eef5cd4ba9a78f69e9a740715a [term 0 FOLLOWER]: Becoming Follower/Learner. State: Replica: 2a7736eef5cd4ba9a78f69e9a740715a, State: Initialized, Role: FOLLOWER
I20260709 14:51:31.497812 11136 tablet_bootstrap.cc:492] T be06efc67ff54df4a369dbbd383c8517 P 109eeb145deb4013bf53baa5eb647fd6: Bootstrap starting.
I20260709 14:51:31.498199 11134 consensus_queue.cc:260] T ed1af201374d48a58e6d3234340cc72f P 2a7736eef5cd4ba9a78f69e9a740715a [NON_LEADER]: Queue going to NON_LEADER mode. State: All replicated index: 0, Majority replicated index: 0, Committed index: 0, Last appended: 0.0, Last appended by leader: 0, Current term: 0, Majority size: -1, State: 0, Mode: NON_LEADER, active raft config: opid_index: -1 OBSOLETE_local: false peers { permanent_uuid: "109eeb145deb4013bf53baa5eb647fd6" member_type: VOTER last_known_addr { host: "127.9.156.65" port: 37575 } } peers { permanent_uuid: "2a7736eef5cd4ba9a78f69e9a740715a" member_type: VOTER last_known_addr { host: "127.9.156.66" port: 38011 } } peers { permanent_uuid: "615484c1ee45413d8b34a7277d51fcdf" member_type: VOTER last_known_addr { host: "127.9.156.67" port: 45963 } }
I20260709 14:51:31.499527 11184 leader_election.cc:290] T 1ec8a5b1c02045c4a3d94804572e719e P 615484c1ee45413d8b34a7277d51fcdf [CANDIDATE]: Term 1 pre-election: Requested pre-vote from peers 109eeb145deb4013bf53baa5eb647fd6 (127.9.156.65:37575), 2a7736eef5cd4ba9a78f69e9a740715a (127.9.156.66:38011)
I20260709 14:51:31.500027 11134 ts_tablet_manager.cc:1434] T ed1af201374d48a58e6d3234340cc72f P 2a7736eef5cd4ba9a78f69e9a740715a: Time spent starting tablet: real 0.006s	user 0.003s	sys 0.002s
I20260709 14:51:31.500851 11134 tablet_bootstrap.cc:492] T 135cf4ac37dd436e9c4da95c7f2050d8 P 2a7736eef5cd4ba9a78f69e9a740715a: Bootstrap starting.
I20260709 14:51:31.501940 11135 tablet_bootstrap.cc:492] T c314af019b2e4c3fa02b2074abd3a741 P 615484c1ee45413d8b34a7277d51fcdf: No bootstrap required, opened a new log
I20260709 14:51:31.502395 11135 ts_tablet_manager.cc:1403] T c314af019b2e4c3fa02b2074abd3a741 P 615484c1ee45413d8b34a7277d51fcdf: Time spent bootstrapping tablet: real 0.023s	user 0.005s	sys 0.005s
I20260709 14:51:31.503561 11136 tablet_bootstrap.cc:654] T be06efc67ff54df4a369dbbd383c8517 P 109eeb145deb4013bf53baa5eb647fd6: Neither blocks nor log segments found. Creating new log.
I20260709 14:51:31.505146 11019 raft_consensus.cc:3060] T a4615e7de5124dc4927c567331381e5c P 2a7736eef5cd4ba9a78f69e9a740715a [term 0 FOLLOWER]: Advancing to term 1
I20260709 14:51:31.504899 11135 raft_consensus.cc:359] T c314af019b2e4c3fa02b2074abd3a741 P 615484c1ee45413d8b34a7277d51fcdf [term 0 FOLLOWER]: Replica starting. Triggering 0 pending ops. Active config: opid_index: -1 OBSOLETE_local: false peers { permanent_uuid: "109eeb145deb4013bf53baa5eb647fd6" member_type: VOTER last_known_addr { host: "127.9.156.65" port: 37575 } } peers { permanent_uuid: "2a7736eef5cd4ba9a78f69e9a740715a" member_type: VOTER last_known_addr { host: "127.9.156.66" port: 38011 } } peers { permanent_uuid: "615484c1ee45413d8b34a7277d51fcdf" member_type: VOTER last_known_addr { host: "127.9.156.67" port: 45963 } }
I20260709 14:51:31.505677 11135 raft_consensus.cc:385] T c314af019b2e4c3fa02b2074abd3a741 P 615484c1ee45413d8b34a7277d51fcdf [term 0 FOLLOWER]: Consensus starting up: Expiring failure detector timer to make a prompt election more likely
I20260709 14:51:31.505857 11134 tablet_bootstrap.cc:654] T 135cf4ac37dd436e9c4da95c7f2050d8 P 2a7736eef5cd4ba9a78f69e9a740715a: Neither blocks nor log segments found. Creating new log.
I20260709 14:51:31.506018 11135 raft_consensus.cc:740] T c314af019b2e4c3fa02b2074abd3a741 P 615484c1ee45413d8b34a7277d51fcdf [term 0 FOLLOWER]: Becoming Follower/Learner. State: Replica: 615484c1ee45413d8b34a7277d51fcdf, State: Initialized, Role: FOLLOWER
I20260709 14:51:31.506901 11135 consensus_queue.cc:260] T c314af019b2e4c3fa02b2074abd3a741 P 615484c1ee45413d8b34a7277d51fcdf [NON_LEADER]: Queue going to NON_LEADER mode. State: All replicated index: 0, Majority replicated index: 0, Committed index: 0, Last appended: 0.0, Last appended by leader: 0, Current term: 0, Majority size: -1, State: 0, Mode: NON_LEADER, active raft config: opid_index: -1 OBSOLETE_local: false peers { permanent_uuid: "109eeb145deb4013bf53baa5eb647fd6" member_type: VOTER last_known_addr { host: "127.9.156.65" port: 37575 } } peers { permanent_uuid: "2a7736eef5cd4ba9a78f69e9a740715a" member_type: VOTER last_known_addr { host: "127.9.156.66" port: 38011 } } peers { permanent_uuid: "615484c1ee45413d8b34a7277d51fcdf" member_type: VOTER last_known_addr { host: "127.9.156.67" port: 45963 } }
I20260709 14:51:31.508479 11020 tablet_service.cc:1917] Received RequestConsensusVote() RPC: tablet_id: "1ec8a5b1c02045c4a3d94804572e719e" candidate_uuid: "615484c1ee45413d8b34a7277d51fcdf" candidate_term: 1 candidate_status { last_received { term: 0 index: 0 } } ignore_live_leader: false dest_uuid: "2a7736eef5cd4ba9a78f69e9a740715a" is_pre_election: true
I20260709 14:51:31.509011 11135 ts_tablet_manager.cc:1434] T c314af019b2e4c3fa02b2074abd3a741 P 615484c1ee45413d8b34a7277d51fcdf: Time spent starting tablet: real 0.006s	user 0.005s	sys 0.000s
I20260709 14:51:31.510007 11135 tablet_bootstrap.cc:492] T c192630bad0947e98d8f082fc5550ea2 P 615484c1ee45413d8b34a7277d51fcdf: Bootstrap starting.
I20260709 14:51:31.515609 11135 tablet_bootstrap.cc:654] T c192630bad0947e98d8f082fc5550ea2 P 615484c1ee45413d8b34a7277d51fcdf: Neither blocks nor log segments found. Creating new log.
I20260709 14:51:31.522199 11178 raft_consensus.cc:493] T 135cf4ac37dd436e9c4da95c7f2050d8 P 615484c1ee45413d8b34a7277d51fcdf [term 0 FOLLOWER]: Starting pre-election (no leader contacted us within the election timeout)
I20260709 14:51:31.522660 11178 raft_consensus.cc:515] T 135cf4ac37dd436e9c4da95c7f2050d8 P 615484c1ee45413d8b34a7277d51fcdf [term 0 FOLLOWER]: Starting pre-election with config: opid_index: -1 OBSOLETE_local: false peers { permanent_uuid: "109eeb145deb4013bf53baa5eb647fd6" member_type: VOTER last_known_addr { host: "127.9.156.65" port: 37575 } } peers { permanent_uuid: "2a7736eef5cd4ba9a78f69e9a740715a" member_type: VOTER last_known_addr { host: "127.9.156.66" port: 38011 } } peers { permanent_uuid: "615484c1ee45413d8b34a7277d51fcdf" member_type: VOTER last_known_addr { host: "127.9.156.67" port: 45963 } }
I20260709 14:51:31.526367 11020 tablet_service.cc:1917] Received RequestConsensusVote() RPC: tablet_id: "135cf4ac37dd436e9c4da95c7f2050d8" candidate_uuid: "615484c1ee45413d8b34a7277d51fcdf" candidate_term: 1 candidate_status { last_received { term: 0 index: 0 } } ignore_live_leader: false dest_uuid: "2a7736eef5cd4ba9a78f69e9a740715a" is_pre_election: true
I20260709 14:51:31.526975 10945 tablet_service.cc:1917] Received RequestConsensusVote() RPC: tablet_id: "1ec8a5b1c02045c4a3d94804572e719e" candidate_uuid: "615484c1ee45413d8b34a7277d51fcdf" candidate_term: 1 candidate_status { last_received { term: 0 index: 0 } } ignore_live_leader: false dest_uuid: "109eeb145deb4013bf53baa5eb647fd6" is_pre_election: true
I20260709 14:51:31.527729 10945 raft_consensus.cc:2393] T 1ec8a5b1c02045c4a3d94804572e719e P 109eeb145deb4013bf53baa5eb647fd6 [term 1 FOLLOWER]: Leader pre-election vote request: Denying vote to candidate 615484c1ee45413d8b34a7277d51fcdf in current term 1: Already voted for candidate 2a7736eef5cd4ba9a78f69e9a740715a in this term.
W20260709 14:51:31.527988 11058 leader_election.cc:343] T 135cf4ac37dd436e9c4da95c7f2050d8 P 615484c1ee45413d8b34a7277d51fcdf [CANDIDATE]: Term 1 pre-election: Tablet error from VoteRequest() call to peer 2a7736eef5cd4ba9a78f69e9a740715a (127.9.156.66:38011): Illegal state: must be running to vote when last-logged opid is not known
I20260709 14:51:31.525125 11178 leader_election.cc:290] T 135cf4ac37dd436e9c4da95c7f2050d8 P 615484c1ee45413d8b34a7277d51fcdf [CANDIDATE]: Term 1 pre-election: Requested pre-vote from peers 109eeb145deb4013bf53baa5eb647fd6 (127.9.156.65:37575), 2a7736eef5cd4ba9a78f69e9a740715a (127.9.156.66:38011)
I20260709 14:51:31.531200 11170 consensus_queue.cc:1048] T bbe6b83689d0461db1a3bf618754a48c P 109eeb145deb4013bf53baa5eb647fd6 [LEADER]: Connected to new peer: Peer: permanent_uuid: "615484c1ee45413d8b34a7277d51fcdf" member_type: VOTER last_known_addr { host: "127.9.156.67" port: 45963 }, Status: LMP_MISMATCH, Last received: 0.0, Next index: 1, Last known committed idx: 0, Time since last communication: 0.000s
I20260709 14:51:31.531524 11057 leader_election.cc:304] T 1ec8a5b1c02045c4a3d94804572e719e P 615484c1ee45413d8b34a7277d51fcdf [CANDIDATE]: Term 1 pre-election: Election decided. Result: candidate lost. Election summary: received 3 responses out of 3 voters: 1 yes votes; 2 no votes. yes voters: 615484c1ee45413d8b34a7277d51fcdf; no voters: 109eeb145deb4013bf53baa5eb647fd6, 2a7736eef5cd4ba9a78f69e9a740715a
I20260709 14:51:31.532886 11184 raft_consensus.cc:3060] T 1ec8a5b1c02045c4a3d94804572e719e P 615484c1ee45413d8b34a7277d51fcdf [term 0 FOLLOWER]: Advancing to term 1
I20260709 14:51:31.533243 10944 tablet_service.cc:1917] Received RequestConsensusVote() RPC: tablet_id: "135cf4ac37dd436e9c4da95c7f2050d8" candidate_uuid: "615484c1ee45413d8b34a7277d51fcdf" candidate_term: 1 candidate_status { last_received { term: 0 index: 0 } } ignore_live_leader: false dest_uuid: "109eeb145deb4013bf53baa5eb647fd6" is_pre_election: true
I20260709 14:51:31.536089 11141 consensus_queue.cc:1048] T a4615e7de5124dc4927c567331381e5c P 615484c1ee45413d8b34a7277d51fcdf [LEADER]: Connected to new peer: Peer: permanent_uuid: "2a7736eef5cd4ba9a78f69e9a740715a" member_type: VOTER last_known_addr { host: "127.9.156.66" port: 38011 }, Status: LMP_MISMATCH, Last received: 0.0, Next index: 1, Last known committed idx: 0, Time since last communication: 0.000s
I20260709 14:51:31.544853 11184 raft_consensus.cc:2749] T 1ec8a5b1c02045c4a3d94804572e719e P 615484c1ee45413d8b34a7277d51fcdf [term 1 FOLLOWER]: Leader pre-election lost for term 1. Reason: could not achieve majority
W20260709 14:51:31.546160 11057 leader_election.cc:343] T 135cf4ac37dd436e9c4da95c7f2050d8 P 615484c1ee45413d8b34a7277d51fcdf [CANDIDATE]: Term 1 pre-election: Tablet error from VoteRequest() call to peer 109eeb145deb4013bf53baa5eb647fd6 (127.9.156.65:37575): Illegal state: must be running to vote when last-logged opid is not known
I20260709 14:51:31.561964 11057 leader_election.cc:304] T 135cf4ac37dd436e9c4da95c7f2050d8 P 615484c1ee45413d8b34a7277d51fcdf [CANDIDATE]: Term 1 pre-election: Election decided. Result: candidate lost. Election summary: received 3 responses out of 3 voters: 1 yes votes; 2 no votes. yes voters: 615484c1ee45413d8b34a7277d51fcdf; no voters: 109eeb145deb4013bf53baa5eb647fd6, 2a7736eef5cd4ba9a78f69e9a740715a
I20260709 14:51:31.559363 11170 raft_consensus.cc:493] T 573b409f1e894694a28d478517f59ec0 P 109eeb145deb4013bf53baa5eb647fd6 [term 0 FOLLOWER]: Starting pre-election (no leader contacted us within the election timeout)
I20260709 14:51:31.562647 11184 raft_consensus.cc:2749] T 135cf4ac37dd436e9c4da95c7f2050d8 P 615484c1ee45413d8b34a7277d51fcdf [term 0 FOLLOWER]: Leader pre-election lost for term 1. Reason: could not achieve majority
I20260709 14:51:31.567297 11184 raft_consensus.cc:493] T 7d15681037b54df4936e3435d57131ae P 615484c1ee45413d8b34a7277d51fcdf [term 0 FOLLOWER]: Starting pre-election (no leader contacted us within the election timeout)
I20260709 14:51:31.567389 10842 catalog_manager.cc:5697] T c314af019b2e4c3fa02b2074abd3a741 P 109eeb145deb4013bf53baa5eb647fd6 reported cstate change: term changed from 0 to 1, leader changed from <none> to 109eeb145deb4013bf53baa5eb647fd6 (127.9.156.65). New cstate: current_term: 1 leader_uuid: "109eeb145deb4013bf53baa5eb647fd6" committed_config { opid_index: -1 OBSOLETE_local: false peers { permanent_uuid: "109eeb145deb4013bf53baa5eb647fd6" member_type: VOTER last_known_addr { host: "127.9.156.65" port: 37575 } health_report { overall_health: HEALTHY } } peers { permanent_uuid: "2a7736eef5cd4ba9a78f69e9a740715a" member_type: VOTER last_known_addr { host: "127.9.156.66" port: 38011 } health_report { overall_health: UNKNOWN } } peers { permanent_uuid: "615484c1ee45413d8b34a7277d51fcdf" member_type: VOTER last_known_addr { host: "127.9.156.67" port: 45963 } health_report { overall_health: UNKNOWN } } }
I20260709 14:51:31.567761 11184 raft_consensus.cc:515] T 7d15681037b54df4936e3435d57131ae P 615484c1ee45413d8b34a7277d51fcdf [term 0 FOLLOWER]: Starting pre-election with config: opid_index: -1 OBSOLETE_local: false peers { permanent_uuid: "109eeb145deb4013bf53baa5eb647fd6" member_type: VOTER last_known_addr { host: "127.9.156.65" port: 37575 } } peers { permanent_uuid: "2a7736eef5cd4ba9a78f69e9a740715a" member_type: VOTER last_known_addr { host: "127.9.156.66" port: 38011 } } peers { permanent_uuid: "615484c1ee45413d8b34a7277d51fcdf" member_type: VOTER last_known_addr { host: "127.9.156.67" port: 45963 } }
I20260709 14:51:31.563033 11170 raft_consensus.cc:515] T 573b409f1e894694a28d478517f59ec0 P 109eeb145deb4013bf53baa5eb647fd6 [term 0 FOLLOWER]: Starting pre-election with config: opid_index: -1 OBSOLETE_local: false peers { permanent_uuid: "109eeb145deb4013bf53baa5eb647fd6" member_type: VOTER last_known_addr { host: "127.9.156.65" port: 37575 } } peers { permanent_uuid: "2a7736eef5cd4ba9a78f69e9a740715a" member_type: VOTER last_known_addr { host: "127.9.156.66" port: 38011 } } peers { permanent_uuid: "615484c1ee45413d8b34a7277d51fcdf" member_type: VOTER last_known_addr { host: "127.9.156.67" port: 45963 } }
I20260709 14:51:31.569870 11134 tablet_bootstrap.cc:492] T 135cf4ac37dd436e9c4da95c7f2050d8 P 2a7736eef5cd4ba9a78f69e9a740715a: No bootstrap required, opened a new log
I20260709 14:51:31.570372 11134 ts_tablet_manager.cc:1403] T 135cf4ac37dd436e9c4da95c7f2050d8 P 2a7736eef5cd4ba9a78f69e9a740715a: Time spent bootstrapping tablet: real 0.070s	user 0.017s	sys 0.043s
I20260709 14:51:31.570977 11170 leader_election.cc:290] T 573b409f1e894694a28d478517f59ec0 P 109eeb145deb4013bf53baa5eb647fd6 [CANDIDATE]: Term 1 pre-election: Requested pre-vote from peers 2a7736eef5cd4ba9a78f69e9a740715a (127.9.156.66:38011), 615484c1ee45413d8b34a7277d51fcdf (127.9.156.67:45963)
I20260709 14:51:31.572268 11184 leader_election.cc:290] T 7d15681037b54df4936e3435d57131ae P 615484c1ee45413d8b34a7277d51fcdf [CANDIDATE]: Term 1 pre-election: Requested pre-vote from peers 109eeb145deb4013bf53baa5eb647fd6 (127.9.156.65:37575), 2a7736eef5cd4ba9a78f69e9a740715a (127.9.156.66:38011)
I20260709 14:51:31.572593 11093 tablet_service.cc:1917] Received RequestConsensusVote() RPC: tablet_id: "573b409f1e894694a28d478517f59ec0" candidate_uuid: "109eeb145deb4013bf53baa5eb647fd6" candidate_term: 1 candidate_status { last_received { term: 0 index: 0 } } ignore_live_leader: false dest_uuid: "615484c1ee45413d8b34a7277d51fcdf" is_pre_election: true
I20260709 14:51:31.572621 10944 tablet_service.cc:1917] Received RequestConsensusVote() RPC: tablet_id: "7d15681037b54df4936e3435d57131ae" candidate_uuid: "615484c1ee45413d8b34a7277d51fcdf" candidate_term: 1 candidate_status { last_received { term: 0 index: 0 } } ignore_live_leader: false dest_uuid: "109eeb145deb4013bf53baa5eb647fd6" is_pre_election: true
I20260709 14:51:31.577925 10944 raft_consensus.cc:2468] T 7d15681037b54df4936e3435d57131ae P 109eeb145deb4013bf53baa5eb647fd6 [term 0 FOLLOWER]: Leader pre-election vote request: Granting yes vote for candidate 615484c1ee45413d8b34a7277d51fcdf in term 0.
I20260709 14:51:31.573180 11093 raft_consensus.cc:2468] T 573b409f1e894694a28d478517f59ec0 P 615484c1ee45413d8b34a7277d51fcdf [term 0 FOLLOWER]: Leader pre-election vote request: Granting yes vote for candidate 109eeb145deb4013bf53baa5eb647fd6 in term 0.
I20260709 14:51:31.578938 11057 leader_election.cc:304] T 7d15681037b54df4936e3435d57131ae P 615484c1ee45413d8b34a7277d51fcdf [CANDIDATE]: Term 1 pre-election: Election decided. Result: candidate won. Election summary: received 2 responses out of 3 voters: 2 yes votes; 0 no votes. yes voters: 109eeb145deb4013bf53baa5eb647fd6, 615484c1ee45413d8b34a7277d51fcdf; no voters: 
I20260709 14:51:31.579627 11184 raft_consensus.cc:2804] T 7d15681037b54df4936e3435d57131ae P 615484c1ee45413d8b34a7277d51fcdf [term 0 FOLLOWER]: Leader pre-election won for term 1
I20260709 14:51:31.580188 10908 leader_election.cc:304] T 573b409f1e894694a28d478517f59ec0 P 109eeb145deb4013bf53baa5eb647fd6 [CANDIDATE]: Term 1 pre-election: Election decided. Result: candidate won. Election summary: received 2 responses out of 3 voters: 2 yes votes; 0 no votes. yes voters: 109eeb145deb4013bf53baa5eb647fd6, 615484c1ee45413d8b34a7277d51fcdf; no voters: 
I20260709 14:51:31.579965 11184 raft_consensus.cc:493] T 7d15681037b54df4936e3435d57131ae P 615484c1ee45413d8b34a7277d51fcdf [term 0 FOLLOWER]: Starting leader election (no leader contacted us within the election timeout)
I20260709 14:51:31.581609 11136 tablet_bootstrap.cc:492] T be06efc67ff54df4a369dbbd383c8517 P 109eeb145deb4013bf53baa5eb647fd6: No bootstrap required, opened a new log
I20260709 14:51:31.581508 11020 tablet_service.cc:1917] Received RequestConsensusVote() RPC: tablet_id: "573b409f1e894694a28d478517f59ec0" candidate_uuid: "109eeb145deb4013bf53baa5eb647fd6" candidate_term: 1 candidate_status { last_received { term: 0 index: 0 } } ignore_live_leader: false dest_uuid: "2a7736eef5cd4ba9a78f69e9a740715a" is_pre_election: true
I20260709 14:51:31.581856 11184 raft_consensus.cc:3060] T 7d15681037b54df4936e3435d57131ae P 615484c1ee45413d8b34a7277d51fcdf [term 0 FOLLOWER]: Advancing to term 1
I20260709 14:51:31.582424 11020 raft_consensus.cc:2468] T 573b409f1e894694a28d478517f59ec0 P 2a7736eef5cd4ba9a78f69e9a740715a [term 0 FOLLOWER]: Leader pre-election vote request: Granting yes vote for candidate 109eeb145deb4013bf53baa5eb647fd6 in term 0.
I20260709 14:51:31.582746 11136 ts_tablet_manager.cc:1403] T be06efc67ff54df4a369dbbd383c8517 P 109eeb145deb4013bf53baa5eb647fd6: Time spent bootstrapping tablet: real 0.085s	user 0.022s	sys 0.040s
I20260709 14:51:31.583438 11018 tablet_service.cc:1917] Received RequestConsensusVote() RPC: tablet_id: "7d15681037b54df4936e3435d57131ae" candidate_uuid: "615484c1ee45413d8b34a7277d51fcdf" candidate_term: 1 candidate_status { last_received { term: 0 index: 0 } } ignore_live_leader: false dest_uuid: "2a7736eef5cd4ba9a78f69e9a740715a" is_pre_election: true
I20260709 14:51:31.580312 11186 consensus_queue.cc:1048] T 1ec8a5b1c02045c4a3d94804572e719e P 2a7736eef5cd4ba9a78f69e9a740715a [LEADER]: Connected to new peer: Peer: permanent_uuid: "615484c1ee45413d8b34a7277d51fcdf" member_type: VOTER last_known_addr { host: "127.9.156.67" port: 45963 }, Status: LMP_MISMATCH, Last received: 0.0, Next index: 1, Last known committed idx: 0, Time since last communication: 0.001s
I20260709 14:51:31.584932 11170 raft_consensus.cc:2804] T 573b409f1e894694a28d478517f59ec0 P 109eeb145deb4013bf53baa5eb647fd6 [term 0 FOLLOWER]: Leader pre-election won for term 1
I20260709 14:51:31.585340 11170 raft_consensus.cc:493] T 573b409f1e894694a28d478517f59ec0 P 109eeb145deb4013bf53baa5eb647fd6 [term 0 FOLLOWER]: Starting leader election (no leader contacted us within the election timeout)
I20260709 14:51:31.585668 11170 raft_consensus.cc:3060] T 573b409f1e894694a28d478517f59ec0 P 109eeb145deb4013bf53baa5eb647fd6 [term 0 FOLLOWER]: Advancing to term 1
I20260709 14:51:31.585772 11136 raft_consensus.cc:359] T be06efc67ff54df4a369dbbd383c8517 P 109eeb145deb4013bf53baa5eb647fd6 [term 0 FOLLOWER]: Replica starting. Triggering 0 pending ops. Active config: opid_index: -1 OBSOLETE_local: false peers { permanent_uuid: "109eeb145deb4013bf53baa5eb647fd6" member_type: VOTER last_known_addr { host: "127.9.156.65" port: 37575 } } peers { permanent_uuid: "2a7736eef5cd4ba9a78f69e9a740715a" member_type: VOTER last_known_addr { host: "127.9.156.66" port: 38011 } } peers { permanent_uuid: "615484c1ee45413d8b34a7277d51fcdf" member_type: VOTER last_known_addr { host: "127.9.156.67" port: 45963 } }
I20260709 14:51:31.586300 11136 raft_consensus.cc:385] T be06efc67ff54df4a369dbbd383c8517 P 109eeb145deb4013bf53baa5eb647fd6 [term 0 FOLLOWER]: Consensus starting up: Expiring failure detector timer to make a prompt election more likely
I20260709 14:51:31.586474 11136 raft_consensus.cc:740] T be06efc67ff54df4a369dbbd383c8517 P 109eeb145deb4013bf53baa5eb647fd6 [term 0 FOLLOWER]: Becoming Follower/Learner. State: Replica: 109eeb145deb4013bf53baa5eb647fd6, State: Initialized, Role: FOLLOWER
I20260709 14:51:31.586841 11136 consensus_queue.cc:260] T be06efc67ff54df4a369dbbd383c8517 P 109eeb145deb4013bf53baa5eb647fd6 [NON_LEADER]: Queue going to NON_LEADER mode. State: All replicated index: 0, Majority replicated index: 0, Committed index: 0, Last appended: 0.0, Last appended by leader: 0, Current term: 0, Majority size: -1, State: 0, Mode: NON_LEADER, active raft config: opid_index: -1 OBSOLETE_local: false peers { permanent_uuid: "109eeb145deb4013bf53baa5eb647fd6" member_type: VOTER last_known_addr { host: "127.9.156.65" port: 37575 } } peers { permanent_uuid: "2a7736eef5cd4ba9a78f69e9a740715a" member_type: VOTER last_known_addr { host: "127.9.156.66" port: 38011 } } peers { permanent_uuid: "615484c1ee45413d8b34a7277d51fcdf" member_type: VOTER last_known_addr { host: "127.9.156.67" port: 45963 } }
I20260709 14:51:31.588548 11136 ts_tablet_manager.cc:1434] T be06efc67ff54df4a369dbbd383c8517 P 109eeb145deb4013bf53baa5eb647fd6: Time spent starting tablet: real 0.005s	user 0.005s	sys 0.000s
I20260709 14:51:31.589341 11136 tablet_bootstrap.cc:492] T 8ea4197cabcd4c7e97eb0e25cb4e08c6 P 109eeb145deb4013bf53baa5eb647fd6: Bootstrap starting.
W20260709 14:51:31.590905 11058 leader_election.cc:343] T 7d15681037b54df4936e3435d57131ae P 615484c1ee45413d8b34a7277d51fcdf [CANDIDATE]: Term 1 pre-election: Tablet error from VoteRequest() call to peer 2a7736eef5cd4ba9a78f69e9a740715a (127.9.156.66:38011): Illegal state: must be running to vote when last-logged opid is not known
I20260709 14:51:31.592942 11135 tablet_bootstrap.cc:492] T c192630bad0947e98d8f082fc5550ea2 P 615484c1ee45413d8b34a7277d51fcdf: No bootstrap required, opened a new log
I20260709 14:51:31.593427 11135 ts_tablet_manager.cc:1403] T c192630bad0947e98d8f082fc5550ea2 P 615484c1ee45413d8b34a7277d51fcdf: Time spent bootstrapping tablet: real 0.084s	user 0.009s	sys 0.008s
I20260709 14:51:31.592868 11172 raft_consensus.cc:493] T febdaef4da88493cb88504504610a6a1 P 109eeb145deb4013bf53baa5eb647fd6 [term 0 FOLLOWER]: Starting pre-election (no leader contacted us within the election timeout)
I20260709 14:51:31.595310 11172 raft_consensus.cc:515] T febdaef4da88493cb88504504610a6a1 P 109eeb145deb4013bf53baa5eb647fd6 [term 0 FOLLOWER]: Starting pre-election with config: opid_index: -1 OBSOLETE_local: false peers { permanent_uuid: "109eeb145deb4013bf53baa5eb647fd6" member_type: VOTER last_known_addr { host: "127.9.156.65" port: 37575 } } peers { permanent_uuid: "2a7736eef5cd4ba9a78f69e9a740715a" member_type: VOTER last_known_addr { host: "127.9.156.66" port: 38011 } } peers { permanent_uuid: "615484c1ee45413d8b34a7277d51fcdf" member_type: VOTER last_known_addr { host: "127.9.156.67" port: 45963 } }
I20260709 14:51:31.596367 11178 raft_consensus.cc:493] T 84d57ee2290247df8ec7e7d7e0e88aff P 615484c1ee45413d8b34a7277d51fcdf [term 0 FOLLOWER]: Starting pre-election (no leader contacted us within the election timeout)
I20260709 14:51:31.596746 11172 leader_election.cc:290] T febdaef4da88493cb88504504610a6a1 P 109eeb145deb4013bf53baa5eb647fd6 [CANDIDATE]: Term 1 pre-election: Requested pre-vote from peers 2a7736eef5cd4ba9a78f69e9a740715a (127.9.156.66:38011), 615484c1ee45413d8b34a7277d51fcdf (127.9.156.67:45963)
I20260709 14:51:31.596829 11178 raft_consensus.cc:515] T 84d57ee2290247df8ec7e7d7e0e88aff P 615484c1ee45413d8b34a7277d51fcdf [term 0 FOLLOWER]: Starting pre-election with config: opid_index: -1 OBSOLETE_local: false peers { permanent_uuid: "109eeb145deb4013bf53baa5eb647fd6" member_type: VOTER last_known_addr { host: "127.9.156.65" port: 37575 } } peers { permanent_uuid: "2a7736eef5cd4ba9a78f69e9a740715a" member_type: VOTER last_known_addr { host: "127.9.156.66" port: 38011 } } peers { permanent_uuid: "615484c1ee45413d8b34a7277d51fcdf" member_type: VOTER last_known_addr { host: "127.9.156.67" port: 45963 } }
I20260709 14:51:31.598842 11178 leader_election.cc:290] T 84d57ee2290247df8ec7e7d7e0e88aff P 615484c1ee45413d8b34a7277d51fcdf [CANDIDATE]: Term 1 pre-election: Requested pre-vote from peers 109eeb145deb4013bf53baa5eb647fd6 (127.9.156.65:37575), 2a7736eef5cd4ba9a78f69e9a740715a (127.9.156.66:38011)
I20260709 14:51:31.599885 11018 tablet_service.cc:1917] Received RequestConsensusVote() RPC: tablet_id: "84d57ee2290247df8ec7e7d7e0e88aff" candidate_uuid: "615484c1ee45413d8b34a7277d51fcdf" candidate_term: 1 candidate_status { last_received { term: 0 index: 0 } } ignore_live_leader: false dest_uuid: "2a7736eef5cd4ba9a78f69e9a740715a" is_pre_election: true
I20260709 14:51:31.601437 11092 tablet_service.cc:1917] Received RequestConsensusVote() RPC: tablet_id: "febdaef4da88493cb88504504610a6a1" candidate_uuid: "109eeb145deb4013bf53baa5eb647fd6" candidate_term: 1 candidate_status { last_received { term: 0 index: 0 } } ignore_live_leader: false dest_uuid: "615484c1ee45413d8b34a7277d51fcdf" is_pre_election: true
I20260709 14:51:31.601576 10944 tablet_service.cc:1917] Received RequestConsensusVote() RPC: tablet_id: "84d57ee2290247df8ec7e7d7e0e88aff" candidate_uuid: "615484c1ee45413d8b34a7277d51fcdf" candidate_term: 1 candidate_status { last_received { term: 0 index: 0 } } ignore_live_leader: false dest_uuid: "109eeb145deb4013bf53baa5eb647fd6" is_pre_election: true
I20260709 14:51:31.601871 11170 raft_consensus.cc:515] T 573b409f1e894694a28d478517f59ec0 P 109eeb145deb4013bf53baa5eb647fd6 [term 1 FOLLOWER]: Starting leader election with config: opid_index: -1 OBSOLETE_local: false peers { permanent_uuid: "109eeb145deb4013bf53baa5eb647fd6" member_type: VOTER last_known_addr { host: "127.9.156.65" port: 37575 } } peers { permanent_uuid: "2a7736eef5cd4ba9a78f69e9a740715a" member_type: VOTER last_known_addr { host: "127.9.156.66" port: 38011 } } peers { permanent_uuid: "615484c1ee45413d8b34a7277d51fcdf" member_type: VOTER last_known_addr { host: "127.9.156.67" port: 45963 } }
I20260709 14:51:31.602167 10944 raft_consensus.cc:2468] T 84d57ee2290247df8ec7e7d7e0e88aff P 109eeb145deb4013bf53baa5eb647fd6 [term 0 FOLLOWER]: Leader pre-election vote request: Granting yes vote for candidate 615484c1ee45413d8b34a7277d51fcdf in term 0.
I20260709 14:51:31.603792 11170 leader_election.cc:290] T 573b409f1e894694a28d478517f59ec0 P 109eeb145deb4013bf53baa5eb647fd6 [CANDIDATE]: Term 1 election: Requested vote from peers 2a7736eef5cd4ba9a78f69e9a740715a (127.9.156.66:38011), 615484c1ee45413d8b34a7277d51fcdf (127.9.156.67:45963)
I20260709 14:51:31.604048 11135 raft_consensus.cc:359] T c192630bad0947e98d8f082fc5550ea2 P 615484c1ee45413d8b34a7277d51fcdf [term 0 FOLLOWER]: Replica starting. Triggering 0 pending ops. Active config: opid_index: -1 OBSOLETE_local: false peers { permanent_uuid: "109eeb145deb4013bf53baa5eb647fd6" member_type: VOTER last_known_addr { host: "127.9.156.65" port: 37575 } } peers { permanent_uuid: "2a7736eef5cd4ba9a78f69e9a740715a" member_type: VOTER last_known_addr { host: "127.9.156.66" port: 38011 } } peers { permanent_uuid: "615484c1ee45413d8b34a7277d51fcdf" member_type: VOTER last_known_addr { host: "127.9.156.67" port: 45963 } }
I20260709 14:51:31.604363 11018 tablet_service.cc:1917] Received RequestConsensusVote() RPC: tablet_id: "febdaef4da88493cb88504504610a6a1" candidate_uuid: "109eeb145deb4013bf53baa5eb647fd6" candidate_term: 1 candidate_status { last_received { term: 0 index: 0 } } ignore_live_leader: false dest_uuid: "2a7736eef5cd4ba9a78f69e9a740715a" is_pre_election: true
I20260709 14:51:31.605086 11018 raft_consensus.cc:2393] T febdaef4da88493cb88504504610a6a1 P 2a7736eef5cd4ba9a78f69e9a740715a [term 1 FOLLOWER]: Leader pre-election vote request: Denying vote to candidate 109eeb145deb4013bf53baa5eb647fd6 in current term 1: Already voted for candidate 615484c1ee45413d8b34a7277d51fcdf in this term.
I20260709 14:51:31.604667 11135 raft_consensus.cc:385] T c192630bad0947e98d8f082fc5550ea2 P 615484c1ee45413d8b34a7277d51fcdf [term 0 FOLLOWER]: Consensus starting up: Expiring failure detector timer to make a prompt election more likely
I20260709 14:51:31.605290 11057 leader_election.cc:304] T 84d57ee2290247df8ec7e7d7e0e88aff P 615484c1ee45413d8b34a7277d51fcdf [CANDIDATE]: Term 1 pre-election: Election decided. Result: candidate won. Election summary: received 2 responses out of 3 voters: 2 yes votes; 0 no votes. yes voters: 109eeb145deb4013bf53baa5eb647fd6, 615484c1ee45413d8b34a7277d51fcdf; no voters: 
I20260709 14:51:31.605652 11135 raft_consensus.cc:740] T c192630bad0947e98d8f082fc5550ea2 P 615484c1ee45413d8b34a7277d51fcdf [term 0 FOLLOWER]: Becoming Follower/Learner. State: Replica: 615484c1ee45413d8b34a7277d51fcdf, State: Initialized, Role: FOLLOWER
W20260709 14:51:31.605888 11058 leader_election.cc:343] T 84d57ee2290247df8ec7e7d7e0e88aff P 615484c1ee45413d8b34a7277d51fcdf [CANDIDATE]: Term 1 pre-election: Tablet error from VoteRequest() call to peer 2a7736eef5cd4ba9a78f69e9a740715a (127.9.156.66:38011): Illegal state: must be running to vote when last-logged opid is not known
I20260709 14:51:31.606115 11141 raft_consensus.cc:2804] T 84d57ee2290247df8ec7e7d7e0e88aff P 615484c1ee45413d8b34a7277d51fcdf [term 0 FOLLOWER]: Leader pre-election won for term 1
I20260709 14:51:31.606501 11141 raft_consensus.cc:493] T 84d57ee2290247df8ec7e7d7e0e88aff P 615484c1ee45413d8b34a7277d51fcdf [term 0 FOLLOWER]: Starting leader election (no leader contacted us within the election timeout)
I20260709 14:51:31.606824 11141 raft_consensus.cc:3060] T 84d57ee2290247df8ec7e7d7e0e88aff P 615484c1ee45413d8b34a7277d51fcdf [term 0 FOLLOWER]: Advancing to term 1
I20260709 14:51:31.607250 10909 leader_election.cc:304] T febdaef4da88493cb88504504610a6a1 P 109eeb145deb4013bf53baa5eb647fd6 [CANDIDATE]: Term 1 pre-election: Election decided. Result: candidate lost. Election summary: received 3 responses out of 3 voters: 1 yes votes; 2 no votes. yes voters: 109eeb145deb4013bf53baa5eb647fd6; no voters: 2a7736eef5cd4ba9a78f69e9a740715a, 615484c1ee45413d8b34a7277d51fcdf
I20260709 14:51:31.607362 11018 tablet_service.cc:1917] Received RequestConsensusVote() RPC: tablet_id: "573b409f1e894694a28d478517f59ec0" candidate_uuid: "109eeb145deb4013bf53baa5eb647fd6" candidate_term: 1 candidate_status { last_received { term: 0 index: 0 } } ignore_live_leader: false dest_uuid: "2a7736eef5cd4ba9a78f69e9a740715a"
I20260709 14:51:31.607892 11018 raft_consensus.cc:3060] T 573b409f1e894694a28d478517f59ec0 P 2a7736eef5cd4ba9a78f69e9a740715a [term 0 FOLLOWER]: Advancing to term 1
I20260709 14:51:31.608566 11135 consensus_queue.cc:260] T c192630bad0947e98d8f082fc5550ea2 P 615484c1ee45413d8b34a7277d51fcdf [NON_LEADER]: Queue going to NON_LEADER mode. State: All replicated index: 0, Majority replicated index: 0, Committed index: 0, Last appended: 0.0, Last appended by leader: 0, Current term: 0, Majority size: -1, State: 0, Mode: NON_LEADER, active raft config: opid_index: -1 OBSOLETE_local: false peers { permanent_uuid: "109eeb145deb4013bf53baa5eb647fd6" member_type: VOTER last_known_addr { host: "127.9.156.65" port: 37575 } } peers { permanent_uuid: "2a7736eef5cd4ba9a78f69e9a740715a" member_type: VOTER last_known_addr { host: "127.9.156.66" port: 38011 } } peers { permanent_uuid: "615484c1ee45413d8b34a7277d51fcdf" member_type: VOTER last_known_addr { host: "127.9.156.67" port: 45963 } }
I20260709 14:51:31.611928 11170 raft_consensus.cc:3060] T febdaef4da88493cb88504504610a6a1 P 109eeb145deb4013bf53baa5eb647fd6 [term 0 FOLLOWER]: Advancing to term 1
I20260709 14:51:31.616031 11184 raft_consensus.cc:515] T 7d15681037b54df4936e3435d57131ae P 615484c1ee45413d8b34a7277d51fcdf [term 1 FOLLOWER]: Starting leader election with config: opid_index: -1 OBSOLETE_local: false peers { permanent_uuid: "109eeb145deb4013bf53baa5eb647fd6" member_type: VOTER last_known_addr { host: "127.9.156.65" port: 37575 } } peers { permanent_uuid: "2a7736eef5cd4ba9a78f69e9a740715a" member_type: VOTER last_known_addr { host: "127.9.156.66" port: 38011 } } peers { permanent_uuid: "615484c1ee45413d8b34a7277d51fcdf" member_type: VOTER last_known_addr { host: "127.9.156.67" port: 45963 } }
I20260709 14:51:31.618026 11170 raft_consensus.cc:2749] T febdaef4da88493cb88504504610a6a1 P 109eeb145deb4013bf53baa5eb647fd6 [term 1 FOLLOWER]: Leader pre-election lost for term 1. Reason: could not achieve majority
I20260709 14:51:31.618932 10944 tablet_service.cc:1917] Received RequestConsensusVote() RPC: tablet_id: "7d15681037b54df4936e3435d57131ae" candidate_uuid: "615484c1ee45413d8b34a7277d51fcdf" candidate_term: 1 candidate_status { last_received { term: 0 index: 0 } } ignore_live_leader: false dest_uuid: "109eeb145deb4013bf53baa5eb647fd6"
I20260709 14:51:31.619437 10944 raft_consensus.cc:3060] T 7d15681037b54df4936e3435d57131ae P 109eeb145deb4013bf53baa5eb647fd6 [term 0 FOLLOWER]: Advancing to term 1
I20260709 14:51:31.620386 11092 tablet_service.cc:1917] Received RequestConsensusVote() RPC: tablet_id: "573b409f1e894694a28d478517f59ec0" candidate_uuid: "109eeb145deb4013bf53baa5eb647fd6" candidate_term: 1 candidate_status { last_received { term: 0 index: 0 } } ignore_live_leader: false dest_uuid: "615484c1ee45413d8b34a7277d51fcdf"
I20260709 14:51:31.620958 11092 raft_consensus.cc:3060] T 573b409f1e894694a28d478517f59ec0 P 615484c1ee45413d8b34a7277d51fcdf [term 0 FOLLOWER]: Advancing to term 1
I20260709 14:51:31.616743 11141 raft_consensus.cc:515] T 84d57ee2290247df8ec7e7d7e0e88aff P 615484c1ee45413d8b34a7277d51fcdf [term 1 FOLLOWER]: Starting leader election with config: opid_index: -1 OBSOLETE_local: false peers { permanent_uuid: "109eeb145deb4013bf53baa5eb647fd6" member_type: VOTER last_known_addr { host: "127.9.156.65" port: 37575 } } peers { permanent_uuid: "2a7736eef5cd4ba9a78f69e9a740715a" member_type: VOTER last_known_addr { host: "127.9.156.66" port: 38011 } } peers { permanent_uuid: "615484c1ee45413d8b34a7277d51fcdf" member_type: VOTER last_known_addr { host: "127.9.156.67" port: 45963 } }
I20260709 14:51:31.627635 10944 raft_consensus.cc:2468] T 7d15681037b54df4936e3435d57131ae P 109eeb145deb4013bf53baa5eb647fd6 [term 1 FOLLOWER]: Leader election vote request: Granting yes vote for candidate 615484c1ee45413d8b34a7277d51fcdf in term 1.
I20260709 14:51:31.629582 11057 leader_election.cc:304] T 7d15681037b54df4936e3435d57131ae P 615484c1ee45413d8b34a7277d51fcdf [CANDIDATE]: Term 1 election: Election decided. Result: candidate won. Election summary: received 2 responses out of 3 voters: 2 yes votes; 0 no votes. yes voters: 109eeb145deb4013bf53baa5eb647fd6, 615484c1ee45413d8b34a7277d51fcdf; no voters: 
I20260709 14:51:31.631083 11135 ts_tablet_manager.cc:1434] T c192630bad0947e98d8f082fc5550ea2 P 615484c1ee45413d8b34a7277d51fcdf: Time spent starting tablet: real 0.037s	user 0.006s	sys 0.000s
I20260709 14:51:31.631907 11135 tablet_bootstrap.cc:492] T ed1af201374d48a58e6d3234340cc72f P 615484c1ee45413d8b34a7277d51fcdf: Bootstrap starting.
I20260709 14:51:31.634724 11134 raft_consensus.cc:359] T 135cf4ac37dd436e9c4da95c7f2050d8 P 2a7736eef5cd4ba9a78f69e9a740715a [term 0 FOLLOWER]: Replica starting. Triggering 0 pending ops. Active config: opid_index: -1 OBSOLETE_local: false peers { permanent_uuid: "109eeb145deb4013bf53baa5eb647fd6" member_type: VOTER last_known_addr { host: "127.9.156.65" port: 37575 } } peers { permanent_uuid: "2a7736eef5cd4ba9a78f69e9a740715a" member_type: VOTER last_known_addr { host: "127.9.156.66" port: 38011 } } peers { permanent_uuid: "615484c1ee45413d8b34a7277d51fcdf" member_type: VOTER last_known_addr { host: "127.9.156.67" port: 45963 } }
I20260709 14:51:31.635767 11134 raft_consensus.cc:385] T 135cf4ac37dd436e9c4da95c7f2050d8 P 2a7736eef5cd4ba9a78f69e9a740715a [term 0 FOLLOWER]: Consensus starting up: Expiring failure detector timer to make a prompt election more likely
I20260709 14:51:31.636044 11134 raft_consensus.cc:740] T 135cf4ac37dd436e9c4da95c7f2050d8 P 2a7736eef5cd4ba9a78f69e9a740715a [term 0 FOLLOWER]: Becoming Follower/Learner. State: Replica: 2a7736eef5cd4ba9a78f69e9a740715a, State: Initialized, Role: FOLLOWER
I20260709 14:51:31.636572 11134 consensus_queue.cc:260] T 135cf4ac37dd436e9c4da95c7f2050d8 P 2a7736eef5cd4ba9a78f69e9a740715a [NON_LEADER]: Queue going to NON_LEADER mode. State: All replicated index: 0, Majority replicated index: 0, Committed index: 0, Last appended: 0.0, Last appended by leader: 0, Current term: 0, Majority size: -1, State: 0, Mode: NON_LEADER, active raft config: opid_index: -1 OBSOLETE_local: false peers { permanent_uuid: "109eeb145deb4013bf53baa5eb647fd6" member_type: VOTER last_known_addr { host: "127.9.156.65" port: 37575 } } peers { permanent_uuid: "2a7736eef5cd4ba9a78f69e9a740715a" member_type: VOTER last_known_addr { host: "127.9.156.66" port: 38011 } } peers { permanent_uuid: "615484c1ee45413d8b34a7277d51fcdf" member_type: VOTER last_known_addr { host: "127.9.156.67" port: 45963 } }
I20260709 14:51:31.633167 11178 raft_consensus.cc:2804] T 7d15681037b54df4936e3435d57131ae P 615484c1ee45413d8b34a7277d51fcdf [term 1 FOLLOWER]: Leader election won for term 1
I20260709 14:51:31.640386 11178 raft_consensus.cc:697] T 7d15681037b54df4936e3435d57131ae P 615484c1ee45413d8b34a7277d51fcdf [term 1 LEADER]: Becoming Leader. State: Replica: 615484c1ee45413d8b34a7277d51fcdf, State: Running, Role: LEADER
I20260709 14:51:31.641198 11178 consensus_queue.cc:237] T 7d15681037b54df4936e3435d57131ae P 615484c1ee45413d8b34a7277d51fcdf [LEADER]: Queue going to LEADER mode. State: All replicated index: 0, Majority replicated index: 0, Committed index: 0, Last appended: 0.0, Last appended by leader: 0, Current term: 1, Majority size: 2, State: 0, Mode: LEADER, active raft config: opid_index: -1 OBSOLETE_local: false peers { permanent_uuid: "109eeb145deb4013bf53baa5eb647fd6" member_type: VOTER last_known_addr { host: "127.9.156.65" port: 37575 } } peers { permanent_uuid: "2a7736eef5cd4ba9a78f69e9a740715a" member_type: VOTER last_known_addr { host: "127.9.156.66" port: 38011 } } peers { permanent_uuid: "615484c1ee45413d8b34a7277d51fcdf" member_type: VOTER last_known_addr { host: "127.9.156.67" port: 45963 } }
I20260709 14:51:31.643802 11184 leader_election.cc:290] T 7d15681037b54df4936e3435d57131ae P 615484c1ee45413d8b34a7277d51fcdf [CANDIDATE]: Term 1 election: Requested vote from peers 109eeb145deb4013bf53baa5eb647fd6 (127.9.156.65:37575), 2a7736eef5cd4ba9a78f69e9a740715a (127.9.156.66:38011)
I20260709 14:51:31.644554 11134 ts_tablet_manager.cc:1434] T 135cf4ac37dd436e9c4da95c7f2050d8 P 2a7736eef5cd4ba9a78f69e9a740715a: Time spent starting tablet: real 0.073s	user 0.005s	sys 0.000s
I20260709 14:51:31.650066 11134 tablet_bootstrap.cc:492] T d46392c57f32475fa03485bce8246314 P 2a7736eef5cd4ba9a78f69e9a740715a: Bootstrap starting.
I20260709 14:51:31.651880 11170 consensus_queue.cc:1048] T bbe6b83689d0461db1a3bf618754a48c P 109eeb145deb4013bf53baa5eb647fd6 [LEADER]: Connected to new peer: Peer: permanent_uuid: "2a7736eef5cd4ba9a78f69e9a740715a" member_type: VOTER last_known_addr { host: "127.9.156.66" port: 38011 }, Status: LMP_MISMATCH, Last received: 0.0, Next index: 1, Last known committed idx: 0, Time since last communication: 0.001s
I20260709 14:51:31.655737 11020 tablet_service.cc:1917] Received RequestConsensusVote() RPC: tablet_id: "7d15681037b54df4936e3435d57131ae" candidate_uuid: "615484c1ee45413d8b34a7277d51fcdf" candidate_term: 1 candidate_status { last_received { term: 0 index: 0 } } ignore_live_leader: false dest_uuid: "2a7736eef5cd4ba9a78f69e9a740715a"
W20260709 14:51:31.656769 11058 leader_election.cc:343] T 7d15681037b54df4936e3435d57131ae P 615484c1ee45413d8b34a7277d51fcdf [CANDIDATE]: Term 1 election: Tablet error from VoteRequest() call to peer 2a7736eef5cd4ba9a78f69e9a740715a (127.9.156.66:38011): Illegal state: must be running to vote when last-logged opid is not known
I20260709 14:51:31.657207 11136 tablet_bootstrap.cc:654] T 8ea4197cabcd4c7e97eb0e25cb4e08c6 P 109eeb145deb4013bf53baa5eb647fd6: Neither blocks nor log segments found. Creating new log.
I20260709 14:51:31.664254 11018 raft_consensus.cc:2468] T 573b409f1e894694a28d478517f59ec0 P 2a7736eef5cd4ba9a78f69e9a740715a [term 1 FOLLOWER]: Leader election vote request: Granting yes vote for candidate 109eeb145deb4013bf53baa5eb647fd6 in term 1.
I20260709 14:51:31.664880 10944 tablet_service.cc:1917] Received RequestConsensusVote() RPC: tablet_id: "84d57ee2290247df8ec7e7d7e0e88aff" candidate_uuid: "615484c1ee45413d8b34a7277d51fcdf" candidate_term: 1 candidate_status { last_received { term: 0 index: 0 } } ignore_live_leader: false dest_uuid: "109eeb145deb4013bf53baa5eb647fd6"
I20260709 14:51:31.665463 10944 raft_consensus.cc:3060] T 84d57ee2290247df8ec7e7d7e0e88aff P 109eeb145deb4013bf53baa5eb647fd6 [term 0 FOLLOWER]: Advancing to term 1
I20260709 14:51:31.667783 10909 leader_election.cc:304] T 573b409f1e894694a28d478517f59ec0 P 109eeb145deb4013bf53baa5eb647fd6 [CANDIDATE]: Term 1 election: Election decided. Result: candidate won. Election summary: received 2 responses out of 3 voters: 2 yes votes; 0 no votes. yes voters: 109eeb145deb4013bf53baa5eb647fd6, 2a7736eef5cd4ba9a78f69e9a740715a; no voters: 
I20260709 14:51:31.668529 11170 raft_consensus.cc:2804] T 573b409f1e894694a28d478517f59ec0 P 109eeb145deb4013bf53baa5eb647fd6 [term 1 FOLLOWER]: Leader election won for term 1
I20260709 14:51:31.669013 11170 raft_consensus.cc:697] T 573b409f1e894694a28d478517f59ec0 P 109eeb145deb4013bf53baa5eb647fd6 [term 1 LEADER]: Becoming Leader. State: Replica: 109eeb145deb4013bf53baa5eb647fd6, State: Running, Role: LEADER
I20260709 14:51:31.669826 11170 consensus_queue.cc:237] T 573b409f1e894694a28d478517f59ec0 P 109eeb145deb4013bf53baa5eb647fd6 [LEADER]: Queue going to LEADER mode. State: All replicated index: 0, Majority replicated index: 0, Committed index: 0, Last appended: 0.0, Last appended by leader: 0, Current term: 1, Majority size: 2, State: 0, Mode: LEADER, active raft config: opid_index: -1 OBSOLETE_local: false peers { permanent_uuid: "109eeb145deb4013bf53baa5eb647fd6" member_type: VOTER last_known_addr { host: "127.9.156.65" port: 37575 } } peers { permanent_uuid: "2a7736eef5cd4ba9a78f69e9a740715a" member_type: VOTER last_known_addr { host: "127.9.156.66" port: 38011 } } peers { permanent_uuid: "615484c1ee45413d8b34a7277d51fcdf" member_type: VOTER last_known_addr { host: "127.9.156.67" port: 45963 } }
I20260709 14:51:31.652258 11092 raft_consensus.cc:2468] T 573b409f1e894694a28d478517f59ec0 P 615484c1ee45413d8b34a7277d51fcdf [term 1 FOLLOWER]: Leader election vote request: Granting yes vote for candidate 109eeb145deb4013bf53baa5eb647fd6 in term 1.
I20260709 14:51:31.679171 11135 tablet_bootstrap.cc:654] T ed1af201374d48a58e6d3234340cc72f P 615484c1ee45413d8b34a7277d51fcdf: Neither blocks nor log segments found. Creating new log.
I20260709 14:51:31.684139 10944 raft_consensus.cc:2468] T 84d57ee2290247df8ec7e7d7e0e88aff P 109eeb145deb4013bf53baa5eb647fd6 [term 1 FOLLOWER]: Leader election vote request: Granting yes vote for candidate 615484c1ee45413d8b34a7277d51fcdf in term 1.
I20260709 14:51:31.693629 11057 leader_election.cc:304] T 84d57ee2290247df8ec7e7d7e0e88aff P 615484c1ee45413d8b34a7277d51fcdf [CANDIDATE]: Term 1 election: Election decided. Result: candidate won. Election summary: received 2 responses out of 3 voters: 2 yes votes; 0 no votes. yes voters: 109eeb145deb4013bf53baa5eb647fd6, 615484c1ee45413d8b34a7277d51fcdf; no voters: 
I20260709 14:51:31.693660 11186 raft_consensus.cc:493] T 8ea4197cabcd4c7e97eb0e25cb4e08c6 P 2a7736eef5cd4ba9a78f69e9a740715a [term 0 FOLLOWER]: Starting pre-election (no leader contacted us within the election timeout)
I20260709 14:51:31.694723 11177 raft_consensus.cc:2804] T 84d57ee2290247df8ec7e7d7e0e88aff P 615484c1ee45413d8b34a7277d51fcdf [term 1 FOLLOWER]: Leader election won for term 1
I20260709 14:51:31.694902 11186 raft_consensus.cc:515] T 8ea4197cabcd4c7e97eb0e25cb4e08c6 P 2a7736eef5cd4ba9a78f69e9a740715a [term 0 FOLLOWER]: Starting pre-election with config: opid_index: -1 OBSOLETE_local: false peers { permanent_uuid: "109eeb145deb4013bf53baa5eb647fd6" member_type: VOTER last_known_addr { host: "127.9.156.65" port: 37575 } } peers { permanent_uuid: "2a7736eef5cd4ba9a78f69e9a740715a" member_type: VOTER last_known_addr { host: "127.9.156.66" port: 38011 } } peers { permanent_uuid: "615484c1ee45413d8b34a7277d51fcdf" member_type: VOTER last_known_addr { host: "127.9.156.67" port: 45963 } }
I20260709 14:51:31.690501 11141 leader_election.cc:290] T 84d57ee2290247df8ec7e7d7e0e88aff P 615484c1ee45413d8b34a7277d51fcdf [CANDIDATE]: Term 1 election: Requested vote from peers 109eeb145deb4013bf53baa5eb647fd6 (127.9.156.65:37575), 2a7736eef5cd4ba9a78f69e9a740715a (127.9.156.66:38011)
I20260709 14:51:31.695250 11177 raft_consensus.cc:697] T 84d57ee2290247df8ec7e7d7e0e88aff P 615484c1ee45413d8b34a7277d51fcdf [term 1 LEADER]: Becoming Leader. State: Replica: 615484c1ee45413d8b34a7277d51fcdf, State: Running, Role: LEADER
I20260709 14:51:31.707297 10944 tablet_service.cc:1917] Received RequestConsensusVote() RPC: tablet_id: "8ea4197cabcd4c7e97eb0e25cb4e08c6" candidate_uuid: "2a7736eef5cd4ba9a78f69e9a740715a" candidate_term: 1 candidate_status { last_received { term: 0 index: 0 } } ignore_live_leader: false dest_uuid: "109eeb145deb4013bf53baa5eb647fd6" is_pre_election: true
W20260709 14:51:31.708460 10983 leader_election.cc:343] T 8ea4197cabcd4c7e97eb0e25cb4e08c6 P 2a7736eef5cd4ba9a78f69e9a740715a [CANDIDATE]: Term 1 pre-election: Tablet error from VoteRequest() call to peer 109eeb145deb4013bf53baa5eb647fd6 (127.9.156.65:37575): Illegal state: must be running to vote when last-logged opid is not known
I20260709 14:51:31.708602 11019 tablet_service.cc:1917] Received RequestConsensusVote() RPC: tablet_id: "84d57ee2290247df8ec7e7d7e0e88aff" candidate_uuid: "615484c1ee45413d8b34a7277d51fcdf" candidate_term: 1 candidate_status { last_received { term: 0 index: 0 } } ignore_live_leader: false dest_uuid: "2a7736eef5cd4ba9a78f69e9a740715a"
I20260709 14:51:31.717355 11186 leader_election.cc:290] T 8ea4197cabcd4c7e97eb0e25cb4e08c6 P 2a7736eef5cd4ba9a78f69e9a740715a [CANDIDATE]: Term 1 pre-election: Requested pre-vote from peers 109eeb145deb4013bf53baa5eb647fd6 (127.9.156.65:37575), 615484c1ee45413d8b34a7277d51fcdf (127.9.156.67:45963)
I20260709 14:51:31.721859 11091 tablet_service.cc:1917] Received RequestConsensusVote() RPC: tablet_id: "8ea4197cabcd4c7e97eb0e25cb4e08c6" candidate_uuid: "2a7736eef5cd4ba9a78f69e9a740715a" candidate_term: 1 candidate_status { last_received { term: 0 index: 0 } } ignore_live_leader: false dest_uuid: "615484c1ee45413d8b34a7277d51fcdf" is_pre_election: true
I20260709 14:51:31.722702 11141 consensus_queue.cc:1048] T febdaef4da88493cb88504504610a6a1 P 615484c1ee45413d8b34a7277d51fcdf [LEADER]: Connected to new peer: Peer: permanent_uuid: "2a7736eef5cd4ba9a78f69e9a740715a" member_type: VOTER last_known_addr { host: "127.9.156.66" port: 38011 }, Status: LMP_MISMATCH, Last received: 0.0, Next index: 1, Last known committed idx: 0, Time since last communication: 0.000s
I20260709 14:51:31.724828 10842 catalog_manager.cc:5697] T 7d15681037b54df4936e3435d57131ae P 615484c1ee45413d8b34a7277d51fcdf reported cstate change: term changed from 0 to 1, leader changed from <none> to 615484c1ee45413d8b34a7277d51fcdf (127.9.156.67). New cstate: current_term: 1 leader_uuid: "615484c1ee45413d8b34a7277d51fcdf" committed_config { opid_index: -1 OBSOLETE_local: false peers { permanent_uuid: "109eeb145deb4013bf53baa5eb647fd6" member_type: VOTER last_known_addr { host: "127.9.156.65" port: 37575 } health_report { overall_health: UNKNOWN } } peers { permanent_uuid: "2a7736eef5cd4ba9a78f69e9a740715a" member_type: VOTER last_known_addr { host: "127.9.156.66" port: 38011 } health_report { overall_health: UNKNOWN } } peers { permanent_uuid: "615484c1ee45413d8b34a7277d51fcdf" member_type: VOTER last_known_addr { host: "127.9.156.67" port: 45963 } health_report { overall_health: HEALTHY } } }
I20260709 14:51:31.699035 11177 consensus_queue.cc:237] T 84d57ee2290247df8ec7e7d7e0e88aff P 615484c1ee45413d8b34a7277d51fcdf [LEADER]: Queue going to LEADER mode. State: All replicated index: 0, Majority replicated index: 0, Committed index: 0, Last appended: 0.0, Last appended by leader: 0, Current term: 1, Majority size: 2, State: 0, Mode: LEADER, active raft config: opid_index: -1 OBSOLETE_local: false peers { permanent_uuid: "109eeb145deb4013bf53baa5eb647fd6" member_type: VOTER last_known_addr { host: "127.9.156.65" port: 37575 } } peers { permanent_uuid: "2a7736eef5cd4ba9a78f69e9a740715a" member_type: VOTER last_known_addr { host: "127.9.156.66" port: 38011 } } peers { permanent_uuid: "615484c1ee45413d8b34a7277d51fcdf" member_type: VOTER last_known_addr { host: "127.9.156.67" port: 45963 } }
W20260709 14:51:31.725539 11058 leader_election.cc:343] T 84d57ee2290247df8ec7e7d7e0e88aff P 615484c1ee45413d8b34a7277d51fcdf [CANDIDATE]: Term 1 election: Tablet error from VoteRequest() call to peer 2a7736eef5cd4ba9a78f69e9a740715a (127.9.156.66:38011): Illegal state: must be running to vote when last-logged opid is not known
I20260709 14:51:31.738708 11134 tablet_bootstrap.cc:654] T d46392c57f32475fa03485bce8246314 P 2a7736eef5cd4ba9a78f69e9a740715a: Neither blocks nor log segments found. Creating new log.
I20260709 14:51:31.729559 11172 raft_consensus.cc:493] T c9f30cdcb79d41a98661a2495ccce838 P 109eeb145deb4013bf53baa5eb647fd6 [term 0 FOLLOWER]: Starting pre-election (no leader contacted us within the election timeout)
