I20260709 14:51:34.112254 19363 raft_consensus.cc:2804] T 949dcf7cda1e48799667336b845d44b3 P 8318f9daa0594ee1984ef13eb69b81f8 [term 1 FOLLOWER]: Leader election won for term 1
I20260709 14:51:34.112830 19363 raft_consensus.cc:697] T 949dcf7cda1e48799667336b845d44b3 P 8318f9daa0594ee1984ef13eb69b81f8 [term 1 LEADER]: Becoming Leader. State: Replica: 8318f9daa0594ee1984ef13eb69b81f8, State: Running, Role: LEADER
I20260709 14:51:34.113729 19363 consensus_queue.cc:237] T 949dcf7cda1e48799667336b845d44b3 P 8318f9daa0594ee1984ef13eb69b81f8 [LEADER]: Queue going to LEADER mode. State: All replicated index: 0, Majority replicated index: 0, Committed index: 0, Last appended: 0.0, Last appended by leader: 0, Current term: 1, Majority size: 2, State: 0, Mode: LEADER, active raft config: opid_index: -1 OBSOLETE_local: false peers { permanent_uuid: "8318f9daa0594ee1984ef13eb69b81f8" member_type: VOTER last_known_addr { host: "127.17.142.193" port: 43691 } } peers { permanent_uuid: "cd8db84afd62466fa002f64889d7d421" member_type: VOTER last_known_addr { host: "127.17.142.194" port: 39349 } } peers { permanent_uuid: "44cd808dd5594245857dc61b0cbc9375" member_type: VOTER last_known_addr { host: "127.17.142.195" port: 45417 } }
I20260709 14:51:34.115922 19275 raft_consensus.cc:359] T 6fdcc6bbede34ac098c1b44334081240 P 44cd808dd5594245857dc61b0cbc9375 [term 0 FOLLOWER]: Replica starting. Triggering 0 pending ops. Active config: opid_index: -1 OBSOLETE_local: false peers { permanent_uuid: "8318f9daa0594ee1984ef13eb69b81f8" member_type: VOTER last_known_addr { host: "127.17.142.193" port: 43691 } } peers { permanent_uuid: "cd8db84afd62466fa002f64889d7d421" member_type: VOTER last_known_addr { host: "127.17.142.194" port: 39349 } } peers { permanent_uuid: "44cd808dd5594245857dc61b0cbc9375" member_type: VOTER last_known_addr { host: "127.17.142.195" port: 45417 } }
I20260709 14:51:34.116822 19275 raft_consensus.cc:385] T 6fdcc6bbede34ac098c1b44334081240 P 44cd808dd5594245857dc61b0cbc9375 [term 0 FOLLOWER]: Consensus starting up: Expiring failure detector timer to make a prompt election more likely
I20260709 14:51:34.119380 19380 raft_consensus.cc:515] T 225c4aa03b834b728d3607ef77eebf8b P cd8db84afd62466fa002f64889d7d421 [term 1 FOLLOWER]: Starting leader election with config: opid_index: -1 OBSOLETE_local: false peers { permanent_uuid: "8318f9daa0594ee1984ef13eb69b81f8" member_type: VOTER last_known_addr { host: "127.17.142.193" port: 43691 } } peers { permanent_uuid: "cd8db84afd62466fa002f64889d7d421" member_type: VOTER last_known_addr { host: "127.17.142.194" port: 39349 } } peers { permanent_uuid: "44cd808dd5594245857dc61b0cbc9375" member_type: VOTER last_known_addr { host: "127.17.142.195" port: 45417 } }
I20260709 14:51:34.120774 19274 tablet_bootstrap.cc:492] T 8f0eba4618fc40ccb84b4756de23292e P cd8db84afd62466fa002f64889d7d421: No bootstrap required, opened a new log
I20260709 14:51:34.121279 19274 ts_tablet_manager.cc:1403] T 8f0eba4618fc40ccb84b4756de23292e P cd8db84afd62466fa002f64889d7d421: Time spent bootstrapping tablet: real 0.053s	user 0.023s	sys 0.023s
I20260709 14:51:34.117163 19275 raft_consensus.cc:740] T 6fdcc6bbede34ac098c1b44334081240 P 44cd808dd5594245857dc61b0cbc9375 [term 0 FOLLOWER]: Becoming Follower/Learner. State: Replica: 44cd808dd5594245857dc61b0cbc9375, State: Initialized, Role: FOLLOWER
I20260709 14:51:34.123948 19274 raft_consensus.cc:359] T 8f0eba4618fc40ccb84b4756de23292e P cd8db84afd62466fa002f64889d7d421 [term 0 FOLLOWER]: Replica starting. Triggering 0 pending ops. Active config: opid_index: -1 OBSOLETE_local: false peers { permanent_uuid: "8318f9daa0594ee1984ef13eb69b81f8" member_type: VOTER last_known_addr { host: "127.17.142.193" port: 43691 } } peers { permanent_uuid: "cd8db84afd62466fa002f64889d7d421" member_type: VOTER last_known_addr { host: "127.17.142.194" port: 39349 } } peers { permanent_uuid: "44cd808dd5594245857dc61b0cbc9375" member_type: VOTER last_known_addr { host: "127.17.142.195" port: 45417 } }
I20260709 14:51:34.125455 19274 raft_consensus.cc:385] T 8f0eba4618fc40ccb84b4756de23292e P cd8db84afd62466fa002f64889d7d421 [term 0 FOLLOWER]: Consensus starting up: Expiring failure detector timer to make a prompt election more likely
I20260709 14:51:34.125808 19274 raft_consensus.cc:740] T 8f0eba4618fc40ccb84b4756de23292e P cd8db84afd62466fa002f64889d7d421 [term 0 FOLLOWER]: Becoming Follower/Learner. State: Replica: cd8db84afd62466fa002f64889d7d421, State: Initialized, Role: FOLLOWER
I20260709 14:51:34.126459 19274 consensus_queue.cc:260] T 8f0eba4618fc40ccb84b4756de23292e P cd8db84afd62466fa002f64889d7d421 [NON_LEADER]: Queue going to NON_LEADER mode. State: All replicated index: 0, Majority replicated index: 0, Committed index: 0, Last appended: 0.0, Last appended by leader: 0, Current term: 0, Majority size: -1, State: 0, Mode: NON_LEADER, active raft config: opid_index: -1 OBSOLETE_local: false peers { permanent_uuid: "8318f9daa0594ee1984ef13eb69b81f8" member_type: VOTER last_known_addr { host: "127.17.142.193" port: 43691 } } peers { permanent_uuid: "cd8db84afd62466fa002f64889d7d421" member_type: VOTER last_known_addr { host: "127.17.142.194" port: 39349 } } peers { permanent_uuid: "44cd808dd5594245857dc61b0cbc9375" member_type: VOTER last_known_addr { host: "127.17.142.195" port: 45417 } }
I20260709 14:51:34.128485 19274 ts_tablet_manager.cc:1434] T 8f0eba4618fc40ccb84b4756de23292e P cd8db84afd62466fa002f64889d7d421: Time spent starting tablet: real 0.007s	user 0.005s	sys 0.001s
I20260709 14:51:34.129392 19274 tablet_bootstrap.cc:492] T 867dca0fbf9c4939bad9ebfecf01cbcb P cd8db84afd62466fa002f64889d7d421: Bootstrap starting.
I20260709 14:51:34.135032 19274 tablet_bootstrap.cc:654] T 867dca0fbf9c4939bad9ebfecf01cbcb P cd8db84afd62466fa002f64889d7d421: Neither blocks nor log segments found. Creating new log.
I20260709 14:51:34.122679 19275 consensus_queue.cc:260] T 6fdcc6bbede34ac098c1b44334081240 P 44cd808dd5594245857dc61b0cbc9375 [NON_LEADER]: Queue going to NON_LEADER mode. State: All replicated index: 0, Majority replicated index: 0, Committed index: 0, Last appended: 0.0, Last appended by leader: 0, Current term: 0, Majority size: -1, State: 0, Mode: NON_LEADER, active raft config: opid_index: -1 OBSOLETE_local: false peers { permanent_uuid: "8318f9daa0594ee1984ef13eb69b81f8" member_type: VOTER last_known_addr { host: "127.17.142.193" port: 43691 } } peers { permanent_uuid: "cd8db84afd62466fa002f64889d7d421" member_type: VOTER last_known_addr { host: "127.17.142.194" port: 39349 } } peers { permanent_uuid: "44cd808dd5594245857dc61b0cbc9375" member_type: VOTER last_known_addr { host: "127.17.142.195" port: 45417 } }
I20260709 14:51:34.142488 19276 tablet_bootstrap.cc:492] T 0dd4262471f14b9ca340a272b8f6ac0b P 8318f9daa0594ee1984ef13eb69b81f8: No bootstrap required, opened a new log
I20260709 14:51:34.143064 19276 ts_tablet_manager.cc:1403] T 0dd4262471f14b9ca340a272b8f6ac0b P 8318f9daa0594ee1984ef13eb69b81f8: Time spent bootstrapping tablet: real 0.097s	user 0.011s	sys 0.000s
I20260709 14:51:34.146693 19274 tablet_bootstrap.cc:492] T 867dca0fbf9c4939bad9ebfecf01cbcb P cd8db84afd62466fa002f64889d7d421: No bootstrap required, opened a new log
I20260709 14:51:34.147241 19274 ts_tablet_manager.cc:1403] T 867dca0fbf9c4939bad9ebfecf01cbcb P cd8db84afd62466fa002f64889d7d421: Time spent bootstrapping tablet: real 0.018s	user 0.013s	sys 0.004s
I20260709 14:51:34.147831 19228 tablet_service.cc:1917] Received RequestConsensusVote() RPC: tablet_id: "225c4aa03b834b728d3607ef77eebf8b" candidate_uuid: "cd8db84afd62466fa002f64889d7d421" candidate_term: 1 candidate_status { last_received { term: 0 index: 0 } } ignore_live_leader: false dest_uuid: "44cd808dd5594245857dc61b0cbc9375"
I20260709 14:51:34.148465 19228 raft_consensus.cc:3060] T 225c4aa03b834b728d3607ef77eebf8b P 44cd808dd5594245857dc61b0cbc9375 [term 0 FOLLOWER]: Advancing to term 1
I20260709 14:51:34.150056 19274 raft_consensus.cc:359] T 867dca0fbf9c4939bad9ebfecf01cbcb P cd8db84afd62466fa002f64889d7d421 [term 0 FOLLOWER]: Replica starting. Triggering 0 pending ops. Active config: opid_index: -1 OBSOLETE_local: false peers { permanent_uuid: "8318f9daa0594ee1984ef13eb69b81f8" member_type: VOTER last_known_addr { host: "127.17.142.193" port: 43691 } } peers { permanent_uuid: "cd8db84afd62466fa002f64889d7d421" member_type: VOTER last_known_addr { host: "127.17.142.194" port: 39349 } } peers { permanent_uuid: "44cd808dd5594245857dc61b0cbc9375" member_type: VOTER last_known_addr { host: "127.17.142.195" port: 45417 } }
I20260709 14:51:34.150388 19082 tablet_service.cc:1917] Received RequestConsensusVote() RPC: tablet_id: "225c4aa03b834b728d3607ef77eebf8b" candidate_uuid: "cd8db84afd62466fa002f64889d7d421" candidate_term: 1 candidate_status { last_received { term: 0 index: 0 } } ignore_live_leader: false dest_uuid: "8318f9daa0594ee1984ef13eb69b81f8"
I20260709 14:51:34.150972 19274 raft_consensus.cc:385] T 867dca0fbf9c4939bad9ebfecf01cbcb P cd8db84afd62466fa002f64889d7d421 [term 0 FOLLOWER]: Consensus starting up: Expiring failure detector timer to make a prompt election more likely
I20260709 14:51:34.151341 19274 raft_consensus.cc:740] T 867dca0fbf9c4939bad9ebfecf01cbcb P cd8db84afd62466fa002f64889d7d421 [term 0 FOLLOWER]: Becoming Follower/Learner. State: Replica: cd8db84afd62466fa002f64889d7d421, State: Initialized, Role: FOLLOWER
W20260709 14:51:34.151819 19124 leader_election.cc:343] T 225c4aa03b834b728d3607ef77eebf8b P cd8db84afd62466fa002f64889d7d421 [CANDIDATE]: Term 1 election: Tablet error from VoteRequest() call to peer 8318f9daa0594ee1984ef13eb69b81f8 (127.17.142.193:43691): Illegal state: must be running to vote when last-logged opid is not known
I20260709 14:51:34.152155 19274 consensus_queue.cc:260] T 867dca0fbf9c4939bad9ebfecf01cbcb P cd8db84afd62466fa002f64889d7d421 [NON_LEADER]: Queue going to NON_LEADER mode. State: All replicated index: 0, Majority replicated index: 0, Committed index: 0, Last appended: 0.0, Last appended by leader: 0, Current term: 0, Majority size: -1, State: 0, Mode: NON_LEADER, active raft config: opid_index: -1 OBSOLETE_local: false peers { permanent_uuid: "8318f9daa0594ee1984ef13eb69b81f8" member_type: VOTER last_known_addr { host: "127.17.142.193" port: 43691 } } peers { permanent_uuid: "cd8db84afd62466fa002f64889d7d421" member_type: VOTER last_known_addr { host: "127.17.142.194" port: 39349 } } peers { permanent_uuid: "44cd808dd5594245857dc61b0cbc9375" member_type: VOTER last_known_addr { host: "127.17.142.195" port: 45417 } }
I20260709 14:51:34.154363 19274 ts_tablet_manager.cc:1434] T 867dca0fbf9c4939bad9ebfecf01cbcb P cd8db84afd62466fa002f64889d7d421: Time spent starting tablet: real 0.007s	user 0.002s	sys 0.003s
I20260709 14:51:34.153508 18983 catalog_manager.cc:5697] T 676126018c2f4af9af5cb3913f3d4108 P 44cd808dd5594245857dc61b0cbc9375 reported cstate change: term changed from 0 to 1, leader changed from <none> to 44cd808dd5594245857dc61b0cbc9375 (127.17.142.195). New cstate: current_term: 1 leader_uuid: "44cd808dd5594245857dc61b0cbc9375" committed_config { opid_index: -1 OBSOLETE_local: false peers { permanent_uuid: "8318f9daa0594ee1984ef13eb69b81f8" member_type: VOTER last_known_addr { host: "127.17.142.193" port: 43691 } health_report { overall_health: UNKNOWN } } peers { permanent_uuid: "cd8db84afd62466fa002f64889d7d421" member_type: VOTER last_known_addr { host: "127.17.142.194" port: 39349 } health_report { overall_health: UNKNOWN } } peers { permanent_uuid: "44cd808dd5594245857dc61b0cbc9375" member_type: VOTER last_known_addr { host: "127.17.142.195" port: 45417 } health_report { overall_health: HEALTHY } } }
I20260709 14:51:34.155296 19274 tablet_bootstrap.cc:492] T c97a115d17d142a88737e44e5ffd3104 P cd8db84afd62466fa002f64889d7d421: Bootstrap starting.
I20260709 14:51:34.155725 19228 raft_consensus.cc:2468] T 225c4aa03b834b728d3607ef77eebf8b P 44cd808dd5594245857dc61b0cbc9375 [term 1 FOLLOWER]: Leader election vote request: Granting yes vote for candidate cd8db84afd62466fa002f64889d7d421 in term 1.
I20260709 14:51:34.156914 19125 leader_election.cc:304] T 225c4aa03b834b728d3607ef77eebf8b P cd8db84afd62466fa002f64889d7d421 [CANDIDATE]: Term 1 election: Election decided. Result: candidate won. Election summary: received 3 responses out of 3 voters: 2 yes votes; 1 no votes. yes voters: 44cd808dd5594245857dc61b0cbc9375, cd8db84afd62466fa002f64889d7d421; no voters: 8318f9daa0594ee1984ef13eb69b81f8
I20260709 14:51:34.157790 19308 raft_consensus.cc:2804] T 225c4aa03b834b728d3607ef77eebf8b P cd8db84afd62466fa002f64889d7d421 [term 1 FOLLOWER]: Leader election won for term 1
I20260709 14:51:34.158337 19308 raft_consensus.cc:697] T 225c4aa03b834b728d3607ef77eebf8b P cd8db84afd62466fa002f64889d7d421 [term 1 LEADER]: Becoming Leader. State: Replica: cd8db84afd62466fa002f64889d7d421, State: Running, Role: LEADER
I20260709 14:51:34.159235 19308 consensus_queue.cc:237] T 225c4aa03b834b728d3607ef77eebf8b P cd8db84afd62466fa002f64889d7d421 [LEADER]: Queue going to LEADER mode. State: All replicated index: 0, Majority replicated index: 0, Committed index: 0, Last appended: 0.0, Last appended by leader: 0, Current term: 1, Majority size: 2, State: 0, Mode: LEADER, active raft config: opid_index: -1 OBSOLETE_local: false peers { permanent_uuid: "8318f9daa0594ee1984ef13eb69b81f8" member_type: VOTER last_known_addr { host: "127.17.142.193" port: 43691 } } peers { permanent_uuid: "cd8db84afd62466fa002f64889d7d421" member_type: VOTER last_known_addr { host: "127.17.142.194" port: 39349 } } peers { permanent_uuid: "44cd808dd5594245857dc61b0cbc9375" member_type: VOTER last_known_addr { host: "127.17.142.195" port: 45417 } }
I20260709 14:51:34.163846 19274 tablet_bootstrap.cc:654] T c97a115d17d142a88737e44e5ffd3104 P cd8db84afd62466fa002f64889d7d421: Neither blocks nor log segments found. Creating new log.
I20260709 14:51:34.165359 19275 ts_tablet_manager.cc:1434] T 6fdcc6bbede34ac098c1b44334081240 P 44cd808dd5594245857dc61b0cbc9375: Time spent starting tablet: real 0.068s	user 0.010s	sys 0.000s
I20260709 14:51:34.166383 19275 tablet_bootstrap.cc:492] T e7b9194420ef49cf90e89d8469f29773 P 44cd808dd5594245857dc61b0cbc9375: Bootstrap starting.
I20260709 14:51:34.182240 19380 leader_election.cc:290] T 225c4aa03b834b728d3607ef77eebf8b P cd8db84afd62466fa002f64889d7d421 [CANDIDATE]: Term 1 election: Requested vote from peers 8318f9daa0594ee1984ef13eb69b81f8 (127.17.142.193:43691), 44cd808dd5594245857dc61b0cbc9375 (127.17.142.195:45417)
I20260709 14:51:34.189371 19276 raft_consensus.cc:359] T 0dd4262471f14b9ca340a272b8f6ac0b P 8318f9daa0594ee1984ef13eb69b81f8 [term 0 FOLLOWER]: Replica starting. Triggering 0 pending ops. Active config: opid_index: -1 OBSOLETE_local: false peers { permanent_uuid: "8318f9daa0594ee1984ef13eb69b81f8" member_type: VOTER last_known_addr { host: "127.17.142.193" port: 43691 } } peers { permanent_uuid: "cd8db84afd62466fa002f64889d7d421" member_type: VOTER last_known_addr { host: "127.17.142.194" port: 39349 } } peers { permanent_uuid: "44cd808dd5594245857dc61b0cbc9375" member_type: VOTER last_known_addr { host: "127.17.142.195" port: 45417 } }
I20260709 14:51:34.190254 19276 raft_consensus.cc:385] T 0dd4262471f14b9ca340a272b8f6ac0b P 8318f9daa0594ee1984ef13eb69b81f8 [term 0 FOLLOWER]: Consensus starting up: Expiring failure detector timer to make a prompt election more likely
I20260709 14:51:34.190611 19276 raft_consensus.cc:740] T 0dd4262471f14b9ca340a272b8f6ac0b P 8318f9daa0594ee1984ef13eb69b81f8 [term 0 FOLLOWER]: Becoming Follower/Learner. State: Replica: 8318f9daa0594ee1984ef13eb69b81f8, State: Initialized, Role: FOLLOWER
I20260709 14:51:34.191352 19276 consensus_queue.cc:260] T 0dd4262471f14b9ca340a272b8f6ac0b P 8318f9daa0594ee1984ef13eb69b81f8 [NON_LEADER]: Queue going to NON_LEADER mode. State: All replicated index: 0, Majority replicated index: 0, Committed index: 0, Last appended: 0.0, Last appended by leader: 0, Current term: 0, Majority size: -1, State: 0, Mode: NON_LEADER, active raft config: opid_index: -1 OBSOLETE_local: false peers { permanent_uuid: "8318f9daa0594ee1984ef13eb69b81f8" member_type: VOTER last_known_addr { host: "127.17.142.193" port: 43691 } } peers { permanent_uuid: "cd8db84afd62466fa002f64889d7d421" member_type: VOTER last_known_addr { host: "127.17.142.194" port: 39349 } } peers { permanent_uuid: "44cd808dd5594245857dc61b0cbc9375" member_type: VOTER last_known_addr { host: "127.17.142.195" port: 45417 } }
I20260709 14:51:34.204929 18982 catalog_manager.cc:5697] T 225c4aa03b834b728d3607ef77eebf8b P cd8db84afd62466fa002f64889d7d421 reported cstate change: term changed from 0 to 1, leader changed from <none> to cd8db84afd62466fa002f64889d7d421 (127.17.142.194). New cstate: current_term: 1 leader_uuid: "cd8db84afd62466fa002f64889d7d421" committed_config { opid_index: -1 OBSOLETE_local: false peers { permanent_uuid: "8318f9daa0594ee1984ef13eb69b81f8" member_type: VOTER last_known_addr { host: "127.17.142.193" port: 43691 } health_report { overall_health: UNKNOWN } } peers { permanent_uuid: "cd8db84afd62466fa002f64889d7d421" member_type: VOTER last_known_addr { host: "127.17.142.194" port: 39349 } health_report { overall_health: HEALTHY } } peers { permanent_uuid: "44cd808dd5594245857dc61b0cbc9375" member_type: VOTER last_known_addr { host: "127.17.142.195" port: 45417 } health_report { overall_health: UNKNOWN } } }
I20260709 14:51:34.206642 19276 ts_tablet_manager.cc:1434] T 0dd4262471f14b9ca340a272b8f6ac0b P 8318f9daa0594ee1984ef13eb69b81f8: Time spent starting tablet: real 0.063s	user 0.008s	sys 0.000s
I20260709 14:51:34.206380 18980 catalog_manager.cc:5697] T 949dcf7cda1e48799667336b845d44b3 P 8318f9daa0594ee1984ef13eb69b81f8 reported cstate change: term changed from 0 to 1, leader changed from <none> to 8318f9daa0594ee1984ef13eb69b81f8 (127.17.142.193). New cstate: current_term: 1 leader_uuid: "8318f9daa0594ee1984ef13eb69b81f8" committed_config { opid_index: -1 OBSOLETE_local: false peers { permanent_uuid: "8318f9daa0594ee1984ef13eb69b81f8" member_type: VOTER last_known_addr { host: "127.17.142.193" port: 43691 } health_report { overall_health: HEALTHY } } peers { permanent_uuid: "cd8db84afd62466fa002f64889d7d421" member_type: VOTER last_known_addr { host: "127.17.142.194" port: 39349 } health_report { overall_health: UNKNOWN } } peers { permanent_uuid: "44cd808dd5594245857dc61b0cbc9375" member_type: VOTER last_known_addr { host: "127.17.142.195" port: 45417 } health_report { overall_health: UNKNOWN } } }
I20260709 14:51:34.207737 19276 tablet_bootstrap.cc:492] T 225c4aa03b834b728d3607ef77eebf8b P 8318f9daa0594ee1984ef13eb69b81f8: Bootstrap starting.
I20260709 14:51:34.219936 19275 tablet_bootstrap.cc:654] T e7b9194420ef49cf90e89d8469f29773 P 44cd808dd5594245857dc61b0cbc9375: Neither blocks nor log segments found. Creating new log.
I20260709 14:51:34.220723 19274 tablet_bootstrap.cc:492] T c97a115d17d142a88737e44e5ffd3104 P cd8db84afd62466fa002f64889d7d421: No bootstrap required, opened a new log
I20260709 14:51:34.221184 19274 ts_tablet_manager.cc:1403] T c97a115d17d142a88737e44e5ffd3104 P cd8db84afd62466fa002f64889d7d421: Time spent bootstrapping tablet: real 0.066s	user 0.025s	sys 0.024s
I20260709 14:51:34.224601 19274 raft_consensus.cc:359] T c97a115d17d142a88737e44e5ffd3104 P cd8db84afd62466fa002f64889d7d421 [term 0 FOLLOWER]: Replica starting. Triggering 0 pending ops. Active config: opid_index: -1 OBSOLETE_local: false peers { permanent_uuid: "8318f9daa0594ee1984ef13eb69b81f8" member_type: VOTER last_known_addr { host: "127.17.142.193" port: 43691 } } peers { permanent_uuid: "cd8db84afd62466fa002f64889d7d421" member_type: VOTER last_known_addr { host: "127.17.142.194" port: 39349 } } peers { permanent_uuid: "44cd808dd5594245857dc61b0cbc9375" member_type: VOTER last_known_addr { host: "127.17.142.195" port: 45417 } }
I20260709 14:51:34.225289 19274 raft_consensus.cc:385] T c97a115d17d142a88737e44e5ffd3104 P cd8db84afd62466fa002f64889d7d421 [term 0 FOLLOWER]: Consensus starting up: Expiring failure detector timer to make a prompt election more likely
I20260709 14:51:34.225576 19274 raft_consensus.cc:740] T c97a115d17d142a88737e44e5ffd3104 P cd8db84afd62466fa002f64889d7d421 [term 0 FOLLOWER]: Becoming Follower/Learner. State: Replica: cd8db84afd62466fa002f64889d7d421, State: Initialized, Role: FOLLOWER
I20260709 14:51:34.226197 19274 consensus_queue.cc:260] T c97a115d17d142a88737e44e5ffd3104 P cd8db84afd62466fa002f64889d7d421 [NON_LEADER]: Queue going to NON_LEADER mode. State: All replicated index: 0, Majority replicated index: 0, Committed index: 0, Last appended: 0.0, Last appended by leader: 0, Current term: 0, Majority size: -1, State: 0, Mode: NON_LEADER, active raft config: opid_index: -1 OBSOLETE_local: false peers { permanent_uuid: "8318f9daa0594ee1984ef13eb69b81f8" member_type: VOTER last_known_addr { host: "127.17.142.193" port: 43691 } } peers { permanent_uuid: "cd8db84afd62466fa002f64889d7d421" member_type: VOTER last_known_addr { host: "127.17.142.194" port: 39349 } } peers { permanent_uuid: "44cd808dd5594245857dc61b0cbc9375" member_type: VOTER last_known_addr { host: "127.17.142.195" port: 45417 } }
I20260709 14:51:34.227860 19274 ts_tablet_manager.cc:1434] T c97a115d17d142a88737e44e5ffd3104 P cd8db84afd62466fa002f64889d7d421: Time spent starting tablet: real 0.006s	user 0.008s	sys 0.000s
I20260709 14:51:34.228708 19274 tablet_bootstrap.cc:492] T 949dcf7cda1e48799667336b845d44b3 P cd8db84afd62466fa002f64889d7d421: Bootstrap starting.
I20260709 14:51:34.238041 19274 tablet_bootstrap.cc:654] T 949dcf7cda1e48799667336b845d44b3 P cd8db84afd62466fa002f64889d7d421: Neither blocks nor log segments found. Creating new log.
I20260709 14:51:34.243491 19275 tablet_bootstrap.cc:492] T e7b9194420ef49cf90e89d8469f29773 P 44cd808dd5594245857dc61b0cbc9375: No bootstrap required, opened a new log
I20260709 14:51:34.244007 19275 ts_tablet_manager.cc:1403] T e7b9194420ef49cf90e89d8469f29773 P 44cd808dd5594245857dc61b0cbc9375: Time spent bootstrapping tablet: real 0.078s	user 0.010s	sys 0.008s
I20260709 14:51:34.246482 19276 tablet_bootstrap.cc:654] T 225c4aa03b834b728d3607ef77eebf8b P 8318f9daa0594ee1984ef13eb69b81f8: Neither blocks nor log segments found. Creating new log.
I20260709 14:51:34.246608 19275 raft_consensus.cc:359] T e7b9194420ef49cf90e89d8469f29773 P 44cd808dd5594245857dc61b0cbc9375 [term 0 FOLLOWER]: Replica starting. Triggering 0 pending ops. Active config: opid_index: -1 OBSOLETE_local: false peers { permanent_uuid: "8318f9daa0594ee1984ef13eb69b81f8" member_type: VOTER last_known_addr { host: "127.17.142.193" port: 43691 } } peers { permanent_uuid: "cd8db84afd62466fa002f64889d7d421" member_type: VOTER last_known_addr { host: "127.17.142.194" port: 39349 } } peers { permanent_uuid: "44cd808dd5594245857dc61b0cbc9375" member_type: VOTER last_known_addr { host: "127.17.142.195" port: 45417 } }
I20260709 14:51:34.249732 19275 raft_consensus.cc:385] T e7b9194420ef49cf90e89d8469f29773 P 44cd808dd5594245857dc61b0cbc9375 [term 0 FOLLOWER]: Consensus starting up: Expiring failure detector timer to make a prompt election more likely
I20260709 14:51:34.250034 19275 raft_consensus.cc:740] T e7b9194420ef49cf90e89d8469f29773 P 44cd808dd5594245857dc61b0cbc9375 [term 0 FOLLOWER]: Becoming Follower/Learner. State: Replica: 44cd808dd5594245857dc61b0cbc9375, State: Initialized, Role: FOLLOWER
I20260709 14:51:34.250847 19275 consensus_queue.cc:260] T e7b9194420ef49cf90e89d8469f29773 P 44cd808dd5594245857dc61b0cbc9375 [NON_LEADER]: Queue going to NON_LEADER mode. State: All replicated index: 0, Majority replicated index: 0, Committed index: 0, Last appended: 0.0, Last appended by leader: 0, Current term: 0, Majority size: -1, State: 0, Mode: NON_LEADER, active raft config: opid_index: -1 OBSOLETE_local: false peers { permanent_uuid: "8318f9daa0594ee1984ef13eb69b81f8" member_type: VOTER last_known_addr { host: "127.17.142.193" port: 43691 } } peers { permanent_uuid: "cd8db84afd62466fa002f64889d7d421" member_type: VOTER last_known_addr { host: "127.17.142.194" port: 39349 } } peers { permanent_uuid: "44cd808dd5594245857dc61b0cbc9375" member_type: VOTER last_known_addr { host: "127.17.142.195" port: 45417 } }
I20260709 14:51:34.252933 19275 ts_tablet_manager.cc:1434] T e7b9194420ef49cf90e89d8469f29773 P 44cd808dd5594245857dc61b0cbc9375: Time spent starting tablet: real 0.009s	user 0.005s	sys 0.000s
I20260709 14:51:34.253926 19275 tablet_bootstrap.cc:492] T 75353e6f730c4a6780f70ad7a0c70d5e P 44cd808dd5594245857dc61b0cbc9375: Bootstrap starting.
I20260709 14:51:34.260255 19275 tablet_bootstrap.cc:654] T 75353e6f730c4a6780f70ad7a0c70d5e P 44cd808dd5594245857dc61b0cbc9375: Neither blocks nor log segments found. Creating new log.
I20260709 14:51:34.250036 19274 tablet_bootstrap.cc:492] T 949dcf7cda1e48799667336b845d44b3 P cd8db84afd62466fa002f64889d7d421: No bootstrap required, opened a new log
I20260709 14:51:34.261978 19274 ts_tablet_manager.cc:1403] T 949dcf7cda1e48799667336b845d44b3 P cd8db84afd62466fa002f64889d7d421: Time spent bootstrapping tablet: real 0.033s	user 0.012s	sys 0.005s
I20260709 14:51:34.262058 19276 tablet_bootstrap.cc:492] T 225c4aa03b834b728d3607ef77eebf8b P 8318f9daa0594ee1984ef13eb69b81f8: No bootstrap required, opened a new log
I20260709 14:51:34.262528 19276 ts_tablet_manager.cc:1403] T 225c4aa03b834b728d3607ef77eebf8b P 8318f9daa0594ee1984ef13eb69b81f8: Time spent bootstrapping tablet: real 0.055s	user 0.013s	sys 0.004s
W20260709 14:51:34.263768 19031 auto_rebalancer.cc:288] Could not retrieve cluster info: Service unavailable: Tablet not running
I20260709 14:51:34.264745 19274 raft_consensus.cc:359] T 949dcf7cda1e48799667336b845d44b3 P cd8db84afd62466fa002f64889d7d421 [term 0 FOLLOWER]: Replica starting. Triggering 0 pending ops. Active config: opid_index: -1 OBSOLETE_local: false peers { permanent_uuid: "8318f9daa0594ee1984ef13eb69b81f8" member_type: VOTER last_known_addr { host: "127.17.142.193" port: 43691 } } peers { permanent_uuid: "cd8db84afd62466fa002f64889d7d421" member_type: VOTER last_known_addr { host: "127.17.142.194" port: 39349 } } peers { permanent_uuid: "44cd808dd5594245857dc61b0cbc9375" member_type: VOTER last_known_addr { host: "127.17.142.195" port: 45417 } }
I20260709 14:51:34.265501 19274 raft_consensus.cc:385] T 949dcf7cda1e48799667336b845d44b3 P cd8db84afd62466fa002f64889d7d421 [term 0 FOLLOWER]: Consensus starting up: Expiring failure detector timer to make a prompt election more likely
I20260709 14:51:34.265817 19274 raft_consensus.cc:740] T 949dcf7cda1e48799667336b845d44b3 P cd8db84afd62466fa002f64889d7d421 [term 0 FOLLOWER]: Becoming Follower/Learner. State: Replica: cd8db84afd62466fa002f64889d7d421, State: Initialized, Role: FOLLOWER
I20260709 14:51:34.266484 19274 consensus_queue.cc:260] T 949dcf7cda1e48799667336b845d44b3 P cd8db84afd62466fa002f64889d7d421 [NON_LEADER]: Queue going to NON_LEADER mode. State: All replicated index: 0, Majority replicated index: 0, Committed index: 0, Last appended: 0.0, Last appended by leader: 0, Current term: 0, Majority size: -1, State: 0, Mode: NON_LEADER, active raft config: opid_index: -1 OBSOLETE_local: false peers { permanent_uuid: "8318f9daa0594ee1984ef13eb69b81f8" member_type: VOTER last_known_addr { host: "127.17.142.193" port: 43691 } } peers { permanent_uuid: "cd8db84afd62466fa002f64889d7d421" member_type: VOTER last_known_addr { host: "127.17.142.194" port: 39349 } } peers { permanent_uuid: "44cd808dd5594245857dc61b0cbc9375" member_type: VOTER last_known_addr { host: "127.17.142.195" port: 45417 } }
I20260709 14:51:34.275951 19274 ts_tablet_manager.cc:1434] T 949dcf7cda1e48799667336b845d44b3 P cd8db84afd62466fa002f64889d7d421: Time spent starting tablet: real 0.014s	user 0.006s	sys 0.000s
I20260709 14:51:34.276986 19274 tablet_bootstrap.cc:492] T bd6d80429e974f4bb38cb5d514bbde0d P cd8db84afd62466fa002f64889d7d421: Bootstrap starting.
I20260709 14:51:34.264958 19276 raft_consensus.cc:359] T 225c4aa03b834b728d3607ef77eebf8b P 8318f9daa0594ee1984ef13eb69b81f8 [term 0 FOLLOWER]: Replica starting. Triggering 0 pending ops. Active config: opid_index: -1 OBSOLETE_local: false peers { permanent_uuid: "8318f9daa0594ee1984ef13eb69b81f8" member_type: VOTER last_known_addr { host: "127.17.142.193" port: 43691 } } peers { permanent_uuid: "cd8db84afd62466fa002f64889d7d421" member_type: VOTER last_known_addr { host: "127.17.142.194" port: 39349 } } peers { permanent_uuid: "44cd808dd5594245857dc61b0cbc9375" member_type: VOTER last_known_addr { host: "127.17.142.195" port: 45417 } }
I20260709 14:51:34.280391 19276 raft_consensus.cc:385] T 225c4aa03b834b728d3607ef77eebf8b P 8318f9daa0594ee1984ef13eb69b81f8 [term 0 FOLLOWER]: Consensus starting up: Expiring failure detector timer to make a prompt election more likely
I20260709 14:51:34.280669 19276 raft_consensus.cc:740] T 225c4aa03b834b728d3607ef77eebf8b P 8318f9daa0594ee1984ef13eb69b81f8 [term 0 FOLLOWER]: Becoming Follower/Learner. State: Replica: 8318f9daa0594ee1984ef13eb69b81f8, State: Initialized, Role: FOLLOWER
I20260709 14:51:34.282871 19275 tablet_bootstrap.cc:492] T 75353e6f730c4a6780f70ad7a0c70d5e P 44cd808dd5594245857dc61b0cbc9375: No bootstrap required, opened a new log
I20260709 14:51:34.283614 19275 ts_tablet_manager.cc:1403] T 75353e6f730c4a6780f70ad7a0c70d5e P 44cd808dd5594245857dc61b0cbc9375: Time spent bootstrapping tablet: real 0.030s	user 0.019s	sys 0.001s
I20260709 14:51:34.281370 19276 consensus_queue.cc:260] T 225c4aa03b834b728d3607ef77eebf8b P 8318f9daa0594ee1984ef13eb69b81f8 [NON_LEADER]: Queue going to NON_LEADER mode. State: All replicated index: 0, Majority replicated index: 0, Committed index: 0, Last appended: 0.0, Last appended by leader: 0, Current term: 0, Majority size: -1, State: 0, Mode: NON_LEADER, active raft config: opid_index: -1 OBSOLETE_local: false peers { permanent_uuid: "8318f9daa0594ee1984ef13eb69b81f8" member_type: VOTER last_known_addr { host: "127.17.142.193" port: 43691 } } peers { permanent_uuid: "cd8db84afd62466fa002f64889d7d421" member_type: VOTER last_known_addr { host: "127.17.142.194" port: 39349 } } peers { permanent_uuid: "44cd808dd5594245857dc61b0cbc9375" member_type: VOTER last_known_addr { host: "127.17.142.195" port: 45417 } }
I20260709 14:51:34.286435 19275 raft_consensus.cc:359] T 75353e6f730c4a6780f70ad7a0c70d5e P 44cd808dd5594245857dc61b0cbc9375 [term 0 FOLLOWER]: Replica starting. Triggering 0 pending ops. Active config: opid_index: -1 OBSOLETE_local: false peers { permanent_uuid: "8318f9daa0594ee1984ef13eb69b81f8" member_type: VOTER last_known_addr { host: "127.17.142.193" port: 43691 } } peers { permanent_uuid: "cd8db84afd62466fa002f64889d7d421" member_type: VOTER last_known_addr { host: "127.17.142.194" port: 39349 } } peers { permanent_uuid: "44cd808dd5594245857dc61b0cbc9375" member_type: VOTER last_known_addr { host: "127.17.142.195" port: 45417 } }
I20260709 14:51:34.287115 19275 raft_consensus.cc:385] T 75353e6f730c4a6780f70ad7a0c70d5e P 44cd808dd5594245857dc61b0cbc9375 [term 0 FOLLOWER]: Consensus starting up: Expiring failure detector timer to make a prompt election more likely
I20260709 14:51:34.288025 19275 raft_consensus.cc:740] T 75353e6f730c4a6780f70ad7a0c70d5e P 44cd808dd5594245857dc61b0cbc9375 [term 0 FOLLOWER]: Becoming Follower/Learner. State: Replica: 44cd808dd5594245857dc61b0cbc9375, State: Initialized, Role: FOLLOWER
I20260709 14:51:34.288805 19275 consensus_queue.cc:260] T 75353e6f730c4a6780f70ad7a0c70d5e P 44cd808dd5594245857dc61b0cbc9375 [NON_LEADER]: Queue going to NON_LEADER mode. State: All replicated index: 0, Majority replicated index: 0, Committed index: 0, Last appended: 0.0, Last appended by leader: 0, Current term: 0, Majority size: -1, State: 0, Mode: NON_LEADER, active raft config: opid_index: -1 OBSOLETE_local: false peers { permanent_uuid: "8318f9daa0594ee1984ef13eb69b81f8" member_type: VOTER last_known_addr { host: "127.17.142.193" port: 43691 } } peers { permanent_uuid: "cd8db84afd62466fa002f64889d7d421" member_type: VOTER last_known_addr { host: "127.17.142.194" port: 39349 } } peers { permanent_uuid: "44cd808dd5594245857dc61b0cbc9375" member_type: VOTER last_known_addr { host: "127.17.142.195" port: 45417 } }
I20260709 14:51:34.293310 19274 tablet_bootstrap.cc:654] T bd6d80429e974f4bb38cb5d514bbde0d P cd8db84afd62466fa002f64889d7d421: Neither blocks nor log segments found. Creating new log.
I20260709 14:51:34.295408 19275 ts_tablet_manager.cc:1434] T 75353e6f730c4a6780f70ad7a0c70d5e P 44cd808dd5594245857dc61b0cbc9375: Time spent starting tablet: real 0.011s	user 0.005s	sys 0.000s
I20260709 14:51:34.296413 19275 tablet_bootstrap.cc:492] T f208464398884d7eab3da6fefadfa520 P 44cd808dd5594245857dc61b0cbc9375: Bootstrap starting.
I20260709 14:51:34.305644 19380 raft_consensus.cc:493] T 949dcf7cda1e48799667336b845d44b3 P cd8db84afd62466fa002f64889d7d421 [term 0 FOLLOWER]: Starting pre-election (no leader contacted us within the election timeout)
I20260709 14:51:34.306155 19380 raft_consensus.cc:515] T 949dcf7cda1e48799667336b845d44b3 P cd8db84afd62466fa002f64889d7d421 [term 0 FOLLOWER]: Starting pre-election with config: opid_index: -1 OBSOLETE_local: false peers { permanent_uuid: "8318f9daa0594ee1984ef13eb69b81f8" member_type: VOTER last_known_addr { host: "127.17.142.193" port: 43691 } } peers { permanent_uuid: "cd8db84afd62466fa002f64889d7d421" member_type: VOTER last_known_addr { host: "127.17.142.194" port: 39349 } } peers { permanent_uuid: "44cd808dd5594245857dc61b0cbc9375" member_type: VOTER last_known_addr { host: "127.17.142.195" port: 45417 } }
I20260709 14:51:34.307809 19275 tablet_bootstrap.cc:654] T f208464398884d7eab3da6fefadfa520 P 44cd808dd5594245857dc61b0cbc9375: Neither blocks nor log segments found. Creating new log.
I20260709 14:51:34.308235 19380 leader_election.cc:290] T 949dcf7cda1e48799667336b845d44b3 P cd8db84afd62466fa002f64889d7d421 [CANDIDATE]: Term 1 pre-election: Requested pre-vote from peers 8318f9daa0594ee1984ef13eb69b81f8 (127.17.142.193:43691), 44cd808dd5594245857dc61b0cbc9375 (127.17.142.195:45417)
I20260709 14:51:34.309962 19228 tablet_service.cc:1917] Received RequestConsensusVote() RPC: tablet_id: "949dcf7cda1e48799667336b845d44b3" candidate_uuid: "cd8db84afd62466fa002f64889d7d421" candidate_term: 1 candidate_status { last_received { term: 0 index: 0 } } ignore_live_leader: false dest_uuid: "44cd808dd5594245857dc61b0cbc9375" is_pre_election: true
I20260709 14:51:34.310796 19228 raft_consensus.cc:2393] T 949dcf7cda1e48799667336b845d44b3 P 44cd808dd5594245857dc61b0cbc9375 [term 1 FOLLOWER]: Leader pre-election vote request: Denying vote to candidate cd8db84afd62466fa002f64889d7d421 in current term 1: Already voted for candidate 8318f9daa0594ee1984ef13eb69b81f8 in this term.
I20260709 14:51:34.312968 19082 tablet_service.cc:1917] Received RequestConsensusVote() RPC: tablet_id: "949dcf7cda1e48799667336b845d44b3" candidate_uuid: "cd8db84afd62466fa002f64889d7d421" candidate_term: 1 candidate_status { last_received { term: 0 index: 0 } } ignore_live_leader: false dest_uuid: "8318f9daa0594ee1984ef13eb69b81f8" is_pre_election: true
I20260709 14:51:34.315928 19124 leader_election.cc:304] T 949dcf7cda1e48799667336b845d44b3 P cd8db84afd62466fa002f64889d7d421 [CANDIDATE]: Term 1 pre-election: Election decided. Result: candidate lost. Election summary: received 3 responses out of 3 voters: 1 yes votes; 2 no votes. yes voters: cd8db84afd62466fa002f64889d7d421; no voters: 44cd808dd5594245857dc61b0cbc9375, 8318f9daa0594ee1984ef13eb69b81f8
I20260709 14:51:34.317622 19282 raft_consensus.cc:493] T 8b3ad5d24f804d1dae901029c3db7422 P 44cd808dd5594245857dc61b0cbc9375 [term 0 FOLLOWER]: Starting pre-election (no leader contacted us within the election timeout)
I20260709 14:51:34.318153 19282 raft_consensus.cc:515] T 8b3ad5d24f804d1dae901029c3db7422 P 44cd808dd5594245857dc61b0cbc9375 [term 0 FOLLOWER]: Starting pre-election with config: opid_index: -1 OBSOLETE_local: false peers { permanent_uuid: "8318f9daa0594ee1984ef13eb69b81f8" member_type: VOTER last_known_addr { host: "127.17.142.193" port: 43691 } } peers { permanent_uuid: "cd8db84afd62466fa002f64889d7d421" member_type: VOTER last_known_addr { host: "127.17.142.194" port: 39349 } } peers { permanent_uuid: "44cd808dd5594245857dc61b0cbc9375" member_type: VOTER last_known_addr { host: "127.17.142.195" port: 45417 } }
I20260709 14:51:34.319833 19275 tablet_bootstrap.cc:492] T f208464398884d7eab3da6fefadfa520 P 44cd808dd5594245857dc61b0cbc9375: No bootstrap required, opened a new log
I20260709 14:51:34.320307 19275 ts_tablet_manager.cc:1403] T f208464398884d7eab3da6fefadfa520 P 44cd808dd5594245857dc61b0cbc9375: Time spent bootstrapping tablet: real 0.024s	user 0.012s	sys 0.003s
I20260709 14:51:34.320334 19274 tablet_bootstrap.cc:492] T bd6d80429e974f4bb38cb5d514bbde0d P cd8db84afd62466fa002f64889d7d421: No bootstrap required, opened a new log
I20260709 14:51:34.320988 19274 ts_tablet_manager.cc:1403] T bd6d80429e974f4bb38cb5d514bbde0d P cd8db84afd62466fa002f64889d7d421: Time spent bootstrapping tablet: real 0.044s	user 0.016s	sys 0.002s
I20260709 14:51:34.321600 19155 tablet_service.cc:1917] Received RequestConsensusVote() RPC: tablet_id: "8b3ad5d24f804d1dae901029c3db7422" candidate_uuid: "44cd808dd5594245857dc61b0cbc9375" candidate_term: 1 candidate_status { last_received { term: 0 index: 0 } } ignore_live_leader: false dest_uuid: "cd8db84afd62466fa002f64889d7d421" is_pre_election: true
W20260709 14:51:34.323124 19199 leader_election.cc:343] T 8b3ad5d24f804d1dae901029c3db7422 P 44cd808dd5594245857dc61b0cbc9375 [CANDIDATE]: Term 1 pre-election: Tablet error from VoteRequest() call to peer cd8db84afd62466fa002f64889d7d421 (127.17.142.194:39349): Illegal state: must be running to vote when last-logged opid is not known
I20260709 14:51:34.323170 19275 raft_consensus.cc:359] T f208464398884d7eab3da6fefadfa520 P 44cd808dd5594245857dc61b0cbc9375 [term 0 FOLLOWER]: Replica starting. Triggering 0 pending ops. Active config: opid_index: -1 OBSOLETE_local: false peers { permanent_uuid: "8318f9daa0594ee1984ef13eb69b81f8" member_type: VOTER last_known_addr { host: "127.17.142.193" port: 43691 } } peers { permanent_uuid: "cd8db84afd62466fa002f64889d7d421" member_type: VOTER last_known_addr { host: "127.17.142.194" port: 39349 } } peers { permanent_uuid: "44cd808dd5594245857dc61b0cbc9375" member_type: VOTER last_known_addr { host: "127.17.142.195" port: 45417 } }
I20260709 14:51:34.324286 19380 raft_consensus.cc:3060] T 949dcf7cda1e48799667336b845d44b3 P cd8db84afd62466fa002f64889d7d421 [term 0 FOLLOWER]: Advancing to term 1
I20260709 14:51:34.324169 19274 raft_consensus.cc:359] T bd6d80429e974f4bb38cb5d514bbde0d P cd8db84afd62466fa002f64889d7d421 [term 0 FOLLOWER]: Replica starting. Triggering 0 pending ops. Active config: opid_index: -1 OBSOLETE_local: false peers { permanent_uuid: "8318f9daa0594ee1984ef13eb69b81f8" member_type: VOTER last_known_addr { host: "127.17.142.193" port: 43691 } } peers { permanent_uuid: "cd8db84afd62466fa002f64889d7d421" member_type: VOTER last_known_addr { host: "127.17.142.194" port: 39349 } } peers { permanent_uuid: "44cd808dd5594245857dc61b0cbc9375" member_type: VOTER last_known_addr { host: "127.17.142.195" port: 45417 } }
I20260709 14:51:34.324822 19082 tablet_service.cc:1917] Received RequestConsensusVote() RPC: tablet_id: "8b3ad5d24f804d1dae901029c3db7422" candidate_uuid: "44cd808dd5594245857dc61b0cbc9375" candidate_term: 1 candidate_status { last_received { term: 0 index: 0 } } ignore_live_leader: false dest_uuid: "8318f9daa0594ee1984ef13eb69b81f8" is_pre_election: true
I20260709 14:51:34.325044 19274 raft_consensus.cc:385] T bd6d80429e974f4bb38cb5d514bbde0d P cd8db84afd62466fa002f64889d7d421 [term 0 FOLLOWER]: Consensus starting up: Expiring failure detector timer to make a prompt election more likely
I20260709 14:51:34.325521 19274 raft_consensus.cc:740] T bd6d80429e974f4bb38cb5d514bbde0d P cd8db84afd62466fa002f64889d7d421 [term 0 FOLLOWER]: Becoming Follower/Learner. State: Replica: cd8db84afd62466fa002f64889d7d421, State: Initialized, Role: FOLLOWER
W20260709 14:51:34.326368 19198 leader_election.cc:343] T 8b3ad5d24f804d1dae901029c3db7422 P 44cd808dd5594245857dc61b0cbc9375 [CANDIDATE]: Term 1 pre-election: Tablet error from VoteRequest() call to peer 8318f9daa0594ee1984ef13eb69b81f8 (127.17.142.193:43691): Illegal state: must be running to vote when last-logged opid is not known
I20260709 14:51:34.326431 19274 consensus_queue.cc:260] T bd6d80429e974f4bb38cb5d514bbde0d P cd8db84afd62466fa002f64889d7d421 [NON_LEADER]: Queue going to NON_LEADER mode. State: All replicated index: 0, Majority replicated index: 0, Committed index: 0, Last appended: 0.0, Last appended by leader: 0, Current term: 0, Majority size: -1, State: 0, Mode: NON_LEADER, active raft config: opid_index: -1 OBSOLETE_local: false peers { permanent_uuid: "8318f9daa0594ee1984ef13eb69b81f8" member_type: VOTER last_known_addr { host: "127.17.142.193" port: 43691 } } peers { permanent_uuid: "cd8db84afd62466fa002f64889d7d421" member_type: VOTER last_known_addr { host: "127.17.142.194" port: 39349 } } peers { permanent_uuid: "44cd808dd5594245857dc61b0cbc9375" member_type: VOTER last_known_addr { host: "127.17.142.195" port: 45417 } }
I20260709 14:51:34.326967 19198 leader_election.cc:304] T 8b3ad5d24f804d1dae901029c3db7422 P 44cd808dd5594245857dc61b0cbc9375 [CANDIDATE]: Term 1 pre-election: Election decided. Result: candidate lost. Election summary: received 3 responses out of 3 voters: 1 yes votes; 2 no votes. yes voters: 44cd808dd5594245857dc61b0cbc9375; no voters: 8318f9daa0594ee1984ef13eb69b81f8, cd8db84afd62466fa002f64889d7d421
I20260709 14:51:34.327870 19456 raft_consensus.cc:2749] T 8b3ad5d24f804d1dae901029c3db7422 P 44cd808dd5594245857dc61b0cbc9375 [term 0 FOLLOWER]: Leader pre-election lost for term 1. Reason: could not achieve majority
I20260709 14:51:34.323920 19275 raft_consensus.cc:385] T f208464398884d7eab3da6fefadfa520 P 44cd808dd5594245857dc61b0cbc9375 [term 0 FOLLOWER]: Consensus starting up: Expiring failure detector timer to make a prompt election more likely
I20260709 14:51:34.328845 19275 raft_consensus.cc:740] T f208464398884d7eab3da6fefadfa520 P 44cd808dd5594245857dc61b0cbc9375 [term 0 FOLLOWER]: Becoming Follower/Learner. State: Replica: 44cd808dd5594245857dc61b0cbc9375, State: Initialized, Role: FOLLOWER
I20260709 14:51:34.329185 19274 ts_tablet_manager.cc:1434] T bd6d80429e974f4bb38cb5d514bbde0d P cd8db84afd62466fa002f64889d7d421: Time spent starting tablet: real 0.008s	user 0.007s	sys 0.000s
I20260709 14:51:34.329553 19282 leader_election.cc:290] T 8b3ad5d24f804d1dae901029c3db7422 P 44cd808dd5594245857dc61b0cbc9375 [CANDIDATE]: Term 1 pre-election: Requested pre-vote from peers 8318f9daa0594ee1984ef13eb69b81f8 (127.17.142.193:43691), cd8db84afd62466fa002f64889d7d421 (127.17.142.194:39349)
I20260709 14:51:34.329624 19275 consensus_queue.cc:260] T f208464398884d7eab3da6fefadfa520 P 44cd808dd5594245857dc61b0cbc9375 [NON_LEADER]: Queue going to NON_LEADER mode. State: All replicated index: 0, Majority replicated index: 0, Committed index: 0, Last appended: 0.0, Last appended by leader: 0, Current term: 0, Majority size: -1, State: 0, Mode: NON_LEADER, active raft config: opid_index: -1 OBSOLETE_local: false peers { permanent_uuid: "8318f9daa0594ee1984ef13eb69b81f8" member_type: VOTER last_known_addr { host: "127.17.142.193" port: 43691 } } peers { permanent_uuid: "cd8db84afd62466fa002f64889d7d421" member_type: VOTER last_known_addr { host: "127.17.142.194" port: 39349 } } peers { permanent_uuid: "44cd808dd5594245857dc61b0cbc9375" member_type: VOTER last_known_addr { host: "127.17.142.195" port: 45417 } }
I20260709 14:51:34.330458 19274 tablet_bootstrap.cc:492] T 75353e6f730c4a6780f70ad7a0c70d5e P cd8db84afd62466fa002f64889d7d421: Bootstrap starting.
I20260709 14:51:34.331784 19275 ts_tablet_manager.cc:1434] T f208464398884d7eab3da6fefadfa520 P 44cd808dd5594245857dc61b0cbc9375: Time spent starting tablet: real 0.011s	user 0.006s	sys 0.000s
I20260709 14:51:34.332696 19275 tablet_bootstrap.cc:492] T d050200a938a43a0af078c146a4f5c3b P 44cd808dd5594245857dc61b0cbc9375: Bootstrap starting.
I20260709 14:51:34.335487 19380 raft_consensus.cc:2749] T 949dcf7cda1e48799667336b845d44b3 P cd8db84afd62466fa002f64889d7d421 [term 1 FOLLOWER]: Leader pre-election lost for term 1. Reason: could not achieve majority
I20260709 14:51:34.337404 19276 ts_tablet_manager.cc:1434] T 225c4aa03b834b728d3607ef77eebf8b P 8318f9daa0594ee1984ef13eb69b81f8: Time spent starting tablet: real 0.075s	user 0.006s	sys 0.000s
I20260709 14:51:34.339375 19275 tablet_bootstrap.cc:654] T d050200a938a43a0af078c146a4f5c3b P 44cd808dd5594245857dc61b0cbc9375: Neither blocks nor log segments found. Creating new log.
I20260709 14:51:34.351603 19274 tablet_bootstrap.cc:654] T 75353e6f730c4a6780f70ad7a0c70d5e P cd8db84afd62466fa002f64889d7d421: Neither blocks nor log segments found. Creating new log.
I20260709 14:51:34.338403 19276 tablet_bootstrap.cc:492] T 6fdcc6bbede34ac098c1b44334081240 P 8318f9daa0594ee1984ef13eb69b81f8: Bootstrap starting.
I20260709 14:51:34.368480 19274 tablet_bootstrap.cc:492] T 75353e6f730c4a6780f70ad7a0c70d5e P cd8db84afd62466fa002f64889d7d421: No bootstrap required, opened a new log
I20260709 14:51:34.369025 19274 ts_tablet_manager.cc:1403] T 75353e6f730c4a6780f70ad7a0c70d5e P cd8db84afd62466fa002f64889d7d421: Time spent bootstrapping tablet: real 0.039s	user 0.013s	sys 0.008s
I20260709 14:51:34.372051 19274 raft_consensus.cc:359] T 75353e6f730c4a6780f70ad7a0c70d5e P cd8db84afd62466fa002f64889d7d421 [term 0 FOLLOWER]: Replica starting. Triggering 0 pending ops. Active config: opid_index: -1 OBSOLETE_local: false peers { permanent_uuid: "8318f9daa0594ee1984ef13eb69b81f8" member_type: VOTER last_known_addr { host: "127.17.142.193" port: 43691 } } peers { permanent_uuid: "cd8db84afd62466fa002f64889d7d421" member_type: VOTER last_known_addr { host: "127.17.142.194" port: 39349 } } peers { permanent_uuid: "44cd808dd5594245857dc61b0cbc9375" member_type: VOTER last_known_addr { host: "127.17.142.195" port: 45417 } }
I20260709 14:51:34.372865 19274 raft_consensus.cc:385] T 75353e6f730c4a6780f70ad7a0c70d5e P cd8db84afd62466fa002f64889d7d421 [term 0 FOLLOWER]: Consensus starting up: Expiring failure detector timer to make a prompt election more likely
I20260709 14:51:34.373172 19274 raft_consensus.cc:740] T 75353e6f730c4a6780f70ad7a0c70d5e P cd8db84afd62466fa002f64889d7d421 [term 0 FOLLOWER]: Becoming Follower/Learner. State: Replica: cd8db84afd62466fa002f64889d7d421, State: Initialized, Role: FOLLOWER
I20260709 14:51:34.373927 19274 consensus_queue.cc:260] T 75353e6f730c4a6780f70ad7a0c70d5e P cd8db84afd62466fa002f64889d7d421 [NON_LEADER]: Queue going to NON_LEADER mode. State: All replicated index: 0, Majority replicated index: 0, Committed index: 0, Last appended: 0.0, Last appended by leader: 0, Current term: 0, Majority size: -1, State: 0, Mode: NON_LEADER, active raft config: opid_index: -1 OBSOLETE_local: false peers { permanent_uuid: "8318f9daa0594ee1984ef13eb69b81f8" member_type: VOTER last_known_addr { host: "127.17.142.193" port: 43691 } } peers { permanent_uuid: "cd8db84afd62466fa002f64889d7d421" member_type: VOTER last_known_addr { host: "127.17.142.194" port: 39349 } } peers { permanent_uuid: "44cd808dd5594245857dc61b0cbc9375" member_type: VOTER last_known_addr { host: "127.17.142.195" port: 45417 } }
I20260709 14:51:34.376818 19274 ts_tablet_manager.cc:1434] T 75353e6f730c4a6780f70ad7a0c70d5e P cd8db84afd62466fa002f64889d7d421: Time spent starting tablet: real 0.007s	user 0.008s	sys 0.000s
I20260709 14:51:34.378165 19274 tablet_bootstrap.cc:492] T 52bcc4789ad64e05a93276af85e44778 P cd8db84afd62466fa002f64889d7d421: Bootstrap starting.
I20260709 14:51:34.385052 19274 tablet_bootstrap.cc:654] T 52bcc4789ad64e05a93276af85e44778 P cd8db84afd62466fa002f64889d7d421: Neither blocks nor log segments found. Creating new log.
I20260709 14:51:34.400658 19276 tablet_bootstrap.cc:654] T 6fdcc6bbede34ac098c1b44334081240 P 8318f9daa0594ee1984ef13eb69b81f8: Neither blocks nor log segments found. Creating new log.
I20260709 14:51:34.405412 19275 tablet_bootstrap.cc:492] T d050200a938a43a0af078c146a4f5c3b P 44cd808dd5594245857dc61b0cbc9375: No bootstrap required, opened a new log
I20260709 14:51:34.405793 19380 raft_consensus.cc:493] T 75353e6f730c4a6780f70ad7a0c70d5e P cd8db84afd62466fa002f64889d7d421 [term 0 FOLLOWER]: Starting pre-election (no leader contacted us within the election timeout)
I20260709 14:51:34.406188 19382 raft_consensus.cc:493] T 8f0eba4618fc40ccb84b4756de23292e P cd8db84afd62466fa002f64889d7d421 [term 0 FOLLOWER]: Starting pre-election (no leader contacted us within the election timeout)
I20260709 14:51:34.406388 19380 raft_consensus.cc:515] T 75353e6f730c4a6780f70ad7a0c70d5e P cd8db84afd62466fa002f64889d7d421 [term 0 FOLLOWER]: Starting pre-election with config: opid_index: -1 OBSOLETE_local: false peers { permanent_uuid: "8318f9daa0594ee1984ef13eb69b81f8" member_type: VOTER last_known_addr { host: "127.17.142.193" port: 43691 } } peers { permanent_uuid: "cd8db84afd62466fa002f64889d7d421" member_type: VOTER last_known_addr { host: "127.17.142.194" port: 39349 } } peers { permanent_uuid: "44cd808dd5594245857dc61b0cbc9375" member_type: VOTER last_known_addr { host: "127.17.142.195" port: 45417 } }
