I20260709 14:51:08.814848 18306 ts_tablet_manager.cc:1434] T 89e22a5df02e42fcb2f5b79a560ca1e7 P 936e97d88c14494282eafcd830126d17: Time spent starting tablet: real 0.008s	user 0.006s	sys 0.000s
I20260709 14:51:08.806129 18308 ts_tablet_manager.cc:1403] T e2c0ad5b29d04190b31fe2e27b1b8641 P 3aea19a90aa649719eec2b4e7949752d: Time spent bootstrapping tablet: real 0.048s	user 0.018s	sys 0.021s
W20260709 14:51:08.815062 18154 leader_election.cc:343] T c40610a419fa4c8a82c163c8bb410324 P a066c58238334bee90b2278b47ac00dc [CANDIDATE]: Term 1 pre-election: Tablet error from VoteRequest() call to peer 936e97d88c14494282eafcd830126d17 (127.17.142.193:39405): Illegal state: must be running to vote when last-logged opid is not known
I20260709 14:51:08.817879 18308 raft_consensus.cc:359] T e2c0ad5b29d04190b31fe2e27b1b8641 P 3aea19a90aa649719eec2b4e7949752d [term 0 FOLLOWER]: Replica starting. Triggering 0 pending ops. Active config: opid_index: -1 OBSOLETE_local: false peers { permanent_uuid: "a066c58238334bee90b2278b47ac00dc" member_type: VOTER last_known_addr { host: "127.17.142.194" port: 42683 } } peers { permanent_uuid: "936e97d88c14494282eafcd830126d17" member_type: VOTER last_known_addr { host: "127.17.142.193" port: 39405 } } peers { permanent_uuid: "3aea19a90aa649719eec2b4e7949752d" member_type: VOTER last_known_addr { host: "127.17.142.195" port: 39599 } }
I20260709 14:51:08.818637 18308 raft_consensus.cc:385] T e2c0ad5b29d04190b31fe2e27b1b8641 P 3aea19a90aa649719eec2b4e7949752d [term 0 FOLLOWER]: Consensus starting up: Expiring failure detector timer to make a prompt election more likely
I20260709 14:51:08.818921 18308 raft_consensus.cc:740] T e2c0ad5b29d04190b31fe2e27b1b8641 P 3aea19a90aa649719eec2b4e7949752d [term 0 FOLLOWER]: Becoming Follower/Learner. State: Replica: 3aea19a90aa649719eec2b4e7949752d, State: Initialized, Role: FOLLOWER
I20260709 14:51:08.820191 18308 consensus_queue.cc:260] T e2c0ad5b29d04190b31fe2e27b1b8641 P 3aea19a90aa649719eec2b4e7949752d [NON_LEADER]: Queue going to NON_LEADER mode. State: All replicated index: 0, Majority replicated index: 0, Committed index: 0, Last appended: 0.0, Last appended by leader: 0, Current term: 0, Majority size: -1, State: 0, Mode: NON_LEADER, active raft config: opid_index: -1 OBSOLETE_local: false peers { permanent_uuid: "a066c58238334bee90b2278b47ac00dc" member_type: VOTER last_known_addr { host: "127.17.142.194" port: 42683 } } peers { permanent_uuid: "936e97d88c14494282eafcd830126d17" member_type: VOTER last_known_addr { host: "127.17.142.193" port: 39405 } } peers { permanent_uuid: "3aea19a90aa649719eec2b4e7949752d" member_type: VOTER last_known_addr { host: "127.17.142.195" port: 39599 } }
I20260709 14:51:08.820701 18307 tablet_bootstrap.cc:654] T 466f85d6b2e34accb9b4f2751603fc29 P a066c58238334bee90b2278b47ac00dc: Neither blocks nor log segments found. Creating new log.
I20260709 14:51:08.823935 18306 tablet_bootstrap.cc:492] T c40610a419fa4c8a82c163c8bb410324 P 936e97d88c14494282eafcd830126d17: Bootstrap starting.
I20260709 14:51:08.827988 18331 leader_election.cc:290] T c40610a419fa4c8a82c163c8bb410324 P a066c58238334bee90b2278b47ac00dc [CANDIDATE]: Term 1 pre-election: Requested pre-vote from peers 936e97d88c14494282eafcd830126d17 (127.17.142.193:39405), 3aea19a90aa649719eec2b4e7949752d (127.17.142.195:39599)
I20260709 14:51:08.829574 18263 tablet_service.cc:1917] Received RequestConsensusVote() RPC: tablet_id: "c40610a419fa4c8a82c163c8bb410324" candidate_uuid: "a066c58238334bee90b2278b47ac00dc" candidate_term: 1 candidate_status { last_received { term: 0 index: 0 } } ignore_live_leader: false dest_uuid: "3aea19a90aa649719eec2b4e7949752d" is_pre_election: true
I20260709 14:51:08.830650 18306 tablet_bootstrap.cc:654] T c40610a419fa4c8a82c163c8bb410324 P 936e97d88c14494282eafcd830126d17: Neither blocks nor log segments found. Creating new log.
I20260709 14:51:08.831025 18263 raft_consensus.cc:2468] T c40610a419fa4c8a82c163c8bb410324 P 3aea19a90aa649719eec2b4e7949752d [term 0 FOLLOWER]: Leader pre-election vote request: Granting yes vote for candidate a066c58238334bee90b2278b47ac00dc in term 0.
I20260709 14:51:08.832628 18152 leader_election.cc:304] T c40610a419fa4c8a82c163c8bb410324 P a066c58238334bee90b2278b47ac00dc [CANDIDATE]: Term 1 pre-election: Election decided. Result: candidate won. Election summary: received 3 responses out of 3 voters: 2 yes votes; 1 no votes. yes voters: 3aea19a90aa649719eec2b4e7949752d, a066c58238334bee90b2278b47ac00dc; no voters: 936e97d88c14494282eafcd830126d17
I20260709 14:51:08.834254 18331 raft_consensus.cc:2804] T c40610a419fa4c8a82c163c8bb410324 P a066c58238334bee90b2278b47ac00dc [term 0 FOLLOWER]: Leader pre-election won for term 1
I20260709 14:51:08.834666 18308 ts_tablet_manager.cc:1434] T e2c0ad5b29d04190b31fe2e27b1b8641 P 3aea19a90aa649719eec2b4e7949752d: Time spent starting tablet: real 0.019s	user 0.006s	sys 0.000s
I20260709 14:51:08.834635 18331 raft_consensus.cc:493] T c40610a419fa4c8a82c163c8bb410324 P a066c58238334bee90b2278b47ac00dc [term 0 FOLLOWER]: Starting leader election (no leader contacted us within the election timeout)
I20260709 14:51:08.835116 18331 raft_consensus.cc:3060] T c40610a419fa4c8a82c163c8bb410324 P a066c58238334bee90b2278b47ac00dc [term 0 FOLLOWER]: Advancing to term 1
I20260709 14:51:08.835773 18308 tablet_bootstrap.cc:492] T 89e22a5df02e42fcb2f5b79a560ca1e7 P 3aea19a90aa649719eec2b4e7949752d: Bootstrap starting.
I20260709 14:51:08.841419 18189 tablet_service.cc:1917] Received RequestConsensusVote() RPC: tablet_id: "e2c0ad5b29d04190b31fe2e27b1b8641" candidate_uuid: "936e97d88c14494282eafcd830126d17" candidate_term: 1 candidate_status { last_received { term: 0 index: 0 } } ignore_live_leader: false dest_uuid: "a066c58238334bee90b2278b47ac00dc" is_pre_election: true
I20260709 14:51:08.842237 18189 raft_consensus.cc:2468] T e2c0ad5b29d04190b31fe2e27b1b8641 P a066c58238334bee90b2278b47ac00dc [term 0 FOLLOWER]: Leader pre-election vote request: Granting yes vote for candidate 936e97d88c14494282eafcd830126d17 in term 0.
I20260709 14:51:08.842569 18308 tablet_bootstrap.cc:654] T 89e22a5df02e42fcb2f5b79a560ca1e7 P 3aea19a90aa649719eec2b4e7949752d: Neither blocks nor log segments found. Creating new log.
I20260709 14:51:08.842352 18010 catalog_manager.cc:5697] T e4fa922d09be492b84281859b8da52a2 P a066c58238334bee90b2278b47ac00dc reported cstate change: term changed from 0 to 1, leader changed from <none> to a066c58238334bee90b2278b47ac00dc (127.17.142.194). New cstate: current_term: 1 leader_uuid: "a066c58238334bee90b2278b47ac00dc" committed_config { opid_index: -1 OBSOLETE_local: false peers { permanent_uuid: "936e97d88c14494282eafcd830126d17" member_type: VOTER last_known_addr { host: "127.17.142.193" port: 39405 } health_report { overall_health: UNKNOWN } } peers { permanent_uuid: "a066c58238334bee90b2278b47ac00dc" member_type: VOTER last_known_addr { host: "127.17.142.194" port: 42683 } health_report { overall_health: HEALTHY } } peers { permanent_uuid: "3aea19a90aa649719eec2b4e7949752d" member_type: VOTER last_known_addr { host: "127.17.142.195" port: 39599 } health_report { overall_health: UNKNOWN } } }
I20260709 14:51:08.843912 18080 leader_election.cc:304] T e2c0ad5b29d04190b31fe2e27b1b8641 P 936e97d88c14494282eafcd830126d17 [CANDIDATE]: Term 1 pre-election: Election decided. Result: candidate won. Election summary: received 3 responses out of 3 voters: 2 yes votes; 1 no votes. yes voters: 936e97d88c14494282eafcd830126d17, a066c58238334bee90b2278b47ac00dc; no voters: 3aea19a90aa649719eec2b4e7949752d
I20260709 14:51:08.845117 18310 raft_consensus.cc:2804] T e2c0ad5b29d04190b31fe2e27b1b8641 P 936e97d88c14494282eafcd830126d17 [term 0 FOLLOWER]: Leader pre-election won for term 1
I20260709 14:51:08.845525 18310 raft_consensus.cc:493] T e2c0ad5b29d04190b31fe2e27b1b8641 P 936e97d88c14494282eafcd830126d17 [term 0 FOLLOWER]: Starting leader election (no leader contacted us within the election timeout)
I20260709 14:51:08.845935 18310 raft_consensus.cc:3060] T e2c0ad5b29d04190b31fe2e27b1b8641 P 936e97d88c14494282eafcd830126d17 [term 0 FOLLOWER]: Advancing to term 1
I20260709 14:51:08.852118 18307 tablet_bootstrap.cc:492] T 466f85d6b2e34accb9b4f2751603fc29 P a066c58238334bee90b2278b47ac00dc: No bootstrap required, opened a new log
I20260709 14:51:08.852766 18307 ts_tablet_manager.cc:1403] T 466f85d6b2e34accb9b4f2751603fc29 P a066c58238334bee90b2278b47ac00dc: Time spent bootstrapping tablet: real 0.041s	user 0.013s	sys 0.007s
I20260709 14:51:08.852926 18308 tablet_bootstrap.cc:492] T 89e22a5df02e42fcb2f5b79a560ca1e7 P 3aea19a90aa649719eec2b4e7949752d: No bootstrap required, opened a new log
I20260709 14:51:08.853436 18308 ts_tablet_manager.cc:1403] T 89e22a5df02e42fcb2f5b79a560ca1e7 P 3aea19a90aa649719eec2b4e7949752d: Time spent bootstrapping tablet: real 0.018s	user 0.012s	sys 0.000s
I20260709 14:51:08.854506 18310 raft_consensus.cc:515] T e2c0ad5b29d04190b31fe2e27b1b8641 P 936e97d88c14494282eafcd830126d17 [term 1 FOLLOWER]: Starting leader election with config: opid_index: -1 OBSOLETE_local: false peers { permanent_uuid: "a066c58238334bee90b2278b47ac00dc" member_type: VOTER last_known_addr { host: "127.17.142.194" port: 42683 } } peers { permanent_uuid: "936e97d88c14494282eafcd830126d17" member_type: VOTER last_known_addr { host: "127.17.142.193" port: 39405 } } peers { permanent_uuid: "3aea19a90aa649719eec2b4e7949752d" member_type: VOTER last_known_addr { host: "127.17.142.195" port: 39599 } }
I20260709 14:51:08.856549 18306 tablet_bootstrap.cc:492] T c40610a419fa4c8a82c163c8bb410324 P 936e97d88c14494282eafcd830126d17: No bootstrap required, opened a new log
I20260709 14:51:08.858147 18306 ts_tablet_manager.cc:1403] T c40610a419fa4c8a82c163c8bb410324 P 936e97d88c14494282eafcd830126d17: Time spent bootstrapping tablet: real 0.034s	user 0.004s	sys 0.011s
I20260709 14:51:08.860183 18310 leader_election.cc:290] T e2c0ad5b29d04190b31fe2e27b1b8641 P 936e97d88c14494282eafcd830126d17 [CANDIDATE]: Term 1 election: Requested vote from peers a066c58238334bee90b2278b47ac00dc (127.17.142.194:42683), 3aea19a90aa649719eec2b4e7949752d (127.17.142.195:39599)
I20260709 14:51:08.860751 18263 tablet_service.cc:1917] Received RequestConsensusVote() RPC: tablet_id: "e2c0ad5b29d04190b31fe2e27b1b8641" candidate_uuid: "936e97d88c14494282eafcd830126d17" candidate_term: 1 candidate_status { last_received { term: 0 index: 0 } } ignore_live_leader: false dest_uuid: "3aea19a90aa649719eec2b4e7949752d"
I20260709 14:51:08.861317 18263 raft_consensus.cc:3060] T e2c0ad5b29d04190b31fe2e27b1b8641 P 3aea19a90aa649719eec2b4e7949752d [term 0 FOLLOWER]: Advancing to term 1
I20260709 14:51:08.860980 18306 raft_consensus.cc:359] T c40610a419fa4c8a82c163c8bb410324 P 936e97d88c14494282eafcd830126d17 [term 0 FOLLOWER]: Replica starting. Triggering 0 pending ops. Active config: opid_index: -1 OBSOLETE_local: false peers { permanent_uuid: "936e97d88c14494282eafcd830126d17" member_type: VOTER last_known_addr { host: "127.17.142.193" port: 39405 } } peers { permanent_uuid: "a066c58238334bee90b2278b47ac00dc" member_type: VOTER last_known_addr { host: "127.17.142.194" port: 42683 } } peers { permanent_uuid: "3aea19a90aa649719eec2b4e7949752d" member_type: VOTER last_known_addr { host: "127.17.142.195" port: 39599 } }
I20260709 14:51:08.856935 18307 raft_consensus.cc:359] T 466f85d6b2e34accb9b4f2751603fc29 P a066c58238334bee90b2278b47ac00dc [term 0 FOLLOWER]: Replica starting. Triggering 0 pending ops. Active config: opid_index: -1 OBSOLETE_local: false peers { permanent_uuid: "936e97d88c14494282eafcd830126d17" member_type: VOTER last_known_addr { host: "127.17.142.193" port: 39405 } } peers { permanent_uuid: "a066c58238334bee90b2278b47ac00dc" member_type: VOTER last_known_addr { host: "127.17.142.194" port: 42683 } } peers { permanent_uuid: "3aea19a90aa649719eec2b4e7949752d" member_type: VOTER last_known_addr { host: "127.17.142.195" port: 39599 } }
I20260709 14:51:08.861776 18306 raft_consensus.cc:385] T c40610a419fa4c8a82c163c8bb410324 P 936e97d88c14494282eafcd830126d17 [term 0 FOLLOWER]: Consensus starting up: Expiring failure detector timer to make a prompt election more likely
I20260709 14:51:08.861863 18307 raft_consensus.cc:385] T 466f85d6b2e34accb9b4f2751603fc29 P a066c58238334bee90b2278b47ac00dc [term 0 FOLLOWER]: Consensus starting up: Expiring failure detector timer to make a prompt election more likely
I20260709 14:51:08.862144 18306 raft_consensus.cc:740] T c40610a419fa4c8a82c163c8bb410324 P 936e97d88c14494282eafcd830126d17 [term 0 FOLLOWER]: Becoming Follower/Learner. State: Replica: 936e97d88c14494282eafcd830126d17, State: Initialized, Role: FOLLOWER
I20260709 14:51:08.862268 18307 raft_consensus.cc:740] T 466f85d6b2e34accb9b4f2751603fc29 P a066c58238334bee90b2278b47ac00dc [term 0 FOLLOWER]: Becoming Follower/Learner. State: Replica: a066c58238334bee90b2278b47ac00dc, State: Initialized, Role: FOLLOWER
I20260709 14:51:08.862984 18306 consensus_queue.cc:260] T c40610a419fa4c8a82c163c8bb410324 P 936e97d88c14494282eafcd830126d17 [NON_LEADER]: Queue going to NON_LEADER mode. State: All replicated index: 0, Majority replicated index: 0, Committed index: 0, Last appended: 0.0, Last appended by leader: 0, Current term: 0, Majority size: -1, State: 0, Mode: NON_LEADER, active raft config: opid_index: -1 OBSOLETE_local: false peers { permanent_uuid: "936e97d88c14494282eafcd830126d17" member_type: VOTER last_known_addr { host: "127.17.142.193" port: 39405 } } peers { permanent_uuid: "a066c58238334bee90b2278b47ac00dc" member_type: VOTER last_known_addr { host: "127.17.142.194" port: 42683 } } peers { permanent_uuid: "3aea19a90aa649719eec2b4e7949752d" member_type: VOTER last_known_addr { host: "127.17.142.195" port: 39599 } }
I20260709 14:51:08.863116 18307 consensus_queue.cc:260] T 466f85d6b2e34accb9b4f2751603fc29 P a066c58238334bee90b2278b47ac00dc [NON_LEADER]: Queue going to NON_LEADER mode. State: All replicated index: 0, Majority replicated index: 0, Committed index: 0, Last appended: 0.0, Last appended by leader: 0, Current term: 0, Majority size: -1, State: 0, Mode: NON_LEADER, active raft config: opid_index: -1 OBSOLETE_local: false peers { permanent_uuid: "936e97d88c14494282eafcd830126d17" member_type: VOTER last_known_addr { host: "127.17.142.193" port: 39405 } } peers { permanent_uuid: "a066c58238334bee90b2278b47ac00dc" member_type: VOTER last_known_addr { host: "127.17.142.194" port: 42683 } } peers { permanent_uuid: "3aea19a90aa649719eec2b4e7949752d" member_type: VOTER last_known_addr { host: "127.17.142.195" port: 39599 } }
I20260709 14:51:08.865626 18307 ts_tablet_manager.cc:1434] T 466f85d6b2e34accb9b4f2751603fc29 P a066c58238334bee90b2278b47ac00dc: Time spent starting tablet: real 0.012s	user 0.005s	sys 0.004s
I20260709 14:51:08.865967 18189 tablet_service.cc:1917] Received RequestConsensusVote() RPC: tablet_id: "e2c0ad5b29d04190b31fe2e27b1b8641" candidate_uuid: "936e97d88c14494282eafcd830126d17" candidate_term: 1 candidate_status { last_received { term: 0 index: 0 } } ignore_live_leader: false dest_uuid: "a066c58238334bee90b2278b47ac00dc"
I20260709 14:51:08.866240 18308 raft_consensus.cc:359] T 89e22a5df02e42fcb2f5b79a560ca1e7 P 3aea19a90aa649719eec2b4e7949752d [term 0 FOLLOWER]: Replica starting. Triggering 0 pending ops. Active config: opid_index: -1 OBSOLETE_local: false peers { permanent_uuid: "936e97d88c14494282eafcd830126d17" member_type: VOTER last_known_addr { host: "127.17.142.193" port: 39405 } } peers { permanent_uuid: "a066c58238334bee90b2278b47ac00dc" member_type: VOTER last_known_addr { host: "127.17.142.194" port: 42683 } } peers { permanent_uuid: "3aea19a90aa649719eec2b4e7949752d" member_type: VOTER last_known_addr { host: "127.17.142.195" port: 39599 } }
I20260709 14:51:08.866645 18307 tablet_bootstrap.cc:492] T 25d3f2ada6914bddb49a72c315d9f461 P a066c58238334bee90b2278b47ac00dc: Bootstrap starting.
I20260709 14:51:08.866623 18189 raft_consensus.cc:3060] T e2c0ad5b29d04190b31fe2e27b1b8641 P a066c58238334bee90b2278b47ac00dc [term 0 FOLLOWER]: Advancing to term 1
I20260709 14:51:08.866955 18308 raft_consensus.cc:385] T 89e22a5df02e42fcb2f5b79a560ca1e7 P 3aea19a90aa649719eec2b4e7949752d [term 0 FOLLOWER]: Consensus starting up: Expiring failure detector timer to make a prompt election more likely
I20260709 14:51:08.867300 18308 raft_consensus.cc:740] T 89e22a5df02e42fcb2f5b79a560ca1e7 P 3aea19a90aa649719eec2b4e7949752d [term 0 FOLLOWER]: Becoming Follower/Learner. State: Replica: 3aea19a90aa649719eec2b4e7949752d, State: Initialized, Role: FOLLOWER
I20260709 14:51:08.868165 18308 consensus_queue.cc:260] T 89e22a5df02e42fcb2f5b79a560ca1e7 P 3aea19a90aa649719eec2b4e7949752d [NON_LEADER]: Queue going to NON_LEADER mode. State: All replicated index: 0, Majority replicated index: 0, Committed index: 0, Last appended: 0.0, Last appended by leader: 0, Current term: 0, Majority size: -1, State: 0, Mode: NON_LEADER, active raft config: opid_index: -1 OBSOLETE_local: false peers { permanent_uuid: "936e97d88c14494282eafcd830126d17" member_type: VOTER last_known_addr { host: "127.17.142.193" port: 39405 } } peers { permanent_uuid: "a066c58238334bee90b2278b47ac00dc" member_type: VOTER last_known_addr { host: "127.17.142.194" port: 42683 } } peers { permanent_uuid: "3aea19a90aa649719eec2b4e7949752d" member_type: VOTER last_known_addr { host: "127.17.142.195" port: 39599 } }
I20260709 14:51:08.870638 18308 ts_tablet_manager.cc:1434] T 89e22a5df02e42fcb2f5b79a560ca1e7 P 3aea19a90aa649719eec2b4e7949752d: Time spent starting tablet: real 0.017s	user 0.006s	sys 0.000s
I20260709 14:51:08.871567 18308 tablet_bootstrap.cc:492] T f1ee63ba30ed4631ab6acfaaaf17321b P 3aea19a90aa649719eec2b4e7949752d: Bootstrap starting.
I20260709 14:51:08.872334 18306 ts_tablet_manager.cc:1434] T c40610a419fa4c8a82c163c8bb410324 P 936e97d88c14494282eafcd830126d17: Time spent starting tablet: real 0.014s	user 0.005s	sys 0.001s
I20260709 14:51:08.873307 18306 tablet_bootstrap.cc:492] T f1ee63ba30ed4631ab6acfaaaf17321b P 936e97d88c14494282eafcd830126d17: Bootstrap starting.
I20260709 14:51:08.876567 18263 raft_consensus.cc:2468] T e2c0ad5b29d04190b31fe2e27b1b8641 P 3aea19a90aa649719eec2b4e7949752d [term 1 FOLLOWER]: Leader election vote request: Granting yes vote for candidate 936e97d88c14494282eafcd830126d17 in term 1.
I20260709 14:51:08.878477 18077 leader_election.cc:304] T e2c0ad5b29d04190b31fe2e27b1b8641 P 936e97d88c14494282eafcd830126d17 [CANDIDATE]: Term 1 election: Election decided. Result: candidate won. Election summary: received 2 responses out of 3 voters: 2 yes votes; 0 no votes. yes voters: 3aea19a90aa649719eec2b4e7949752d, 936e97d88c14494282eafcd830126d17; no voters: 
I20260709 14:51:08.879555 18310 raft_consensus.cc:2804] T e2c0ad5b29d04190b31fe2e27b1b8641 P 936e97d88c14494282eafcd830126d17 [term 1 FOLLOWER]: Leader election won for term 1
I20260709 14:51:08.880795 18307 tablet_bootstrap.cc:654] T 25d3f2ada6914bddb49a72c315d9f461 P a066c58238334bee90b2278b47ac00dc: Neither blocks nor log segments found. Creating new log.
I20260709 14:51:08.881321 18331 raft_consensus.cc:515] T c40610a419fa4c8a82c163c8bb410324 P a066c58238334bee90b2278b47ac00dc [term 1 FOLLOWER]: Starting leader election with config: opid_index: -1 OBSOLETE_local: false peers { permanent_uuid: "936e97d88c14494282eafcd830126d17" member_type: VOTER last_known_addr { host: "127.17.142.193" port: 39405 } } peers { permanent_uuid: "a066c58238334bee90b2278b47ac00dc" member_type: VOTER last_known_addr { host: "127.17.142.194" port: 42683 } } peers { permanent_uuid: "3aea19a90aa649719eec2b4e7949752d" member_type: VOTER last_known_addr { host: "127.17.142.195" port: 39599 } }
I20260709 14:51:08.891045 18114 tablet_service.cc:1917] Received RequestConsensusVote() RPC: tablet_id: "c40610a419fa4c8a82c163c8bb410324" candidate_uuid: "a066c58238334bee90b2278b47ac00dc" candidate_term: 1 candidate_status { last_received { term: 0 index: 0 } } ignore_live_leader: false dest_uuid: "936e97d88c14494282eafcd830126d17"
I20260709 14:51:08.891615 18114 raft_consensus.cc:3060] T c40610a419fa4c8a82c163c8bb410324 P 936e97d88c14494282eafcd830126d17 [term 0 FOLLOWER]: Advancing to term 1
I20260709 14:51:08.893527 18316 raft_consensus.cc:493] T c1b59e6f985d44319af79ad6744f8340 P 3aea19a90aa649719eec2b4e7949752d [term 0 FOLLOWER]: Starting pre-election (no leader contacted us within the election timeout)
I20260709 14:51:08.894187 18316 raft_consensus.cc:515] T c1b59e6f985d44319af79ad6744f8340 P 3aea19a90aa649719eec2b4e7949752d [term 0 FOLLOWER]: Starting pre-election with config: opid_index: -1 OBSOLETE_local: false peers { permanent_uuid: "936e97d88c14494282eafcd830126d17" member_type: VOTER last_known_addr { host: "127.17.142.193" port: 39405 } } peers { permanent_uuid: "a066c58238334bee90b2278b47ac00dc" member_type: VOTER last_known_addr { host: "127.17.142.194" port: 42683 } } peers { permanent_uuid: "3aea19a90aa649719eec2b4e7949752d" member_type: VOTER last_known_addr { host: "127.17.142.195" port: 39599 } }
I20260709 14:51:08.899060 18114 raft_consensus.cc:2468] T c40610a419fa4c8a82c163c8bb410324 P 936e97d88c14494282eafcd830126d17 [term 1 FOLLOWER]: Leader election vote request: Granting yes vote for candidate a066c58238334bee90b2278b47ac00dc in term 1.
I20260709 14:51:08.900396 18306 tablet_bootstrap.cc:654] T f1ee63ba30ed4631ab6acfaaaf17321b P 936e97d88c14494282eafcd830126d17: Neither blocks nor log segments found. Creating new log.
I20260709 14:51:08.900315 18154 leader_election.cc:304] T c40610a419fa4c8a82c163c8bb410324 P a066c58238334bee90b2278b47ac00dc [CANDIDATE]: Term 1 election: Election decided. Result: candidate won. Election summary: received 2 responses out of 3 voters: 2 yes votes; 0 no votes. yes voters: 936e97d88c14494282eafcd830126d17, a066c58238334bee90b2278b47ac00dc; no voters: 
I20260709 14:51:08.901160 18313 raft_consensus.cc:2804] T c40610a419fa4c8a82c163c8bb410324 P a066c58238334bee90b2278b47ac00dc [term 1 FOLLOWER]: Leader election won for term 1
I20260709 14:51:08.887564 18310 raft_consensus.cc:697] T e2c0ad5b29d04190b31fe2e27b1b8641 P 936e97d88c14494282eafcd830126d17 [term 1 LEADER]: Becoming Leader. State: Replica: 936e97d88c14494282eafcd830126d17, State: Running, Role: LEADER
I20260709 14:51:08.901937 18316 leader_election.cc:290] T c1b59e6f985d44319af79ad6744f8340 P 3aea19a90aa649719eec2b4e7949752d [CANDIDATE]: Term 1 pre-election: Requested pre-vote from peers 936e97d88c14494282eafcd830126d17 (127.17.142.193:39405), a066c58238334bee90b2278b47ac00dc (127.17.142.194:42683)
I20260709 14:51:08.887967 18189 raft_consensus.cc:2468] T e2c0ad5b29d04190b31fe2e27b1b8641 P a066c58238334bee90b2278b47ac00dc [term 1 FOLLOWER]: Leader election vote request: Granting yes vote for candidate 936e97d88c14494282eafcd830126d17 in term 1.
I20260709 14:51:08.901795 18313 raft_consensus.cc:697] T c40610a419fa4c8a82c163c8bb410324 P a066c58238334bee90b2278b47ac00dc [term 1 LEADER]: Becoming Leader. State: Replica: a066c58238334bee90b2278b47ac00dc, State: Running, Role: LEADER
I20260709 14:51:08.904803 18263 tablet_service.cc:1917] Received RequestConsensusVote() RPC: tablet_id: "c40610a419fa4c8a82c163c8bb410324" candidate_uuid: "a066c58238334bee90b2278b47ac00dc" candidate_term: 1 candidate_status { last_received { term: 0 index: 0 } } ignore_live_leader: false dest_uuid: "3aea19a90aa649719eec2b4e7949752d"
I20260709 14:51:08.904557 18313 consensus_queue.cc:237] T c40610a419fa4c8a82c163c8bb410324 P a066c58238334bee90b2278b47ac00dc [LEADER]: Queue going to LEADER mode. State: All replicated index: 0, Majority replicated index: 0, Committed index: 0, Last appended: 0.0, Last appended by leader: 0, Current term: 1, Majority size: 2, State: 0, Mode: LEADER, active raft config: opid_index: -1 OBSOLETE_local: false peers { permanent_uuid: "936e97d88c14494282eafcd830126d17" member_type: VOTER last_known_addr { host: "127.17.142.193" port: 39405 } } peers { permanent_uuid: "a066c58238334bee90b2278b47ac00dc" member_type: VOTER last_known_addr { host: "127.17.142.194" port: 42683 } } peers { permanent_uuid: "3aea19a90aa649719eec2b4e7949752d" member_type: VOTER last_known_addr { host: "127.17.142.195" port: 39599 } }
I20260709 14:51:08.905534 18263 raft_consensus.cc:3060] T c40610a419fa4c8a82c163c8bb410324 P 3aea19a90aa649719eec2b4e7949752d [term 0 FOLLOWER]: Advancing to term 1
I20260709 14:51:08.912362 18306 tablet_bootstrap.cc:492] T f1ee63ba30ed4631ab6acfaaaf17321b P 936e97d88c14494282eafcd830126d17: No bootstrap required, opened a new log
I20260709 14:51:08.912818 18306 ts_tablet_manager.cc:1403] T f1ee63ba30ed4631ab6acfaaaf17321b P 936e97d88c14494282eafcd830126d17: Time spent bootstrapping tablet: real 0.040s	user 0.012s	sys 0.001s
I20260709 14:51:08.913583 18310 consensus_queue.cc:237] T e2c0ad5b29d04190b31fe2e27b1b8641 P 936e97d88c14494282eafcd830126d17 [LEADER]: Queue going to LEADER mode. State: All replicated index: 0, Majority replicated index: 0, Committed index: 0, Last appended: 0.0, Last appended by leader: 0, Current term: 1, Majority size: 2, State: 0, Mode: LEADER, active raft config: opid_index: -1 OBSOLETE_local: false peers { permanent_uuid: "a066c58238334bee90b2278b47ac00dc" member_type: VOTER last_known_addr { host: "127.17.142.194" port: 42683 } } peers { permanent_uuid: "936e97d88c14494282eafcd830126d17" member_type: VOTER last_known_addr { host: "127.17.142.193" port: 39405 } } peers { permanent_uuid: "3aea19a90aa649719eec2b4e7949752d" member_type: VOTER last_known_addr { host: "127.17.142.195" port: 39599 } }
I20260709 14:51:08.914983 18308 tablet_bootstrap.cc:654] T f1ee63ba30ed4631ab6acfaaaf17321b P 3aea19a90aa649719eec2b4e7949752d: Neither blocks nor log segments found. Creating new log.
I20260709 14:51:08.913275 18331 leader_election.cc:290] T c40610a419fa4c8a82c163c8bb410324 P a066c58238334bee90b2278b47ac00dc [CANDIDATE]: Term 1 election: Requested vote from peers 936e97d88c14494282eafcd830126d17 (127.17.142.193:39405), 3aea19a90aa649719eec2b4e7949752d (127.17.142.195:39599)
I20260709 14:51:08.915508 18306 raft_consensus.cc:359] T f1ee63ba30ed4631ab6acfaaaf17321b P 936e97d88c14494282eafcd830126d17 [term 0 FOLLOWER]: Replica starting. Triggering 0 pending ops. Active config: opid_index: -1 OBSOLETE_local: false peers { permanent_uuid: "936e97d88c14494282eafcd830126d17" member_type: VOTER last_known_addr { host: "127.17.142.193" port: 39405 } } peers { permanent_uuid: "a066c58238334bee90b2278b47ac00dc" member_type: VOTER last_known_addr { host: "127.17.142.194" port: 42683 } } peers { permanent_uuid: "3aea19a90aa649719eec2b4e7949752d" member_type: VOTER last_known_addr { host: "127.17.142.195" port: 39599 } }
I20260709 14:51:08.916155 18306 raft_consensus.cc:385] T f1ee63ba30ed4631ab6acfaaaf17321b P 936e97d88c14494282eafcd830126d17 [term 0 FOLLOWER]: Consensus starting up: Expiring failure detector timer to make a prompt election more likely
I20260709 14:51:08.916440 18306 raft_consensus.cc:740] T f1ee63ba30ed4631ab6acfaaaf17321b P 936e97d88c14494282eafcd830126d17 [term 0 FOLLOWER]: Becoming Follower/Learner. State: Replica: 936e97d88c14494282eafcd830126d17, State: Initialized, Role: FOLLOWER
I20260709 14:51:08.917378 18307 tablet_bootstrap.cc:492] T 25d3f2ada6914bddb49a72c315d9f461 P a066c58238334bee90b2278b47ac00dc: No bootstrap required, opened a new log
I20260709 14:51:08.917073 18306 consensus_queue.cc:260] T f1ee63ba30ed4631ab6acfaaaf17321b P 936e97d88c14494282eafcd830126d17 [NON_LEADER]: Queue going to NON_LEADER mode. State: All replicated index: 0, Majority replicated index: 0, Committed index: 0, Last appended: 0.0, Last appended by leader: 0, Current term: 0, Majority size: -1, State: 0, Mode: NON_LEADER, active raft config: opid_index: -1 OBSOLETE_local: false peers { permanent_uuid: "936e97d88c14494282eafcd830126d17" member_type: VOTER last_known_addr { host: "127.17.142.193" port: 39405 } } peers { permanent_uuid: "a066c58238334bee90b2278b47ac00dc" member_type: VOTER last_known_addr { host: "127.17.142.194" port: 42683 } } peers { permanent_uuid: "3aea19a90aa649719eec2b4e7949752d" member_type: VOTER last_known_addr { host: "127.17.142.195" port: 39599 } }
I20260709 14:51:08.917973 18307 ts_tablet_manager.cc:1403] T 25d3f2ada6914bddb49a72c315d9f461 P a066c58238334bee90b2278b47ac00dc: Time spent bootstrapping tablet: real 0.052s	user 0.009s	sys 0.013s
I20260709 14:51:08.919587 18306 ts_tablet_manager.cc:1434] T f1ee63ba30ed4631ab6acfaaaf17321b P 936e97d88c14494282eafcd830126d17: Time spent starting tablet: real 0.006s	user 0.005s	sys 0.002s
I20260709 14:51:08.920583 18306 tablet_bootstrap.cc:492] T e4fa922d09be492b84281859b8da52a2 P 936e97d88c14494282eafcd830126d17: Bootstrap starting.
I20260709 14:51:08.921193 18263 raft_consensus.cc:2468] T c40610a419fa4c8a82c163c8bb410324 P 3aea19a90aa649719eec2b4e7949752d [term 1 FOLLOWER]: Leader election vote request: Granting yes vote for candidate a066c58238334bee90b2278b47ac00dc in term 1.
I20260709 14:51:08.930977 18308 tablet_bootstrap.cc:492] T f1ee63ba30ed4631ab6acfaaaf17321b P 3aea19a90aa649719eec2b4e7949752d: No bootstrap required, opened a new log
I20260709 14:51:08.932289 18307 raft_consensus.cc:359] T 25d3f2ada6914bddb49a72c315d9f461 P a066c58238334bee90b2278b47ac00dc [term 0 FOLLOWER]: Replica starting. Triggering 0 pending ops. Active config: opid_index: -1 OBSOLETE_local: false peers { permanent_uuid: "936e97d88c14494282eafcd830126d17" member_type: VOTER last_known_addr { host: "127.17.142.193" port: 39405 } } peers { permanent_uuid: "a066c58238334bee90b2278b47ac00dc" member_type: VOTER last_known_addr { host: "127.17.142.194" port: 42683 } } peers { permanent_uuid: "3aea19a90aa649719eec2b4e7949752d" member_type: VOTER last_known_addr { host: "127.17.142.195" port: 39599 } }
I20260709 14:51:08.933043 18307 raft_consensus.cc:385] T 25d3f2ada6914bddb49a72c315d9f461 P a066c58238334bee90b2278b47ac00dc [term 0 FOLLOWER]: Consensus starting up: Expiring failure detector timer to make a prompt election more likely
I20260709 14:51:08.933378 18307 raft_consensus.cc:740] T 25d3f2ada6914bddb49a72c315d9f461 P a066c58238334bee90b2278b47ac00dc [term 0 FOLLOWER]: Becoming Follower/Learner. State: Replica: a066c58238334bee90b2278b47ac00dc, State: Initialized, Role: FOLLOWER
I20260709 14:51:08.936000 18308 ts_tablet_manager.cc:1403] T f1ee63ba30ed4631ab6acfaaaf17321b P 3aea19a90aa649719eec2b4e7949752d: Time spent bootstrapping tablet: real 0.065s	user 0.012s	sys 0.002s
I20260709 14:51:08.937036 18011 catalog_manager.cc:5697] T e2c0ad5b29d04190b31fe2e27b1b8641 P 936e97d88c14494282eafcd830126d17 reported cstate change: term changed from 0 to 1, leader changed from <none> to 936e97d88c14494282eafcd830126d17 (127.17.142.193). New cstate: current_term: 1 leader_uuid: "936e97d88c14494282eafcd830126d17" committed_config { opid_index: -1 OBSOLETE_local: false peers { permanent_uuid: "a066c58238334bee90b2278b47ac00dc" member_type: VOTER last_known_addr { host: "127.17.142.194" port: 42683 } health_report { overall_health: UNKNOWN } } peers { permanent_uuid: "936e97d88c14494282eafcd830126d17" member_type: VOTER last_known_addr { host: "127.17.142.193" port: 39405 } health_report { overall_health: HEALTHY } } peers { permanent_uuid: "3aea19a90aa649719eec2b4e7949752d" member_type: VOTER last_known_addr { host: "127.17.142.195" port: 39599 } health_report { overall_health: UNKNOWN } } }
I20260709 14:51:08.939232 18308 raft_consensus.cc:359] T f1ee63ba30ed4631ab6acfaaaf17321b P 3aea19a90aa649719eec2b4e7949752d [term 0 FOLLOWER]: Replica starting. Triggering 0 pending ops. Active config: opid_index: -1 OBSOLETE_local: false peers { permanent_uuid: "936e97d88c14494282eafcd830126d17" member_type: VOTER last_known_addr { host: "127.17.142.193" port: 39405 } } peers { permanent_uuid: "a066c58238334bee90b2278b47ac00dc" member_type: VOTER last_known_addr { host: "127.17.142.194" port: 42683 } } peers { permanent_uuid: "3aea19a90aa649719eec2b4e7949752d" member_type: VOTER last_known_addr { host: "127.17.142.195" port: 39599 } }
I20260709 14:51:08.941704 18306 tablet_bootstrap.cc:654] T e4fa922d09be492b84281859b8da52a2 P 936e97d88c14494282eafcd830126d17: Neither blocks nor log segments found. Creating new log.
I20260709 14:51:08.939894 18308 raft_consensus.cc:385] T f1ee63ba30ed4631ab6acfaaaf17321b P 3aea19a90aa649719eec2b4e7949752d [term 0 FOLLOWER]: Consensus starting up: Expiring failure detector timer to make a prompt election more likely
I20260709 14:51:08.944482 18308 raft_consensus.cc:740] T f1ee63ba30ed4631ab6acfaaaf17321b P 3aea19a90aa649719eec2b4e7949752d [term 0 FOLLOWER]: Becoming Follower/Learner. State: Replica: 3aea19a90aa649719eec2b4e7949752d, State: Initialized, Role: FOLLOWER
I20260709 14:51:08.934113 18307 consensus_queue.cc:260] T 25d3f2ada6914bddb49a72c315d9f461 P a066c58238334bee90b2278b47ac00dc [NON_LEADER]: Queue going to NON_LEADER mode. State: All replicated index: 0, Majority replicated index: 0, Committed index: 0, Last appended: 0.0, Last appended by leader: 0, Current term: 0, Majority size: -1, State: 0, Mode: NON_LEADER, active raft config: opid_index: -1 OBSOLETE_local: false peers { permanent_uuid: "936e97d88c14494282eafcd830126d17" member_type: VOTER last_known_addr { host: "127.17.142.193" port: 39405 } } peers { permanent_uuid: "a066c58238334bee90b2278b47ac00dc" member_type: VOTER last_known_addr { host: "127.17.142.194" port: 42683 } } peers { permanent_uuid: "3aea19a90aa649719eec2b4e7949752d" member_type: VOTER last_known_addr { host: "127.17.142.195" port: 39599 } }
I20260709 14:51:08.945180 18308 consensus_queue.cc:260] T f1ee63ba30ed4631ab6acfaaaf17321b P 3aea19a90aa649719eec2b4e7949752d [NON_LEADER]: Queue going to NON_LEADER mode. State: All replicated index: 0, Majority replicated index: 0, Committed index: 0, Last appended: 0.0, Last appended by leader: 0, Current term: 0, Majority size: -1, State: 0, Mode: NON_LEADER, active raft config: opid_index: -1 OBSOLETE_local: false peers { permanent_uuid: "936e97d88c14494282eafcd830126d17" member_type: VOTER last_known_addr { host: "127.17.142.193" port: 39405 } } peers { permanent_uuid: "a066c58238334bee90b2278b47ac00dc" member_type: VOTER last_known_addr { host: "127.17.142.194" port: 42683 } } peers { permanent_uuid: "3aea19a90aa649719eec2b4e7949752d" member_type: VOTER last_known_addr { host: "127.17.142.195" port: 39599 } }
I20260709 14:51:08.947997 18307 ts_tablet_manager.cc:1434] T 25d3f2ada6914bddb49a72c315d9f461 P a066c58238334bee90b2278b47ac00dc: Time spent starting tablet: real 0.030s	user 0.006s	sys 0.000s
I20260709 14:51:08.948982 18307 tablet_bootstrap.cc:492] T c1b59e6f985d44319af79ad6744f8340 P a066c58238334bee90b2278b47ac00dc: Bootstrap starting.
I20260709 14:51:08.949455 18010 catalog_manager.cc:5697] T c40610a419fa4c8a82c163c8bb410324 P a066c58238334bee90b2278b47ac00dc reported cstate change: term changed from 0 to 1, leader changed from <none> to a066c58238334bee90b2278b47ac00dc (127.17.142.194). New cstate: current_term: 1 leader_uuid: "a066c58238334bee90b2278b47ac00dc" committed_config { opid_index: -1 OBSOLETE_local: false peers { permanent_uuid: "936e97d88c14494282eafcd830126d17" member_type: VOTER last_known_addr { host: "127.17.142.193" port: 39405 } health_report { overall_health: UNKNOWN } } peers { permanent_uuid: "a066c58238334bee90b2278b47ac00dc" member_type: VOTER last_known_addr { host: "127.17.142.194" port: 42683 } health_report { overall_health: HEALTHY } } peers { permanent_uuid: "3aea19a90aa649719eec2b4e7949752d" member_type: VOTER last_known_addr { host: "127.17.142.195" port: 39599 } health_report { overall_health: UNKNOWN } } }
I20260709 14:51:08.958510 18308 ts_tablet_manager.cc:1434] T f1ee63ba30ed4631ab6acfaaaf17321b P 3aea19a90aa649719eec2b4e7949752d: Time spent starting tablet: real 0.022s	user 0.006s	sys 0.000s
I20260709 14:51:08.959453 18308 tablet_bootstrap.cc:492] T 466f85d6b2e34accb9b4f2751603fc29 P 3aea19a90aa649719eec2b4e7949752d: Bootstrap starting.
I20260709 14:51:08.962198 18310 raft_consensus.cc:493] T c1b59e6f985d44319af79ad6744f8340 P 936e97d88c14494282eafcd830126d17 [term 0 FOLLOWER]: Starting pre-election (no leader contacted us within the election timeout)
I20260709 14:51:08.962699 18310 raft_consensus.cc:515] T c1b59e6f985d44319af79ad6744f8340 P 936e97d88c14494282eafcd830126d17 [term 0 FOLLOWER]: Starting pre-election with config: opid_index: -1 OBSOLETE_local: false peers { permanent_uuid: "936e97d88c14494282eafcd830126d17" member_type: VOTER last_known_addr { host: "127.17.142.193" port: 39405 } } peers { permanent_uuid: "a066c58238334bee90b2278b47ac00dc" member_type: VOTER last_known_addr { host: "127.17.142.194" port: 42683 } } peers { permanent_uuid: "3aea19a90aa649719eec2b4e7949752d" member_type: VOTER last_known_addr { host: "127.17.142.195" port: 39599 } }
I20260709 14:51:08.963028 18316 raft_consensus.cc:493] T 25d3f2ada6914bddb49a72c315d9f461 P 3aea19a90aa649719eec2b4e7949752d [term 0 FOLLOWER]: Starting pre-election (no leader contacted us within the election timeout)
I20260709 14:51:08.963544 18316 raft_consensus.cc:515] T 25d3f2ada6914bddb49a72c315d9f461 P 3aea19a90aa649719eec2b4e7949752d [term 0 FOLLOWER]: Starting pre-election with config: opid_index: -1 OBSOLETE_local: false peers { permanent_uuid: "936e97d88c14494282eafcd830126d17" member_type: VOTER last_known_addr { host: "127.17.142.193" port: 39405 } } peers { permanent_uuid: "a066c58238334bee90b2278b47ac00dc" member_type: VOTER last_known_addr { host: "127.17.142.194" port: 42683 } } peers { permanent_uuid: "3aea19a90aa649719eec2b4e7949752d" member_type: VOTER last_known_addr { host: "127.17.142.195" port: 39599 } }
I20260709 14:51:08.964741 18310 leader_election.cc:290] T c1b59e6f985d44319af79ad6744f8340 P 936e97d88c14494282eafcd830126d17 [CANDIDATE]: Term 1 pre-election: Requested pre-vote from peers a066c58238334bee90b2278b47ac00dc (127.17.142.194:42683), 3aea19a90aa649719eec2b4e7949752d (127.17.142.195:39599)
I20260709 14:51:08.965014 18307 tablet_bootstrap.cc:654] T c1b59e6f985d44319af79ad6744f8340 P a066c58238334bee90b2278b47ac00dc: Neither blocks nor log segments found. Creating new log.
I20260709 14:51:08.965843 18316 leader_election.cc:290] T 25d3f2ada6914bddb49a72c315d9f461 P 3aea19a90aa649719eec2b4e7949752d [CANDIDATE]: Term 1 pre-election: Requested pre-vote from peers 936e97d88c14494282eafcd830126d17 (127.17.142.193:39405), a066c58238334bee90b2278b47ac00dc (127.17.142.194:42683)
I20260709 14:51:08.967203 18189 tablet_service.cc:1917] Received RequestConsensusVote() RPC: tablet_id: "c1b59e6f985d44319af79ad6744f8340" candidate_uuid: "936e97d88c14494282eafcd830126d17" candidate_term: 1 candidate_status { last_received { term: 0 index: 0 } } ignore_live_leader: false dest_uuid: "a066c58238334bee90b2278b47ac00dc" is_pre_election: true
I20260709 14:51:08.968354 18263 tablet_service.cc:1917] Received RequestConsensusVote() RPC: tablet_id: "c1b59e6f985d44319af79ad6744f8340" candidate_uuid: "936e97d88c14494282eafcd830126d17" candidate_term: 1 candidate_status { last_received { term: 0 index: 0 } } ignore_live_leader: false dest_uuid: "3aea19a90aa649719eec2b4e7949752d" is_pre_election: true
I20260709 14:51:08.968932 18263 raft_consensus.cc:2468] T c1b59e6f985d44319af79ad6744f8340 P 3aea19a90aa649719eec2b4e7949752d [term 0 FOLLOWER]: Leader pre-election vote request: Granting yes vote for candidate 936e97d88c14494282eafcd830126d17 in term 0.
I20260709 14:51:08.970244 18077 leader_election.cc:304] T c1b59e6f985d44319af79ad6744f8340 P 936e97d88c14494282eafcd830126d17 [CANDIDATE]: Term 1 pre-election: Election decided. Result: candidate won. Election summary: received 2 responses out of 3 voters: 2 yes votes; 0 no votes. yes voters: 3aea19a90aa649719eec2b4e7949752d, 936e97d88c14494282eafcd830126d17; no voters: 
W20260709 14:51:08.971663 18080 leader_election.cc:343] T c1b59e6f985d44319af79ad6744f8340 P 936e97d88c14494282eafcd830126d17 [CANDIDATE]: Term 1 pre-election: Tablet error from VoteRequest() call to peer a066c58238334bee90b2278b47ac00dc (127.17.142.194:42683): Illegal state: must be running to vote when last-logged opid is not known
I20260709 14:51:08.972469 18344 raft_consensus.cc:2804] T c1b59e6f985d44319af79ad6744f8340 P 936e97d88c14494282eafcd830126d17 [term 0 FOLLOWER]: Leader pre-election won for term 1
I20260709 14:51:08.972548 18310 raft_consensus.cc:493] T 466f85d6b2e34accb9b4f2751603fc29 P 936e97d88c14494282eafcd830126d17 [term 0 FOLLOWER]: Starting pre-election (no leader contacted us within the election timeout)
I20260709 14:51:08.973137 18310 raft_consensus.cc:515] T 466f85d6b2e34accb9b4f2751603fc29 P 936e97d88c14494282eafcd830126d17 [term 0 FOLLOWER]: Starting pre-election with config: opid_index: -1 OBSOLETE_local: false peers { permanent_uuid: "936e97d88c14494282eafcd830126d17" member_type: VOTER last_known_addr { host: "127.17.142.193" port: 39405 } } peers { permanent_uuid: "a066c58238334bee90b2278b47ac00dc" member_type: VOTER last_known_addr { host: "127.17.142.194" port: 42683 } } peers { permanent_uuid: "3aea19a90aa649719eec2b4e7949752d" member_type: VOTER last_known_addr { host: "127.17.142.195" port: 39599 } }
I20260709 14:51:08.974104 18114 tablet_service.cc:1917] Received RequestConsensusVote() RPC: tablet_id: "c1b59e6f985d44319af79ad6744f8340" candidate_uuid: "3aea19a90aa649719eec2b4e7949752d" candidate_term: 1 candidate_status { last_received { term: 0 index: 0 } } ignore_live_leader: false dest_uuid: "936e97d88c14494282eafcd830126d17" is_pre_election: true
I20260709 14:51:08.975126 18113 tablet_service.cc:1917] Received RequestConsensusVote() RPC: tablet_id: "25d3f2ada6914bddb49a72c315d9f461" candidate_uuid: "3aea19a90aa649719eec2b4e7949752d" candidate_term: 1 candidate_status { last_received { term: 0 index: 0 } } ignore_live_leader: false dest_uuid: "936e97d88c14494282eafcd830126d17" is_pre_election: true
I20260709 14:51:08.975790 18113 raft_consensus.cc:2468] T 25d3f2ada6914bddb49a72c315d9f461 P 936e97d88c14494282eafcd830126d17 [term 0 FOLLOWER]: Leader pre-election vote request: Granting yes vote for candidate 3aea19a90aa649719eec2b4e7949752d in term 0.
I20260709 14:51:08.975924 18308 tablet_bootstrap.cc:654] T 466f85d6b2e34accb9b4f2751603fc29 P 3aea19a90aa649719eec2b4e7949752d: Neither blocks nor log segments found. Creating new log.
I20260709 14:51:08.975939 18189 tablet_service.cc:1917] Received RequestConsensusVote() RPC: tablet_id: "466f85d6b2e34accb9b4f2751603fc29" candidate_uuid: "936e97d88c14494282eafcd830126d17" candidate_term: 1 candidate_status { last_received { term: 0 index: 0 } } ignore_live_leader: false dest_uuid: "a066c58238334bee90b2278b47ac00dc" is_pre_election: true
I20260709 14:51:08.976717 18189 raft_consensus.cc:2468] T 466f85d6b2e34accb9b4f2751603fc29 P a066c58238334bee90b2278b47ac00dc [term 0 FOLLOWER]: Leader pre-election vote request: Granting yes vote for candidate 936e97d88c14494282eafcd830126d17 in term 0.
I20260709 14:51:08.976890 18344 raft_consensus.cc:493] T c1b59e6f985d44319af79ad6744f8340 P 936e97d88c14494282eafcd830126d17 [term 0 FOLLOWER]: Starting leader election (no leader contacted us within the election timeout)
I20260709 14:51:08.977303 18344 raft_consensus.cc:3060] T c1b59e6f985d44319af79ad6744f8340 P 936e97d88c14494282eafcd830126d17 [term 0 FOLLOWER]: Advancing to term 1
I20260709 14:51:08.977145 18228 leader_election.cc:304] T 25d3f2ada6914bddb49a72c315d9f461 P 3aea19a90aa649719eec2b4e7949752d [CANDIDATE]: Term 1 pre-election: Election decided. Result: candidate won. Election summary: received 2 responses out of 3 voters: 2 yes votes; 0 no votes. yes voters: 3aea19a90aa649719eec2b4e7949752d, 936e97d88c14494282eafcd830126d17; no voters: 
I20260709 14:51:08.978077 18080 leader_election.cc:304] T 466f85d6b2e34accb9b4f2751603fc29 P 936e97d88c14494282eafcd830126d17 [CANDIDATE]: Term 1 pre-election: Election decided. Result: candidate won. Election summary: received 2 responses out of 3 voters: 2 yes votes; 0 no votes. yes voters: 936e97d88c14494282eafcd830126d17, a066c58238334bee90b2278b47ac00dc; no voters: 
I20260709 14:51:08.978560 18316 raft_consensus.cc:2804] T 25d3f2ada6914bddb49a72c315d9f461 P 3aea19a90aa649719eec2b4e7949752d [term 0 FOLLOWER]: Leader pre-election won for term 1
I20260709 14:51:08.979077 18316 raft_consensus.cc:493] T 25d3f2ada6914bddb49a72c315d9f461 P 3aea19a90aa649719eec2b4e7949752d [term 0 FOLLOWER]: Starting leader election (no leader contacted us within the election timeout)
I20260709 14:51:08.979523 18316 raft_consensus.cc:3060] T 25d3f2ada6914bddb49a72c315d9f461 P 3aea19a90aa649719eec2b4e7949752d [term 0 FOLLOWER]: Advancing to term 1
I20260709 14:51:08.981490 18263 tablet_service.cc:1917] Received RequestConsensusVote() RPC: tablet_id: "466f85d6b2e34accb9b4f2751603fc29" candidate_uuid: "936e97d88c14494282eafcd830126d17" candidate_term: 1 candidate_status { last_received { term: 0 index: 0 } } ignore_live_leader: false dest_uuid: "3aea19a90aa649719eec2b4e7949752d" is_pre_election: true
W20260709 14:51:08.982959 18077 leader_election.cc:343] T 466f85d6b2e34accb9b4f2751603fc29 P 936e97d88c14494282eafcd830126d17 [CANDIDATE]: Term 1 pre-election: Tablet error from VoteRequest() call to peer 3aea19a90aa649719eec2b4e7949752d (127.17.142.195:39599): Illegal state: must be running to vote when last-logged opid is not known
I20260709 14:51:08.983553 18310 leader_election.cc:290] T 466f85d6b2e34accb9b4f2751603fc29 P 936e97d88c14494282eafcd830126d17 [CANDIDATE]: Term 1 pre-election: Requested pre-vote from peers a066c58238334bee90b2278b47ac00dc (127.17.142.194:42683), 3aea19a90aa649719eec2b4e7949752d (127.17.142.195:39599)
I20260709 14:51:08.984100 18310 raft_consensus.cc:2804] T 466f85d6b2e34accb9b4f2751603fc29 P 936e97d88c14494282eafcd830126d17 [term 0 FOLLOWER]: Leader pre-election won for term 1
I20260709 14:51:08.984493 18310 raft_consensus.cc:493] T 466f85d6b2e34accb9b4f2751603fc29 P 936e97d88c14494282eafcd830126d17 [term 0 FOLLOWER]: Starting leader election (no leader contacted us within the election timeout)
I20260709 14:51:08.985010 18310 raft_consensus.cc:3060] T 466f85d6b2e34accb9b4f2751603fc29 P 936e97d88c14494282eafcd830126d17 [term 0 FOLLOWER]: Advancing to term 1
I20260709 14:51:08.985415 18344 raft_consensus.cc:515] T c1b59e6f985d44319af79ad6744f8340 P 936e97d88c14494282eafcd830126d17 [term 1 FOLLOWER]: Starting leader election with config: opid_index: -1 OBSOLETE_local: false peers { permanent_uuid: "936e97d88c14494282eafcd830126d17" member_type: VOTER last_known_addr { host: "127.17.142.193" port: 39405 } } peers { permanent_uuid: "a066c58238334bee90b2278b47ac00dc" member_type: VOTER last_known_addr { host: "127.17.142.194" port: 42683 } } peers { permanent_uuid: "3aea19a90aa649719eec2b4e7949752d" member_type: VOTER last_known_addr { host: "127.17.142.195" port: 39599 } }
I20260709 14:51:08.987073 18114 raft_consensus.cc:2393] T c1b59e6f985d44319af79ad6744f8340 P 936e97d88c14494282eafcd830126d17 [term 1 FOLLOWER]: Leader pre-election vote request: Denying vote to candidate 3aea19a90aa649719eec2b4e7949752d in current term 1: Already voted for candidate 936e97d88c14494282eafcd830126d17 in this term.
I20260709 14:51:08.997735 18316 raft_consensus.cc:515] T 25d3f2ada6914bddb49a72c315d9f461 P 3aea19a90aa649719eec2b4e7949752d [term 1 FOLLOWER]: Starting leader election with config: opid_index: -1 OBSOLETE_local: false peers { permanent_uuid: "936e97d88c14494282eafcd830126d17" member_type: VOTER last_known_addr { host: "127.17.142.193" port: 39405 } } peers { permanent_uuid: "a066c58238334bee90b2278b47ac00dc" member_type: VOTER last_known_addr { host: "127.17.142.194" port: 42683 } } peers { permanent_uuid: "3aea19a90aa649719eec2b4e7949752d" member_type: VOTER last_known_addr { host: "127.17.142.195" port: 39599 } }
I20260709 14:51:08.998582 18263 tablet_service.cc:1917] Received RequestConsensusVote() RPC: tablet_id: "c1b59e6f985d44319af79ad6744f8340" candidate_uuid: "936e97d88c14494282eafcd830126d17" candidate_term: 1 candidate_status { last_received { term: 0 index: 0 } } ignore_live_leader: false dest_uuid: "3aea19a90aa649719eec2b4e7949752d"
I20260709 14:51:08.998890 18306 tablet_bootstrap.cc:492] T e4fa922d09be492b84281859b8da52a2 P 936e97d88c14494282eafcd830126d17: No bootstrap required, opened a new log
I20260709 14:51:08.999185 18263 raft_consensus.cc:3060] T c1b59e6f985d44319af79ad6744f8340 P 3aea19a90aa649719eec2b4e7949752d [term 0 FOLLOWER]: Advancing to term 1
I20260709 14:51:08.999315 18306 ts_tablet_manager.cc:1403] T e4fa922d09be492b84281859b8da52a2 P 936e97d88c14494282eafcd830126d17: Time spent bootstrapping tablet: real 0.079s	user 0.009s	sys 0.001s
I20260709 14:51:09.001072 18114 tablet_service.cc:1917] Received RequestConsensusVote() RPC: tablet_id: "25d3f2ada6914bddb49a72c315d9f461" candidate_uuid: "3aea19a90aa649719eec2b4e7949752d" candidate_term: 1 candidate_status { last_received { term: 0 index: 0 } } ignore_live_leader: false dest_uuid: "936e97d88c14494282eafcd830126d17"
I20260709 14:51:09.001713 18114 raft_consensus.cc:3060] T 25d3f2ada6914bddb49a72c315d9f461 P 936e97d88c14494282eafcd830126d17 [term 0 FOLLOWER]: Advancing to term 1
I20260709 14:51:09.002786 18316 leader_election.cc:290] T 25d3f2ada6914bddb49a72c315d9f461 P 3aea19a90aa649719eec2b4e7949752d [CANDIDATE]: Term 1 election: Requested vote from peers 936e97d88c14494282eafcd830126d17 (127.17.142.193:39405), a066c58238334bee90b2278b47ac00dc (127.17.142.194:42683)
I20260709 14:51:09.003402 18316 raft_consensus.cc:493] T eb382d9b4ab842ae9b129453b6c88c9c P 3aea19a90aa649719eec2b4e7949752d [term 0 FOLLOWER]: Starting pre-election (no leader contacted us within the election timeout)
