I20260709 14:45:19.739852  1726 raft_consensus.cc:740] T 6e7abe42cb6f4878a7621c72065e730f P 6f833787015f4e848609d20c736234f6 [term 0 FOLLOWER]: Becoming Follower/Learner. State: Replica: 6f833787015f4e848609d20c736234f6, State: Initialized, Role: FOLLOWER
I20260709 14:45:19.740458  1726 consensus_queue.cc:260] T 6e7abe42cb6f4878a7621c72065e730f P 6f833787015f4e848609d20c736234f6 [NON_LEADER]: Queue going to NON_LEADER mode. State: All replicated index: 0, Majority replicated index: 0, Committed index: 0, Last appended: 0.0, Last appended by leader: 0, Current term: 0, Majority size: -1, State: 0, Mode: NON_LEADER, active raft config: opid_index: -1 OBSOLETE_local: false peers { permanent_uuid: "6f833787015f4e848609d20c736234f6" member_type: VOTER last_known_addr { host: "127.0.107.193" port: 36079 } } peers { permanent_uuid: "485b7812b84b41e1a9e7abb1ef95c2e8" member_type: VOTER last_known_addr { host: "127.0.107.194" port: 39385 } } peers { permanent_uuid: "4e05eef9d5cc48c1bbef2692036cab32" member_type: VOTER last_known_addr { host: "127.0.107.195" port: 40065 } }
I20260709 14:45:19.740674  1725 raft_consensus.cc:359] T 4a44b1f5bef94943a76700f03d4425d5 P 485b7812b84b41e1a9e7abb1ef95c2e8 [term 0 FOLLOWER]: Replica starting. Triggering 0 pending ops. Active config: opid_index: -1 OBSOLETE_local: false peers { permanent_uuid: "6f833787015f4e848609d20c736234f6" member_type: VOTER last_known_addr { host: "127.0.107.193" port: 36079 } } peers { permanent_uuid: "485b7812b84b41e1a9e7abb1ef95c2e8" member_type: VOTER last_known_addr { host: "127.0.107.194" port: 39385 } } peers { permanent_uuid: "4e05eef9d5cc48c1bbef2692036cab32" member_type: VOTER last_known_addr { host: "127.0.107.195" port: 40065 } }
I20260709 14:45:19.741343  1725 raft_consensus.cc:385] T 4a44b1f5bef94943a76700f03d4425d5 P 485b7812b84b41e1a9e7abb1ef95c2e8 [term 0 FOLLOWER]: Consensus starting up: Expiring failure detector timer to make a prompt election more likely
I20260709 14:45:19.742081  1725 raft_consensus.cc:740] T 4a44b1f5bef94943a76700f03d4425d5 P 485b7812b84b41e1a9e7abb1ef95c2e8 [term 0 FOLLOWER]: Becoming Follower/Learner. State: Replica: 485b7812b84b41e1a9e7abb1ef95c2e8, State: Initialized, Role: FOLLOWER
I20260709 14:45:19.742223  1726 ts_tablet_manager.cc:1434] T 6e7abe42cb6f4878a7621c72065e730f P 6f833787015f4e848609d20c736234f6: Time spent starting tablet: real 0.049s	user 0.005s	sys 0.000s
I20260709 14:45:19.742763  1725 consensus_queue.cc:260] T 4a44b1f5bef94943a76700f03d4425d5 P 485b7812b84b41e1a9e7abb1ef95c2e8 [NON_LEADER]: Queue going to NON_LEADER mode. State: All replicated index: 0, Majority replicated index: 0, Committed index: 0, Last appended: 0.0, Last appended by leader: 0, Current term: 0, Majority size: -1, State: 0, Mode: NON_LEADER, active raft config: opid_index: -1 OBSOLETE_local: false peers { permanent_uuid: "6f833787015f4e848609d20c736234f6" member_type: VOTER last_known_addr { host: "127.0.107.193" port: 36079 } } peers { permanent_uuid: "485b7812b84b41e1a9e7abb1ef95c2e8" member_type: VOTER last_known_addr { host: "127.0.107.194" port: 39385 } } peers { permanent_uuid: "4e05eef9d5cc48c1bbef2692036cab32" member_type: VOTER last_known_addr { host: "127.0.107.195" port: 40065 } }
I20260709 14:45:19.744786  1725 ts_tablet_manager.cc:1434] T 4a44b1f5bef94943a76700f03d4425d5 P 485b7812b84b41e1a9e7abb1ef95c2e8: Time spent starting tablet: real 0.013s	user 0.007s	sys 0.000s
I20260709 14:45:19.744871  1726 tablet_bootstrap.cc:492] T f25b20eacedc41258f182933895dcc94 P 6f833787015f4e848609d20c736234f6: Bootstrap starting.
I20260709 14:45:19.745903  1725 tablet_bootstrap.cc:492] T 706fad0384914956b96fea7cdbed71ab P 485b7812b84b41e1a9e7abb1ef95c2e8: Bootstrap starting.
I20260709 14:45:19.751904  1726 tablet_bootstrap.cc:654] T f25b20eacedc41258f182933895dcc94 P 6f833787015f4e848609d20c736234f6: Neither blocks nor log segments found. Creating new log.
I20260709 14:45:19.758597  1896 raft_consensus.cc:493] T efcc045e56b64ee0a45bbde5c4a37e64 P 485b7812b84b41e1a9e7abb1ef95c2e8 [term 0 FOLLOWER]: Starting pre-election (no leader contacted us within the election timeout)
I20260709 14:45:19.759106  1896 raft_consensus.cc:515] T efcc045e56b64ee0a45bbde5c4a37e64 P 485b7812b84b41e1a9e7abb1ef95c2e8 [term 0 FOLLOWER]: Starting pre-election with config: opid_index: -1 OBSOLETE_local: false peers { permanent_uuid: "6f833787015f4e848609d20c736234f6" member_type: VOTER last_known_addr { host: "127.0.107.193" port: 36079 } } peers { permanent_uuid: "485b7812b84b41e1a9e7abb1ef95c2e8" member_type: VOTER last_known_addr { host: "127.0.107.194" port: 39385 } } peers { permanent_uuid: "4e05eef9d5cc48c1bbef2692036cab32" member_type: VOTER last_known_addr { host: "127.0.107.195" port: 40065 } }
I20260709 14:45:19.759656  1725 tablet_bootstrap.cc:654] T 706fad0384914956b96fea7cdbed71ab P 485b7812b84b41e1a9e7abb1ef95c2e8: Neither blocks nor log segments found. Creating new log.
I20260709 14:45:19.760645  1726 tablet_bootstrap.cc:492] T f25b20eacedc41258f182933895dcc94 P 6f833787015f4e848609d20c736234f6: No bootstrap required, opened a new log
I20260709 14:45:19.761240  1896 leader_election.cc:290] T efcc045e56b64ee0a45bbde5c4a37e64 P 485b7812b84b41e1a9e7abb1ef95c2e8 [CANDIDATE]: Term 1 pre-election: Requested pre-vote from peers 6f833787015f4e848609d20c736234f6 (127.0.107.193:36079), 4e05eef9d5cc48c1bbef2692036cab32 (127.0.107.195:40065)
I20260709 14:45:19.761950  1531 tablet_service.cc:1917] Received RequestConsensusVote() RPC: tablet_id: "efcc045e56b64ee0a45bbde5c4a37e64" candidate_uuid: "485b7812b84b41e1a9e7abb1ef95c2e8" candidate_term: 1 candidate_status { last_received { term: 0 index: 0 } } ignore_live_leader: false dest_uuid: "6f833787015f4e848609d20c736234f6" is_pre_election: true
I20260709 14:45:19.762645  1531 raft_consensus.cc:2468] T efcc045e56b64ee0a45bbde5c4a37e64 P 6f833787015f4e848609d20c736234f6 [term 0 FOLLOWER]: Leader pre-election vote request: Granting yes vote for candidate 485b7812b84b41e1a9e7abb1ef95c2e8 in term 0.
I20260709 14:45:19.762841  1726 ts_tablet_manager.cc:1403] T f25b20eacedc41258f182933895dcc94 P 6f833787015f4e848609d20c736234f6: Time spent bootstrapping tablet: real 0.018s	user 0.002s	sys 0.009s
I20260709 14:45:19.765498  1726 raft_consensus.cc:359] T f25b20eacedc41258f182933895dcc94 P 6f833787015f4e848609d20c736234f6 [term 0 FOLLOWER]: Replica starting. Triggering 0 pending ops. Active config: opid_index: -1 OBSOLETE_local: false peers { permanent_uuid: "6f833787015f4e848609d20c736234f6" member_type: VOTER last_known_addr { host: "127.0.107.193" port: 36079 } } peers { permanent_uuid: "485b7812b84b41e1a9e7abb1ef95c2e8" member_type: VOTER last_known_addr { host: "127.0.107.194" port: 39385 } } peers { permanent_uuid: "4e05eef9d5cc48c1bbef2692036cab32" member_type: VOTER last_known_addr { host: "127.0.107.195" port: 40065 } }
I20260709 14:45:19.765507  1574 leader_election.cc:304] T efcc045e56b64ee0a45bbde5c4a37e64 P 485b7812b84b41e1a9e7abb1ef95c2e8 [CANDIDATE]: Term 1 pre-election: Election decided. Result: candidate won. Election summary: received 2 responses out of 3 voters: 2 yes votes; 0 no votes. yes voters: 485b7812b84b41e1a9e7abb1ef95c2e8, 6f833787015f4e848609d20c736234f6; no voters: 
I20260709 14:45:19.766259  1680 tablet_service.cc:1917] Received RequestConsensusVote() RPC: tablet_id: "efcc045e56b64ee0a45bbde5c4a37e64" candidate_uuid: "485b7812b84b41e1a9e7abb1ef95c2e8" candidate_term: 1 candidate_status { last_received { term: 0 index: 0 } } ignore_live_leader: false dest_uuid: "4e05eef9d5cc48c1bbef2692036cab32" is_pre_election: true
I20260709 14:45:19.766294  1726 raft_consensus.cc:385] T f25b20eacedc41258f182933895dcc94 P 6f833787015f4e848609d20c736234f6 [term 0 FOLLOWER]: Consensus starting up: Expiring failure detector timer to make a prompt election more likely
I20260709 14:45:19.766875  1680 raft_consensus.cc:2468] T efcc045e56b64ee0a45bbde5c4a37e64 P 4e05eef9d5cc48c1bbef2692036cab32 [term 0 FOLLOWER]: Leader pre-election vote request: Granting yes vote for candidate 485b7812b84b41e1a9e7abb1ef95c2e8 in term 0.
I20260709 14:45:19.767063  1726 raft_consensus.cc:740] T f25b20eacedc41258f182933895dcc94 P 6f833787015f4e848609d20c736234f6 [term 0 FOLLOWER]: Becoming Follower/Learner. State: Replica: 6f833787015f4e848609d20c736234f6, State: Initialized, Role: FOLLOWER
I20260709 14:45:19.767702  1726 consensus_queue.cc:260] T f25b20eacedc41258f182933895dcc94 P 6f833787015f4e848609d20c736234f6 [NON_LEADER]: Queue going to NON_LEADER mode. State: All replicated index: 0, Majority replicated index: 0, Committed index: 0, Last appended: 0.0, Last appended by leader: 0, Current term: 0, Majority size: -1, State: 0, Mode: NON_LEADER, active raft config: opid_index: -1 OBSOLETE_local: false peers { permanent_uuid: "6f833787015f4e848609d20c736234f6" member_type: VOTER last_known_addr { host: "127.0.107.193" port: 36079 } } peers { permanent_uuid: "485b7812b84b41e1a9e7abb1ef95c2e8" member_type: VOTER last_known_addr { host: "127.0.107.194" port: 39385 } } peers { permanent_uuid: "4e05eef9d5cc48c1bbef2692036cab32" member_type: VOTER last_known_addr { host: "127.0.107.195" port: 40065 } }
I20260709 14:45:19.769385  1682 raft_consensus.cc:2468] T 6e7abe42cb6f4878a7621c72065e730f P 4e05eef9d5cc48c1bbef2692036cab32 [term 1 FOLLOWER]: Leader election vote request: Granting yes vote for candidate 485b7812b84b41e1a9e7abb1ef95c2e8 in term 1.
I20260709 14:45:19.769665  1726 ts_tablet_manager.cc:1434] T f25b20eacedc41258f182933895dcc94 P 6f833787015f4e848609d20c736234f6: Time spent starting tablet: real 0.006s	user 0.004s	sys 0.001s
I20260709 14:45:19.770310  1608 raft_consensus.cc:2468] T 706db932fdb94133be2ba42c7303102e P 485b7812b84b41e1a9e7abb1ef95c2e8 [term 1 FOLLOWER]: Leader election vote request: Granting yes vote for candidate 6f833787015f4e848609d20c736234f6 in term 1.
I20260709 14:45:19.770684  1573 leader_election.cc:304] T 6e7abe42cb6f4878a7621c72065e730f P 485b7812b84b41e1a9e7abb1ef95c2e8 [CANDIDATE]: Term 1 election: Election decided. Result: candidate won. Election summary: received 3 responses out of 3 voters: 2 yes votes; 1 no votes. yes voters: 485b7812b84b41e1a9e7abb1ef95c2e8, 4e05eef9d5cc48c1bbef2692036cab32; no voters: 6f833787015f4e848609d20c736234f6
I20260709 14:45:19.771297  1824 raft_consensus.cc:2804] T efcc045e56b64ee0a45bbde5c4a37e64 P 485b7812b84b41e1a9e7abb1ef95c2e8 [term 0 FOLLOWER]: Leader pre-election won for term 1
I20260709 14:45:19.771893  1758 raft_consensus.cc:2804] T 6e7abe42cb6f4878a7621c72065e730f P 485b7812b84b41e1a9e7abb1ef95c2e8 [term 1 FOLLOWER]: Leader election won for term 1
I20260709 14:45:19.772145  1824 raft_consensus.cc:493] T efcc045e56b64ee0a45bbde5c4a37e64 P 485b7812b84b41e1a9e7abb1ef95c2e8 [term 0 FOLLOWER]: Starting leader election (no leader contacted us within the election timeout)
I20260709 14:45:19.772377  1863 raft_consensus.cc:2749] T 7636d88d211c44f0a76e3d566e7eb580 P 6f833787015f4e848609d20c736234f6 [term 1 FOLLOWER]: Leader pre-election lost for term 1. Reason: could not achieve majority
I20260709 14:45:19.772526  1824 raft_consensus.cc:3060] T efcc045e56b64ee0a45bbde5c4a37e64 P 485b7812b84b41e1a9e7abb1ef95c2e8 [term 0 FOLLOWER]: Advancing to term 1
I20260709 14:45:19.772956  1500 leader_election.cc:304] T 706db932fdb94133be2ba42c7303102e P 6f833787015f4e848609d20c736234f6 [CANDIDATE]: Term 1 election: Election decided. Result: candidate won. Election summary: received 2 responses out of 3 voters: 2 yes votes; 0 no votes. yes voters: 485b7812b84b41e1a9e7abb1ef95c2e8, 6f833787015f4e848609d20c736234f6; no voters: 
I20260709 14:45:19.773748  1863 raft_consensus.cc:2804] T 706db932fdb94133be2ba42c7303102e P 6f833787015f4e848609d20c736234f6 [term 1 FOLLOWER]: Leader election won for term 1
I20260709 14:45:19.774366  1863 raft_consensus.cc:697] T 706db932fdb94133be2ba42c7303102e P 6f833787015f4e848609d20c736234f6 [term 1 LEADER]: Becoming Leader. State: Replica: 6f833787015f4e848609d20c736234f6, State: Running, Role: LEADER
I20260709 14:45:19.775177  1863 consensus_queue.cc:237] T 706db932fdb94133be2ba42c7303102e P 6f833787015f4e848609d20c736234f6 [LEADER]: Queue going to LEADER mode. State: All replicated index: 0, Majority replicated index: 0, Committed index: 0, Last appended: 0.0, Last appended by leader: 0, Current term: 1, Majority size: 2, State: 0, Mode: LEADER, active raft config: opid_index: -1 OBSOLETE_local: false peers { permanent_uuid: "6f833787015f4e848609d20c736234f6" member_type: VOTER last_known_addr { host: "127.0.107.193" port: 36079 } } peers { permanent_uuid: "485b7812b84b41e1a9e7abb1ef95c2e8" member_type: VOTER last_known_addr { host: "127.0.107.194" port: 39385 } } peers { permanent_uuid: "4e05eef9d5cc48c1bbef2692036cab32" member_type: VOTER last_known_addr { host: "127.0.107.195" port: 40065 } }
I20260709 14:45:19.772444  1758 raft_consensus.cc:697] T 6e7abe42cb6f4878a7621c72065e730f P 485b7812b84b41e1a9e7abb1ef95c2e8 [term 1 LEADER]: Becoming Leader. State: Replica: 485b7812b84b41e1a9e7abb1ef95c2e8, State: Running, Role: LEADER
I20260709 14:45:19.777000  1867 consensus_queue.cc:1048] T 7636d88d211c44f0a76e3d566e7eb580 P 485b7812b84b41e1a9e7abb1ef95c2e8 [LEADER]: Connected to new peer: Peer: permanent_uuid: "6f833787015f4e848609d20c736234f6" member_type: VOTER last_known_addr { host: "127.0.107.193" port: 36079 }, Status: LMP_MISMATCH, Last received: 0.0, Next index: 1, Last known committed idx: 0, Time since last communication: 0.000s
I20260709 14:45:19.776643  1758 consensus_queue.cc:237] T 6e7abe42cb6f4878a7621c72065e730f P 485b7812b84b41e1a9e7abb1ef95c2e8 [LEADER]: Queue going to LEADER mode. State: All replicated index: 0, Majority replicated index: 0, Committed index: 0, Last appended: 0.0, Last appended by leader: 0, Current term: 1, Majority size: 2, State: 0, Mode: LEADER, active raft config: opid_index: -1 OBSOLETE_local: false peers { permanent_uuid: "6f833787015f4e848609d20c736234f6" member_type: VOTER last_known_addr { host: "127.0.107.193" port: 36079 } } peers { permanent_uuid: "485b7812b84b41e1a9e7abb1ef95c2e8" member_type: VOTER last_known_addr { host: "127.0.107.194" port: 39385 } } peers { permanent_uuid: "4e05eef9d5cc48c1bbef2692036cab32" member_type: VOTER last_known_addr { host: "127.0.107.195" port: 40065 } }
I20260709 14:45:19.790833  1867 raft_consensus.cc:493] T 4a44b1f5bef94943a76700f03d4425d5 P 485b7812b84b41e1a9e7abb1ef95c2e8 [term 0 FOLLOWER]: Starting pre-election (no leader contacted us within the election timeout)
I20260709 14:45:19.791401  1867 raft_consensus.cc:515] T 4a44b1f5bef94943a76700f03d4425d5 P 485b7812b84b41e1a9e7abb1ef95c2e8 [term 0 FOLLOWER]: Starting pre-election with config: opid_index: -1 OBSOLETE_local: false peers { permanent_uuid: "6f833787015f4e848609d20c736234f6" member_type: VOTER last_known_addr { host: "127.0.107.193" port: 36079 } } peers { permanent_uuid: "485b7812b84b41e1a9e7abb1ef95c2e8" member_type: VOTER last_known_addr { host: "127.0.107.194" port: 39385 } } peers { permanent_uuid: "4e05eef9d5cc48c1bbef2692036cab32" member_type: VOTER last_known_addr { host: "127.0.107.195" port: 40065 } }
I20260709 14:45:19.793582  1867 leader_election.cc:290] T 4a44b1f5bef94943a76700f03d4425d5 P 485b7812b84b41e1a9e7abb1ef95c2e8 [CANDIDATE]: Term 1 pre-election: Requested pre-vote from peers 6f833787015f4e848609d20c736234f6 (127.0.107.193:36079), 4e05eef9d5cc48c1bbef2692036cab32 (127.0.107.195:40065)
I20260709 14:45:19.794301  1726 tablet_bootstrap.cc:492] T 1b3977b0e2e24c78868c9504eb17d715 P 6f833787015f4e848609d20c736234f6: Bootstrap starting.
I20260709 14:45:19.796348  1531 tablet_service.cc:1917] Received RequestConsensusVote() RPC: tablet_id: "4a44b1f5bef94943a76700f03d4425d5" candidate_uuid: "485b7812b84b41e1a9e7abb1ef95c2e8" candidate_term: 1 candidate_status { last_received { term: 0 index: 0 } } ignore_live_leader: false dest_uuid: "6f833787015f4e848609d20c736234f6" is_pre_election: true
I20260709 14:45:19.803735  1726 tablet_bootstrap.cc:654] T 1b3977b0e2e24c78868c9504eb17d715 P 6f833787015f4e848609d20c736234f6: Neither blocks nor log segments found. Creating new log.
I20260709 14:45:19.803972  1724 tablet_bootstrap.cc:492] T 6d1a2159768e4163b4222cf627e34ae1 P 4e05eef9d5cc48c1bbef2692036cab32: No bootstrap required, opened a new log
I20260709 14:45:19.804395  1724 ts_tablet_manager.cc:1403] T 6d1a2159768e4163b4222cf627e34ae1 P 4e05eef9d5cc48c1bbef2692036cab32: Time spent bootstrapping tablet: real 0.110s	user 0.013s	sys 0.025s
W20260709 14:45:19.805006  1574 leader_election.cc:343] T 4a44b1f5bef94943a76700f03d4425d5 P 485b7812b84b41e1a9e7abb1ef95c2e8 [CANDIDATE]: Term 1 pre-election: Tablet error from VoteRequest() call to peer 6f833787015f4e848609d20c736234f6 (127.0.107.193:36079): Illegal state: must be running to vote when last-logged opid is not known
I20260709 14:45:19.805858  1683 tablet_service.cc:1917] Received RequestConsensusVote() RPC: tablet_id: "4a44b1f5bef94943a76700f03d4425d5" candidate_uuid: "485b7812b84b41e1a9e7abb1ef95c2e8" candidate_term: 1 candidate_status { last_received { term: 0 index: 0 } } ignore_live_leader: false dest_uuid: "4e05eef9d5cc48c1bbef2692036cab32" is_pre_election: true
I20260709 14:45:19.806960  1724 raft_consensus.cc:359] T 6d1a2159768e4163b4222cf627e34ae1 P 4e05eef9d5cc48c1bbef2692036cab32 [term 0 FOLLOWER]: Replica starting. Triggering 0 pending ops. Active config: opid_index: -1 OBSOLETE_local: false peers { permanent_uuid: "6f833787015f4e848609d20c736234f6" member_type: VOTER last_known_addr { host: "127.0.107.193" port: 36079 } } peers { permanent_uuid: "485b7812b84b41e1a9e7abb1ef95c2e8" member_type: VOTER last_known_addr { host: "127.0.107.194" port: 39385 } } peers { permanent_uuid: "4e05eef9d5cc48c1bbef2692036cab32" member_type: VOTER last_known_addr { host: "127.0.107.195" port: 40065 } }
I20260709 14:45:19.807727  1724 raft_consensus.cc:385] T 6d1a2159768e4163b4222cf627e34ae1 P 4e05eef9d5cc48c1bbef2692036cab32 [term 0 FOLLOWER]: Consensus starting up: Expiring failure detector timer to make a prompt election more likely
I20260709 14:45:19.808041  1724 raft_consensus.cc:740] T 6d1a2159768e4163b4222cf627e34ae1 P 4e05eef9d5cc48c1bbef2692036cab32 [term 0 FOLLOWER]: Becoming Follower/Learner. State: Replica: 4e05eef9d5cc48c1bbef2692036cab32, State: Initialized, Role: FOLLOWER
W20260709 14:45:19.807763  1573 leader_election.cc:343] T 4a44b1f5bef94943a76700f03d4425d5 P 485b7812b84b41e1a9e7abb1ef95c2e8 [CANDIDATE]: Term 1 pre-election: Tablet error from VoteRequest() call to peer 4e05eef9d5cc48c1bbef2692036cab32 (127.0.107.195:40065): Illegal state: must be running to vote when last-logged opid is not known
I20260709 14:45:19.808674  1573 leader_election.cc:304] T 4a44b1f5bef94943a76700f03d4425d5 P 485b7812b84b41e1a9e7abb1ef95c2e8 [CANDIDATE]: Term 1 pre-election: Election decided. Result: candidate lost. Election summary: received 3 responses out of 3 voters: 1 yes votes; 2 no votes. yes voters: 485b7812b84b41e1a9e7abb1ef95c2e8; no voters: 4e05eef9d5cc48c1bbef2692036cab32, 6f833787015f4e848609d20c736234f6
I20260709 14:45:19.809798  1725 tablet_bootstrap.cc:492] T 706fad0384914956b96fea7cdbed71ab P 485b7812b84b41e1a9e7abb1ef95c2e8: No bootstrap required, opened a new log
I20260709 14:45:19.809751  1867 raft_consensus.cc:2749] T 4a44b1f5bef94943a76700f03d4425d5 P 485b7812b84b41e1a9e7abb1ef95c2e8 [term 0 FOLLOWER]: Leader pre-election lost for term 1. Reason: could not achieve majority
I20260709 14:45:19.810268  1725 ts_tablet_manager.cc:1403] T 706fad0384914956b96fea7cdbed71ab P 485b7812b84b41e1a9e7abb1ef95c2e8: Time spent bootstrapping tablet: real 0.065s	user 0.017s	sys 0.004s
I20260709 14:45:19.812939  1725 raft_consensus.cc:359] T 706fad0384914956b96fea7cdbed71ab P 485b7812b84b41e1a9e7abb1ef95c2e8 [term 0 FOLLOWER]: Replica starting. Triggering 0 pending ops. Active config: opid_index: -1 OBSOLETE_local: false peers { permanent_uuid: "6f833787015f4e848609d20c736234f6" member_type: VOTER last_known_addr { host: "127.0.107.193" port: 36079 } } peers { permanent_uuid: "485b7812b84b41e1a9e7abb1ef95c2e8" member_type: VOTER last_known_addr { host: "127.0.107.194" port: 39385 } } peers { permanent_uuid: "4e05eef9d5cc48c1bbef2692036cab32" member_type: VOTER last_known_addr { host: "127.0.107.195" port: 40065 } }
I20260709 14:45:19.813611  1725 raft_consensus.cc:385] T 706fad0384914956b96fea7cdbed71ab P 485b7812b84b41e1a9e7abb1ef95c2e8 [term 0 FOLLOWER]: Consensus starting up: Expiring failure detector timer to make a prompt election more likely
I20260709 14:45:19.813867  1725 raft_consensus.cc:740] T 706fad0384914956b96fea7cdbed71ab P 485b7812b84b41e1a9e7abb1ef95c2e8 [term 0 FOLLOWER]: Becoming Follower/Learner. State: Replica: 485b7812b84b41e1a9e7abb1ef95c2e8, State: Initialized, Role: FOLLOWER
I20260709 14:45:19.815064  1765 raft_consensus.cc:493] T 00f0c0a752124168910e2dbbe5f66018 P 4e05eef9d5cc48c1bbef2692036cab32 [term 0 FOLLOWER]: Starting pre-election (no leader contacted us within the election timeout)
I20260709 14:45:19.815544  1765 raft_consensus.cc:515] T 00f0c0a752124168910e2dbbe5f66018 P 4e05eef9d5cc48c1bbef2692036cab32 [term 0 FOLLOWER]: Starting pre-election with config: opid_index: -1 OBSOLETE_local: false peers { permanent_uuid: "6f833787015f4e848609d20c736234f6" member_type: VOTER last_known_addr { host: "127.0.107.193" port: 36079 } } peers { permanent_uuid: "485b7812b84b41e1a9e7abb1ef95c2e8" member_type: VOTER last_known_addr { host: "127.0.107.194" port: 39385 } } peers { permanent_uuid: "4e05eef9d5cc48c1bbef2692036cab32" member_type: VOTER last_known_addr { host: "127.0.107.195" port: 40065 } }
I20260709 14:45:19.817732  1765 leader_election.cc:290] T 00f0c0a752124168910e2dbbe5f66018 P 4e05eef9d5cc48c1bbef2692036cab32 [CANDIDATE]: Term 1 pre-election: Requested pre-vote from peers 6f833787015f4e848609d20c736234f6 (127.0.107.193:36079), 485b7812b84b41e1a9e7abb1ef95c2e8 (127.0.107.194:39385)
I20260709 14:45:19.819247  1608 tablet_service.cc:1917] Received RequestConsensusVote() RPC: tablet_id: "00f0c0a752124168910e2dbbe5f66018" candidate_uuid: "4e05eef9d5cc48c1bbef2692036cab32" candidate_term: 1 candidate_status { last_received { term: 0 index: 0 } } ignore_live_leader: false dest_uuid: "485b7812b84b41e1a9e7abb1ef95c2e8" is_pre_election: true
I20260709 14:45:19.814652  1724 consensus_queue.cc:260] T 6d1a2159768e4163b4222cf627e34ae1 P 4e05eef9d5cc48c1bbef2692036cab32 [NON_LEADER]: Queue going to NON_LEADER mode. State: All replicated index: 0, Majority replicated index: 0, Committed index: 0, Last appended: 0.0, Last appended by leader: 0, Current term: 0, Majority size: -1, State: 0, Mode: NON_LEADER, active raft config: opid_index: -1 OBSOLETE_local: false peers { permanent_uuid: "6f833787015f4e848609d20c736234f6" member_type: VOTER last_known_addr { host: "127.0.107.193" port: 36079 } } peers { permanent_uuid: "485b7812b84b41e1a9e7abb1ef95c2e8" member_type: VOTER last_known_addr { host: "127.0.107.194" port: 39385 } } peers { permanent_uuid: "4e05eef9d5cc48c1bbef2692036cab32" member_type: VOTER last_known_addr { host: "127.0.107.195" port: 40065 } }
I20260709 14:45:19.819486  1433 catalog_manager.cc:5697] T 6e7abe42cb6f4878a7621c72065e730f P 485b7812b84b41e1a9e7abb1ef95c2e8 reported cstate change: term changed from 0 to 1, leader changed from <none> to 485b7812b84b41e1a9e7abb1ef95c2e8 (127.0.107.194). New cstate: current_term: 1 leader_uuid: "485b7812b84b41e1a9e7abb1ef95c2e8" committed_config { opid_index: -1 OBSOLETE_local: false peers { permanent_uuid: "6f833787015f4e848609d20c736234f6" member_type: VOTER last_known_addr { host: "127.0.107.193" port: 36079 } health_report { overall_health: UNKNOWN } } peers { permanent_uuid: "485b7812b84b41e1a9e7abb1ef95c2e8" member_type: VOTER last_known_addr { host: "127.0.107.194" port: 39385 } health_report { overall_health: HEALTHY } } peers { permanent_uuid: "4e05eef9d5cc48c1bbef2692036cab32" member_type: VOTER last_known_addr { host: "127.0.107.195" port: 40065 } health_report { overall_health: UNKNOWN } } }
W20260709 14:45:19.820647  1649 leader_election.cc:343] T 00f0c0a752124168910e2dbbe5f66018 P 4e05eef9d5cc48c1bbef2692036cab32 [CANDIDATE]: Term 1 pre-election: Tablet error from VoteRequest() call to peer 485b7812b84b41e1a9e7abb1ef95c2e8 (127.0.107.194:39385): Illegal state: must be running to vote when last-logged opid is not known
I20260709 14:45:19.821863  1533 tablet_service.cc:1917] Received RequestConsensusVote() RPC: tablet_id: "00f0c0a752124168910e2dbbe5f66018" candidate_uuid: "4e05eef9d5cc48c1bbef2692036cab32" candidate_term: 1 candidate_status { last_received { term: 0 index: 0 } } ignore_live_leader: false dest_uuid: "6f833787015f4e848609d20c736234f6" is_pre_election: true
I20260709 14:45:19.822443  1533 raft_consensus.cc:2468] T 00f0c0a752124168910e2dbbe5f66018 P 6f833787015f4e848609d20c736234f6 [term 0 FOLLOWER]: Leader pre-election vote request: Granting yes vote for candidate 4e05eef9d5cc48c1bbef2692036cab32 in term 0.
I20260709 14:45:19.829036  1648 leader_election.cc:304] T 00f0c0a752124168910e2dbbe5f66018 P 4e05eef9d5cc48c1bbef2692036cab32 [CANDIDATE]: Term 1 pre-election: Election decided. Result: candidate won. Election summary: received 3 responses out of 3 voters: 2 yes votes; 1 no votes. yes voters: 4e05eef9d5cc48c1bbef2692036cab32, 6f833787015f4e848609d20c736234f6; no voters: 485b7812b84b41e1a9e7abb1ef95c2e8
I20260709 14:45:19.829916  1765 raft_consensus.cc:2804] T 00f0c0a752124168910e2dbbe5f66018 P 4e05eef9d5cc48c1bbef2692036cab32 [term 0 FOLLOWER]: Leader pre-election won for term 1
I20260709 14:45:19.830291  1765 raft_consensus.cc:493] T 00f0c0a752124168910e2dbbe5f66018 P 4e05eef9d5cc48c1bbef2692036cab32 [term 0 FOLLOWER]: Starting leader election (no leader contacted us within the election timeout)
I20260709 14:45:19.830665  1765 raft_consensus.cc:3060] T 00f0c0a752124168910e2dbbe5f66018 P 4e05eef9d5cc48c1bbef2692036cab32 [term 0 FOLLOWER]: Advancing to term 1
I20260709 14:45:19.838812  1724 ts_tablet_manager.cc:1434] T 6d1a2159768e4163b4222cf627e34ae1 P 4e05eef9d5cc48c1bbef2692036cab32: Time spent starting tablet: real 0.034s	user 0.006s	sys 0.001s
I20260709 14:45:19.839720  1724 tablet_bootstrap.cc:492] T 0de908df1e12415f9746e65431dfd0db P 4e05eef9d5cc48c1bbef2692036cab32: Bootstrap starting.
I20260709 14:45:19.839393  1725 consensus_queue.cc:260] T 706fad0384914956b96fea7cdbed71ab P 485b7812b84b41e1a9e7abb1ef95c2e8 [NON_LEADER]: Queue going to NON_LEADER mode. State: All replicated index: 0, Majority replicated index: 0, Committed index: 0, Last appended: 0.0, Last appended by leader: 0, Current term: 0, Majority size: -1, State: 0, Mode: NON_LEADER, active raft config: opid_index: -1 OBSOLETE_local: false peers { permanent_uuid: "6f833787015f4e848609d20c736234f6" member_type: VOTER last_known_addr { host: "127.0.107.193" port: 36079 } } peers { permanent_uuid: "485b7812b84b41e1a9e7abb1ef95c2e8" member_type: VOTER last_known_addr { host: "127.0.107.194" port: 39385 } } peers { permanent_uuid: "4e05eef9d5cc48c1bbef2692036cab32" member_type: VOTER last_known_addr { host: "127.0.107.195" port: 40065 } }
I20260709 14:45:19.841522  1725 ts_tablet_manager.cc:1434] T 706fad0384914956b96fea7cdbed71ab P 485b7812b84b41e1a9e7abb1ef95c2e8: Time spent starting tablet: real 0.031s	user 0.007s	sys 0.000s
I20260709 14:45:19.844170  1725 tablet_bootstrap.cc:492] T 6d1a2159768e4163b4222cf627e34ae1 P 485b7812b84b41e1a9e7abb1ef95c2e8: Bootstrap starting.
I20260709 14:45:19.844986  1726 tablet_bootstrap.cc:492] T 1b3977b0e2e24c78868c9504eb17d715 P 6f833787015f4e848609d20c736234f6: No bootstrap required, opened a new log
I20260709 14:45:19.845429  1726 ts_tablet_manager.cc:1403] T 1b3977b0e2e24c78868c9504eb17d715 P 6f833787015f4e848609d20c736234f6: Time spent bootstrapping tablet: real 0.051s	user 0.025s	sys 0.021s
I20260709 14:45:19.847991  1726 raft_consensus.cc:359] T 1b3977b0e2e24c78868c9504eb17d715 P 6f833787015f4e848609d20c736234f6 [term 0 FOLLOWER]: Replica starting. Triggering 0 pending ops. Active config: opid_index: -1 OBSOLETE_local: false peers { permanent_uuid: "6f833787015f4e848609d20c736234f6" member_type: VOTER last_known_addr { host: "127.0.107.193" port: 36079 } } peers { permanent_uuid: "485b7812b84b41e1a9e7abb1ef95c2e8" member_type: VOTER last_known_addr { host: "127.0.107.194" port: 39385 } } peers { permanent_uuid: "4e05eef9d5cc48c1bbef2692036cab32" member_type: VOTER last_known_addr { host: "127.0.107.195" port: 40065 } }
I20260709 14:45:19.848474  1726 raft_consensus.cc:385] T 1b3977b0e2e24c78868c9504eb17d715 P 6f833787015f4e848609d20c736234f6 [term 0 FOLLOWER]: Consensus starting up: Expiring failure detector timer to make a prompt election more likely
I20260709 14:45:19.848676  1726 raft_consensus.cc:740] T 1b3977b0e2e24c78868c9504eb17d715 P 6f833787015f4e848609d20c736234f6 [term 0 FOLLOWER]: Becoming Follower/Learner. State: Replica: 6f833787015f4e848609d20c736234f6, State: Initialized, Role: FOLLOWER
I20260709 14:45:19.849349  1726 consensus_queue.cc:260] T 1b3977b0e2e24c78868c9504eb17d715 P 6f833787015f4e848609d20c736234f6 [NON_LEADER]: Queue going to NON_LEADER mode. State: All replicated index: 0, Majority replicated index: 0, Committed index: 0, Last appended: 0.0, Last appended by leader: 0, Current term: 0, Majority size: -1, State: 0, Mode: NON_LEADER, active raft config: opid_index: -1 OBSOLETE_local: false peers { permanent_uuid: "6f833787015f4e848609d20c736234f6" member_type: VOTER last_known_addr { host: "127.0.107.193" port: 36079 } } peers { permanent_uuid: "485b7812b84b41e1a9e7abb1ef95c2e8" member_type: VOTER last_known_addr { host: "127.0.107.194" port: 39385 } } peers { permanent_uuid: "4e05eef9d5cc48c1bbef2692036cab32" member_type: VOTER last_known_addr { host: "127.0.107.195" port: 40065 } }
I20260709 14:45:19.850612  1725 tablet_bootstrap.cc:654] T 6d1a2159768e4163b4222cf627e34ae1 P 485b7812b84b41e1a9e7abb1ef95c2e8: Neither blocks nor log segments found. Creating new log.
I20260709 14:45:19.851341  1726 ts_tablet_manager.cc:1434] T 1b3977b0e2e24c78868c9504eb17d715 P 6f833787015f4e848609d20c736234f6: Time spent starting tablet: real 0.006s	user 0.002s	sys 0.003s
I20260709 14:45:19.852571  1724 tablet_bootstrap.cc:654] T 0de908df1e12415f9746e65431dfd0db P 4e05eef9d5cc48c1bbef2692036cab32: Neither blocks nor log segments found. Creating new log.
I20260709 14:45:19.852556  1863 raft_consensus.cc:493] T 1b3977b0e2e24c78868c9504eb17d715 P 6f833787015f4e848609d20c736234f6 [term 0 FOLLOWER]: Starting pre-election (no leader contacted us within the election timeout)
I20260709 14:45:19.852913  1726 tablet_bootstrap.cc:492] T 45c07a5feed9452a9ad37d14016b0bfc P 6f833787015f4e848609d20c736234f6: Bootstrap starting.
I20260709 14:45:19.853168  1863 raft_consensus.cc:515] T 1b3977b0e2e24c78868c9504eb17d715 P 6f833787015f4e848609d20c736234f6 [term 0 FOLLOWER]: Starting pre-election with config: opid_index: -1 OBSOLETE_local: false peers { permanent_uuid: "6f833787015f4e848609d20c736234f6" member_type: VOTER last_known_addr { host: "127.0.107.193" port: 36079 } } peers { permanent_uuid: "485b7812b84b41e1a9e7abb1ef95c2e8" member_type: VOTER last_known_addr { host: "127.0.107.194" port: 39385 } } peers { permanent_uuid: "4e05eef9d5cc48c1bbef2692036cab32" member_type: VOTER last_known_addr { host: "127.0.107.195" port: 40065 } }
I20260709 14:45:19.858837  1726 tablet_bootstrap.cc:654] T 45c07a5feed9452a9ad37d14016b0bfc P 6f833787015f4e848609d20c736234f6: Neither blocks nor log segments found. Creating new log.
I20260709 14:45:19.860008  1683 tablet_service.cc:1917] Received RequestConsensusVote() RPC: tablet_id: "1b3977b0e2e24c78868c9504eb17d715" candidate_uuid: "6f833787015f4e848609d20c736234f6" candidate_term: 1 candidate_status { last_received { term: 0 index: 0 } } ignore_live_leader: false dest_uuid: "4e05eef9d5cc48c1bbef2692036cab32" is_pre_election: true
I20260709 14:45:19.860189  1608 tablet_service.cc:1917] Received RequestConsensusVote() RPC: tablet_id: "1b3977b0e2e24c78868c9504eb17d715" candidate_uuid: "6f833787015f4e848609d20c736234f6" candidate_term: 1 candidate_status { last_received { term: 0 index: 0 } } ignore_live_leader: false dest_uuid: "485b7812b84b41e1a9e7abb1ef95c2e8" is_pre_election: true
I20260709 14:45:19.861514  1863 leader_election.cc:290] T 1b3977b0e2e24c78868c9504eb17d715 P 6f833787015f4e848609d20c736234f6 [CANDIDATE]: Term 1 pre-election: Requested pre-vote from peers 485b7812b84b41e1a9e7abb1ef95c2e8 (127.0.107.194:39385), 4e05eef9d5cc48c1bbef2692036cab32 (127.0.107.195:40065)
I20260709 14:45:19.862135  1683 raft_consensus.cc:2393] T 1b3977b0e2e24c78868c9504eb17d715 P 4e05eef9d5cc48c1bbef2692036cab32 [term 1 FOLLOWER]: Leader pre-election vote request: Denying vote to candidate 6f833787015f4e848609d20c736234f6 in current term 1: Already voted for candidate 485b7812b84b41e1a9e7abb1ef95c2e8 in this term.
I20260709 14:45:19.863611  1498 leader_election.cc:304] T 1b3977b0e2e24c78868c9504eb17d715 P 6f833787015f4e848609d20c736234f6 [CANDIDATE]: Term 1 pre-election: Election decided. Result: candidate lost. Election summary: received 3 responses out of 3 voters: 1 yes votes; 2 no votes. yes voters: 6f833787015f4e848609d20c736234f6; no voters: 485b7812b84b41e1a9e7abb1ef95c2e8, 4e05eef9d5cc48c1bbef2692036cab32
I20260709 14:45:19.864394  1683 raft_consensus.cc:1275] T 20daffd687314a928e2dc9441e672661 P 4e05eef9d5cc48c1bbef2692036cab32 [term 2 FOLLOWER]: Refusing update from remote peer 485b7812b84b41e1a9e7abb1ef95c2e8: Log matching property violated. Preceding OpId in replica: term: 0 index: 0. Preceding OpId from leader: term: 2 index: 1. (index mismatch)
I20260709 14:45:19.864583  1863 raft_consensus.cc:3060] T 1b3977b0e2e24c78868c9504eb17d715 P 6f833787015f4e848609d20c736234f6 [term 0 FOLLOWER]: Advancing to term 1
I20260709 14:45:19.864782  1725 tablet_bootstrap.cc:492] T 6d1a2159768e4163b4222cf627e34ae1 P 485b7812b84b41e1a9e7abb1ef95c2e8: No bootstrap required, opened a new log
I20260709 14:45:19.865209  1725 ts_tablet_manager.cc:1403] T 6d1a2159768e4163b4222cf627e34ae1 P 485b7812b84b41e1a9e7abb1ef95c2e8: Time spent bootstrapping tablet: real 0.021s	user 0.019s	sys 0.000s
I20260709 14:45:19.866127  1758 consensus_queue.cc:1048] T 20daffd687314a928e2dc9441e672661 P 485b7812b84b41e1a9e7abb1ef95c2e8 [LEADER]: Connected to new peer: Peer: permanent_uuid: "4e05eef9d5cc48c1bbef2692036cab32" member_type: VOTER last_known_addr { host: "127.0.107.195" port: 40065 }, Status: LMP_MISMATCH, Last received: 0.0, Next index: 1, Last known committed idx: 0, Time since last communication: 0.000s
I20260709 14:45:19.867497  1534 raft_consensus.cc:2468] T 371ecede2dfa4b719324e6e83070e793 P 6f833787015f4e848609d20c736234f6 [term 1 FOLLOWER]: Leader election vote request: Granting yes vote for candidate 485b7812b84b41e1a9e7abb1ef95c2e8 in term 1.
I20260709 14:45:19.867951  1824 raft_consensus.cc:515] T efcc045e56b64ee0a45bbde5c4a37e64 P 485b7812b84b41e1a9e7abb1ef95c2e8 [term 1 FOLLOWER]: Starting leader election with config: opid_index: -1 OBSOLETE_local: false peers { permanent_uuid: "6f833787015f4e848609d20c736234f6" member_type: VOTER last_known_addr { host: "127.0.107.193" port: 36079 } } peers { permanent_uuid: "485b7812b84b41e1a9e7abb1ef95c2e8" member_type: VOTER last_known_addr { host: "127.0.107.194" port: 39385 } } peers { permanent_uuid: "4e05eef9d5cc48c1bbef2692036cab32" member_type: VOTER last_known_addr { host: "127.0.107.195" port: 40065 } }
I20260709 14:45:19.868718  1574 leader_election.cc:304] T 371ecede2dfa4b719324e6e83070e793 P 485b7812b84b41e1a9e7abb1ef95c2e8 [CANDIDATE]: Term 1 election: Election decided. Result: candidate won. Election summary: received 3 responses out of 3 voters: 2 yes votes; 1 no votes. yes voters: 485b7812b84b41e1a9e7abb1ef95c2e8, 6f833787015f4e848609d20c736234f6; no voters: 4e05eef9d5cc48c1bbef2692036cab32
I20260709 14:45:19.869949  1824 leader_election.cc:290] T efcc045e56b64ee0a45bbde5c4a37e64 P 485b7812b84b41e1a9e7abb1ef95c2e8 [CANDIDATE]: Term 1 election: Requested vote from peers 6f833787015f4e848609d20c736234f6 (127.0.107.193:36079), 4e05eef9d5cc48c1bbef2692036cab32 (127.0.107.195:40065)
I20260709 14:45:19.870564  1534 tablet_service.cc:1917] Received RequestConsensusVote() RPC: tablet_id: "efcc045e56b64ee0a45bbde5c4a37e64" candidate_uuid: "485b7812b84b41e1a9e7abb1ef95c2e8" candidate_term: 1 candidate_status { last_received { term: 0 index: 0 } } ignore_live_leader: false dest_uuid: "6f833787015f4e848609d20c736234f6"
I20260709 14:45:19.871136  1534 raft_consensus.cc:3060] T efcc045e56b64ee0a45bbde5c4a37e64 P 6f833787015f4e848609d20c736234f6 [term 0 FOLLOWER]: Advancing to term 1
I20260709 14:45:19.871435  1684 raft_consensus.cc:2468] T 706db932fdb94133be2ba42c7303102e P 4e05eef9d5cc48c1bbef2692036cab32 [term 1 FOLLOWER]: Leader election vote request: Granting yes vote for candidate 6f833787015f4e848609d20c736234f6 in term 1.
I20260709 14:45:19.872212  1682 tablet_service.cc:1917] Received RequestConsensusVote() RPC: tablet_id: "efcc045e56b64ee0a45bbde5c4a37e64" candidate_uuid: "485b7812b84b41e1a9e7abb1ef95c2e8" candidate_term: 1 candidate_status { last_received { term: 0 index: 0 } } ignore_live_leader: false dest_uuid: "4e05eef9d5cc48c1bbef2692036cab32"
I20260709 14:45:19.872787  1682 raft_consensus.cc:3060] T efcc045e56b64ee0a45bbde5c4a37e64 P 4e05eef9d5cc48c1bbef2692036cab32 [term 0 FOLLOWER]: Advancing to term 1
I20260709 14:45:19.867089  1726 tablet_bootstrap.cc:492] T 45c07a5feed9452a9ad37d14016b0bfc P 6f833787015f4e848609d20c736234f6: No bootstrap required, opened a new log
I20260709 14:45:19.874428  1726 ts_tablet_manager.cc:1403] T 45c07a5feed9452a9ad37d14016b0bfc P 6f833787015f4e848609d20c736234f6: Time spent bootstrapping tablet: real 0.022s	user 0.011s	sys 0.000s
I20260709 14:45:19.870440  1824 raft_consensus.cc:2804] T 371ecede2dfa4b719324e6e83070e793 P 485b7812b84b41e1a9e7abb1ef95c2e8 [term 1 FOLLOWER]: Leader election won for term 1
I20260709 14:45:19.875613  1824 raft_consensus.cc:697] T 371ecede2dfa4b719324e6e83070e793 P 485b7812b84b41e1a9e7abb1ef95c2e8 [term 1 LEADER]: Becoming Leader. State: Replica: 485b7812b84b41e1a9e7abb1ef95c2e8, State: Running, Role: LEADER
I20260709 14:45:19.879222  1725 raft_consensus.cc:359] T 6d1a2159768e4163b4222cf627e34ae1 P 485b7812b84b41e1a9e7abb1ef95c2e8 [term 0 FOLLOWER]: Replica starting. Triggering 0 pending ops. Active config: opid_index: -1 OBSOLETE_local: false peers { permanent_uuid: "6f833787015f4e848609d20c736234f6" member_type: VOTER last_known_addr { host: "127.0.107.193" port: 36079 } } peers { permanent_uuid: "485b7812b84b41e1a9e7abb1ef95c2e8" member_type: VOTER last_known_addr { host: "127.0.107.194" port: 39385 } } peers { permanent_uuid: "4e05eef9d5cc48c1bbef2692036cab32" member_type: VOTER last_known_addr { host: "127.0.107.195" port: 40065 } }
I20260709 14:45:19.879499  1726 raft_consensus.cc:359] T 45c07a5feed9452a9ad37d14016b0bfc P 6f833787015f4e848609d20c736234f6 [term 0 FOLLOWER]: Replica starting. Triggering 0 pending ops. Active config: opid_index: -1 OBSOLETE_local: false peers { permanent_uuid: "6f833787015f4e848609d20c736234f6" member_type: VOTER last_known_addr { host: "127.0.107.193" port: 36079 } } peers { permanent_uuid: "485b7812b84b41e1a9e7abb1ef95c2e8" member_type: VOTER last_known_addr { host: "127.0.107.194" port: 39385 } } peers { permanent_uuid: "4e05eef9d5cc48c1bbef2692036cab32" member_type: VOTER last_known_addr { host: "127.0.107.195" port: 40065 } }
I20260709 14:45:19.880033  1725 raft_consensus.cc:385] T 6d1a2159768e4163b4222cf627e34ae1 P 485b7812b84b41e1a9e7abb1ef95c2e8 [term 0 FOLLOWER]: Consensus starting up: Expiring failure detector timer to make a prompt election more likely
I20260709 14:45:19.880244  1726 raft_consensus.cc:385] T 45c07a5feed9452a9ad37d14016b0bfc P 6f833787015f4e848609d20c736234f6 [term 0 FOLLOWER]: Consensus starting up: Expiring failure detector timer to make a prompt election more likely
I20260709 14:45:19.880332  1725 raft_consensus.cc:740] T 6d1a2159768e4163b4222cf627e34ae1 P 485b7812b84b41e1a9e7abb1ef95c2e8 [term 0 FOLLOWER]: Becoming Follower/Learner. State: Replica: 485b7812b84b41e1a9e7abb1ef95c2e8, State: Initialized, Role: FOLLOWER
I20260709 14:45:19.880592  1726 raft_consensus.cc:740] T 45c07a5feed9452a9ad37d14016b0bfc P 6f833787015f4e848609d20c736234f6 [term 0 FOLLOWER]: Becoming Follower/Learner. State: Replica: 6f833787015f4e848609d20c736234f6, State: Initialized, Role: FOLLOWER
I20260709 14:45:19.881402  1725 consensus_queue.cc:260] T 6d1a2159768e4163b4222cf627e34ae1 P 485b7812b84b41e1a9e7abb1ef95c2e8 [NON_LEADER]: Queue going to NON_LEADER mode. State: All replicated index: 0, Majority replicated index: 0, Committed index: 0, Last appended: 0.0, Last appended by leader: 0, Current term: 0, Majority size: -1, State: 0, Mode: NON_LEADER, active raft config: opid_index: -1 OBSOLETE_local: false peers { permanent_uuid: "6f833787015f4e848609d20c736234f6" member_type: VOTER last_known_addr { host: "127.0.107.193" port: 36079 } } peers { permanent_uuid: "485b7812b84b41e1a9e7abb1ef95c2e8" member_type: VOTER last_known_addr { host: "127.0.107.194" port: 39385 } } peers { permanent_uuid: "4e05eef9d5cc48c1bbef2692036cab32" member_type: VOTER last_known_addr { host: "127.0.107.195" port: 40065 } }
I20260709 14:45:19.881450  1726 consensus_queue.cc:260] T 45c07a5feed9452a9ad37d14016b0bfc P 6f833787015f4e848609d20c736234f6 [NON_LEADER]: Queue going to NON_LEADER mode. State: All replicated index: 0, Majority replicated index: 0, Committed index: 0, Last appended: 0.0, Last appended by leader: 0, Current term: 0, Majority size: -1, State: 0, Mode: NON_LEADER, active raft config: opid_index: -1 OBSOLETE_local: false peers { permanent_uuid: "6f833787015f4e848609d20c736234f6" member_type: VOTER last_known_addr { host: "127.0.107.193" port: 36079 } } peers { permanent_uuid: "485b7812b84b41e1a9e7abb1ef95c2e8" member_type: VOTER last_known_addr { host: "127.0.107.194" port: 39385 } } peers { permanent_uuid: "4e05eef9d5cc48c1bbef2692036cab32" member_type: VOTER last_known_addr { host: "127.0.107.195" port: 40065 } }
I20260709 14:45:19.883661  1725 ts_tablet_manager.cc:1434] T 6d1a2159768e4163b4222cf627e34ae1 P 485b7812b84b41e1a9e7abb1ef95c2e8: Time spent starting tablet: real 0.018s	user 0.007s	sys 0.000s
I20260709 14:45:19.884531  1725 tablet_bootstrap.cc:492] T 45c07a5feed9452a9ad37d14016b0bfc P 485b7812b84b41e1a9e7abb1ef95c2e8: Bootstrap starting.
I20260709 14:45:19.888655  1864 raft_consensus.cc:493] T 45c07a5feed9452a9ad37d14016b0bfc P 6f833787015f4e848609d20c736234f6 [term 0 FOLLOWER]: Starting pre-election (no leader contacted us within the election timeout)
I20260709 14:45:19.889217  1864 raft_consensus.cc:515] T 45c07a5feed9452a9ad37d14016b0bfc P 6f833787015f4e848609d20c736234f6 [term 0 FOLLOWER]: Starting pre-election with config: opid_index: -1 OBSOLETE_local: false peers { permanent_uuid: "6f833787015f4e848609d20c736234f6" member_type: VOTER last_known_addr { host: "127.0.107.193" port: 36079 } } peers { permanent_uuid: "485b7812b84b41e1a9e7abb1ef95c2e8" member_type: VOTER last_known_addr { host: "127.0.107.194" port: 39385 } } peers { permanent_uuid: "4e05eef9d5cc48c1bbef2692036cab32" member_type: VOTER last_known_addr { host: "127.0.107.195" port: 40065 } }
I20260709 14:45:19.892174  1608 tablet_service.cc:1917] Received RequestConsensusVote() RPC: tablet_id: "45c07a5feed9452a9ad37d14016b0bfc" candidate_uuid: "6f833787015f4e848609d20c736234f6" candidate_term: 1 candidate_status { last_received { term: 0 index: 0 } } ignore_live_leader: false dest_uuid: "485b7812b84b41e1a9e7abb1ef95c2e8" is_pre_election: true
I20260709 14:45:19.893922  1431 catalog_manager.cc:5697] T 10e7da63f7584a4fa5547c48f0b9069b P 6f833787015f4e848609d20c736234f6 reported cstate change: term changed from 0 to 2, leader changed from <none> to 6f833787015f4e848609d20c736234f6 (127.0.107.193). New cstate: current_term: 2 leader_uuid: "6f833787015f4e848609d20c736234f6" committed_config { opid_index: -1 OBSOLETE_local: false peers { permanent_uuid: "4e05eef9d5cc48c1bbef2692036cab32" member_type: VOTER last_known_addr { host: "127.0.107.195" port: 40065 } health_report { overall_health: UNKNOWN } } peers { permanent_uuid: "485b7812b84b41e1a9e7abb1ef95c2e8" member_type: VOTER last_known_addr { host: "127.0.107.194" port: 39385 } health_report { overall_health: UNKNOWN } } peers { permanent_uuid: "6f833787015f4e848609d20c736234f6" member_type: VOTER last_known_addr { host: "127.0.107.193" port: 36079 } health_report { overall_health: HEALTHY } } }
W20260709 14:45:19.894564  1500 leader_election.cc:343] T 45c07a5feed9452a9ad37d14016b0bfc P 6f833787015f4e848609d20c736234f6 [CANDIDATE]: Term 1 pre-election: Tablet error from VoteRequest() call to peer 485b7812b84b41e1a9e7abb1ef95c2e8 (127.0.107.194:39385): Illegal state: must be running to vote when last-logged opid is not known
I20260709 14:45:19.888672  1824 consensus_queue.cc:237] T 371ecede2dfa4b719324e6e83070e793 P 485b7812b84b41e1a9e7abb1ef95c2e8 [LEADER]: Queue going to LEADER mode. State: All replicated index: 0, Majority replicated index: 0, Committed index: 0, Last appended: 0.0, Last appended by leader: 0, Current term: 1, Majority size: 2, State: 0, Mode: LEADER, active raft config: opid_index: -1 OBSOLETE_local: false peers { permanent_uuid: "6f833787015f4e848609d20c736234f6" member_type: VOTER last_known_addr { host: "127.0.107.193" port: 36079 } } peers { permanent_uuid: "485b7812b84b41e1a9e7abb1ef95c2e8" member_type: VOTER last_known_addr { host: "127.0.107.194" port: 39385 } } peers { permanent_uuid: "4e05eef9d5cc48c1bbef2692036cab32" member_type: VOTER last_known_addr { host: "127.0.107.195" port: 40065 } }
I20260709 14:45:19.901927  1864 leader_election.cc:290] T 45c07a5feed9452a9ad37d14016b0bfc P 6f833787015f4e848609d20c736234f6 [CANDIDATE]: Term 1 pre-election: Requested pre-vote from peers 485b7812b84b41e1a9e7abb1ef95c2e8 (127.0.107.194:39385), 4e05eef9d5cc48c1bbef2692036cab32 (127.0.107.195:40065)
I20260709 14:45:19.903496  1725 tablet_bootstrap.cc:654] T 45c07a5feed9452a9ad37d14016b0bfc P 485b7812b84b41e1a9e7abb1ef95c2e8: Neither blocks nor log segments found. Creating new log.
I20260709 14:45:19.904378  1684 tablet_service.cc:1917] Received RequestConsensusVote() RPC: tablet_id: "45c07a5feed9452a9ad37d14016b0bfc" candidate_uuid: "6f833787015f4e848609d20c736234f6" candidate_term: 1 candidate_status { last_received { term: 0 index: 0 } } ignore_live_leader: false dest_uuid: "4e05eef9d5cc48c1bbef2692036cab32" is_pre_election: true
I20260709 14:45:19.905059  1684 raft_consensus.cc:2468] T 45c07a5feed9452a9ad37d14016b0bfc P 4e05eef9d5cc48c1bbef2692036cab32 [term 0 FOLLOWER]: Leader pre-election vote request: Granting yes vote for candidate 6f833787015f4e848609d20c736234f6 in term 0.
I20260709 14:45:19.906883  1498 leader_election.cc:304] T 45c07a5feed9452a9ad37d14016b0bfc P 6f833787015f4e848609d20c736234f6 [CANDIDATE]: Term 1 pre-election: Election decided. Result: candidate won. Election summary: received 3 responses out of 3 voters: 2 yes votes; 1 no votes. yes voters: 4e05eef9d5cc48c1bbef2692036cab32, 6f833787015f4e848609d20c736234f6; no voters: 485b7812b84b41e1a9e7abb1ef95c2e8
I20260709 14:45:19.908010  1862 raft_consensus.cc:2804] T 45c07a5feed9452a9ad37d14016b0bfc P 6f833787015f4e848609d20c736234f6 [term 0 FOLLOWER]: Leader pre-election won for term 1
I20260709 14:45:19.908390  1862 raft_consensus.cc:493] T 45c07a5feed9452a9ad37d14016b0bfc P 6f833787015f4e848609d20c736234f6 [term 0 FOLLOWER]: Starting leader election (no leader contacted us within the election timeout)
I20260709 14:45:19.908762  1862 raft_consensus.cc:3060] T 45c07a5feed9452a9ad37d14016b0bfc P 6f833787015f4e848609d20c736234f6 [term 0 FOLLOWER]: Advancing to term 1
I20260709 14:45:19.913740  1684 raft_consensus.cc:1275] T 10e7da63f7584a4fa5547c48f0b9069b P 4e05eef9d5cc48c1bbef2692036cab32 [term 2 FOLLOWER]: Refusing update from remote peer 6f833787015f4e848609d20c736234f6: Log matching property violated. Preceding OpId in replica: term: 0 index: 0. Preceding OpId from leader: term: 2 index: 1. (index mismatch)
I20260709 14:45:19.915011  1725 tablet_bootstrap.cc:492] T 45c07a5feed9452a9ad37d14016b0bfc P 485b7812b84b41e1a9e7abb1ef95c2e8: No bootstrap required, opened a new log
I20260709 14:45:19.915434  1725 ts_tablet_manager.cc:1403] T 45c07a5feed9452a9ad37d14016b0bfc P 485b7812b84b41e1a9e7abb1ef95c2e8: Time spent bootstrapping tablet: real 0.031s	user 0.010s	sys 0.001s
I20260709 14:45:19.915256  1828 consensus_queue.cc:1048] T 10e7da63f7584a4fa5547c48f0b9069b P 6f833787015f4e848609d20c736234f6 [LEADER]: Connected to new peer: Peer: permanent_uuid: "4e05eef9d5cc48c1bbef2692036cab32" member_type: VOTER last_known_addr { host: "127.0.107.195" port: 40065 }, Status: LMP_MISMATCH, Last received: 0.0, Next index: 1, Last known committed idx: 0, Time since last communication: 0.000s
I20260709 14:45:19.903409  1760 raft_consensus.cc:493] T f25b20eacedc41258f182933895dcc94 P 6f833787015f4e848609d20c736234f6 [term 0 FOLLOWER]: Starting pre-election (no leader contacted us within the election timeout)
I20260709 14:45:19.918881  1725 raft_consensus.cc:359] T 45c07a5feed9452a9ad37d14016b0bfc P 485b7812b84b41e1a9e7abb1ef95c2e8 [term 0 FOLLOWER]: Replica starting. Triggering 0 pending ops. Active config: opid_index: -1 OBSOLETE_local: false peers { permanent_uuid: "6f833787015f4e848609d20c736234f6" member_type: VOTER last_known_addr { host: "127.0.107.193" port: 36079 } } peers { permanent_uuid: "485b7812b84b41e1a9e7abb1ef95c2e8" member_type: VOTER last_known_addr { host: "127.0.107.194" port: 39385 } } peers { permanent_uuid: "4e05eef9d5cc48c1bbef2692036cab32" member_type: VOTER last_known_addr { host: "127.0.107.195" port: 40065 } }
I20260709 14:45:19.919550  1725 raft_consensus.cc:385] T 45c07a5feed9452a9ad37d14016b0bfc P 485b7812b84b41e1a9e7abb1ef95c2e8 [term 0 FOLLOWER]: Consensus starting up: Expiring failure detector timer to make a prompt election more likely
