I20260709 14:51:30.354885 11719 raft_consensus.cc:515] T c2548b5c7c5e47699a15d539ba67985e P 3053013a1d0e424b982972a09216adc1 [term 0 FOLLOWER]: Starting pre-election with config: opid_index: -1 OBSOLETE_local: false peers { permanent_uuid: "428c440b62a64c849b5572b884cf1456" member_type: VOTER last_known_addr { host: "127.9.255.1" port: 40841 } } peers { permanent_uuid: "a88af00389a64e869d359cb633cc343a" member_type: VOTER last_known_addr { host: "127.9.255.2" port: 46625 } } peers { permanent_uuid: "3053013a1d0e424b982972a09216adc1" member_type: VOTER last_known_addr { host: "127.9.255.3" port: 38909 } }
I20260709 14:51:30.373772 11846 leader_election.cc:290] T 5e00dfc1dce14211a0f65f1907f07956 P 3053013a1d0e424b982972a09216adc1 [CANDIDATE]: Term 1 pre-election: Requested pre-vote from peers 428c440b62a64c849b5572b884cf1456 (127.9.255.1:40841), a88af00389a64e869d359cb633cc343a (127.9.255.2:46625)
I20260709 14:51:30.373535 11573 ts_tablet_manager.cc:1403] T cb4b74be9e9d4802b910d53b894ddcbb P 3053013a1d0e424b982972a09216adc1: Time spent bootstrapping tablet: real 0.292s	user 0.030s	sys 0.035s
I20260709 14:51:30.374418 11525 raft_consensus.cc:2468] T 5e00dfc1dce14211a0f65f1907f07956 P 3053013a1d0e424b982972a09216adc1 [term 0 FOLLOWER]: Leader pre-election vote request: Granting yes vote for candidate a88af00389a64e869d359cb633cc343a in term 0.
I20260709 14:51:30.379863 11571 raft_consensus.cc:359] T 3f905dd2f7ed454a9ac1c0577c549398 P a88af00389a64e869d359cb633cc343a [term 0 FOLLOWER]: Replica starting. Triggering 0 pending ops. Active config: opid_index: -1 OBSOLETE_local: false peers { permanent_uuid: "428c440b62a64c849b5572b884cf1456" member_type: VOTER last_known_addr { host: "127.9.255.1" port: 40841 } } peers { permanent_uuid: "a88af00389a64e869d359cb633cc343a" member_type: VOTER last_known_addr { host: "127.9.255.2" port: 46625 } } peers { permanent_uuid: "3053013a1d0e424b982972a09216adc1" member_type: VOTER last_known_addr { host: "127.9.255.3" port: 38909 } }
I20260709 14:51:30.380568 11571 raft_consensus.cc:385] T 3f905dd2f7ed454a9ac1c0577c549398 P a88af00389a64e869d359cb633cc343a [term 0 FOLLOWER]: Consensus starting up: Expiring failure detector timer to make a prompt election more likely
I20260709 14:51:30.380853 11571 raft_consensus.cc:740] T 3f905dd2f7ed454a9ac1c0577c549398 P a88af00389a64e869d359cb633cc343a [term 0 FOLLOWER]: Becoming Follower/Learner. State: Replica: a88af00389a64e869d359cb633cc343a, State: Initialized, Role: FOLLOWER
I20260709 14:51:30.384992 11571 consensus_queue.cc:260] T 3f905dd2f7ed454a9ac1c0577c549398 P a88af00389a64e869d359cb633cc343a [NON_LEADER]: Queue going to NON_LEADER mode. State: All replicated index: 0, Majority replicated index: 0, Committed index: 0, Last appended: 0.0, Last appended by leader: 0, Current term: 0, Majority size: -1, State: 0, Mode: NON_LEADER, active raft config: opid_index: -1 OBSOLETE_local: false peers { permanent_uuid: "428c440b62a64c849b5572b884cf1456" member_type: VOTER last_known_addr { host: "127.9.255.1" port: 40841 } } peers { permanent_uuid: "a88af00389a64e869d359cb633cc343a" member_type: VOTER last_known_addr { host: "127.9.255.2" port: 46625 } } peers { permanent_uuid: "3053013a1d0e424b982972a09216adc1" member_type: VOTER last_known_addr { host: "127.9.255.3" port: 38909 } }
I20260709 14:51:30.389298 11876 raft_consensus.cc:515] T 5e00dfc1dce14211a0f65f1907f07956 P a88af00389a64e869d359cb633cc343a [term 1 FOLLOWER]: Starting leader election with config: opid_index: -1 OBSOLETE_local: false peers { permanent_uuid: "428c440b62a64c849b5572b884cf1456" member_type: VOTER last_known_addr { host: "127.9.255.1" port: 40841 } } peers { permanent_uuid: "a88af00389a64e869d359cb633cc343a" member_type: VOTER last_known_addr { host: "127.9.255.2" port: 46625 } } peers { permanent_uuid: "3053013a1d0e424b982972a09216adc1" member_type: VOTER last_known_addr { host: "127.9.255.3" port: 38909 } }
I20260709 14:51:30.390074 11573 raft_consensus.cc:359] T cb4b74be9e9d4802b910d53b894ddcbb P 3053013a1d0e424b982972a09216adc1 [term 0 FOLLOWER]: Replica starting. Triggering 0 pending ops. Active config: opid_index: -1 OBSOLETE_local: false peers { permanent_uuid: "428c440b62a64c849b5572b884cf1456" member_type: VOTER last_known_addr { host: "127.9.255.1" port: 40841 } } peers { permanent_uuid: "a88af00389a64e869d359cb633cc343a" member_type: VOTER last_known_addr { host: "127.9.255.2" port: 46625 } } peers { permanent_uuid: "3053013a1d0e424b982972a09216adc1" member_type: VOTER last_known_addr { host: "127.9.255.3" port: 38909 } }
I20260709 14:51:30.390730 11573 raft_consensus.cc:385] T cb4b74be9e9d4802b910d53b894ddcbb P 3053013a1d0e424b982972a09216adc1 [term 0 FOLLOWER]: Consensus starting up: Expiring failure detector timer to make a prompt election more likely
I20260709 14:51:30.391089 11573 raft_consensus.cc:740] T cb4b74be9e9d4802b910d53b894ddcbb P 3053013a1d0e424b982972a09216adc1 [term 0 FOLLOWER]: Becoming Follower/Learner. State: Replica: 3053013a1d0e424b982972a09216adc1, State: Initialized, Role: FOLLOWER
I20260709 14:51:30.391784 11573 consensus_queue.cc:260] T cb4b74be9e9d4802b910d53b894ddcbb P 3053013a1d0e424b982972a09216adc1 [NON_LEADER]: Queue going to NON_LEADER mode. State: All replicated index: 0, Majority replicated index: 0, Committed index: 0, Last appended: 0.0, Last appended by leader: 0, Current term: 0, Majority size: -1, State: 0, Mode: NON_LEADER, active raft config: opid_index: -1 OBSOLETE_local: false peers { permanent_uuid: "428c440b62a64c849b5572b884cf1456" member_type: VOTER last_known_addr { host: "127.9.255.1" port: 40841 } } peers { permanent_uuid: "a88af00389a64e869d359cb633cc343a" member_type: VOTER last_known_addr { host: "127.9.255.2" port: 46625 } } peers { permanent_uuid: "3053013a1d0e424b982972a09216adc1" member_type: VOTER last_known_addr { host: "127.9.255.3" port: 38909 } }
I20260709 14:51:30.392122 11571 ts_tablet_manager.cc:1434] T 3f905dd2f7ed454a9ac1c0577c549398 P a88af00389a64e869d359cb633cc343a: Time spent starting tablet: real 0.147s	user 0.007s	sys 0.023s
I20260709 14:51:30.392211 11836 raft_consensus.cc:493] T 3f905dd2f7ed454a9ac1c0577c549398 P a88af00389a64e869d359cb633cc343a [term 0 FOLLOWER]: Starting pre-election (no leader contacted us within the election timeout)
I20260709 14:51:30.392786 11836 raft_consensus.cc:515] T 3f905dd2f7ed454a9ac1c0577c549398 P a88af00389a64e869d359cb633cc343a [term 0 FOLLOWER]: Starting pre-election with config: opid_index: -1 OBSOLETE_local: false peers { permanent_uuid: "428c440b62a64c849b5572b884cf1456" member_type: VOTER last_known_addr { host: "127.9.255.1" port: 40841 } } peers { permanent_uuid: "a88af00389a64e869d359cb633cc343a" member_type: VOTER last_known_addr { host: "127.9.255.2" port: 46625 } } peers { permanent_uuid: "3053013a1d0e424b982972a09216adc1" member_type: VOTER last_known_addr { host: "127.9.255.3" port: 38909 } }
I20260709 14:51:30.393407 11571 tablet_bootstrap.cc:492] T cb4b74be9e9d4802b910d53b894ddcbb P a88af00389a64e869d359cb633cc343a: Bootstrap starting.
I20260709 14:51:30.395002 11836 leader_election.cc:290] T 3f905dd2f7ed454a9ac1c0577c549398 P a88af00389a64e869d359cb633cc343a [CANDIDATE]: Term 1 pre-election: Requested pre-vote from peers 428c440b62a64c849b5572b884cf1456 (127.9.255.1:40841), 3053013a1d0e424b982972a09216adc1 (127.9.255.3:38909)
I20260709 14:51:30.395228 11719 leader_election.cc:290] T c2548b5c7c5e47699a15d539ba67985e P 3053013a1d0e424b982972a09216adc1 [CANDIDATE]: Term 1 pre-election: Requested pre-vote from peers 428c440b62a64c849b5572b884cf1456 (127.9.255.1:40841), a88af00389a64e869d359cb633cc343a (127.9.255.2:46625)
I20260709 14:51:30.395563 11876 leader_election.cc:290] T 5e00dfc1dce14211a0f65f1907f07956 P a88af00389a64e869d359cb633cc343a [CANDIDATE]: Term 1 election: Requested vote from peers 428c440b62a64c849b5572b884cf1456 (127.9.255.1:40841), 3053013a1d0e424b982972a09216adc1 (127.9.255.3:38909)
I20260709 14:51:30.394506 11573 ts_tablet_manager.cc:1434] T cb4b74be9e9d4802b910d53b894ddcbb P 3053013a1d0e424b982972a09216adc1: Time spent starting tablet: real 0.020s	user 0.004s	sys 0.001s
I20260709 14:51:30.399168 11377 tablet_service.cc:1917] Received RequestConsensusVote() RPC: tablet_id: "5e00dfc1dce14211a0f65f1907f07956" candidate_uuid: "3053013a1d0e424b982972a09216adc1" candidate_term: 1 candidate_status { last_received { term: 0 index: 0 } } ignore_live_leader: false dest_uuid: "428c440b62a64c849b5572b884cf1456" is_pre_election: true
I20260709 14:51:30.399735 11377 raft_consensus.cc:2468] T 5e00dfc1dce14211a0f65f1907f07956 P 428c440b62a64c849b5572b884cf1456 [term 0 FOLLOWER]: Leader pre-election vote request: Granting yes vote for candidate 3053013a1d0e424b982972a09216adc1 in term 0.
I20260709 14:51:30.400198 11383 tablet_service.cc:1917] Received RequestConsensusVote() RPC: tablet_id: "3f905dd2f7ed454a9ac1c0577c549398" candidate_uuid: "a88af00389a64e869d359cb633cc343a" candidate_term: 1 candidate_status { last_received { term: 0 index: 0 } } ignore_live_leader: false dest_uuid: "428c440b62a64c849b5572b884cf1456" is_pre_election: true
I20260709 14:51:30.401880 11380 tablet_service.cc:1917] Received RequestConsensusVote() RPC: tablet_id: "5e00dfc1dce14211a0f65f1907f07956" candidate_uuid: "a88af00389a64e869d359cb633cc343a" candidate_term: 1 candidate_status { last_received { term: 0 index: 0 } } ignore_live_leader: false dest_uuid: "428c440b62a64c849b5572b884cf1456"
I20260709 14:51:30.402410 11380 raft_consensus.cc:3060] T 5e00dfc1dce14211a0f65f1907f07956 P 428c440b62a64c849b5572b884cf1456 [term 0 FOLLOWER]: Advancing to term 1
I20260709 14:51:30.405086 11378 tablet_service.cc:1917] Received RequestConsensusVote() RPC: tablet_id: "c2548b5c7c5e47699a15d539ba67985e" candidate_uuid: "3053013a1d0e424b982972a09216adc1" candidate_term: 1 candidate_status { last_received { term: 0 index: 0 } } ignore_live_leader: false dest_uuid: "428c440b62a64c849b5572b884cf1456" is_pre_election: true
W20260709 14:51:30.408767 11421 leader_election.cc:343] T 3f905dd2f7ed454a9ac1c0577c549398 P a88af00389a64e869d359cb633cc343a [CANDIDATE]: Term 1 pre-election: Tablet error from VoteRequest() call to peer 428c440b62a64c849b5572b884cf1456 (127.9.255.1:40841): Illegal state: must be running to vote when last-logged opid is not known
I20260709 14:51:30.412573 11380 raft_consensus.cc:2468] T 5e00dfc1dce14211a0f65f1907f07956 P 428c440b62a64c849b5572b884cf1456 [term 1 FOLLOWER]: Leader election vote request: Granting yes vote for candidate a88af00389a64e869d359cb633cc343a in term 1.
I20260709 14:51:30.413615 11458 tablet_service.cc:1917] Received RequestConsensusVote() RPC: tablet_id: "5e00dfc1dce14211a0f65f1907f07956" candidate_uuid: "3053013a1d0e424b982972a09216adc1" candidate_term: 1 candidate_status { last_received { term: 0 index: 0 } } ignore_live_leader: false dest_uuid: "a88af00389a64e869d359cb633cc343a" is_pre_election: true
I20260709 14:51:30.414705 11458 raft_consensus.cc:2393] T 5e00dfc1dce14211a0f65f1907f07956 P a88af00389a64e869d359cb633cc343a [term 1 FOLLOWER]: Leader pre-election vote request: Denying vote to candidate 3053013a1d0e424b982972a09216adc1 in current term 1: Already voted for candidate a88af00389a64e869d359cb633cc343a in this term.
I20260709 14:51:30.415972 11458 tablet_service.cc:1917] Received RequestConsensusVote() RPC: tablet_id: "c2548b5c7c5e47699a15d539ba67985e" candidate_uuid: "3053013a1d0e424b982972a09216adc1" candidate_term: 1 candidate_status { last_received { term: 0 index: 0 } } ignore_live_leader: false dest_uuid: "a88af00389a64e869d359cb633cc343a" is_pre_election: true
I20260709 14:51:30.422539 11525 tablet_service.cc:1917] Received RequestConsensusVote() RPC: tablet_id: "3f905dd2f7ed454a9ac1c0577c549398" candidate_uuid: "a88af00389a64e869d359cb633cc343a" candidate_term: 1 candidate_status { last_received { term: 0 index: 0 } } ignore_live_leader: false dest_uuid: "3053013a1d0e424b982972a09216adc1" is_pre_election: true
I20260709 14:51:30.425338 11529 tablet_service.cc:1917] Received RequestConsensusVote() RPC: tablet_id: "5e00dfc1dce14211a0f65f1907f07956" candidate_uuid: "a88af00389a64e869d359cb633cc343a" candidate_term: 1 candidate_status { last_received { term: 0 index: 0 } } ignore_live_leader: false dest_uuid: "3053013a1d0e424b982972a09216adc1"
I20260709 14:51:30.425891 11529 raft_consensus.cc:3060] T 5e00dfc1dce14211a0f65f1907f07956 P 3053013a1d0e424b982972a09216adc1 [term 0 FOLLOWER]: Advancing to term 1
W20260709 14:51:30.428294 11421 leader_election.cc:343] T 3f905dd2f7ed454a9ac1c0577c549398 P a88af00389a64e869d359cb633cc343a [CANDIDATE]: Term 1 pre-election: Tablet error from VoteRequest() call to peer 3053013a1d0e424b982972a09216adc1 (127.9.255.3:38909): Illegal state: must be running to vote when last-logged opid is not known
I20260709 14:51:30.428793 11421 leader_election.cc:304] T 3f905dd2f7ed454a9ac1c0577c549398 P a88af00389a64e869d359cb633cc343a [CANDIDATE]: Term 1 pre-election: Election decided. Result: candidate lost. Election summary: received 3 responses out of 3 voters: 1 yes votes; 2 no votes. yes voters: a88af00389a64e869d359cb633cc343a; no voters: 3053013a1d0e424b982972a09216adc1, 428c440b62a64c849b5572b884cf1456
I20260709 14:51:30.417701 11865 consensus_queue.cc:1048] T f4a126d15de448878ea85021fb1b877c P 3053013a1d0e424b982972a09216adc1 [LEADER]: Connected to new peer: Peer: permanent_uuid: "428c440b62a64c849b5572b884cf1456" member_type: VOTER last_known_addr { host: "127.9.255.1" port: 40841 }, Status: LMP_MISMATCH, Last received: 0.0, Next index: 1, Last known committed idx: 0, Time since last communication: 0.013s
I20260709 14:51:30.431901 11495 leader_election.cc:304] T 5e00dfc1dce14211a0f65f1907f07956 P 3053013a1d0e424b982972a09216adc1 [CANDIDATE]: Term 1 pre-election: Election decided. Result: candidate won. Election summary: received 3 responses out of 3 voters: 2 yes votes; 1 no votes. yes voters: 3053013a1d0e424b982972a09216adc1, 428c440b62a64c849b5572b884cf1456; no voters: a88af00389a64e869d359cb633cc343a
W20260709 14:51:30.434348 11495 leader_election.cc:343] T c2548b5c7c5e47699a15d539ba67985e P 3053013a1d0e424b982972a09216adc1 [CANDIDATE]: Term 1 pre-election: Tablet error from VoteRequest() call to peer 428c440b62a64c849b5572b884cf1456 (127.9.255.1:40841): Illegal state: must be running to vote when last-logged opid is not known
I20260709 14:51:30.435293 11529 raft_consensus.cc:2468] T 5e00dfc1dce14211a0f65f1907f07956 P 3053013a1d0e424b982972a09216adc1 [term 1 FOLLOWER]: Leader election vote request: Granting yes vote for candidate a88af00389a64e869d359cb633cc343a in term 1.
I20260709 14:51:30.436312 11865 raft_consensus.cc:2764] T 5e00dfc1dce14211a0f65f1907f07956 P 3053013a1d0e424b982972a09216adc1 [term 1 FOLLOWER]: Leader pre-election decision vote started in defunct term 0: won
I20260709 14:51:30.439226 11571 tablet_bootstrap.cc:654] T cb4b74be9e9d4802b910d53b894ddcbb P a88af00389a64e869d359cb633cc343a: Neither blocks nor log segments found. Creating new log.
I20260709 14:51:30.434347 11573 tablet_bootstrap.cc:492] T 83b9e5fa7f814678bac321cf09267e0c P 3053013a1d0e424b982972a09216adc1: Bootstrap starting.
I20260709 14:51:30.442065 11574 tablet_bootstrap.cc:492] T 37865126ae1c4058b4a6dd5892854e01 P 428c440b62a64c849b5572b884cf1456: No bootstrap required, opened a new log
I20260709 14:51:30.443571 11574 ts_tablet_manager.cc:1403] T 37865126ae1c4058b4a6dd5892854e01 P 428c440b62a64c849b5572b884cf1456: Time spent bootstrapping tablet: real 0.211s	user 0.039s	sys 0.018s
I20260709 14:51:30.446203 11574 raft_consensus.cc:359] T 37865126ae1c4058b4a6dd5892854e01 P 428c440b62a64c849b5572b884cf1456 [term 0 FOLLOWER]: Replica starting. Triggering 0 pending ops. Active config: opid_index: -1 OBSOLETE_local: false peers { permanent_uuid: "428c440b62a64c849b5572b884cf1456" member_type: VOTER last_known_addr { host: "127.9.255.1" port: 40841 } } peers { permanent_uuid: "a88af00389a64e869d359cb633cc343a" member_type: VOTER last_known_addr { host: "127.9.255.2" port: 46625 } } peers { permanent_uuid: "3053013a1d0e424b982972a09216adc1" member_type: VOTER last_known_addr { host: "127.9.255.3" port: 38909 } }
I20260709 14:51:30.446954 11574 raft_consensus.cc:385] T 37865126ae1c4058b4a6dd5892854e01 P 428c440b62a64c849b5572b884cf1456 [term 0 FOLLOWER]: Consensus starting up: Expiring failure detector timer to make a prompt election more likely
I20260709 14:51:30.447310 11574 raft_consensus.cc:740] T 37865126ae1c4058b4a6dd5892854e01 P 428c440b62a64c849b5572b884cf1456 [term 0 FOLLOWER]: Becoming Follower/Learner. State: Replica: 428c440b62a64c849b5572b884cf1456, State: Initialized, Role: FOLLOWER
I20260709 14:51:30.448088 11574 consensus_queue.cc:260] T 37865126ae1c4058b4a6dd5892854e01 P 428c440b62a64c849b5572b884cf1456 [NON_LEADER]: Queue going to NON_LEADER mode. State: All replicated index: 0, Majority replicated index: 0, Committed index: 0, Last appended: 0.0, Last appended by leader: 0, Current term: 0, Majority size: -1, State: 0, Mode: NON_LEADER, active raft config: opid_index: -1 OBSOLETE_local: false peers { permanent_uuid: "428c440b62a64c849b5572b884cf1456" member_type: VOTER last_known_addr { host: "127.9.255.1" port: 40841 } } peers { permanent_uuid: "a88af00389a64e869d359cb633cc343a" member_type: VOTER last_known_addr { host: "127.9.255.2" port: 46625 } } peers { permanent_uuid: "3053013a1d0e424b982972a09216adc1" member_type: VOTER last_known_addr { host: "127.9.255.3" port: 38909 } }
I20260709 14:51:30.449011 11876 raft_consensus.cc:2749] T 3f905dd2f7ed454a9ac1c0577c549398 P a88af00389a64e869d359cb633cc343a [term 0 FOLLOWER]: Leader pre-election lost for term 1. Reason: could not achieve majority
I20260709 14:51:30.450510 11574 ts_tablet_manager.cc:1434] T 37865126ae1c4058b4a6dd5892854e01 P 428c440b62a64c849b5572b884cf1456: Time spent starting tablet: real 0.007s	user 0.005s	sys 0.000s
I20260709 14:51:30.451671 11574 tablet_bootstrap.cc:492] T c2548b5c7c5e47699a15d539ba67985e P 428c440b62a64c849b5572b884cf1456: Bootstrap starting.
W20260709 14:51:30.447793 11498 leader_election.cc:343] T c2548b5c7c5e47699a15d539ba67985e P 3053013a1d0e424b982972a09216adc1 [CANDIDATE]: Term 1 pre-election: Tablet error from VoteRequest() call to peer a88af00389a64e869d359cb633cc343a (127.9.255.2:46625): Illegal state: must be running to vote when last-logged opid is not known
I20260709 14:51:30.453966 11498 leader_election.cc:304] T c2548b5c7c5e47699a15d539ba67985e P 3053013a1d0e424b982972a09216adc1 [CANDIDATE]: Term 1 pre-election: Election decided. Result: candidate lost. Election summary: received 3 responses out of 3 voters: 1 yes votes; 2 no votes. yes voters: 3053013a1d0e424b982972a09216adc1; no voters: 428c440b62a64c849b5572b884cf1456, a88af00389a64e869d359cb633cc343a
I20260709 14:51:30.454607 11865 raft_consensus.cc:2749] T c2548b5c7c5e47699a15d539ba67985e P 3053013a1d0e424b982972a09216adc1 [term 0 FOLLOWER]: Leader pre-election lost for term 1. Reason: could not achieve majority
I20260709 14:51:30.458385 11574 tablet_bootstrap.cc:654] T c2548b5c7c5e47699a15d539ba67985e P 428c440b62a64c849b5572b884cf1456: Neither blocks nor log segments found. Creating new log.
I20260709 14:51:30.463801 11421 leader_election.cc:304] T 5e00dfc1dce14211a0f65f1907f07956 P a88af00389a64e869d359cb633cc343a [CANDIDATE]: Term 1 election: Election decided. Result: candidate won. Election summary: received 2 responses out of 3 voters: 2 yes votes; 0 no votes. yes voters: 428c440b62a64c849b5572b884cf1456, a88af00389a64e869d359cb633cc343a; no voters: 
I20260709 14:51:30.464766 11836 raft_consensus.cc:2804] T 5e00dfc1dce14211a0f65f1907f07956 P a88af00389a64e869d359cb633cc343a [term 1 FOLLOWER]: Leader election won for term 1
I20260709 14:51:30.447038 11573 tablet_bootstrap.cc:654] T 83b9e5fa7f814678bac321cf09267e0c P 3053013a1d0e424b982972a09216adc1: Neither blocks nor log segments found. Creating new log.
I20260709 14:51:30.465222 11836 raft_consensus.cc:697] T 5e00dfc1dce14211a0f65f1907f07956 P a88af00389a64e869d359cb633cc343a [term 1 LEADER]: Becoming Leader. State: Replica: a88af00389a64e869d359cb633cc343a, State: Running, Role: LEADER
I20260709 14:51:30.469035 11836 consensus_queue.cc:237] T 5e00dfc1dce14211a0f65f1907f07956 P a88af00389a64e869d359cb633cc343a [LEADER]: Queue going to LEADER mode. State: All replicated index: 0, Majority replicated index: 0, Committed index: 0, Last appended: 0.0, Last appended by leader: 0, Current term: 1, Majority size: 2, State: 0, Mode: LEADER, active raft config: opid_index: -1 OBSOLETE_local: false peers { permanent_uuid: "428c440b62a64c849b5572b884cf1456" member_type: VOTER last_known_addr { host: "127.9.255.1" port: 40841 } } peers { permanent_uuid: "a88af00389a64e869d359cb633cc343a" member_type: VOTER last_known_addr { host: "127.9.255.2" port: 46625 } } peers { permanent_uuid: "3053013a1d0e424b982972a09216adc1" member_type: VOTER last_known_addr { host: "127.9.255.3" port: 38909 } }
I20260709 14:51:30.475023 11571 tablet_bootstrap.cc:492] T cb4b74be9e9d4802b910d53b894ddcbb P a88af00389a64e869d359cb633cc343a: No bootstrap required, opened a new log
I20260709 14:51:30.475627 11571 ts_tablet_manager.cc:1403] T cb4b74be9e9d4802b910d53b894ddcbb P a88af00389a64e869d359cb633cc343a: Time spent bootstrapping tablet: real 0.082s	user 0.006s	sys 0.003s
I20260709 14:51:30.479198 11571 raft_consensus.cc:359] T cb4b74be9e9d4802b910d53b894ddcbb P a88af00389a64e869d359cb633cc343a [term 0 FOLLOWER]: Replica starting. Triggering 0 pending ops. Active config: opid_index: -1 OBSOLETE_local: false peers { permanent_uuid: "428c440b62a64c849b5572b884cf1456" member_type: VOTER last_known_addr { host: "127.9.255.1" port: 40841 } } peers { permanent_uuid: "a88af00389a64e869d359cb633cc343a" member_type: VOTER last_known_addr { host: "127.9.255.2" port: 46625 } } peers { permanent_uuid: "3053013a1d0e424b982972a09216adc1" member_type: VOTER last_known_addr { host: "127.9.255.3" port: 38909 } }
I20260709 14:51:30.489603 11574 tablet_bootstrap.cc:492] T c2548b5c7c5e47699a15d539ba67985e P 428c440b62a64c849b5572b884cf1456: No bootstrap required, opened a new log
I20260709 14:51:30.490164 11574 ts_tablet_manager.cc:1403] T c2548b5c7c5e47699a15d539ba67985e P 428c440b62a64c849b5572b884cf1456: Time spent bootstrapping tablet: real 0.039s	user 0.016s	sys 0.001s
I20260709 14:51:30.479936 11571 raft_consensus.cc:385] T cb4b74be9e9d4802b910d53b894ddcbb P a88af00389a64e869d359cb633cc343a [term 0 FOLLOWER]: Consensus starting up: Expiring failure detector timer to make a prompt election more likely
I20260709 14:51:30.492238 11573 tablet_bootstrap.cc:492] T 83b9e5fa7f814678bac321cf09267e0c P 3053013a1d0e424b982972a09216adc1: No bootstrap required, opened a new log
I20260709 14:51:30.492743 11573 ts_tablet_manager.cc:1403] T 83b9e5fa7f814678bac321cf09267e0c P 3053013a1d0e424b982972a09216adc1: Time spent bootstrapping tablet: real 0.065s	user 0.010s	sys 0.003s
I20260709 14:51:30.493005 11574 raft_consensus.cc:359] T c2548b5c7c5e47699a15d539ba67985e P 428c440b62a64c849b5572b884cf1456 [term 0 FOLLOWER]: Replica starting. Triggering 0 pending ops. Active config: opid_index: -1 OBSOLETE_local: false peers { permanent_uuid: "428c440b62a64c849b5572b884cf1456" member_type: VOTER last_known_addr { host: "127.9.255.1" port: 40841 } } peers { permanent_uuid: "a88af00389a64e869d359cb633cc343a" member_type: VOTER last_known_addr { host: "127.9.255.2" port: 46625 } } peers { permanent_uuid: "3053013a1d0e424b982972a09216adc1" member_type: VOTER last_known_addr { host: "127.9.255.3" port: 38909 } }
I20260709 14:51:30.493709 11574 raft_consensus.cc:385] T c2548b5c7c5e47699a15d539ba67985e P 428c440b62a64c849b5572b884cf1456 [term 0 FOLLOWER]: Consensus starting up: Expiring failure detector timer to make a prompt election more likely
I20260709 14:51:30.494210 11574 raft_consensus.cc:740] T c2548b5c7c5e47699a15d539ba67985e P 428c440b62a64c849b5572b884cf1456 [term 0 FOLLOWER]: Becoming Follower/Learner. State: Replica: 428c440b62a64c849b5572b884cf1456, State: Initialized, Role: FOLLOWER
I20260709 14:51:30.495262 11574 consensus_queue.cc:260] T c2548b5c7c5e47699a15d539ba67985e P 428c440b62a64c849b5572b884cf1456 [NON_LEADER]: Queue going to NON_LEADER mode. State: All replicated index: 0, Majority replicated index: 0, Committed index: 0, Last appended: 0.0, Last appended by leader: 0, Current term: 0, Majority size: -1, State: 0, Mode: NON_LEADER, active raft config: opid_index: -1 OBSOLETE_local: false peers { permanent_uuid: "428c440b62a64c849b5572b884cf1456" member_type: VOTER last_known_addr { host: "127.9.255.1" port: 40841 } } peers { permanent_uuid: "a88af00389a64e869d359cb633cc343a" member_type: VOTER last_known_addr { host: "127.9.255.2" port: 46625 } } peers { permanent_uuid: "3053013a1d0e424b982972a09216adc1" member_type: VOTER last_known_addr { host: "127.9.255.3" port: 38909 } }
I20260709 14:51:30.497800 11574 ts_tablet_manager.cc:1434] T c2548b5c7c5e47699a15d539ba67985e P 428c440b62a64c849b5572b884cf1456: Time spent starting tablet: real 0.007s	user 0.005s	sys 0.000s
I20260709 14:51:30.498844 11574 tablet_bootstrap.cc:492] T a6fc46c75794492a8bf8b479a613af63 P 428c440b62a64c849b5572b884cf1456: Bootstrap starting.
I20260709 14:51:30.503564 11573 raft_consensus.cc:359] T 83b9e5fa7f814678bac321cf09267e0c P 3053013a1d0e424b982972a09216adc1 [term 0 FOLLOWER]: Replica starting. Triggering 0 pending ops. Active config: opid_index: -1 OBSOLETE_local: false peers { permanent_uuid: "428c440b62a64c849b5572b884cf1456" member_type: VOTER last_known_addr { host: "127.9.255.1" port: 40841 } } peers { permanent_uuid: "a88af00389a64e869d359cb633cc343a" member_type: VOTER last_known_addr { host: "127.9.255.2" port: 46625 } } peers { permanent_uuid: "3053013a1d0e424b982972a09216adc1" member_type: VOTER last_known_addr { host: "127.9.255.3" port: 38909 } }
I20260709 14:51:30.504194 11573 raft_consensus.cc:385] T 83b9e5fa7f814678bac321cf09267e0c P 3053013a1d0e424b982972a09216adc1 [term 0 FOLLOWER]: Consensus starting up: Expiring failure detector timer to make a prompt election more likely
I20260709 14:51:30.504428 11573 raft_consensus.cc:740] T 83b9e5fa7f814678bac321cf09267e0c P 3053013a1d0e424b982972a09216adc1 [term 0 FOLLOWER]: Becoming Follower/Learner. State: Replica: 3053013a1d0e424b982972a09216adc1, State: Initialized, Role: FOLLOWER
I20260709 14:51:30.505128 11573 consensus_queue.cc:260] T 83b9e5fa7f814678bac321cf09267e0c P 3053013a1d0e424b982972a09216adc1 [NON_LEADER]: Queue going to NON_LEADER mode. State: All replicated index: 0, Majority replicated index: 0, Committed index: 0, Last appended: 0.0, Last appended by leader: 0, Current term: 0, Majority size: -1, State: 0, Mode: NON_LEADER, active raft config: opid_index: -1 OBSOLETE_local: false peers { permanent_uuid: "428c440b62a64c849b5572b884cf1456" member_type: VOTER last_known_addr { host: "127.9.255.1" port: 40841 } } peers { permanent_uuid: "a88af00389a64e869d359cb633cc343a" member_type: VOTER last_known_addr { host: "127.9.255.2" port: 46625 } } peers { permanent_uuid: "3053013a1d0e424b982972a09216adc1" member_type: VOTER last_known_addr { host: "127.9.255.3" port: 38909 } }
I20260709 14:51:30.490661 11571 raft_consensus.cc:740] T cb4b74be9e9d4802b910d53b894ddcbb P a88af00389a64e869d359cb633cc343a [term 0 FOLLOWER]: Becoming Follower/Learner. State: Replica: a88af00389a64e869d359cb633cc343a, State: Initialized, Role: FOLLOWER
I20260709 14:51:30.509456 11571 consensus_queue.cc:260] T cb4b74be9e9d4802b910d53b894ddcbb P a88af00389a64e869d359cb633cc343a [NON_LEADER]: Queue going to NON_LEADER mode. State: All replicated index: 0, Majority replicated index: 0, Committed index: 0, Last appended: 0.0, Last appended by leader: 0, Current term: 0, Majority size: -1, State: 0, Mode: NON_LEADER, active raft config: opid_index: -1 OBSOLETE_local: false peers { permanent_uuid: "428c440b62a64c849b5572b884cf1456" member_type: VOTER last_known_addr { host: "127.9.255.1" port: 40841 } } peers { permanent_uuid: "a88af00389a64e869d359cb633cc343a" member_type: VOTER last_known_addr { host: "127.9.255.2" port: 46625 } } peers { permanent_uuid: "3053013a1d0e424b982972a09216adc1" member_type: VOTER last_known_addr { host: "127.9.255.3" port: 38909 } }
I20260709 14:51:30.511587 11571 ts_tablet_manager.cc:1434] T cb4b74be9e9d4802b910d53b894ddcbb P a88af00389a64e869d359cb633cc343a: Time spent starting tablet: real 0.036s	user 0.007s	sys 0.002s
I20260709 14:51:30.512488 11574 tablet_bootstrap.cc:654] T a6fc46c75794492a8bf8b479a613af63 P 428c440b62a64c849b5572b884cf1456: Neither blocks nor log segments found. Creating new log.
I20260709 14:51:30.513469 11571 tablet_bootstrap.cc:492] T 83b9e5fa7f814678bac321cf09267e0c P a88af00389a64e869d359cb633cc343a: Bootstrap starting.
I20260709 14:51:30.519464 11865 raft_consensus.cc:493] T cb4b74be9e9d4802b910d53b894ddcbb P 3053013a1d0e424b982972a09216adc1 [term 0 FOLLOWER]: Starting pre-election (no leader contacted us within the election timeout)
I20260709 14:51:30.513427 11573 ts_tablet_manager.cc:1434] T 83b9e5fa7f814678bac321cf09267e0c P 3053013a1d0e424b982972a09216adc1: Time spent starting tablet: real 0.020s	user 0.006s	sys 0.000s
I20260709 14:51:30.519953 11865 raft_consensus.cc:515] T cb4b74be9e9d4802b910d53b894ddcbb P 3053013a1d0e424b982972a09216adc1 [term 0 FOLLOWER]: Starting pre-election with config: opid_index: -1 OBSOLETE_local: false peers { permanent_uuid: "428c440b62a64c849b5572b884cf1456" member_type: VOTER last_known_addr { host: "127.9.255.1" port: 40841 } } peers { permanent_uuid: "a88af00389a64e869d359cb633cc343a" member_type: VOTER last_known_addr { host: "127.9.255.2" port: 46625 } } peers { permanent_uuid: "3053013a1d0e424b982972a09216adc1" member_type: VOTER last_known_addr { host: "127.9.255.3" port: 38909 } }
I20260709 14:51:30.521009 11573 tablet_bootstrap.cc:492] T 5da3acf401184a49b1d0ae2cbee3e164 P 3053013a1d0e424b982972a09216adc1: Bootstrap starting.
I20260709 14:51:30.522122 11865 leader_election.cc:290] T cb4b74be9e9d4802b910d53b894ddcbb P 3053013a1d0e424b982972a09216adc1 [CANDIDATE]: Term 1 pre-election: Requested pre-vote from peers 428c440b62a64c849b5572b884cf1456 (127.9.255.1:40841), a88af00389a64e869d359cb633cc343a (127.9.255.2:46625)
I20260709 14:51:30.523216 11456 tablet_service.cc:1917] Received RequestConsensusVote() RPC: tablet_id: "cb4b74be9e9d4802b910d53b894ddcbb" candidate_uuid: "3053013a1d0e424b982972a09216adc1" candidate_term: 1 candidate_status { last_received { term: 0 index: 0 } } ignore_live_leader: false dest_uuid: "a88af00389a64e869d359cb633cc343a" is_pre_election: true
I20260709 14:51:30.523811 11456 raft_consensus.cc:2468] T cb4b74be9e9d4802b910d53b894ddcbb P a88af00389a64e869d359cb633cc343a [term 0 FOLLOWER]: Leader pre-election vote request: Granting yes vote for candidate 3053013a1d0e424b982972a09216adc1 in term 0.
I20260709 14:51:30.525296 11498 leader_election.cc:304] T cb4b74be9e9d4802b910d53b894ddcbb P 3053013a1d0e424b982972a09216adc1 [CANDIDATE]: Term 1 pre-election: Election decided. Result: candidate won. Election summary: received 2 responses out of 3 voters: 2 yes votes; 0 no votes. yes voters: 3053013a1d0e424b982972a09216adc1, a88af00389a64e869d359cb633cc343a; no voters: 
I20260709 14:51:30.525997 11865 raft_consensus.cc:2804] T cb4b74be9e9d4802b910d53b894ddcbb P 3053013a1d0e424b982972a09216adc1 [term 0 FOLLOWER]: Leader pre-election won for term 1
I20260709 14:51:30.526547 11865 raft_consensus.cc:493] T cb4b74be9e9d4802b910d53b894ddcbb P 3053013a1d0e424b982972a09216adc1 [term 0 FOLLOWER]: Starting leader election (no leader contacted us within the election timeout)
I20260709 14:51:30.526930 11865 raft_consensus.cc:3060] T cb4b74be9e9d4802b910d53b894ddcbb P 3053013a1d0e424b982972a09216adc1 [term 0 FOLLOWER]: Advancing to term 1
I20260709 14:51:30.527483 11571 tablet_bootstrap.cc:654] T 83b9e5fa7f814678bac321cf09267e0c P a88af00389a64e869d359cb633cc343a: Neither blocks nor log segments found. Creating new log.
I20260709 14:51:30.526437 11378 tablet_service.cc:1917] Received RequestConsensusVote() RPC: tablet_id: "cb4b74be9e9d4802b910d53b894ddcbb" candidate_uuid: "3053013a1d0e424b982972a09216adc1" candidate_term: 1 candidate_status { last_received { term: 0 index: 0 } } ignore_live_leader: false dest_uuid: "428c440b62a64c849b5572b884cf1456" is_pre_election: true
W20260709 14:51:30.530097 11495 leader_election.cc:343] T cb4b74be9e9d4802b910d53b894ddcbb P 3053013a1d0e424b982972a09216adc1 [CANDIDATE]: Term 1 pre-election: Tablet error from VoteRequest() call to peer 428c440b62a64c849b5572b884cf1456 (127.9.255.1:40841): Illegal state: must be running to vote when last-logged opid is not known
I20260709 14:51:30.528478 11573 tablet_bootstrap.cc:654] T 5da3acf401184a49b1d0ae2cbee3e164 P 3053013a1d0e424b982972a09216adc1: Neither blocks nor log segments found. Creating new log.
W20260709 14:51:30.541678 11495 consensus_peers.cc:597] T 2ba0932b04ed4e80a321c8c90abcfdf4 P 3053013a1d0e424b982972a09216adc1 -> Peer 428c440b62a64c849b5572b884cf1456 (127.9.255.1:40841): Couldn't send request to peer 428c440b62a64c849b5572b884cf1456. Error code: TABLET_NOT_RUNNING (12). Status: Illegal state: Tablet not RUNNING: INITIALIZED. This is attempt 1: this message will repeat every 5th retry.
I20260709 14:51:30.546205 11865 raft_consensus.cc:515] T cb4b74be9e9d4802b910d53b894ddcbb P 3053013a1d0e424b982972a09216adc1 [term 1 FOLLOWER]: Starting leader election with config: opid_index: -1 OBSOLETE_local: false peers { permanent_uuid: "428c440b62a64c849b5572b884cf1456" member_type: VOTER last_known_addr { host: "127.9.255.1" port: 40841 } } peers { permanent_uuid: "a88af00389a64e869d359cb633cc343a" member_type: VOTER last_known_addr { host: "127.9.255.2" port: 46625 } } peers { permanent_uuid: "3053013a1d0e424b982972a09216adc1" member_type: VOTER last_known_addr { host: "127.9.255.3" port: 38909 } }
I20260709 14:51:30.548761 11378 tablet_service.cc:1917] Received RequestConsensusVote() RPC: tablet_id: "cb4b74be9e9d4802b910d53b894ddcbb" candidate_uuid: "3053013a1d0e424b982972a09216adc1" candidate_term: 1 candidate_status { last_received { term: 0 index: 0 } } ignore_live_leader: false dest_uuid: "428c440b62a64c849b5572b884cf1456"
I20260709 14:51:30.549566 11456 tablet_service.cc:1917] Received RequestConsensusVote() RPC: tablet_id: "cb4b74be9e9d4802b910d53b894ddcbb" candidate_uuid: "3053013a1d0e424b982972a09216adc1" candidate_term: 1 candidate_status { last_received { term: 0 index: 0 } } ignore_live_leader: false dest_uuid: "a88af00389a64e869d359cb633cc343a"
W20260709 14:51:30.550019 11495 leader_election.cc:343] T cb4b74be9e9d4802b910d53b894ddcbb P 3053013a1d0e424b982972a09216adc1 [CANDIDATE]: Term 1 election: Tablet error from VoteRequest() call to peer 428c440b62a64c849b5572b884cf1456 (127.9.255.1:40841): Illegal state: must be running to vote when last-logged opid is not known
I20260709 14:51:30.550117 11456 raft_consensus.cc:3060] T cb4b74be9e9d4802b910d53b894ddcbb P a88af00389a64e869d359cb633cc343a [term 0 FOLLOWER]: Advancing to term 1
I20260709 14:51:30.547053 11279 catalog_manager.cc:5697] T 5e00dfc1dce14211a0f65f1907f07956 P a88af00389a64e869d359cb633cc343a reported cstate change: term changed from 0 to 1, leader changed from <none> to a88af00389a64e869d359cb633cc343a (127.9.255.2). New cstate: current_term: 1 leader_uuid: "a88af00389a64e869d359cb633cc343a" committed_config { opid_index: -1 OBSOLETE_local: false peers { permanent_uuid: "428c440b62a64c849b5572b884cf1456" member_type: VOTER last_known_addr { host: "127.9.255.1" port: 40841 } health_report { overall_health: UNKNOWN } } peers { permanent_uuid: "a88af00389a64e869d359cb633cc343a" member_type: VOTER last_known_addr { host: "127.9.255.2" port: 46625 } health_report { overall_health: HEALTHY } } peers { permanent_uuid: "3053013a1d0e424b982972a09216adc1" member_type: VOTER last_known_addr { host: "127.9.255.3" port: 38909 } health_report { overall_health: UNKNOWN } } }
I20260709 14:51:30.559386 11456 raft_consensus.cc:2468] T cb4b74be9e9d4802b910d53b894ddcbb P a88af00389a64e869d359cb633cc343a [term 1 FOLLOWER]: Leader election vote request: Granting yes vote for candidate 3053013a1d0e424b982972a09216adc1 in term 1.
I20260709 14:51:30.557060 11865 leader_election.cc:290] T cb4b74be9e9d4802b910d53b894ddcbb P 3053013a1d0e424b982972a09216adc1 [CANDIDATE]: Term 1 election: Requested vote from peers 428c440b62a64c849b5572b884cf1456 (127.9.255.1:40841), a88af00389a64e869d359cb633cc343a (127.9.255.2:46625)
I20260709 14:51:30.560501 11498 leader_election.cc:304] T cb4b74be9e9d4802b910d53b894ddcbb P 3053013a1d0e424b982972a09216adc1 [CANDIDATE]: Term 1 election: Election decided. Result: candidate won. Election summary: received 3 responses out of 3 voters: 2 yes votes; 1 no votes. yes voters: 3053013a1d0e424b982972a09216adc1, a88af00389a64e869d359cb633cc343a; no voters: 428c440b62a64c849b5572b884cf1456
I20260709 14:51:30.562247 11865 raft_consensus.cc:2804] T cb4b74be9e9d4802b910d53b894ddcbb P 3053013a1d0e424b982972a09216adc1 [term 1 FOLLOWER]: Leader election won for term 1
I20260709 14:51:30.564663 11865 raft_consensus.cc:697] T cb4b74be9e9d4802b910d53b894ddcbb P 3053013a1d0e424b982972a09216adc1 [term 1 LEADER]: Becoming Leader. State: Replica: 3053013a1d0e424b982972a09216adc1, State: Running, Role: LEADER
I20260709 14:51:30.565410 11865 consensus_queue.cc:237] T cb4b74be9e9d4802b910d53b894ddcbb P 3053013a1d0e424b982972a09216adc1 [LEADER]: Queue going to LEADER mode. State: All replicated index: 0, Majority replicated index: 0, Committed index: 0, Last appended: 0.0, Last appended by leader: 0, Current term: 1, Majority size: 2, State: 0, Mode: LEADER, active raft config: opid_index: -1 OBSOLETE_local: false peers { permanent_uuid: "428c440b62a64c849b5572b884cf1456" member_type: VOTER last_known_addr { host: "127.9.255.1" port: 40841 } } peers { permanent_uuid: "a88af00389a64e869d359cb633cc343a" member_type: VOTER last_known_addr { host: "127.9.255.2" port: 46625 } } peers { permanent_uuid: "3053013a1d0e424b982972a09216adc1" member_type: VOTER last_known_addr { host: "127.9.255.3" port: 38909 } }
I20260709 14:51:30.574422 11573 tablet_bootstrap.cc:492] T 5da3acf401184a49b1d0ae2cbee3e164 P 3053013a1d0e424b982972a09216adc1: No bootstrap required, opened a new log
I20260709 14:51:30.575003 11573 ts_tablet_manager.cc:1403] T 5da3acf401184a49b1d0ae2cbee3e164 P 3053013a1d0e424b982972a09216adc1: Time spent bootstrapping tablet: real 0.054s	user 0.015s	sys 0.001s
I20260709 14:51:30.575196 11574 tablet_bootstrap.cc:492] T a6fc46c75794492a8bf8b479a613af63 P 428c440b62a64c849b5572b884cf1456: No bootstrap required, opened a new log
I20260709 14:51:30.576071 11574 ts_tablet_manager.cc:1403] T a6fc46c75794492a8bf8b479a613af63 P 428c440b62a64c849b5572b884cf1456: Time spent bootstrapping tablet: real 0.077s	user 0.029s	sys 0.028s
I20260709 14:51:30.578164 11573 raft_consensus.cc:359] T 5da3acf401184a49b1d0ae2cbee3e164 P 3053013a1d0e424b982972a09216adc1 [term 0 FOLLOWER]: Replica starting. Triggering 0 pending ops. Active config: opid_index: -1 OBSOLETE_local: false peers { permanent_uuid: "428c440b62a64c849b5572b884cf1456" member_type: VOTER last_known_addr { host: "127.9.255.1" port: 40841 } } peers { permanent_uuid: "a88af00389a64e869d359cb633cc343a" member_type: VOTER last_known_addr { host: "127.9.255.2" port: 46625 } } peers { permanent_uuid: "3053013a1d0e424b982972a09216adc1" member_type: VOTER last_known_addr { host: "127.9.255.3" port: 38909 } }
I20260709 14:51:30.578940 11573 raft_consensus.cc:385] T 5da3acf401184a49b1d0ae2cbee3e164 P 3053013a1d0e424b982972a09216adc1 [term 0 FOLLOWER]: Consensus starting up: Expiring failure detector timer to make a prompt election more likely
I20260709 14:51:30.579346 11573 raft_consensus.cc:740] T 5da3acf401184a49b1d0ae2cbee3e164 P 3053013a1d0e424b982972a09216adc1 [term 0 FOLLOWER]: Becoming Follower/Learner. State: Replica: 3053013a1d0e424b982972a09216adc1, State: Initialized, Role: FOLLOWER
I20260709 14:51:30.580220 11573 consensus_queue.cc:260] T 5da3acf401184a49b1d0ae2cbee3e164 P 3053013a1d0e424b982972a09216adc1 [NON_LEADER]: Queue going to NON_LEADER mode. State: All replicated index: 0, Majority replicated index: 0, Committed index: 0, Last appended: 0.0, Last appended by leader: 0, Current term: 0, Majority size: -1, State: 0, Mode: NON_LEADER, active raft config: opid_index: -1 OBSOLETE_local: false peers { permanent_uuid: "428c440b62a64c849b5572b884cf1456" member_type: VOTER last_known_addr { host: "127.9.255.1" port: 40841 } } peers { permanent_uuid: "a88af00389a64e869d359cb633cc343a" member_type: VOTER last_known_addr { host: "127.9.255.2" port: 46625 } } peers { permanent_uuid: "3053013a1d0e424b982972a09216adc1" member_type: VOTER last_known_addr { host: "127.9.255.3" port: 38909 } }
I20260709 14:51:30.579420 11571 tablet_bootstrap.cc:492] T 83b9e5fa7f814678bac321cf09267e0c P a88af00389a64e869d359cb633cc343a: No bootstrap required, opened a new log
I20260709 14:51:30.581935 11574 raft_consensus.cc:359] T a6fc46c75794492a8bf8b479a613af63 P 428c440b62a64c849b5572b884cf1456 [term 0 FOLLOWER]: Replica starting. Triggering 0 pending ops. Active config: opid_index: -1 OBSOLETE_local: false peers { permanent_uuid: "428c440b62a64c849b5572b884cf1456" member_type: VOTER last_known_addr { host: "127.9.255.1" port: 40841 } } peers { permanent_uuid: "a88af00389a64e869d359cb633cc343a" member_type: VOTER last_known_addr { host: "127.9.255.2" port: 46625 } } peers { permanent_uuid: "3053013a1d0e424b982972a09216adc1" member_type: VOTER last_known_addr { host: "127.9.255.3" port: 38909 } }
I20260709 14:51:30.582602 11574 raft_consensus.cc:385] T a6fc46c75794492a8bf8b479a613af63 P 428c440b62a64c849b5572b884cf1456 [term 0 FOLLOWER]: Consensus starting up: Expiring failure detector timer to make a prompt election more likely
I20260709 14:51:30.582693 11573 ts_tablet_manager.cc:1434] T 5da3acf401184a49b1d0ae2cbee3e164 P 3053013a1d0e424b982972a09216adc1: Time spent starting tablet: real 0.007s	user 0.007s	sys 0.000s
I20260709 14:51:30.588207 11573 tablet_bootstrap.cc:492] T 67618efd20f044fc9b3d76b5182ea748 P 3053013a1d0e424b982972a09216adc1: Bootstrap starting.
I20260709 14:51:30.587705 11280 catalog_manager.cc:5697] T cb4b74be9e9d4802b910d53b894ddcbb P 3053013a1d0e424b982972a09216adc1 reported cstate change: term changed from 0 to 1, leader changed from <none> to 3053013a1d0e424b982972a09216adc1 (127.9.255.3). New cstate: current_term: 1 leader_uuid: "3053013a1d0e424b982972a09216adc1" committed_config { opid_index: -1 OBSOLETE_local: false peers { permanent_uuid: "428c440b62a64c849b5572b884cf1456" member_type: VOTER last_known_addr { host: "127.9.255.1" port: 40841 } health_report { overall_health: UNKNOWN } } peers { permanent_uuid: "a88af00389a64e869d359cb633cc343a" member_type: VOTER last_known_addr { host: "127.9.255.2" port: 46625 } health_report { overall_health: UNKNOWN } } peers { permanent_uuid: "3053013a1d0e424b982972a09216adc1" member_type: VOTER last_known_addr { host: "127.9.255.3" port: 38909 } health_report { overall_health: HEALTHY } } }
I20260709 14:51:30.590814 11831 raft_consensus.cc:493] T 37865126ae1c4058b4a6dd5892854e01 P 428c440b62a64c849b5572b884cf1456 [term 0 FOLLOWER]: Starting pre-election (no leader contacted us within the election timeout)
I20260709 14:51:30.592229 11831 raft_consensus.cc:515] T 37865126ae1c4058b4a6dd5892854e01 P 428c440b62a64c849b5572b884cf1456 [term 0 FOLLOWER]: Starting pre-election with config: opid_index: -1 OBSOLETE_local: false peers { permanent_uuid: "428c440b62a64c849b5572b884cf1456" member_type: VOTER last_known_addr { host: "127.9.255.1" port: 40841 } } peers { permanent_uuid: "a88af00389a64e869d359cb633cc343a" member_type: VOTER last_known_addr { host: "127.9.255.2" port: 46625 } } peers { permanent_uuid: "3053013a1d0e424b982972a09216adc1" member_type: VOTER last_known_addr { host: "127.9.255.3" port: 38909 } }
I20260709 14:51:30.592752 11865 raft_consensus.cc:493] T 5da3acf401184a49b1d0ae2cbee3e164 P 3053013a1d0e424b982972a09216adc1 [term 0 FOLLOWER]: Starting pre-election (no leader contacted us within the election timeout)
I20260709 14:51:30.582877 11574 raft_consensus.cc:740] T a6fc46c75794492a8bf8b479a613af63 P 428c440b62a64c849b5572b884cf1456 [term 0 FOLLOWER]: Becoming Follower/Learner. State: Replica: 428c440b62a64c849b5572b884cf1456, State: Initialized, Role: FOLLOWER
I20260709 14:51:30.587167 11571 ts_tablet_manager.cc:1403] T 83b9e5fa7f814678bac321cf09267e0c P a88af00389a64e869d359cb633cc343a: Time spent bootstrapping tablet: real 0.074s	user 0.014s	sys 0.012s
I20260709 14:51:30.593487 11865 raft_consensus.cc:515] T 5da3acf401184a49b1d0ae2cbee3e164 P 3053013a1d0e424b982972a09216adc1 [term 0 FOLLOWER]: Starting pre-election with config: opid_index: -1 OBSOLETE_local: false peers { permanent_uuid: "428c440b62a64c849b5572b884cf1456" member_type: VOTER last_known_addr { host: "127.9.255.1" port: 40841 } } peers { permanent_uuid: "a88af00389a64e869d359cb633cc343a" member_type: VOTER last_known_addr { host: "127.9.255.2" port: 46625 } } peers { permanent_uuid: "3053013a1d0e424b982972a09216adc1" member_type: VOTER last_known_addr { host: "127.9.255.3" port: 38909 } }
I20260709 14:51:30.595897 11574 consensus_queue.cc:260] T a6fc46c75794492a8bf8b479a613af63 P 428c440b62a64c849b5572b884cf1456 [NON_LEADER]: Queue going to NON_LEADER mode. State: All replicated index: 0, Majority replicated index: 0, Committed index: 0, Last appended: 0.0, Last appended by leader: 0, Current term: 0, Majority size: -1, State: 0, Mode: NON_LEADER, active raft config: opid_index: -1 OBSOLETE_local: false peers { permanent_uuid: "428c440b62a64c849b5572b884cf1456" member_type: VOTER last_known_addr { host: "127.9.255.1" port: 40841 } } peers { permanent_uuid: "a88af00389a64e869d359cb633cc343a" member_type: VOTER last_known_addr { host: "127.9.255.2" port: 46625 } } peers { permanent_uuid: "3053013a1d0e424b982972a09216adc1" member_type: VOTER last_known_addr { host: "127.9.255.3" port: 38909 } }
I20260709 14:51:30.598889 11574 ts_tablet_manager.cc:1434] T a6fc46c75794492a8bf8b479a613af63 P 428c440b62a64c849b5572b884cf1456: Time spent starting tablet: real 0.023s	user 0.004s	sys 0.004s
I20260709 14:51:30.598690 11571 raft_consensus.cc:359] T 83b9e5fa7f814678bac321cf09267e0c P a88af00389a64e869d359cb633cc343a [term 0 FOLLOWER]: Replica starting. Triggering 0 pending ops. Active config: opid_index: -1 OBSOLETE_local: false peers { permanent_uuid: "428c440b62a64c849b5572b884cf1456" member_type: VOTER last_known_addr { host: "127.9.255.1" port: 40841 } } peers { permanent_uuid: "a88af00389a64e869d359cb633cc343a" member_type: VOTER last_known_addr { host: "127.9.255.2" port: 46625 } } peers { permanent_uuid: "3053013a1d0e424b982972a09216adc1" member_type: VOTER last_known_addr { host: "127.9.255.3" port: 38909 } }
I20260709 14:51:30.599352 11571 raft_consensus.cc:385] T 83b9e5fa7f814678bac321cf09267e0c P a88af00389a64e869d359cb633cc343a [term 0 FOLLOWER]: Consensus starting up: Expiring failure detector timer to make a prompt election more likely
I20260709 14:51:30.599607 11571 raft_consensus.cc:740] T 83b9e5fa7f814678bac321cf09267e0c P a88af00389a64e869d359cb633cc343a [term 0 FOLLOWER]: Becoming Follower/Learner. State: Replica: a88af00389a64e869d359cb633cc343a, State: Initialized, Role: FOLLOWER
I20260709 14:51:30.602931 11456 tablet_service.cc:1917] Received RequestConsensusVote() RPC: tablet_id: "5da3acf401184a49b1d0ae2cbee3e164" candidate_uuid: "3053013a1d0e424b982972a09216adc1" candidate_term: 1 candidate_status { last_received { term: 0 index: 0 } } ignore_live_leader: false dest_uuid: "a88af00389a64e869d359cb633cc343a" is_pre_election: true
I20260709 14:51:30.603622 11574 tablet_bootstrap.cc:492] T 83b9e5fa7f814678bac321cf09267e0c P 428c440b62a64c849b5572b884cf1456: Bootstrap starting.
I20260709 14:51:30.604224 11380 tablet_service.cc:1917] Received RequestConsensusVote() RPC: tablet_id: "5da3acf401184a49b1d0ae2cbee3e164" candidate_uuid: "3053013a1d0e424b982972a09216adc1" candidate_term: 1 candidate_status { last_received { term: 0 index: 0 } } ignore_live_leader: false dest_uuid: "428c440b62a64c849b5572b884cf1456" is_pre_election: true
W20260709 14:51:30.604334 11498 leader_election.cc:343] T 5da3acf401184a49b1d0ae2cbee3e164 P 3053013a1d0e424b982972a09216adc1 [CANDIDATE]: Term 1 pre-election: Tablet error from VoteRequest() call to peer a88af00389a64e869d359cb633cc343a (127.9.255.2:46625): Illegal state: must be running to vote when last-logged opid is not known
I20260709 14:51:30.604919 11865 leader_election.cc:290] T 5da3acf401184a49b1d0ae2cbee3e164 P 3053013a1d0e424b982972a09216adc1 [CANDIDATE]: Term 1 pre-election: Requested pre-vote from peers 428c440b62a64c849b5572b884cf1456 (127.9.255.1:40841), a88af00389a64e869d359cb633cc343a (127.9.255.2:46625)
W20260709 14:51:30.605686 11495 leader_election.cc:343] T 5da3acf401184a49b1d0ae2cbee3e164 P 3053013a1d0e424b982972a09216adc1 [CANDIDATE]: Term 1 pre-election: Tablet error from VoteRequest() call to peer 428c440b62a64c849b5572b884cf1456 (127.9.255.1:40841): Illegal state: must be running to vote when last-logged opid is not known
I20260709 14:51:30.600175 11571 consensus_queue.cc:260] T 83b9e5fa7f814678bac321cf09267e0c P a88af00389a64e869d359cb633cc343a [NON_LEADER]: Queue going to NON_LEADER mode. State: All replicated index: 0, Majority replicated index: 0, Committed index: 0, Last appended: 0.0, Last appended by leader: 0, Current term: 0, Majority size: -1, State: 0, Mode: NON_LEADER, active raft config: opid_index: -1 OBSOLETE_local: false peers { permanent_uuid: "428c440b62a64c849b5572b884cf1456" member_type: VOTER last_known_addr { host: "127.9.255.1" port: 40841 } } peers { permanent_uuid: "a88af00389a64e869d359cb633cc343a" member_type: VOTER last_known_addr { host: "127.9.255.2" port: 46625 } } peers { permanent_uuid: "3053013a1d0e424b982972a09216adc1" member_type: VOTER last_known_addr { host: "127.9.255.3" port: 38909 } }
