I20260709 14:51:26.686121  8789 tablet_service.cc:1511] Processing CreateTablet for tablet 2eeb4398900541ff86435dc56bccdcb4 (DEFAULT_TABLE table=test-workload [id=5b2158e77db948eaa0b023e847a9c0cc]), partition=RANGE (key) PARTITION 1965493458 <= VALUES < 2001891485
I20260709 14:51:26.686635  8993 tablet_bootstrap.cc:492] T bbdb4d9f21bc4725bad6e99a80023680 P 3fac19649e284173a1059afc10bc3942: Bootstrap starting.
I20260709 14:51:26.687469  8789 data_dirs.cc:400] Could only allocate 1 dirs of requested 3 for tablet 2eeb4398900541ff86435dc56bccdcb4. 1 dirs total, 0 dirs full, 0 dirs failed
I20260709 14:51:26.690897  8787 tablet_service.cc:1511] Processing CreateTablet for tablet cb81f7fbada746a38bfd7e89be775023 (DEFAULT_TABLE table=test-workload [id=5b2158e77db948eaa0b023e847a9c0cc]), partition=RANGE (key) PARTITION 2001891485 <= VALUES < 2038289512
I20260709 14:51:26.692345  8787 data_dirs.cc:400] Could only allocate 1 dirs of requested 3 for tablet cb81f7fbada746a38bfd7e89be775023. 1 dirs total, 0 dirs full, 0 dirs failed
I20260709 14:51:26.693030  8993 tablet_bootstrap.cc:654] T bbdb4d9f21bc4725bad6e99a80023680 P 3fac19649e284173a1059afc10bc3942: Neither blocks nor log segments found. Creating new log.
I20260709 14:51:26.701730  8994 tablet_bootstrap.cc:492] T 5a75cd9d957e410080c02e14379a2f37 P f5f2286d37184fce9d7d3c808dcaf25c: No bootstrap required, opened a new log
I20260709 14:51:26.702198  8994 ts_tablet_manager.cc:1403] T 5a75cd9d957e410080c02e14379a2f37 P f5f2286d37184fce9d7d3c808dcaf25c: Time spent bootstrapping tablet: real 0.105s	user 0.010s	sys 0.006s
I20260709 14:51:26.703310  8998 raft_consensus.cc:493] T 545514b3dcc5487a96f2344d5fd8d362 P 3fac19649e284173a1059afc10bc3942 [term 0 FOLLOWER]: Starting pre-election (no leader contacted us within the election timeout)
I20260709 14:51:26.703779  8998 raft_consensus.cc:515] T 545514b3dcc5487a96f2344d5fd8d362 P 3fac19649e284173a1059afc10bc3942 [term 0 FOLLOWER]: Starting pre-election with config: opid_index: -1 OBSOLETE_local: false peers { permanent_uuid: "3fac19649e284173a1059afc10bc3942" member_type: VOTER last_known_addr { host: "127.7.124.193" port: 41935 } } peers { permanent_uuid: "f5f2286d37184fce9d7d3c808dcaf25c" member_type: VOTER last_known_addr { host: "127.7.124.194" port: 42931 } } peers { permanent_uuid: "91825e4fbe984c5fa07b84f647e38cd0" member_type: VOTER last_known_addr { host: "127.7.124.195" port: 34083 } }
I20260709 14:51:26.705895  8998 leader_election.cc:290] T 545514b3dcc5487a96f2344d5fd8d362 P 3fac19649e284173a1059afc10bc3942 [CANDIDATE]: Term 1 pre-election: Requested pre-vote from peers f5f2286d37184fce9d7d3c808dcaf25c (127.7.124.194:42931), 91825e4fbe984c5fa07b84f647e38cd0 (127.7.124.195:34083)
I20260709 14:51:26.707760  8878 tablet_service.cc:1917] Received RequestConsensusVote() RPC: tablet_id: "545514b3dcc5487a96f2344d5fd8d362" candidate_uuid: "3fac19649e284173a1059afc10bc3942" candidate_term: 1 candidate_status { last_received { term: 0 index: 0 } } ignore_live_leader: false dest_uuid: "f5f2286d37184fce9d7d3c808dcaf25c" is_pre_election: true
I20260709 14:51:26.708197  8952 tablet_service.cc:1917] Received RequestConsensusVote() RPC: tablet_id: "545514b3dcc5487a96f2344d5fd8d362" candidate_uuid: "3fac19649e284173a1059afc10bc3942" candidate_term: 1 candidate_status { last_received { term: 0 index: 0 } } ignore_live_leader: false dest_uuid: "91825e4fbe984c5fa07b84f647e38cd0" is_pre_election: true
I20260709 14:51:26.708410  8878 raft_consensus.cc:2468] T 545514b3dcc5487a96f2344d5fd8d362 P f5f2286d37184fce9d7d3c808dcaf25c [term 0 FOLLOWER]: Leader pre-election vote request: Granting yes vote for candidate 3fac19649e284173a1059afc10bc3942 in term 0.
I20260709 14:51:26.709654  8768 leader_election.cc:304] T 545514b3dcc5487a96f2344d5fd8d362 P 3fac19649e284173a1059afc10bc3942 [CANDIDATE]: Term 1 pre-election: Election decided. Result: candidate won. Election summary: received 2 responses out of 3 voters: 2 yes votes; 0 no votes. yes voters: 3fac19649e284173a1059afc10bc3942, f5f2286d37184fce9d7d3c808dcaf25c; no voters: 
I20260709 14:51:26.710482  8998 raft_consensus.cc:2804] T 545514b3dcc5487a96f2344d5fd8d362 P 3fac19649e284173a1059afc10bc3942 [term 0 FOLLOWER]: Leader pre-election won for term 1
I20260709 14:51:26.710824  8998 raft_consensus.cc:493] T 545514b3dcc5487a96f2344d5fd8d362 P 3fac19649e284173a1059afc10bc3942 [term 0 FOLLOWER]: Starting leader election (no leader contacted us within the election timeout)
I20260709 14:51:26.711129  8998 raft_consensus.cc:3060] T 545514b3dcc5487a96f2344d5fd8d362 P 3fac19649e284173a1059afc10bc3942 [term 0 FOLLOWER]: Advancing to term 1
I20260709 14:51:26.714186  8788 tablet_service.cc:1511] Processing CreateTablet for tablet a538d1dda82e4f988133f08ec048c675 (DEFAULT_TABLE table=test-workload [id=5b2158e77db948eaa0b023e847a9c0cc]), partition=RANGE (key) PARTITION 2038289512 <= VALUES < 2074687539
I20260709 14:51:26.715505  8788 data_dirs.cc:400] Could only allocate 1 dirs of requested 3 for tablet a538d1dda82e4f988133f08ec048c675. 1 dirs total, 0 dirs full, 0 dirs failed
I20260709 14:51:26.718137  8998 raft_consensus.cc:515] T 545514b3dcc5487a96f2344d5fd8d362 P 3fac19649e284173a1059afc10bc3942 [term 1 FOLLOWER]: Starting leader election with config: opid_index: -1 OBSOLETE_local: false peers { permanent_uuid: "3fac19649e284173a1059afc10bc3942" member_type: VOTER last_known_addr { host: "127.7.124.193" port: 41935 } } peers { permanent_uuid: "f5f2286d37184fce9d7d3c808dcaf25c" member_type: VOTER last_known_addr { host: "127.7.124.194" port: 42931 } } peers { permanent_uuid: "91825e4fbe984c5fa07b84f647e38cd0" member_type: VOTER last_known_addr { host: "127.7.124.195" port: 34083 } }
I20260709 14:51:26.718921  8793 tablet_service.cc:1511] Processing CreateTablet for tablet e61c16cbdd1345ab8411f5cfb630328a (DEFAULT_TABLE table=test-workload [id=5b2158e77db948eaa0b023e847a9c0cc]), partition=RANGE (key) PARTITION 2074687539 <= VALUES < 2111085566
I20260709 14:51:26.720150  8793 data_dirs.cc:400] Could only allocate 1 dirs of requested 3 for tablet e61c16cbdd1345ab8411f5cfb630328a. 1 dirs total, 0 dirs full, 0 dirs failed
I20260709 14:51:26.720993  8878 tablet_service.cc:1917] Received RequestConsensusVote() RPC: tablet_id: "545514b3dcc5487a96f2344d5fd8d362" candidate_uuid: "3fac19649e284173a1059afc10bc3942" candidate_term: 1 candidate_status { last_received { term: 0 index: 0 } } ignore_live_leader: false dest_uuid: "f5f2286d37184fce9d7d3c808dcaf25c"
I20260709 14:51:26.721560  8878 raft_consensus.cc:3060] T 545514b3dcc5487a96f2344d5fd8d362 P f5f2286d37184fce9d7d3c808dcaf25c [term 0 FOLLOWER]: Advancing to term 1
I20260709 14:51:26.723272  8785 tablet_service.cc:1511] Processing CreateTablet for tablet dcdf72c8d8f14716bff9a3444079715e (DEFAULT_TABLE table=test-workload [id=5b2158e77db948eaa0b023e847a9c0cc]), partition=RANGE (key) PARTITION 2111085566 <= VALUES
I20260709 14:51:26.724632  8785 data_dirs.cc:400] Could only allocate 1 dirs of requested 3 for tablet dcdf72c8d8f14716bff9a3444079715e. 1 dirs total, 0 dirs full, 0 dirs failed
I20260709 14:51:26.739665  8994 raft_consensus.cc:359] T 5a75cd9d957e410080c02e14379a2f37 P f5f2286d37184fce9d7d3c808dcaf25c [term 0 FOLLOWER]: Replica starting. Triggering 0 pending ops. Active config: opid_index: -1 OBSOLETE_local: false peers { permanent_uuid: "91825e4fbe984c5fa07b84f647e38cd0" member_type: VOTER last_known_addr { host: "127.7.124.195" port: 34083 } } peers { permanent_uuid: "f5f2286d37184fce9d7d3c808dcaf25c" member_type: VOTER last_known_addr { host: "127.7.124.194" port: 42931 } } peers { permanent_uuid: "3fac19649e284173a1059afc10bc3942" member_type: VOTER last_known_addr { host: "127.7.124.193" port: 41935 } }
I20260709 14:51:26.740823  8994 raft_consensus.cc:385] T 5a75cd9d957e410080c02e14379a2f37 P f5f2286d37184fce9d7d3c808dcaf25c [term 0 FOLLOWER]: Consensus starting up: Expiring failure detector timer to make a prompt election more likely
I20260709 14:51:26.741149  8994 raft_consensus.cc:740] T 5a75cd9d957e410080c02e14379a2f37 P f5f2286d37184fce9d7d3c808dcaf25c [term 0 FOLLOWER]: Becoming Follower/Learner. State: Replica: f5f2286d37184fce9d7d3c808dcaf25c, State: Initialized, Role: FOLLOWER
I20260709 14:51:26.745995  9021 raft_consensus.cc:493] T 11265033dfed4e06906b6e21ac839c73 P f5f2286d37184fce9d7d3c808dcaf25c [term 0 FOLLOWER]: Starting pre-election (no leader contacted us within the election timeout)
I20260709 14:51:26.746515  9021 raft_consensus.cc:515] T 11265033dfed4e06906b6e21ac839c73 P f5f2286d37184fce9d7d3c808dcaf25c [term 0 FOLLOWER]: Starting pre-election with config: opid_index: -1 OBSOLETE_local: false peers { permanent_uuid: "3fac19649e284173a1059afc10bc3942" member_type: VOTER last_known_addr { host: "127.7.124.193" port: 41935 } } peers { permanent_uuid: "f5f2286d37184fce9d7d3c808dcaf25c" member_type: VOTER last_known_addr { host: "127.7.124.194" port: 42931 } } peers { permanent_uuid: "91825e4fbe984c5fa07b84f647e38cd0" member_type: VOTER last_known_addr { host: "127.7.124.195" port: 34083 } }
I20260709 14:51:26.748840  8866 data_dirs.cc:400] Could only allocate 1 dirs of requested 3 for tablet 9e2ef9852a0442929b8d1bfc945cc303. 1 dirs total, 0 dirs full, 0 dirs failed
I20260709 14:51:26.732481  8992 consensus_queue.cc:260] T 545514b3dcc5487a96f2344d5fd8d362 P 91825e4fbe984c5fa07b84f647e38cd0 [NON_LEADER]: Queue going to NON_LEADER mode. State: All replicated index: 0, Majority replicated index: 0, Committed index: 0, Last appended: 0.0, Last appended by leader: 0, Current term: 0, Majority size: -1, State: 0, Mode: NON_LEADER, active raft config: opid_index: -1 OBSOLETE_local: false peers { permanent_uuid: "3fac19649e284173a1059afc10bc3942" member_type: VOTER last_known_addr { host: "127.7.124.193" port: 41935 } } peers { permanent_uuid: "f5f2286d37184fce9d7d3c808dcaf25c" member_type: VOTER last_known_addr { host: "127.7.124.194" port: 42931 } } peers { permanent_uuid: "91825e4fbe984c5fa07b84f647e38cd0" member_type: VOTER last_known_addr { host: "127.7.124.195" port: 34083 } }
I20260709 14:51:26.758344  8992 ts_tablet_manager.cc:1434] T 545514b3dcc5487a96f2344d5fd8d362 P 91825e4fbe984c5fa07b84f647e38cd0: Time spent starting tablet: real 0.227s	user 0.007s	sys 0.007s
I20260709 14:51:26.758836  8865 tablet_service.cc:1511] Processing CreateTablet for tablet 8d1a26338ce74487a568d71cf147ce04 (DEFAULT_TABLE table=test-workload [id=5b2158e77db948eaa0b023e847a9c0cc]), partition=RANGE (key) PARTITION 1892697404 <= VALUES < 1929095431
I20260709 14:51:26.759262  8992 tablet_bootstrap.cc:492] T 2b78fba09b1a4d20a27d4145c6cf2cf3 P 91825e4fbe984c5fa07b84f647e38cd0: Bootstrap starting.
I20260709 14:51:26.760049  8865 data_dirs.cc:400] Could only allocate 1 dirs of requested 3 for tablet 8d1a26338ce74487a568d71cf147ce04. 1 dirs total, 0 dirs full, 0 dirs failed
I20260709 14:51:26.761096  8863 tablet_service.cc:1511] Processing CreateTablet for tablet abe9194541124798a61e6b318aac49e1 (DEFAULT_TABLE table=test-workload [id=5b2158e77db948eaa0b023e847a9c0cc]), partition=RANGE (key) PARTITION 1929095431 <= VALUES < 1965493458
I20260709 14:51:26.741891  8994 consensus_queue.cc:260] T 5a75cd9d957e410080c02e14379a2f37 P f5f2286d37184fce9d7d3c808dcaf25c [NON_LEADER]: Queue going to NON_LEADER mode. State: All replicated index: 0, Majority replicated index: 0, Committed index: 0, Last appended: 0.0, Last appended by leader: 0, Current term: 0, Majority size: -1, State: 0, Mode: NON_LEADER, active raft config: opid_index: -1 OBSOLETE_local: false peers { permanent_uuid: "91825e4fbe984c5fa07b84f647e38cd0" member_type: VOTER last_known_addr { host: "127.7.124.195" port: 34083 } } peers { permanent_uuid: "f5f2286d37184fce9d7d3c808dcaf25c" member_type: VOTER last_known_addr { host: "127.7.124.194" port: 42931 } } peers { permanent_uuid: "3fac19649e284173a1059afc10bc3942" member_type: VOTER last_known_addr { host: "127.7.124.193" port: 41935 } }
I20260709 14:51:26.762606  8863 data_dirs.cc:400] Could only allocate 1 dirs of requested 3 for tablet abe9194541124798a61e6b318aac49e1. 1 dirs total, 0 dirs full, 0 dirs failed
I20260709 14:51:26.764015  8999 raft_consensus.cc:493] T bbdb4d9f21bc4725bad6e99a80023680 P 91825e4fbe984c5fa07b84f647e38cd0 [term 0 FOLLOWER]: Starting pre-election (no leader contacted us within the election timeout)
I20260709 14:51:26.764498  9023 raft_consensus.cc:493] T 5a75cd9d957e410080c02e14379a2f37 P f5f2286d37184fce9d7d3c808dcaf25c [term 0 FOLLOWER]: Starting pre-election (no leader contacted us within the election timeout)
I20260709 14:51:26.765004  8994 ts_tablet_manager.cc:1434] T 5a75cd9d957e410080c02e14379a2f37 P f5f2286d37184fce9d7d3c808dcaf25c: Time spent starting tablet: real 0.062s	user 0.008s	sys 0.000s
I20260709 14:51:26.765961  8994 tablet_bootstrap.cc:492] T bbdb4d9f21bc4725bad6e99a80023680 P f5f2286d37184fce9d7d3c808dcaf25c: Bootstrap starting.
I20260709 14:51:26.764492  8999 raft_consensus.cc:515] T bbdb4d9f21bc4725bad6e99a80023680 P 91825e4fbe984c5fa07b84f647e38cd0 [term 0 FOLLOWER]: Starting pre-election with config: opid_index: -1 OBSOLETE_local: false peers { permanent_uuid: "3fac19649e284173a1059afc10bc3942" member_type: VOTER last_known_addr { host: "127.7.124.193" port: 41935 } } peers { permanent_uuid: "f5f2286d37184fce9d7d3c808dcaf25c" member_type: VOTER last_known_addr { host: "127.7.124.194" port: 42931 } } peers { permanent_uuid: "91825e4fbe984c5fa07b84f647e38cd0" member_type: VOTER last_known_addr { host: "127.7.124.195" port: 34083 } }
I20260709 14:51:26.770990  8859 tablet_service.cc:1511] Processing CreateTablet for tablet a538d1dda82e4f988133f08ec048c675 (DEFAULT_TABLE table=test-workload [id=5b2158e77db948eaa0b023e847a9c0cc]), partition=RANGE (key) PARTITION 2038289512 <= VALUES < 2074687539
I20260709 14:51:26.771772  8999 leader_election.cc:290] T bbdb4d9f21bc4725bad6e99a80023680 P 91825e4fbe984c5fa07b84f647e38cd0 [CANDIDATE]: Term 1 pre-election: Requested pre-vote from peers 3fac19649e284173a1059afc10bc3942 (127.7.124.193:41935), f5f2286d37184fce9d7d3c808dcaf25c (127.7.124.194:42931)
I20260709 14:51:26.772343  8859 data_dirs.cc:400] Could only allocate 1 dirs of requested 3 for tablet a538d1dda82e4f988133f08ec048c675. 1 dirs total, 0 dirs full, 0 dirs failed
I20260709 14:51:26.774113  8877 tablet_service.cc:1917] Received RequestConsensusVote() RPC: tablet_id: "bbdb4d9f21bc4725bad6e99a80023680" candidate_uuid: "91825e4fbe984c5fa07b84f647e38cd0" candidate_term: 1 candidate_status { last_received { term: 0 index: 0 } } ignore_live_leader: false dest_uuid: "f5f2286d37184fce9d7d3c808dcaf25c" is_pre_election: true
I20260709 14:51:26.775357  8803 tablet_service.cc:1917] Received RequestConsensusVote() RPC: tablet_id: "11265033dfed4e06906b6e21ac839c73" candidate_uuid: "f5f2286d37184fce9d7d3c808dcaf25c" candidate_term: 1 candidate_status { last_received { term: 0 index: 0 } } ignore_live_leader: false dest_uuid: "3fac19649e284173a1059afc10bc3942" is_pre_election: true
I20260709 14:51:26.768864  8952 raft_consensus.cc:2468] T 545514b3dcc5487a96f2344d5fd8d362 P 91825e4fbe984c5fa07b84f647e38cd0 [term 0 FOLLOWER]: Leader pre-election vote request: Granting yes vote for candidate 3fac19649e284173a1059afc10bc3942 in term 0.
I20260709 14:51:26.777328  8867 tablet_service.cc:1511] Processing CreateTablet for tablet 2eeb4398900541ff86435dc56bccdcb4 (DEFAULT_TABLE table=test-workload [id=5b2158e77db948eaa0b023e847a9c0cc]), partition=RANGE (key) PARTITION 1965493458 <= VALUES < 2001891485
W20260709 14:51:26.778252  8842 leader_election.cc:343] T 11265033dfed4e06906b6e21ac839c73 P f5f2286d37184fce9d7d3c808dcaf25c [CANDIDATE]: Term 1 pre-election: Tablet error from VoteRequest() call to peer 3fac19649e284173a1059afc10bc3942 (127.7.124.193:41935): Illegal state: must be running to vote when last-logged opid is not known
I20260709 14:51:26.778641  8867 data_dirs.cc:400] Could only allocate 1 dirs of requested 3 for tablet 2eeb4398900541ff86435dc56bccdcb4. 1 dirs total, 0 dirs full, 0 dirs failed
W20260709 14:51:26.778990  8917 leader_election.cc:343] T bbdb4d9f21bc4725bad6e99a80023680 P 91825e4fbe984c5fa07b84f647e38cd0 [CANDIDATE]: Term 1 pre-election: Tablet error from VoteRequest() call to peer f5f2286d37184fce9d7d3c808dcaf25c (127.7.124.194:42931): Illegal state: must be running to vote when last-logged opid is not known
I20260709 14:51:26.781096  8862 tablet_service.cc:1511] Processing CreateTablet for tablet e61c16cbdd1345ab8411f5cfb630328a (DEFAULT_TABLE table=test-workload [id=5b2158e77db948eaa0b023e847a9c0cc]), partition=RANGE (key) PARTITION 2074687539 <= VALUES < 2111085566
I20260709 14:51:26.782372  8862 data_dirs.cc:400] Could only allocate 1 dirs of requested 3 for tablet e61c16cbdd1345ab8411f5cfb630328a. 1 dirs total, 0 dirs full, 0 dirs failed
I20260709 14:51:26.783972  8868 tablet_service.cc:1511] Processing CreateTablet for tablet cb81f7fbada746a38bfd7e89be775023 (DEFAULT_TABLE table=test-workload [id=5b2158e77db948eaa0b023e847a9c0cc]), partition=RANGE (key) PARTITION 2001891485 <= VALUES < 2038289512
I20260709 14:51:26.785243  8868 data_dirs.cc:400] Could only allocate 1 dirs of requested 3 for tablet cb81f7fbada746a38bfd7e89be775023. 1 dirs total, 0 dirs full, 0 dirs failed
I20260709 14:51:26.776360  9025 consensus_queue.cc:1048] T 7e22367a55c94df29ed9f66b2caa8d4b P f5f2286d37184fce9d7d3c808dcaf25c [LEADER]: Connected to new peer: Peer: permanent_uuid: "91825e4fbe984c5fa07b84f647e38cd0" member_type: VOTER last_known_addr { host: "127.7.124.195" port: 34083 }, Status: LMP_MISMATCH, Last received: 0.0, Next index: 1, Last known committed idx: 0, Time since last communication: 0.001s
I20260709 14:51:26.766862  8878 raft_consensus.cc:2468] T 545514b3dcc5487a96f2344d5fd8d362 P f5f2286d37184fce9d7d3c808dcaf25c [term 1 FOLLOWER]: Leader election vote request: Granting yes vote for candidate 3fac19649e284173a1059afc10bc3942 in term 1.
I20260709 14:51:26.793365  9021 leader_election.cc:290] T 11265033dfed4e06906b6e21ac839c73 P f5f2286d37184fce9d7d3c808dcaf25c [CANDIDATE]: Term 1 pre-election: Requested pre-vote from peers 3fac19649e284173a1059afc10bc3942 (127.7.124.193:41935), 91825e4fbe984c5fa07b84f647e38cd0 (127.7.124.195:34083)
I20260709 14:51:26.764940  9023 raft_consensus.cc:515] T 5a75cd9d957e410080c02e14379a2f37 P f5f2286d37184fce9d7d3c808dcaf25c [term 0 FOLLOWER]: Starting pre-election with config: opid_index: -1 OBSOLETE_local: false peers { permanent_uuid: "91825e4fbe984c5fa07b84f647e38cd0" member_type: VOTER last_known_addr { host: "127.7.124.195" port: 34083 } } peers { permanent_uuid: "f5f2286d37184fce9d7d3c808dcaf25c" member_type: VOTER last_known_addr { host: "127.7.124.194" port: 42931 } } peers { permanent_uuid: "3fac19649e284173a1059afc10bc3942" member_type: VOTER last_known_addr { host: "127.7.124.193" port: 41935 } }
I20260709 14:51:26.795620  8951 tablet_service.cc:1917] Received RequestConsensusVote() RPC: tablet_id: "11265033dfed4e06906b6e21ac839c73" candidate_uuid: "f5f2286d37184fce9d7d3c808dcaf25c" candidate_term: 1 candidate_status { last_received { term: 0 index: 0 } } ignore_live_leader: false dest_uuid: "91825e4fbe984c5fa07b84f647e38cd0" is_pre_election: true
I20260709 14:51:26.799326  8938 tablet_service.cc:1511] Processing CreateTablet for tablet abe9194541124798a61e6b318aac49e1 (DEFAULT_TABLE table=test-workload [id=5b2158e77db948eaa0b023e847a9c0cc]), partition=RANGE (key) PARTITION 1929095431 <= VALUES < 1965493458
I20260709 14:51:26.800709  8938 data_dirs.cc:400] Could only allocate 1 dirs of requested 3 for tablet abe9194541124798a61e6b318aac49e1. 1 dirs total, 0 dirs full, 0 dirs failed
I20260709 14:51:26.801246  8939 tablet_service.cc:1511] Processing CreateTablet for tablet cb81f7fbada746a38bfd7e89be775023 (DEFAULT_TABLE table=test-workload [id=5b2158e77db948eaa0b023e847a9c0cc]), partition=RANGE (key) PARTITION 2001891485 <= VALUES < 2038289512
I20260709 14:51:26.802675  8940 tablet_service.cc:1511] Processing CreateTablet for tablet a538d1dda82e4f988133f08ec048c675 (DEFAULT_TABLE table=test-workload [id=5b2158e77db948eaa0b023e847a9c0cc]), partition=RANGE (key) PARTITION 2038289512 <= VALUES < 2074687539
I20260709 14:51:26.804175  8934 tablet_service.cc:1511] Processing CreateTablet for tablet e61c16cbdd1345ab8411f5cfb630328a (DEFAULT_TABLE table=test-workload [id=5b2158e77db948eaa0b023e847a9c0cc]), partition=RANGE (key) PARTITION 2074687539 <= VALUES < 2111085566
I20260709 14:51:26.804610  8803 tablet_service.cc:1917] Received RequestConsensusVote() RPC: tablet_id: "bbdb4d9f21bc4725bad6e99a80023680" candidate_uuid: "91825e4fbe984c5fa07b84f647e38cd0" candidate_term: 1 candidate_status { last_received { term: 0 index: 0 } } ignore_live_leader: false dest_uuid: "3fac19649e284173a1059afc10bc3942" is_pre_election: true
I20260709 14:51:26.805720  8936 tablet_service.cc:1511] Processing CreateTablet for tablet dcdf72c8d8f14716bff9a3444079715e (DEFAULT_TABLE table=test-workload [id=5b2158e77db948eaa0b023e847a9c0cc]), partition=RANGE (key) PARTITION 2111085566 <= VALUES
I20260709 14:51:26.806360  8864 tablet_service.cc:1511] Processing CreateTablet for tablet dcdf72c8d8f14716bff9a3444079715e (DEFAULT_TABLE table=test-workload [id=5b2158e77db948eaa0b023e847a9c0cc]), partition=RANGE (key) PARTITION 2111085566 <= VALUES
I20260709 14:51:26.816083  8864 data_dirs.cc:400] Could only allocate 1 dirs of requested 3 for tablet dcdf72c8d8f14716bff9a3444079715e. 1 dirs total, 0 dirs full, 0 dirs failed
I20260709 14:51:26.816967  8992 tablet_bootstrap.cc:654] T 2b78fba09b1a4d20a27d4145c6cf2cf3 P 91825e4fbe984c5fa07b84f647e38cd0: Neither blocks nor log segments found. Creating new log.
W20260709 14:51:26.807257  8843 leader_election.cc:343] T 11265033dfed4e06906b6e21ac839c73 P f5f2286d37184fce9d7d3c808dcaf25c [CANDIDATE]: Term 1 pre-election: Tablet error from VoteRequest() call to peer 91825e4fbe984c5fa07b84f647e38cd0 (127.7.124.195:34083): Illegal state: must be running to vote when last-logged opid is not known
I20260709 14:51:26.807482  8768 leader_election.cc:304] T 545514b3dcc5487a96f2344d5fd8d362 P 3fac19649e284173a1059afc10bc3942 [CANDIDATE]: Term 1 election: Election decided. Result: candidate won. Election summary: received 2 responses out of 3 voters: 2 yes votes; 0 no votes. yes voters: 3fac19649e284173a1059afc10bc3942, f5f2286d37184fce9d7d3c808dcaf25c; no voters: 
I20260709 14:51:26.808631  8951 tablet_service.cc:1917] Received RequestConsensusVote() RPC: tablet_id: "5a75cd9d957e410080c02e14379a2f37" candidate_uuid: "f5f2286d37184fce9d7d3c808dcaf25c" candidate_term: 1 candidate_status { last_received { term: 0 index: 0 } } ignore_live_leader: false dest_uuid: "91825e4fbe984c5fa07b84f647e38cd0" is_pre_election: true
I20260709 14:51:26.812997  8940 data_dirs.cc:400] Could only allocate 1 dirs of requested 3 for tablet a538d1dda82e4f988133f08ec048c675. 1 dirs total, 0 dirs full, 0 dirs failed
I20260709 14:51:26.833969  8701 catalog_manager.cc:5697] T 5a75cd9d957e410080c02e14379a2f37 P 91825e4fbe984c5fa07b84f647e38cd0 reported cstate change: term changed from 0 to 1, leader changed from <none> to 91825e4fbe984c5fa07b84f647e38cd0 (127.7.124.195). New cstate: current_term: 1 leader_uuid: "91825e4fbe984c5fa07b84f647e38cd0" committed_config { opid_index: -1 OBSOLETE_local: false peers { permanent_uuid: "91825e4fbe984c5fa07b84f647e38cd0" member_type: VOTER last_known_addr { host: "127.7.124.195" port: 34083 } health_report { overall_health: HEALTHY } } peers { permanent_uuid: "f5f2286d37184fce9d7d3c808dcaf25c" member_type: VOTER last_known_addr { host: "127.7.124.194" port: 42931 } health_report { overall_health: UNKNOWN } } peers { permanent_uuid: "3fac19649e284173a1059afc10bc3942" member_type: VOTER last_known_addr { host: "127.7.124.193" port: 41935 } health_report { overall_health: UNKNOWN } } }
I20260709 14:51:26.837338  8941 tablet_service.cc:1511] Processing CreateTablet for tablet 8d1a26338ce74487a568d71cf147ce04 (DEFAULT_TABLE table=test-workload [id=5b2158e77db948eaa0b023e847a9c0cc]), partition=RANGE (key) PARTITION 1892697404 <= VALUES < 1929095431
I20260709 14:51:26.830758  8843 leader_election.cc:304] T 11265033dfed4e06906b6e21ac839c73 P f5f2286d37184fce9d7d3c808dcaf25c [CANDIDATE]: Term 1 pre-election: Election decided. Result: candidate lost. Election summary: received 3 responses out of 3 voters: 1 yes votes; 2 no votes. yes voters: f5f2286d37184fce9d7d3c808dcaf25c; no voters: 3fac19649e284173a1059afc10bc3942, 91825e4fbe984c5fa07b84f647e38cd0
I20260709 14:51:26.848554  9021 raft_consensus.cc:2749] T 11265033dfed4e06906b6e21ac839c73 P f5f2286d37184fce9d7d3c808dcaf25c [term 0 FOLLOWER]: Leader pre-election lost for term 1. Reason: could not achieve majority
I20260709 14:51:26.831030  8998 leader_election.cc:290] T 545514b3dcc5487a96f2344d5fd8d362 P 3fac19649e284173a1059afc10bc3942 [CANDIDATE]: Term 1 election: Requested vote from peers f5f2286d37184fce9d7d3c808dcaf25c (127.7.124.194:42931), 91825e4fbe984c5fa07b84f647e38cd0 (127.7.124.195:34083)
I20260709 14:51:26.849381  8998 raft_consensus.cc:2804] T 545514b3dcc5487a96f2344d5fd8d362 P 3fac19649e284173a1059afc10bc3942 [term 1 FOLLOWER]: Leader election won for term 1
I20260709 14:51:26.848495  8933 tablet_service.cc:1511] Processing CreateTablet for tablet 2eeb4398900541ff86435dc56bccdcb4 (DEFAULT_TABLE table=test-workload [id=5b2158e77db948eaa0b023e847a9c0cc]), partition=RANGE (key) PARTITION 1965493458 <= VALUES < 2001891485
I20260709 14:51:26.849808  8998 raft_consensus.cc:697] T 545514b3dcc5487a96f2344d5fd8d362 P 3fac19649e284173a1059afc10bc3942 [term 1 LEADER]: Becoming Leader. State: Replica: 3fac19649e284173a1059afc10bc3942, State: Running, Role: LEADER
I20260709 14:51:26.850657  8998 consensus_queue.cc:237] T 545514b3dcc5487a96f2344d5fd8d362 P 3fac19649e284173a1059afc10bc3942 [LEADER]: Queue going to LEADER mode. State: All replicated index: 0, Majority replicated index: 0, Committed index: 0, Last appended: 0.0, Last appended by leader: 0, Current term: 1, Majority size: 2, State: 0, Mode: LEADER, active raft config: opid_index: -1 OBSOLETE_local: false peers { permanent_uuid: "3fac19649e284173a1059afc10bc3942" member_type: VOTER last_known_addr { host: "127.7.124.193" port: 41935 } } peers { permanent_uuid: "f5f2286d37184fce9d7d3c808dcaf25c" member_type: VOTER last_known_addr { host: "127.7.124.194" port: 42931 } } peers { permanent_uuid: "91825e4fbe984c5fa07b84f647e38cd0" member_type: VOTER last_known_addr { host: "127.7.124.195" port: 34083 } }
I20260709 14:51:26.854853  8803 tablet_service.cc:1917] Received RequestConsensusVote() RPC: tablet_id: "5a75cd9d957e410080c02e14379a2f37" candidate_uuid: "f5f2286d37184fce9d7d3c808dcaf25c" candidate_term: 1 candidate_status { last_received { term: 0 index: 0 } } ignore_live_leader: false dest_uuid: "3fac19649e284173a1059afc10bc3942" is_pre_election: true
I20260709 14:51:26.855564  8803 raft_consensus.cc:2393] T 5a75cd9d957e410080c02e14379a2f37 P 3fac19649e284173a1059afc10bc3942 [term 1 FOLLOWER]: Leader pre-election vote request: Denying vote to candidate f5f2286d37184fce9d7d3c808dcaf25c in current term 1: Already voted for candidate 91825e4fbe984c5fa07b84f647e38cd0 in this term.
I20260709 14:51:26.833292  9023 leader_election.cc:290] T 5a75cd9d957e410080c02e14379a2f37 P f5f2286d37184fce9d7d3c808dcaf25c [CANDIDATE]: Term 1 pre-election: Requested pre-vote from peers 91825e4fbe984c5fa07b84f647e38cd0 (127.7.124.195:34083), 3fac19649e284173a1059afc10bc3942 (127.7.124.193:41935)
W20260709 14:51:26.833395  8916 leader_election.cc:343] T bbdb4d9f21bc4725bad6e99a80023680 P 91825e4fbe984c5fa07b84f647e38cd0 [CANDIDATE]: Term 1 pre-election: Tablet error from VoteRequest() call to peer 3fac19649e284173a1059afc10bc3942 (127.7.124.193:41935): Illegal state: must be running to vote when last-logged opid is not known
I20260709 14:51:26.856737  8842 leader_election.cc:304] T 5a75cd9d957e410080c02e14379a2f37 P f5f2286d37184fce9d7d3c808dcaf25c [CANDIDATE]: Term 1 pre-election: Election decided. Result: candidate lost. Election summary: received 3 responses out of 3 voters: 1 yes votes; 2 no votes. yes voters: f5f2286d37184fce9d7d3c808dcaf25c; no voters: 3fac19649e284173a1059afc10bc3942, 91825e4fbe984c5fa07b84f647e38cd0
I20260709 14:51:26.864195  9023 raft_consensus.cc:3060] T 5a75cd9d957e410080c02e14379a2f37 P f5f2286d37184fce9d7d3c808dcaf25c [term 0 FOLLOWER]: Advancing to term 1
I20260709 14:51:26.867118  8700 catalog_manager.cc:5697] T 4c4f65b99f6f45f594a4b50c82a64175 P f5f2286d37184fce9d7d3c808dcaf25c reported cstate change: term changed from 0 to 1, leader changed from <none> to f5f2286d37184fce9d7d3c808dcaf25c (127.7.124.194). New cstate: current_term: 1 leader_uuid: "f5f2286d37184fce9d7d3c808dcaf25c" committed_config { opid_index: -1 OBSOLETE_local: false peers { permanent_uuid: "3fac19649e284173a1059afc10bc3942" member_type: VOTER last_known_addr { host: "127.7.124.193" port: 41935 } health_report { overall_health: UNKNOWN } } peers { permanent_uuid: "f5f2286d37184fce9d7d3c808dcaf25c" member_type: VOTER last_known_addr { host: "127.7.124.194" port: 42931 } health_report { overall_health: HEALTHY } } peers { permanent_uuid: "91825e4fbe984c5fa07b84f647e38cd0" member_type: VOTER last_known_addr { host: "127.7.124.195" port: 34083 } health_report { overall_health: UNKNOWN } } }
I20260709 14:51:26.856984  8916 leader_election.cc:304] T bbdb4d9f21bc4725bad6e99a80023680 P 91825e4fbe984c5fa07b84f647e38cd0 [CANDIDATE]: Term 1 pre-election: Election decided. Result: candidate lost. Election summary: received 3 responses out of 3 voters: 1 yes votes; 2 no votes. yes voters: 91825e4fbe984c5fa07b84f647e38cd0; no voters: 3fac19649e284173a1059afc10bc3942, f5f2286d37184fce9d7d3c808dcaf25c
I20260709 14:51:26.868844  8934 data_dirs.cc:400] Could only allocate 1 dirs of requested 3 for tablet e61c16cbdd1345ab8411f5cfb630328a. 1 dirs total, 0 dirs full, 0 dirs failed
I20260709 14:51:26.869190  8999 raft_consensus.cc:2749] T bbdb4d9f21bc4725bad6e99a80023680 P 91825e4fbe984c5fa07b84f647e38cd0 [term 0 FOLLOWER]: Leader pre-election lost for term 1. Reason: could not achieve majority
I20260709 14:51:26.873143  8936 data_dirs.cc:400] Could only allocate 1 dirs of requested 3 for tablet dcdf72c8d8f14716bff9a3444079715e. 1 dirs total, 0 dirs full, 0 dirs failed
I20260709 14:51:26.876662  9021 consensus_queue.cc:1048] T 7e22367a55c94df29ed9f66b2caa8d4b P f5f2286d37184fce9d7d3c808dcaf25c [LEADER]: Connected to new peer: Peer: permanent_uuid: "3fac19649e284173a1059afc10bc3942" member_type: VOTER last_known_addr { host: "127.7.124.193" port: 41935 }, Status: LMP_MISMATCH, Last received: 0.0, Next index: 1, Last known committed idx: 0, Time since last communication: 0.000s
I20260709 14:51:26.889324  8941 data_dirs.cc:400] Could only allocate 1 dirs of requested 3 for tablet 8d1a26338ce74487a568d71cf147ce04. 1 dirs total, 0 dirs full, 0 dirs failed
W20260709 14:51:26.891989  8768 outbound_call.cc:321] RPC callback for RPC call kudu.consensus.ConsensusService.RequestConsensusVote -> {remote=127.7.124.194:42931, user_credentials={real_user=slave}} blocked reactor thread for 84606.3us
I20260709 14:51:26.900701  8994 tablet_bootstrap.cc:654] T bbdb4d9f21bc4725bad6e99a80023680 P f5f2286d37184fce9d7d3c808dcaf25c: Neither blocks nor log segments found. Creating new log.
I20260709 14:51:26.902127  8999 consensus_queue.cc:1048] T a558d2119dfb486b9468845a8cbc434a P 91825e4fbe984c5fa07b84f647e38cd0 [LEADER]: Connected to new peer: Peer: permanent_uuid: "3fac19649e284173a1059afc10bc3942" member_type: VOTER last_known_addr { host: "127.7.124.193" port: 41935 }, Status: LMP_MISMATCH, Last received: 0.0, Next index: 1, Last known committed idx: 0, Time since last communication: 0.000s
I20260709 14:51:26.902201  8933 data_dirs.cc:400] Could only allocate 1 dirs of requested 3 for tablet 2eeb4398900541ff86435dc56bccdcb4. 1 dirs total, 0 dirs full, 0 dirs failed
I20260709 14:51:26.911741  8939 data_dirs.cc:400] Could only allocate 1 dirs of requested 3 for tablet cb81f7fbada746a38bfd7e89be775023. 1 dirs total, 0 dirs full, 0 dirs failed
I20260709 14:51:26.914709  9023 raft_consensus.cc:2749] T 5a75cd9d957e410080c02e14379a2f37 P f5f2286d37184fce9d7d3c808dcaf25c [term 1 FOLLOWER]: Leader pre-election lost for term 1. Reason: could not achieve majority
I20260709 14:51:26.909081  8951 tablet_service.cc:1917] Received RequestConsensusVote() RPC: tablet_id: "545514b3dcc5487a96f2344d5fd8d362" candidate_uuid: "3fac19649e284173a1059afc10bc3942" candidate_term: 1 candidate_status { last_received { term: 0 index: 0 } } ignore_live_leader: false dest_uuid: "91825e4fbe984c5fa07b84f647e38cd0"
I20260709 14:51:26.915499  8951 raft_consensus.cc:3060] T 545514b3dcc5487a96f2344d5fd8d362 P 91825e4fbe984c5fa07b84f647e38cd0 [term 0 FOLLOWER]: Advancing to term 1
I20260709 14:51:26.923000  8992 tablet_bootstrap.cc:492] T 2b78fba09b1a4d20a27d4145c6cf2cf3 P 91825e4fbe984c5fa07b84f647e38cd0: No bootstrap required, opened a new log
I20260709 14:51:26.923506  8992 ts_tablet_manager.cc:1403] T 2b78fba09b1a4d20a27d4145c6cf2cf3 P 91825e4fbe984c5fa07b84f647e38cd0: Time spent bootstrapping tablet: real 0.164s	user 0.011s	sys 0.027s
I20260709 14:51:26.928836  8993 tablet_bootstrap.cc:492] T bbdb4d9f21bc4725bad6e99a80023680 P 3fac19649e284173a1059afc10bc3942: No bootstrap required, opened a new log
I20260709 14:51:26.929425  8993 ts_tablet_manager.cc:1403] T bbdb4d9f21bc4725bad6e99a80023680 P 3fac19649e284173a1059afc10bc3942: Time spent bootstrapping tablet: real 0.243s	user 0.033s	sys 0.042s
I20260709 14:51:26.933211  8951 raft_consensus.cc:2468] T 545514b3dcc5487a96f2344d5fd8d362 P 91825e4fbe984c5fa07b84f647e38cd0 [term 1 FOLLOWER]: Leader election vote request: Granting yes vote for candidate 3fac19649e284173a1059afc10bc3942 in term 1.
I20260709 14:51:26.936501  8878 raft_consensus.cc:3060] T a558d2119dfb486b9468845a8cbc434a P f5f2286d37184fce9d7d3c808dcaf25c [term 0 FOLLOWER]: Advancing to term 1
I20260709 14:51:26.933106  8993 raft_consensus.cc:359] T bbdb4d9f21bc4725bad6e99a80023680 P 3fac19649e284173a1059afc10bc3942 [term 0 FOLLOWER]: Replica starting. Triggering 0 pending ops. Active config: opid_index: -1 OBSOLETE_local: false peers { permanent_uuid: "3fac19649e284173a1059afc10bc3942" member_type: VOTER last_known_addr { host: "127.7.124.193" port: 41935 } } peers { permanent_uuid: "f5f2286d37184fce9d7d3c808dcaf25c" member_type: VOTER last_known_addr { host: "127.7.124.194" port: 42931 } } peers { permanent_uuid: "91825e4fbe984c5fa07b84f647e38cd0" member_type: VOTER last_known_addr { host: "127.7.124.195" port: 34083 } }
I20260709 14:51:26.942077  8994 tablet_bootstrap.cc:492] T bbdb4d9f21bc4725bad6e99a80023680 P f5f2286d37184fce9d7d3c808dcaf25c: No bootstrap required, opened a new log
I20260709 14:51:26.943890  8994 ts_tablet_manager.cc:1403] T bbdb4d9f21bc4725bad6e99a80023680 P f5f2286d37184fce9d7d3c808dcaf25c: Time spent bootstrapping tablet: real 0.178s	user 0.011s	sys 0.000s
I20260709 14:51:26.946583  8994 raft_consensus.cc:359] T bbdb4d9f21bc4725bad6e99a80023680 P f5f2286d37184fce9d7d3c808dcaf25c [term 0 FOLLOWER]: Replica starting. Triggering 0 pending ops. Active config: opid_index: -1 OBSOLETE_local: false peers { permanent_uuid: "3fac19649e284173a1059afc10bc3942" member_type: VOTER last_known_addr { host: "127.7.124.193" port: 41935 } } peers { permanent_uuid: "f5f2286d37184fce9d7d3c808dcaf25c" member_type: VOTER last_known_addr { host: "127.7.124.194" port: 42931 } } peers { permanent_uuid: "91825e4fbe984c5fa07b84f647e38cd0" member_type: VOTER last_known_addr { host: "127.7.124.195" port: 34083 } }
I20260709 14:51:26.947113  8994 raft_consensus.cc:385] T bbdb4d9f21bc4725bad6e99a80023680 P f5f2286d37184fce9d7d3c808dcaf25c [term 0 FOLLOWER]: Consensus starting up: Expiring failure detector timer to make a prompt election more likely
I20260709 14:51:26.947351  8994 raft_consensus.cc:740] T bbdb4d9f21bc4725bad6e99a80023680 P f5f2286d37184fce9d7d3c808dcaf25c [term 0 FOLLOWER]: Becoming Follower/Learner. State: Replica: f5f2286d37184fce9d7d3c808dcaf25c, State: Initialized, Role: FOLLOWER
I20260709 14:51:26.948076  8994 consensus_queue.cc:260] T bbdb4d9f21bc4725bad6e99a80023680 P f5f2286d37184fce9d7d3c808dcaf25c [NON_LEADER]: Queue going to NON_LEADER mode. State: All replicated index: 0, Majority replicated index: 0, Committed index: 0, Last appended: 0.0, Last appended by leader: 0, Current term: 0, Majority size: -1, State: 0, Mode: NON_LEADER, active raft config: opid_index: -1 OBSOLETE_local: false peers { permanent_uuid: "3fac19649e284173a1059afc10bc3942" member_type: VOTER last_known_addr { host: "127.7.124.193" port: 41935 } } peers { permanent_uuid: "f5f2286d37184fce9d7d3c808dcaf25c" member_type: VOTER last_known_addr { host: "127.7.124.194" port: 42931 } } peers { permanent_uuid: "91825e4fbe984c5fa07b84f647e38cd0" member_type: VOTER last_known_addr { host: "127.7.124.195" port: 34083 } }
I20260709 14:51:26.946420  8993 raft_consensus.cc:385] T bbdb4d9f21bc4725bad6e99a80023680 P 3fac19649e284173a1059afc10bc3942 [term 0 FOLLOWER]: Consensus starting up: Expiring failure detector timer to make a prompt election more likely
I20260709 14:51:26.952831  8993 raft_consensus.cc:740] T bbdb4d9f21bc4725bad6e99a80023680 P 3fac19649e284173a1059afc10bc3942 [term 0 FOLLOWER]: Becoming Follower/Learner. State: Replica: 3fac19649e284173a1059afc10bc3942, State: Initialized, Role: FOLLOWER
I20260709 14:51:26.953565  8993 consensus_queue.cc:260] T bbdb4d9f21bc4725bad6e99a80023680 P 3fac19649e284173a1059afc10bc3942 [NON_LEADER]: Queue going to NON_LEADER mode. State: All replicated index: 0, Majority replicated index: 0, Committed index: 0, Last appended: 0.0, Last appended by leader: 0, Current term: 0, Majority size: -1, State: 0, Mode: NON_LEADER, active raft config: opid_index: -1 OBSOLETE_local: false peers { permanent_uuid: "3fac19649e284173a1059afc10bc3942" member_type: VOTER last_known_addr { host: "127.7.124.193" port: 41935 } } peers { permanent_uuid: "f5f2286d37184fce9d7d3c808dcaf25c" member_type: VOTER last_known_addr { host: "127.7.124.194" port: 42931 } } peers { permanent_uuid: "91825e4fbe984c5fa07b84f647e38cd0" member_type: VOTER last_known_addr { host: "127.7.124.195" port: 34083 } }
I20260709 14:51:26.955662  8993 ts_tablet_manager.cc:1434] T bbdb4d9f21bc4725bad6e99a80023680 P 3fac19649e284173a1059afc10bc3942: Time spent starting tablet: real 0.026s	user 0.003s	sys 0.002s
I20260709 14:51:26.950670  8994 ts_tablet_manager.cc:1434] T bbdb4d9f21bc4725bad6e99a80023680 P f5f2286d37184fce9d7d3c808dcaf25c: Time spent starting tablet: real 0.006s	user 0.006s	sys 0.000s
I20260709 14:51:26.957129  8994 tablet_bootstrap.cc:492] T 2b78fba09b1a4d20a27d4145c6cf2cf3 P f5f2286d37184fce9d7d3c808dcaf25c: Bootstrap starting.
I20260709 14:51:26.968652  8994 tablet_bootstrap.cc:654] T 2b78fba09b1a4d20a27d4145c6cf2cf3 P f5f2286d37184fce9d7d3c808dcaf25c: Neither blocks nor log segments found. Creating new log.
I20260709 14:51:26.976164  8992 raft_consensus.cc:359] T 2b78fba09b1a4d20a27d4145c6cf2cf3 P 91825e4fbe984c5fa07b84f647e38cd0 [term 0 FOLLOWER]: Replica starting. Triggering 0 pending ops. Active config: opid_index: -1 OBSOLETE_local: false peers { permanent_uuid: "3fac19649e284173a1059afc10bc3942" member_type: VOTER last_known_addr { host: "127.7.124.193" port: 41935 } } peers { permanent_uuid: "f5f2286d37184fce9d7d3c808dcaf25c" member_type: VOTER last_known_addr { host: "127.7.124.194" port: 42931 } } peers { permanent_uuid: "91825e4fbe984c5fa07b84f647e38cd0" member_type: VOTER last_known_addr { host: "127.7.124.195" port: 34083 } }
I20260709 14:51:26.976940  8992 raft_consensus.cc:385] T 2b78fba09b1a4d20a27d4145c6cf2cf3 P 91825e4fbe984c5fa07b84f647e38cd0 [term 0 FOLLOWER]: Consensus starting up: Expiring failure detector timer to make a prompt election more likely
I20260709 14:51:26.977224  8992 raft_consensus.cc:740] T 2b78fba09b1a4d20a27d4145c6cf2cf3 P 91825e4fbe984c5fa07b84f647e38cd0 [term 0 FOLLOWER]: Becoming Follower/Learner. State: Replica: 91825e4fbe984c5fa07b84f647e38cd0, State: Initialized, Role: FOLLOWER
I20260709 14:51:26.977919  8992 consensus_queue.cc:260] T 2b78fba09b1a4d20a27d4145c6cf2cf3 P 91825e4fbe984c5fa07b84f647e38cd0 [NON_LEADER]: Queue going to NON_LEADER mode. State: All replicated index: 0, Majority replicated index: 0, Committed index: 0, Last appended: 0.0, Last appended by leader: 0, Current term: 0, Majority size: -1, State: 0, Mode: NON_LEADER, active raft config: opid_index: -1 OBSOLETE_local: false peers { permanent_uuid: "3fac19649e284173a1059afc10bc3942" member_type: VOTER last_known_addr { host: "127.7.124.193" port: 41935 } } peers { permanent_uuid: "f5f2286d37184fce9d7d3c808dcaf25c" member_type: VOTER last_known_addr { host: "127.7.124.194" port: 42931 } } peers { permanent_uuid: "91825e4fbe984c5fa07b84f647e38cd0" member_type: VOTER last_known_addr { host: "127.7.124.195" port: 34083 } }
I20260709 14:51:26.978632  8993 tablet_bootstrap.cc:492] T cb00169bfb2a429aaadc0fa8b4f51aa0 P 3fac19649e284173a1059afc10bc3942: Bootstrap starting.
I20260709 14:51:26.989370  9015 consensus_queue.cc:1048] T 5a75cd9d957e410080c02e14379a2f37 P 91825e4fbe984c5fa07b84f647e38cd0 [LEADER]: Connected to new peer: Peer: permanent_uuid: "f5f2286d37184fce9d7d3c808dcaf25c" member_type: VOTER last_known_addr { host: "127.7.124.194" port: 42931 }, Status: LMP_MISMATCH, Last received: 0.0, Next index: 1, Last known committed idx: 0, Time since last communication: 0.000s
I20260709 14:51:27.004289  9025 raft_consensus.cc:493] T a558d2119dfb486b9468845a8cbc434a P f5f2286d37184fce9d7d3c808dcaf25c [term 1 FOLLOWER]: Starting pre-election (no leader contacted us within the election timeout)
I20260709 14:51:27.004846  9025 raft_consensus.cc:515] T a558d2119dfb486b9468845a8cbc434a P f5f2286d37184fce9d7d3c808dcaf25c [term 1 FOLLOWER]: Starting pre-election with config: opid_index: -1 OBSOLETE_local: false peers { permanent_uuid: "3fac19649e284173a1059afc10bc3942" member_type: VOTER last_known_addr { host: "127.7.124.193" port: 41935 } } peers { permanent_uuid: "f5f2286d37184fce9d7d3c808dcaf25c" member_type: VOTER last_known_addr { host: "127.7.124.194" port: 42931 } } peers { permanent_uuid: "91825e4fbe984c5fa07b84f647e38cd0" member_type: VOTER last_known_addr { host: "127.7.124.195" port: 34083 } }
I20260709 14:51:27.015873  8993 tablet_bootstrap.cc:654] T cb00169bfb2a429aaadc0fa8b4f51aa0 P 3fac19649e284173a1059afc10bc3942: Neither blocks nor log segments found. Creating new log.
I20260709 14:51:27.019476  9055 consensus_queue.cc:1048] T 5a75cd9d957e410080c02e14379a2f37 P 91825e4fbe984c5fa07b84f647e38cd0 [LEADER]: Connected to new peer: Peer: permanent_uuid: "3fac19649e284173a1059afc10bc3942" member_type: VOTER last_known_addr { host: "127.7.124.193" port: 41935 }, Status: LMP_MISMATCH, Last received: 0.0, Next index: 1, Last known committed idx: 0, Time since last communication: 0.001s
I20260709 14:51:27.022650  8994 tablet_bootstrap.cc:492] T 2b78fba09b1a4d20a27d4145c6cf2cf3 P f5f2286d37184fce9d7d3c808dcaf25c: No bootstrap required, opened a new log
I20260709 14:51:27.023119  8994 ts_tablet_manager.cc:1403] T 2b78fba09b1a4d20a27d4145c6cf2cf3 P f5f2286d37184fce9d7d3c808dcaf25c: Time spent bootstrapping tablet: real 0.066s	user 0.012s	sys 0.003s
I20260709 14:51:27.025727  8994 raft_consensus.cc:359] T 2b78fba09b1a4d20a27d4145c6cf2cf3 P f5f2286d37184fce9d7d3c808dcaf25c [term 0 FOLLOWER]: Replica starting. Triggering 0 pending ops. Active config: opid_index: -1 OBSOLETE_local: false peers { permanent_uuid: "3fac19649e284173a1059afc10bc3942" member_type: VOTER last_known_addr { host: "127.7.124.193" port: 41935 } } peers { permanent_uuid: "f5f2286d37184fce9d7d3c808dcaf25c" member_type: VOTER last_known_addr { host: "127.7.124.194" port: 42931 } } peers { permanent_uuid: "91825e4fbe984c5fa07b84f647e38cd0" member_type: VOTER last_known_addr { host: "127.7.124.195" port: 34083 } }
I20260709 14:51:27.026386  8994 raft_consensus.cc:385] T 2b78fba09b1a4d20a27d4145c6cf2cf3 P f5f2286d37184fce9d7d3c808dcaf25c [term 0 FOLLOWER]: Consensus starting up: Expiring failure detector timer to make a prompt election more likely
I20260709 14:51:27.026621  8994 raft_consensus.cc:740] T 2b78fba09b1a4d20a27d4145c6cf2cf3 P f5f2286d37184fce9d7d3c808dcaf25c [term 0 FOLLOWER]: Becoming Follower/Learner. State: Replica: f5f2286d37184fce9d7d3c808dcaf25c, State: Initialized, Role: FOLLOWER
I20260709 14:51:27.027318  8994 consensus_queue.cc:260] T 2b78fba09b1a4d20a27d4145c6cf2cf3 P f5f2286d37184fce9d7d3c808dcaf25c [NON_LEADER]: Queue going to NON_LEADER mode. State: All replicated index: 0, Majority replicated index: 0, Committed index: 0, Last appended: 0.0, Last appended by leader: 0, Current term: 0, Majority size: -1, State: 0, Mode: NON_LEADER, active raft config: opid_index: -1 OBSOLETE_local: false peers { permanent_uuid: "3fac19649e284173a1059afc10bc3942" member_type: VOTER last_known_addr { host: "127.7.124.193" port: 41935 } } peers { permanent_uuid: "f5f2286d37184fce9d7d3c808dcaf25c" member_type: VOTER last_known_addr { host: "127.7.124.194" port: 42931 } } peers { permanent_uuid: "91825e4fbe984c5fa07b84f647e38cd0" member_type: VOTER last_known_addr { host: "127.7.124.195" port: 34083 } }
I20260709 14:51:27.029171  8994 ts_tablet_manager.cc:1434] T 2b78fba09b1a4d20a27d4145c6cf2cf3 P f5f2286d37184fce9d7d3c808dcaf25c: Time spent starting tablet: real 0.006s	user 0.006s	sys 0.001s
I20260709 14:51:27.028967  8700 catalog_manager.cc:5697] T 545514b3dcc5487a96f2344d5fd8d362 P 3fac19649e284173a1059afc10bc3942 reported cstate change: term changed from 0 to 1, leader changed from <none> to 3fac19649e284173a1059afc10bc3942 (127.7.124.193). New cstate: current_term: 1 leader_uuid: "3fac19649e284173a1059afc10bc3942" committed_config { opid_index: -1 OBSOLETE_local: false peers { permanent_uuid: "3fac19649e284173a1059afc10bc3942" member_type: VOTER last_known_addr { host: "127.7.124.193" port: 41935 } health_report { overall_health: HEALTHY } } peers { permanent_uuid: "f5f2286d37184fce9d7d3c808dcaf25c" member_type: VOTER last_known_addr { host: "127.7.124.194" port: 42931 } health_report { overall_health: UNKNOWN } } peers { permanent_uuid: "91825e4fbe984c5fa07b84f647e38cd0" member_type: VOTER last_known_addr { host: "127.7.124.195" port: 34083 } health_report { overall_health: UNKNOWN } } }
I20260709 14:51:27.029997  8994 tablet_bootstrap.cc:492] T 1e7d47ae8b9d443d9a81f8bcade9ac8f P f5f2286d37184fce9d7d3c808dcaf25c: Bootstrap starting.
I20260709 14:51:27.039490  9015 consensus_queue.cc:1048] T a558d2119dfb486b9468845a8cbc434a P 91825e4fbe984c5fa07b84f647e38cd0 [LEADER]: Connected to new peer: Peer: permanent_uuid: "f5f2286d37184fce9d7d3c808dcaf25c" member_type: VOTER last_known_addr { host: "127.7.124.194" port: 42931 }, Status: LMP_MISMATCH, Last received: 0.0, Next index: 1, Last known committed idx: 0, Time since last communication: 0.000s
I20260709 14:51:27.042857  8951 tablet_service.cc:1917] Received RequestConsensusVote() RPC: tablet_id: "a558d2119dfb486b9468845a8cbc434a" candidate_uuid: "f5f2286d37184fce9d7d3c808dcaf25c" candidate_term: 2 candidate_status { last_received { term: 0 index: 0 } } ignore_live_leader: false dest_uuid: "91825e4fbe984c5fa07b84f647e38cd0" is_pre_election: true
I20260709 14:51:27.045435  9025 leader_election.cc:290] T a558d2119dfb486b9468845a8cbc434a P f5f2286d37184fce9d7d3c808dcaf25c [CANDIDATE]: Term 2 pre-election: Requested pre-vote from peers 3fac19649e284173a1059afc10bc3942 (127.7.124.193:41935), 91825e4fbe984c5fa07b84f647e38cd0 (127.7.124.195:34083)
I20260709 14:51:27.057519  8994 tablet_bootstrap.cc:654] T 1e7d47ae8b9d443d9a81f8bcade9ac8f P f5f2286d37184fce9d7d3c808dcaf25c: Neither blocks nor log segments found. Creating new log.
I20260709 14:51:27.061887  8992 ts_tablet_manager.cc:1434] T 2b78fba09b1a4d20a27d4145c6cf2cf3 P 91825e4fbe984c5fa07b84f647e38cd0: Time spent starting tablet: real 0.138s	user 0.012s	sys 0.008s
I20260709 14:51:27.062929  8992 tablet_bootstrap.cc:492] T 4c4f65b99f6f45f594a4b50c82a64175 P 91825e4fbe984c5fa07b84f647e38cd0: Bootstrap starting.
I20260709 14:51:27.063145  8801 tablet_service.cc:1917] Received RequestConsensusVote() RPC: tablet_id: "a558d2119dfb486b9468845a8cbc434a" candidate_uuid: "f5f2286d37184fce9d7d3c808dcaf25c" candidate_term: 2 candidate_status { last_received { term: 0 index: 0 } } ignore_live_leader: false dest_uuid: "3fac19649e284173a1059afc10bc3942" is_pre_election: true
I20260709 14:51:27.065898  8842 leader_election.cc:304] T a558d2119dfb486b9468845a8cbc434a P f5f2286d37184fce9d7d3c808dcaf25c [CANDIDATE]: Term 2 pre-election: Election decided. Result: candidate lost. Election summary: received 3 responses out of 3 voters: 1 yes votes; 2 no votes. yes voters: f5f2286d37184fce9d7d3c808dcaf25c; no voters: 3fac19649e284173a1059afc10bc3942, 91825e4fbe984c5fa07b84f647e38cd0
I20260709 14:51:27.067356  9023 consensus_queue.cc:1048] T 4c4f65b99f6f45f594a4b50c82a64175 P f5f2286d37184fce9d7d3c808dcaf25c [LEADER]: Connected to new peer: Peer: permanent_uuid: "3fac19649e284173a1059afc10bc3942" member_type: VOTER last_known_addr { host: "127.7.124.193" port: 41935 }, Status: LMP_MISMATCH, Last received: 0.0, Next index: 1, Last known committed idx: 0, Time since last communication: 0.000s
I20260709 14:51:27.069787  9047 raft_consensus.cc:493] T bbdb4d9f21bc4725bad6e99a80023680 P 3fac19649e284173a1059afc10bc3942 [term 0 FOLLOWER]: Starting pre-election (no leader contacted us within the election timeout)
