I20260709 14:51:25.335250 13452 consensus_queue.cc:237] T 72c8db8fcd2a416283f2d6c9c54d4862 P f6f3a8f135b044dc9e37bc127b4691c2 [LEADER]: Queue going to LEADER mode. State: All replicated index: 0, Majority replicated index: 0, Committed index: 0, Last appended: 0.0, Last appended by leader: 0, Current term: 1, Majority size: 2, State: 0, Mode: LEADER, active raft config: opid_index: -1 OBSOLETE_local: false peers { permanent_uuid: "f6f3a8f135b044dc9e37bc127b4691c2" member_type: VOTER last_known_addr { host: "127.11.213.65" port: 38451 } } peers { permanent_uuid: "96cffe1aa06247f8b7b2b98056b94551" member_type: VOTER last_known_addr { host: "127.11.213.66" port: 38979 } } peers { permanent_uuid: "3867e3eec75a421194235491339d25db" member_type: VOTER last_known_addr { host: "127.11.213.67" port: 36923 } }
I20260709 14:51:25.342129 13221 raft_consensus.cc:2468] T 820553f1329043e8a21a56b1d596df12 P f6f3a8f135b044dc9e37bc127b4691c2 [term 1 FOLLOWER]: Leader election vote request: Granting yes vote for candidate 3867e3eec75a421194235491339d25db in term 1.
I20260709 14:51:25.344873 13336 leader_election.cc:304] T 820553f1329043e8a21a56b1d596df12 P 3867e3eec75a421194235491339d25db [CANDIDATE]: Term 1 election: Election decided. Result: candidate won. Election summary: received 2 responses out of 3 voters: 2 yes votes; 0 no votes. yes voters: 3867e3eec75a421194235491339d25db, f6f3a8f135b044dc9e37bc127b4691c2; no voters: 
I20260709 14:51:25.338296 13411 raft_consensus.cc:359] T 500382a4c22e4c0cbbcc54a3586956b4 P 3867e3eec75a421194235491339d25db [term 0 FOLLOWER]: Replica starting. Triggering 0 pending ops. Active config: opid_index: -1 OBSOLETE_local: false peers { permanent_uuid: "f6f3a8f135b044dc9e37bc127b4691c2" member_type: VOTER last_known_addr { host: "127.11.213.65" port: 38451 } } peers { permanent_uuid: "96cffe1aa06247f8b7b2b98056b94551" member_type: VOTER last_known_addr { host: "127.11.213.66" port: 38979 } } peers { permanent_uuid: "3867e3eec75a421194235491339d25db" member_type: VOTER last_known_addr { host: "127.11.213.67" port: 36923 } }
I20260709 14:51:25.338922 13431 consensus_queue.cc:1048] T b0b773e8e85245fd9004df8494cb0ca5 P 96cffe1aa06247f8b7b2b98056b94551 [LEADER]: Connected to new peer: Peer: permanent_uuid: "3867e3eec75a421194235491339d25db" member_type: VOTER last_known_addr { host: "127.11.213.67" port: 36923 }, Status: LMP_MISMATCH, Last received: 0.0, Next index: 1, Last known committed idx: 0, Time since last communication: 0.000s
I20260709 14:51:25.346055 13417 raft_consensus.cc:2804] T 820553f1329043e8a21a56b1d596df12 P 3867e3eec75a421194235491339d25db [term 1 FOLLOWER]: Leader election won for term 1
I20260709 14:51:25.346481 13417 raft_consensus.cc:697] T 820553f1329043e8a21a56b1d596df12 P 3867e3eec75a421194235491339d25db [term 1 LEADER]: Becoming Leader. State: Replica: 3867e3eec75a421194235491339d25db, State: Running, Role: LEADER
I20260709 14:51:25.347299 13417 consensus_queue.cc:237] T 820553f1329043e8a21a56b1d596df12 P 3867e3eec75a421194235491339d25db [LEADER]: Queue going to LEADER mode. State: All replicated index: 0, Majority replicated index: 0, Committed index: 0, Last appended: 0.0, Last appended by leader: 0, Current term: 1, Majority size: 2, State: 0, Mode: LEADER, active raft config: opid_index: -1 OBSOLETE_local: false peers { permanent_uuid: "f6f3a8f135b044dc9e37bc127b4691c2" member_type: VOTER last_known_addr { host: "127.11.213.65" port: 38451 } } peers { permanent_uuid: "96cffe1aa06247f8b7b2b98056b94551" member_type: VOTER last_known_addr { host: "127.11.213.66" port: 38979 } } peers { permanent_uuid: "3867e3eec75a421194235491339d25db" member_type: VOTER last_known_addr { host: "127.11.213.67" port: 36923 } }
I20260709 14:51:25.349757 13295 raft_consensus.cc:2468] T 820553f1329043e8a21a56b1d596df12 P 96cffe1aa06247f8b7b2b98056b94551 [term 1 FOLLOWER]: Leader election vote request: Granting yes vote for candidate 3867e3eec75a421194235491339d25db in term 1.
I20260709 14:51:25.351991 13411 raft_consensus.cc:385] T 500382a4c22e4c0cbbcc54a3586956b4 P 3867e3eec75a421194235491339d25db [term 0 FOLLOWER]: Consensus starting up: Expiring failure detector timer to make a prompt election more likely
I20260709 14:51:25.352317 13411 raft_consensus.cc:740] T 500382a4c22e4c0cbbcc54a3586956b4 P 3867e3eec75a421194235491339d25db [term 0 FOLLOWER]: Becoming Follower/Learner. State: Replica: 3867e3eec75a421194235491339d25db, State: Initialized, Role: FOLLOWER
I20260709 14:51:25.364050 13472 leader_election.cc:290] T ed14885866744a52aaa4fc91d380674a P 3867e3eec75a421194235491339d25db [CANDIDATE]: Term 1 election: Requested vote from peers f6f3a8f135b044dc9e37bc127b4691c2 (127.11.213.65:38451), 96cffe1aa06247f8b7b2b98056b94551 (127.11.213.66:38979)
I20260709 14:51:25.364444 13219 tablet_service.cc:1917] Received RequestConsensusVote() RPC: tablet_id: "ed14885866744a52aaa4fc91d380674a" candidate_uuid: "3867e3eec75a421194235491339d25db" candidate_term: 1 candidate_status { last_received { term: 0 index: 0 } } ignore_live_leader: false dest_uuid: "f6f3a8f135b044dc9e37bc127b4691c2"
I20260709 14:51:25.364862 13295 tablet_service.cc:1917] Received RequestConsensusVote() RPC: tablet_id: "ed14885866744a52aaa4fc91d380674a" candidate_uuid: "3867e3eec75a421194235491339d25db" candidate_term: 1 candidate_status { last_received { term: 0 index: 0 } } ignore_live_leader: false dest_uuid: "96cffe1aa06247f8b7b2b98056b94551"
I20260709 14:51:25.365049 13219 raft_consensus.cc:3060] T ed14885866744a52aaa4fc91d380674a P f6f3a8f135b044dc9e37bc127b4691c2 [term 0 FOLLOWER]: Advancing to term 1
W20260709 14:51:25.366062 13335 leader_election.cc:343] T ed14885866744a52aaa4fc91d380674a P 3867e3eec75a421194235491339d25db [CANDIDATE]: Term 1 election: Tablet error from VoteRequest() call to peer 96cffe1aa06247f8b7b2b98056b94551 (127.11.213.66:38979): Illegal state: must be running to vote when last-logged opid is not known
I20260709 14:51:25.366277 13410 tablet_bootstrap.cc:492] T 6d936c040f6146c289155ded8727a53d P 96cffe1aa06247f8b7b2b98056b94551: No bootstrap required, opened a new log
I20260709 14:51:25.366875 13410 ts_tablet_manager.cc:1403] T 6d936c040f6146c289155ded8727a53d P 96cffe1aa06247f8b7b2b98056b94551: Time spent bootstrapping tablet: real 0.126s	user 0.022s	sys 0.014s
I20260709 14:51:25.368299 13411 consensus_queue.cc:260] T 500382a4c22e4c0cbbcc54a3586956b4 P 3867e3eec75a421194235491339d25db [NON_LEADER]: Queue going to NON_LEADER mode. State: All replicated index: 0, Majority replicated index: 0, Committed index: 0, Last appended: 0.0, Last appended by leader: 0, Current term: 0, Majority size: -1, State: 0, Mode: NON_LEADER, active raft config: opid_index: -1 OBSOLETE_local: false peers { permanent_uuid: "f6f3a8f135b044dc9e37bc127b4691c2" member_type: VOTER last_known_addr { host: "127.11.213.65" port: 38451 } } peers { permanent_uuid: "96cffe1aa06247f8b7b2b98056b94551" member_type: VOTER last_known_addr { host: "127.11.213.66" port: 38979 } } peers { permanent_uuid: "3867e3eec75a421194235491339d25db" member_type: VOTER last_known_addr { host: "127.11.213.67" port: 36923 } }
I20260709 14:51:25.366277 13117 catalog_manager.cc:5697] T 4e707b0acafb4304b36b186b76c363d7 P 3867e3eec75a421194235491339d25db reported cstate change: term changed from 0 to 1, leader changed from <none> to 3867e3eec75a421194235491339d25db (127.11.213.67). New cstate: current_term: 1 leader_uuid: "3867e3eec75a421194235491339d25db" committed_config { opid_index: -1 OBSOLETE_local: false peers { permanent_uuid: "f6f3a8f135b044dc9e37bc127b4691c2" member_type: VOTER last_known_addr { host: "127.11.213.65" port: 38451 } health_report { overall_health: UNKNOWN } } peers { permanent_uuid: "96cffe1aa06247f8b7b2b98056b94551" member_type: VOTER last_known_addr { host: "127.11.213.66" port: 38979 } health_report { overall_health: UNKNOWN } } peers { permanent_uuid: "3867e3eec75a421194235491339d25db" member_type: VOTER last_known_addr { host: "127.11.213.67" port: 36923 } health_report { overall_health: HEALTHY } } }
I20260709 14:51:25.374133 13410 raft_consensus.cc:359] T 6d936c040f6146c289155ded8727a53d P 96cffe1aa06247f8b7b2b98056b94551 [term 0 FOLLOWER]: Replica starting. Triggering 0 pending ops. Active config: opid_index: -1 OBSOLETE_local: false peers { permanent_uuid: "f6f3a8f135b044dc9e37bc127b4691c2" member_type: VOTER last_known_addr { host: "127.11.213.65" port: 38451 } } peers { permanent_uuid: "96cffe1aa06247f8b7b2b98056b94551" member_type: VOTER last_known_addr { host: "127.11.213.66" port: 38979 } } peers { permanent_uuid: "3867e3eec75a421194235491339d25db" member_type: VOTER last_known_addr { host: "127.11.213.67" port: 36923 } }
I20260709 14:51:25.376081 13410 raft_consensus.cc:385] T 6d936c040f6146c289155ded8727a53d P 96cffe1aa06247f8b7b2b98056b94551 [term 0 FOLLOWER]: Consensus starting up: Expiring failure detector timer to make a prompt election more likely
I20260709 14:51:25.379144 13410 raft_consensus.cc:740] T 6d936c040f6146c289155ded8727a53d P 96cffe1aa06247f8b7b2b98056b94551 [term 0 FOLLOWER]: Becoming Follower/Learner. State: Replica: 96cffe1aa06247f8b7b2b98056b94551, State: Initialized, Role: FOLLOWER
I20260709 14:51:25.386483 13411 ts_tablet_manager.cc:1434] T 500382a4c22e4c0cbbcc54a3586956b4 P 3867e3eec75a421194235491339d25db: Time spent starting tablet: real 0.051s	user 0.003s	sys 0.003s
I20260709 14:51:25.386734 13369 raft_consensus.cc:3060] T 500382a4c22e4c0cbbcc54a3586956b4 P 3867e3eec75a421194235491339d25db [term 0 FOLLOWER]: Advancing to term 1
I20260709 14:51:25.389721 13412 tablet_bootstrap.cc:492] T 23d1b7a65374479ba5cd7371518a7b5d P f6f3a8f135b044dc9e37bc127b4691c2: No bootstrap required, opened a new log
I20260709 14:51:25.390265 13412 ts_tablet_manager.cc:1403] T 23d1b7a65374479ba5cd7371518a7b5d P f6f3a8f135b044dc9e37bc127b4691c2: Time spent bootstrapping tablet: real 0.113s	user 0.012s	sys 0.011s
I20260709 14:51:25.386965 13219 raft_consensus.cc:2468] T ed14885866744a52aaa4fc91d380674a P f6f3a8f135b044dc9e37bc127b4691c2 [term 1 FOLLOWER]: Leader election vote request: Granting yes vote for candidate 3867e3eec75a421194235491339d25db in term 1.
I20260709 14:51:25.375658 13446 consensus_queue.cc:1048] T 4ecc78eed50f4675897e022e5f37097a P f6f3a8f135b044dc9e37bc127b4691c2 [LEADER]: Connected to new peer: Peer: permanent_uuid: "3867e3eec75a421194235491339d25db" member_type: VOTER last_known_addr { host: "127.11.213.67" port: 36923 }, Status: LMP_MISMATCH, Last received: 0.0, Next index: 1, Last known committed idx: 0, Time since last communication: 0.012s
I20260709 14:51:25.393707 13411 tablet_bootstrap.cc:492] T 23d1b7a65374479ba5cd7371518a7b5d P 3867e3eec75a421194235491339d25db: Bootstrap starting.
I20260709 14:51:25.397020 13410 consensus_queue.cc:260] T 6d936c040f6146c289155ded8727a53d P 96cffe1aa06247f8b7b2b98056b94551 [NON_LEADER]: Queue going to NON_LEADER mode. State: All replicated index: 0, Majority replicated index: 0, Committed index: 0, Last appended: 0.0, Last appended by leader: 0, Current term: 0, Majority size: -1, State: 0, Mode: NON_LEADER, active raft config: opid_index: -1 OBSOLETE_local: false peers { permanent_uuid: "f6f3a8f135b044dc9e37bc127b4691c2" member_type: VOTER last_known_addr { host: "127.11.213.65" port: 38451 } } peers { permanent_uuid: "96cffe1aa06247f8b7b2b98056b94551" member_type: VOTER last_known_addr { host: "127.11.213.66" port: 38979 } } peers { permanent_uuid: "3867e3eec75a421194235491339d25db" member_type: VOTER last_known_addr { host: "127.11.213.67" port: 36923 } }
I20260709 14:51:25.402051 13412 raft_consensus.cc:359] T 23d1b7a65374479ba5cd7371518a7b5d P f6f3a8f135b044dc9e37bc127b4691c2 [term 0 FOLLOWER]: Replica starting. Triggering 0 pending ops. Active config: opid_index: -1 OBSOLETE_local: false peers { permanent_uuid: "f6f3a8f135b044dc9e37bc127b4691c2" member_type: VOTER last_known_addr { host: "127.11.213.65" port: 38451 } } peers { permanent_uuid: "96cffe1aa06247f8b7b2b98056b94551" member_type: VOTER last_known_addr { host: "127.11.213.66" port: 38979 } } peers { permanent_uuid: "3867e3eec75a421194235491339d25db" member_type: VOTER last_known_addr { host: "127.11.213.67" port: 36923 } }
I20260709 14:51:25.402951 13412 raft_consensus.cc:385] T 23d1b7a65374479ba5cd7371518a7b5d P f6f3a8f135b044dc9e37bc127b4691c2 [term 0 FOLLOWER]: Consensus starting up: Expiring failure detector timer to make a prompt election more likely
I20260709 14:51:25.403285 13412 raft_consensus.cc:740] T 23d1b7a65374479ba5cd7371518a7b5d P f6f3a8f135b044dc9e37bc127b4691c2 [term 0 FOLLOWER]: Becoming Follower/Learner. State: Replica: f6f3a8f135b044dc9e37bc127b4691c2, State: Initialized, Role: FOLLOWER
I20260709 14:51:25.404496 13410 ts_tablet_manager.cc:1434] T 6d936c040f6146c289155ded8727a53d P 96cffe1aa06247f8b7b2b98056b94551: Time spent starting tablet: real 0.037s	user 0.002s	sys 0.006s
I20260709 14:51:25.405242 13336 leader_election.cc:304] T ed14885866744a52aaa4fc91d380674a P 3867e3eec75a421194235491339d25db [CANDIDATE]: Term 1 election: Election decided. Result: candidate won. Election summary: received 3 responses out of 3 voters: 2 yes votes; 1 no votes. yes voters: 3867e3eec75a421194235491339d25db, f6f3a8f135b044dc9e37bc127b4691c2; no voters: 96cffe1aa06247f8b7b2b98056b94551
I20260709 14:51:25.406519 13410 tablet_bootstrap.cc:492] T ed14885866744a52aaa4fc91d380674a P 96cffe1aa06247f8b7b2b98056b94551: Bootstrap starting.
I20260709 14:51:25.412081 13478 raft_consensus.cc:2804] T ed14885866744a52aaa4fc91d380674a P 3867e3eec75a421194235491339d25db [term 1 FOLLOWER]: Leader election won for term 1
I20260709 14:51:25.413039 13412 consensus_queue.cc:260] T 23d1b7a65374479ba5cd7371518a7b5d P f6f3a8f135b044dc9e37bc127b4691c2 [NON_LEADER]: Queue going to NON_LEADER mode. State: All replicated index: 0, Majority replicated index: 0, Committed index: 0, Last appended: 0.0, Last appended by leader: 0, Current term: 0, Majority size: -1, State: 0, Mode: NON_LEADER, active raft config: opid_index: -1 OBSOLETE_local: false peers { permanent_uuid: "f6f3a8f135b044dc9e37bc127b4691c2" member_type: VOTER last_known_addr { host: "127.11.213.65" port: 38451 } } peers { permanent_uuid: "96cffe1aa06247f8b7b2b98056b94551" member_type: VOTER last_known_addr { host: "127.11.213.66" port: 38979 } } peers { permanent_uuid: "3867e3eec75a421194235491339d25db" member_type: VOTER last_known_addr { host: "127.11.213.67" port: 36923 } }
I20260709 14:51:25.417815 13431 raft_consensus.cc:493] T 6d936c040f6146c289155ded8727a53d P 96cffe1aa06247f8b7b2b98056b94551 [term 0 FOLLOWER]: Starting pre-election (no leader contacted us within the election timeout)
I20260709 14:51:25.418295 13431 raft_consensus.cc:515] T 6d936c040f6146c289155ded8727a53d P 96cffe1aa06247f8b7b2b98056b94551 [term 0 FOLLOWER]: Starting pre-election with config: opid_index: -1 OBSOLETE_local: false peers { permanent_uuid: "f6f3a8f135b044dc9e37bc127b4691c2" member_type: VOTER last_known_addr { host: "127.11.213.65" port: 38451 } } peers { permanent_uuid: "96cffe1aa06247f8b7b2b98056b94551" member_type: VOTER last_known_addr { host: "127.11.213.66" port: 38979 } } peers { permanent_uuid: "3867e3eec75a421194235491339d25db" member_type: VOTER last_known_addr { host: "127.11.213.67" port: 36923 } }
I20260709 14:51:25.416249 13478 raft_consensus.cc:697] T ed14885866744a52aaa4fc91d380674a P 3867e3eec75a421194235491339d25db [term 1 LEADER]: Becoming Leader. State: Replica: 3867e3eec75a421194235491339d25db, State: Running, Role: LEADER
I20260709 14:51:25.429165 13412 ts_tablet_manager.cc:1434] T 23d1b7a65374479ba5cd7371518a7b5d P f6f3a8f135b044dc9e37bc127b4691c2: Time spent starting tablet: real 0.039s	user 0.007s	sys 0.002s
I20260709 14:51:25.428905 13446 consensus_queue.cc:1048] T 500382a4c22e4c0cbbcc54a3586956b4 P f6f3a8f135b044dc9e37bc127b4691c2 [LEADER]: Connected to new peer: Peer: permanent_uuid: "3867e3eec75a421194235491339d25db" member_type: VOTER last_known_addr { host: "127.11.213.67" port: 36923 }, Status: LMP_MISMATCH, Last received: 0.0, Next index: 1, Last known committed idx: 0, Time since last communication: 0.081s
I20260709 14:51:25.508920 13478 consensus_queue.cc:237] T ed14885866744a52aaa4fc91d380674a P 3867e3eec75a421194235491339d25db [LEADER]: Queue going to LEADER mode. State: All replicated index: 0, Majority replicated index: 0, Committed index: 0, Last appended: 0.0, Last appended by leader: 0, Current term: 1, Majority size: 2, State: 0, Mode: LEADER, active raft config: opid_index: -1 OBSOLETE_local: false peers { permanent_uuid: "f6f3a8f135b044dc9e37bc127b4691c2" member_type: VOTER last_known_addr { host: "127.11.213.65" port: 38451 } } peers { permanent_uuid: "96cffe1aa06247f8b7b2b98056b94551" member_type: VOTER last_known_addr { host: "127.11.213.66" port: 38979 } } peers { permanent_uuid: "3867e3eec75a421194235491339d25db" member_type: VOTER last_known_addr { host: "127.11.213.67" port: 36923 } }
I20260709 14:51:25.513239 13118 catalog_manager.cc:5697] T 72c8db8fcd2a416283f2d6c9c54d4862 P f6f3a8f135b044dc9e37bc127b4691c2 reported cstate change: term changed from 0 to 1, leader changed from <none> to f6f3a8f135b044dc9e37bc127b4691c2 (127.11.213.65). New cstate: current_term: 1 leader_uuid: "f6f3a8f135b044dc9e37bc127b4691c2" committed_config { opid_index: -1 OBSOLETE_local: false peers { permanent_uuid: "f6f3a8f135b044dc9e37bc127b4691c2" member_type: VOTER last_known_addr { host: "127.11.213.65" port: 38451 } health_report { overall_health: HEALTHY } } peers { permanent_uuid: "96cffe1aa06247f8b7b2b98056b94551" member_type: VOTER last_known_addr { host: "127.11.213.66" port: 38979 } health_report { overall_health: UNKNOWN } } peers { permanent_uuid: "3867e3eec75a421194235491339d25db" member_type: VOTER last_known_addr { host: "127.11.213.67" port: 36923 } health_report { overall_health: UNKNOWN } } }
I20260709 14:51:25.516630 13411 tablet_bootstrap.cc:654] T 23d1b7a65374479ba5cd7371518a7b5d P 3867e3eec75a421194235491339d25db: Neither blocks nor log segments found. Creating new log.
I20260709 14:51:25.520238 13418 raft_consensus.cc:493] T 23d1b7a65374479ba5cd7371518a7b5d P f6f3a8f135b044dc9e37bc127b4691c2 [term 0 FOLLOWER]: Starting pre-election (no leader contacted us within the election timeout)
I20260709 14:51:25.519779 13117 catalog_manager.cc:5697] T 820553f1329043e8a21a56b1d596df12 P 3867e3eec75a421194235491339d25db reported cstate change: term changed from 0 to 1, leader changed from <none> to 3867e3eec75a421194235491339d25db (127.11.213.67). New cstate: current_term: 1 leader_uuid: "3867e3eec75a421194235491339d25db" committed_config { opid_index: -1 OBSOLETE_local: false peers { permanent_uuid: "f6f3a8f135b044dc9e37bc127b4691c2" member_type: VOTER last_known_addr { host: "127.11.213.65" port: 38451 } health_report { overall_health: UNKNOWN } } peers { permanent_uuid: "96cffe1aa06247f8b7b2b98056b94551" member_type: VOTER last_known_addr { host: "127.11.213.66" port: 38979 } health_report { overall_health: UNKNOWN } } peers { permanent_uuid: "3867e3eec75a421194235491339d25db" member_type: VOTER last_known_addr { host: "127.11.213.67" port: 36923 } health_report { overall_health: HEALTHY } } }
I20260709 14:51:25.520778 13418 raft_consensus.cc:515] T 23d1b7a65374479ba5cd7371518a7b5d P f6f3a8f135b044dc9e37bc127b4691c2 [term 0 FOLLOWER]: Starting pre-election with config: opid_index: -1 OBSOLETE_local: false peers { permanent_uuid: "f6f3a8f135b044dc9e37bc127b4691c2" member_type: VOTER last_known_addr { host: "127.11.213.65" port: 38451 } } peers { permanent_uuid: "96cffe1aa06247f8b7b2b98056b94551" member_type: VOTER last_known_addr { host: "127.11.213.66" port: 38979 } } peers { permanent_uuid: "3867e3eec75a421194235491339d25db" member_type: VOTER last_known_addr { host: "127.11.213.67" port: 36923 } }
I20260709 14:51:25.526292 13418 leader_election.cc:290] T 23d1b7a65374479ba5cd7371518a7b5d P f6f3a8f135b044dc9e37bc127b4691c2 [CANDIDATE]: Term 1 pre-election: Requested pre-vote from peers 96cffe1aa06247f8b7b2b98056b94551 (127.11.213.66:38979), 3867e3eec75a421194235491339d25db (127.11.213.67:36923)
I20260709 14:51:25.527601 13370 tablet_service.cc:1917] Received RequestConsensusVote() RPC: tablet_id: "23d1b7a65374479ba5cd7371518a7b5d" candidate_uuid: "f6f3a8f135b044dc9e37bc127b4691c2" candidate_term: 1 candidate_status { last_received { term: 0 index: 0 } } ignore_live_leader: false dest_uuid: "3867e3eec75a421194235491339d25db" is_pre_election: true
W20260709 14:51:25.529031 13187 leader_election.cc:343] T 23d1b7a65374479ba5cd7371518a7b5d P f6f3a8f135b044dc9e37bc127b4691c2 [CANDIDATE]: Term 1 pre-election: Tablet error from VoteRequest() call to peer 3867e3eec75a421194235491339d25db (127.11.213.67:36923): Illegal state: must be running to vote when last-logged opid is not known
I20260709 14:51:25.533282 13431 leader_election.cc:290] T 6d936c040f6146c289155ded8727a53d P 96cffe1aa06247f8b7b2b98056b94551 [CANDIDATE]: Term 1 pre-election: Requested pre-vote from peers f6f3a8f135b044dc9e37bc127b4691c2 (127.11.213.65:38451), 3867e3eec75a421194235491339d25db (127.11.213.67:36923)
I20260709 14:51:25.515852 13410 tablet_bootstrap.cc:654] T ed14885866744a52aaa4fc91d380674a P 96cffe1aa06247f8b7b2b98056b94551: Neither blocks nor log segments found. Creating new log.
I20260709 14:51:25.557075 13219 tablet_service.cc:1917] Received RequestConsensusVote() RPC: tablet_id: "6d936c040f6146c289155ded8727a53d" candidate_uuid: "96cffe1aa06247f8b7b2b98056b94551" candidate_term: 1 candidate_status { last_received { term: 0 index: 0 } } ignore_live_leader: false dest_uuid: "f6f3a8f135b044dc9e37bc127b4691c2" is_pre_election: true
I20260709 14:51:25.557933 13219 raft_consensus.cc:2393] T 6d936c040f6146c289155ded8727a53d P f6f3a8f135b044dc9e37bc127b4691c2 [term 1 FOLLOWER]: Leader pre-election vote request: Denying vote to candidate 96cffe1aa06247f8b7b2b98056b94551 in current term 1: Already voted for candidate 3867e3eec75a421194235491339d25db in this term.
I20260709 14:51:25.560204 13369 tablet_service.cc:1917] Received RequestConsensusVote() RPC: tablet_id: "6d936c040f6146c289155ded8727a53d" candidate_uuid: "96cffe1aa06247f8b7b2b98056b94551" candidate_term: 1 candidate_status { last_received { term: 0 index: 0 } } ignore_live_leader: false dest_uuid: "3867e3eec75a421194235491339d25db" is_pre_election: true
I20260709 14:51:25.560972 13412 tablet_bootstrap.cc:492] T e9dad6ea7a3247c4a42c6ffb99843de0 P f6f3a8f135b044dc9e37bc127b4691c2: Bootstrap starting.
I20260709 14:51:25.567685 13412 tablet_bootstrap.cc:654] T e9dad6ea7a3247c4a42c6ffb99843de0 P f6f3a8f135b044dc9e37bc127b4691c2: Neither blocks nor log segments found. Creating new log.
I20260709 14:51:25.570742 13459 consensus_queue.cc:1048] T b0b773e8e85245fd9004df8494cb0ca5 P 96cffe1aa06247f8b7b2b98056b94551 [LEADER]: Connected to new peer: Peer: permanent_uuid: "f6f3a8f135b044dc9e37bc127b4691c2" member_type: VOTER last_known_addr { host: "127.11.213.65" port: 38451 }, Status: LMP_MISMATCH, Last received: 0.0, Next index: 1, Last known committed idx: 0, Time since last communication: 0.000s
I20260709 14:51:25.577224 13411 tablet_bootstrap.cc:492] T 23d1b7a65374479ba5cd7371518a7b5d P 3867e3eec75a421194235491339d25db: No bootstrap required, opened a new log
I20260709 14:51:25.577673 13411 ts_tablet_manager.cc:1403] T 23d1b7a65374479ba5cd7371518a7b5d P 3867e3eec75a421194235491339d25db: Time spent bootstrapping tablet: real 0.184s	user 0.026s	sys 0.027s
I20260709 14:51:25.577684 13262 leader_election.cc:304] T 6d936c040f6146c289155ded8727a53d P 96cffe1aa06247f8b7b2b98056b94551 [CANDIDATE]: Term 1 pre-election: Election decided. Result: candidate lost. Election summary: received 3 responses out of 3 voters: 1 yes votes; 2 no votes. yes voters: 96cffe1aa06247f8b7b2b98056b94551; no voters: 3867e3eec75a421194235491339d25db, f6f3a8f135b044dc9e37bc127b4691c2
I20260709 14:51:25.579839 13117 catalog_manager.cc:5697] T ed14885866744a52aaa4fc91d380674a P 3867e3eec75a421194235491339d25db reported cstate change: term changed from 0 to 1, leader changed from <none> to 3867e3eec75a421194235491339d25db (127.11.213.67). New cstate: current_term: 1 leader_uuid: "3867e3eec75a421194235491339d25db" committed_config { opid_index: -1 OBSOLETE_local: false peers { permanent_uuid: "f6f3a8f135b044dc9e37bc127b4691c2" member_type: VOTER last_known_addr { host: "127.11.213.65" port: 38451 } health_report { overall_health: UNKNOWN } } peers { permanent_uuid: "96cffe1aa06247f8b7b2b98056b94551" member_type: VOTER last_known_addr { host: "127.11.213.66" port: 38979 } health_report { overall_health: UNKNOWN } } peers { permanent_uuid: "3867e3eec75a421194235491339d25db" member_type: VOTER last_known_addr { host: "127.11.213.67" port: 36923 } health_report { overall_health: HEALTHY } } }
I20260709 14:51:25.581391 13524 raft_consensus.cc:3060] T 6d936c040f6146c289155ded8727a53d P 96cffe1aa06247f8b7b2b98056b94551 [term 0 FOLLOWER]: Advancing to term 1
I20260709 14:51:25.582904 13294 tablet_service.cc:1917] Received RequestConsensusVote() RPC: tablet_id: "23d1b7a65374479ba5cd7371518a7b5d" candidate_uuid: "f6f3a8f135b044dc9e37bc127b4691c2" candidate_term: 1 candidate_status { last_received { term: 0 index: 0 } } ignore_live_leader: false dest_uuid: "96cffe1aa06247f8b7b2b98056b94551" is_pre_election: true
I20260709 14:51:25.587011 13411 raft_consensus.cc:359] T 23d1b7a65374479ba5cd7371518a7b5d P 3867e3eec75a421194235491339d25db [term 0 FOLLOWER]: Replica starting. Triggering 0 pending ops. Active config: opid_index: -1 OBSOLETE_local: false peers { permanent_uuid: "f6f3a8f135b044dc9e37bc127b4691c2" member_type: VOTER last_known_addr { host: "127.11.213.65" port: 38451 } } peers { permanent_uuid: "96cffe1aa06247f8b7b2b98056b94551" member_type: VOTER last_known_addr { host: "127.11.213.66" port: 38979 } } peers { permanent_uuid: "3867e3eec75a421194235491339d25db" member_type: VOTER last_known_addr { host: "127.11.213.67" port: 36923 } }
I20260709 14:51:25.587677 13411 raft_consensus.cc:385] T 23d1b7a65374479ba5cd7371518a7b5d P 3867e3eec75a421194235491339d25db [term 0 FOLLOWER]: Consensus starting up: Expiring failure detector timer to make a prompt election more likely
I20260709 14:51:25.587950 13411 raft_consensus.cc:740] T 23d1b7a65374479ba5cd7371518a7b5d P 3867e3eec75a421194235491339d25db [term 0 FOLLOWER]: Becoming Follower/Learner. State: Replica: 3867e3eec75a421194235491339d25db, State: Initialized, Role: FOLLOWER
I20260709 14:51:25.588604 13411 consensus_queue.cc:260] T 23d1b7a65374479ba5cd7371518a7b5d P 3867e3eec75a421194235491339d25db [NON_LEADER]: Queue going to NON_LEADER mode. State: All replicated index: 0, Majority replicated index: 0, Committed index: 0, Last appended: 0.0, Last appended by leader: 0, Current term: 0, Majority size: -1, State: 0, Mode: NON_LEADER, active raft config: opid_index: -1 OBSOLETE_local: false peers { permanent_uuid: "f6f3a8f135b044dc9e37bc127b4691c2" member_type: VOTER last_known_addr { host: "127.11.213.65" port: 38451 } } peers { permanent_uuid: "96cffe1aa06247f8b7b2b98056b94551" member_type: VOTER last_known_addr { host: "127.11.213.66" port: 38979 } } peers { permanent_uuid: "3867e3eec75a421194235491339d25db" member_type: VOTER last_known_addr { host: "127.11.213.67" port: 36923 } }
I20260709 14:51:25.590512 13411 ts_tablet_manager.cc:1434] T 23d1b7a65374479ba5cd7371518a7b5d P 3867e3eec75a421194235491339d25db: Time spent starting tablet: real 0.013s	user 0.005s	sys 0.001s
I20260709 14:51:25.591393 13411 tablet_bootstrap.cc:492] T 00fe60ace34e43f9b3467c076361c4ff P 3867e3eec75a421194235491339d25db: Bootstrap starting.
I20260709 14:51:25.592108 13524 raft_consensus.cc:2749] T 6d936c040f6146c289155ded8727a53d P 96cffe1aa06247f8b7b2b98056b94551 [term 1 FOLLOWER]: Leader pre-election lost for term 1. Reason: could not achieve majority
I20260709 14:51:25.594415 13410 tablet_bootstrap.cc:492] T ed14885866744a52aaa4fc91d380674a P 96cffe1aa06247f8b7b2b98056b94551: No bootstrap required, opened a new log
I20260709 14:51:25.600678 13410 ts_tablet_manager.cc:1403] T ed14885866744a52aaa4fc91d380674a P 96cffe1aa06247f8b7b2b98056b94551: Time spent bootstrapping tablet: real 0.194s	user 0.012s	sys 0.003s
I20260709 14:51:25.609078 13411 tablet_bootstrap.cc:654] T 00fe60ace34e43f9b3467c076361c4ff P 3867e3eec75a421194235491339d25db: Neither blocks nor log segments found. Creating new log.
W20260709 14:51:25.613934 13186 leader_election.cc:343] T 23d1b7a65374479ba5cd7371518a7b5d P f6f3a8f135b044dc9e37bc127b4691c2 [CANDIDATE]: Term 1 pre-election: Tablet error from VoteRequest() call to peer 96cffe1aa06247f8b7b2b98056b94551 (127.11.213.66:38979): Illegal state: must be running to vote when last-logged opid is not known
I20260709 14:51:25.614068 13452 consensus_queue.cc:1048] T 500382a4c22e4c0cbbcc54a3586956b4 P f6f3a8f135b044dc9e37bc127b4691c2 [LEADER]: Connected to new peer: Peer: permanent_uuid: "96cffe1aa06247f8b7b2b98056b94551" member_type: VOTER last_known_addr { host: "127.11.213.66" port: 38979 }, Status: LMP_MISMATCH, Last received: 0.0, Next index: 1, Last known committed idx: 0, Time since last communication: 0.000s
I20260709 14:51:25.614466 13186 leader_election.cc:304] T 23d1b7a65374479ba5cd7371518a7b5d P f6f3a8f135b044dc9e37bc127b4691c2 [CANDIDATE]: Term 1 pre-election: Election decided. Result: candidate lost. Election summary: received 3 responses out of 3 voters: 1 yes votes; 2 no votes. yes voters: f6f3a8f135b044dc9e37bc127b4691c2; no voters: 3867e3eec75a421194235491339d25db, 96cffe1aa06247f8b7b2b98056b94551
I20260709 14:51:25.615455 13452 raft_consensus.cc:2749] T 23d1b7a65374479ba5cd7371518a7b5d P f6f3a8f135b044dc9e37bc127b4691c2 [term 0 FOLLOWER]: Leader pre-election lost for term 1. Reason: could not achieve majority
I20260709 14:51:25.613907 13410 raft_consensus.cc:359] T ed14885866744a52aaa4fc91d380674a P 96cffe1aa06247f8b7b2b98056b94551 [term 0 FOLLOWER]: Replica starting. Triggering 0 pending ops. Active config: opid_index: -1 OBSOLETE_local: false peers { permanent_uuid: "f6f3a8f135b044dc9e37bc127b4691c2" member_type: VOTER last_known_addr { host: "127.11.213.65" port: 38451 } } peers { permanent_uuid: "96cffe1aa06247f8b7b2b98056b94551" member_type: VOTER last_known_addr { host: "127.11.213.66" port: 38979 } } peers { permanent_uuid: "3867e3eec75a421194235491339d25db" member_type: VOTER last_known_addr { host: "127.11.213.67" port: 36923 } }
I20260709 14:51:25.618196 13410 raft_consensus.cc:385] T ed14885866744a52aaa4fc91d380674a P 96cffe1aa06247f8b7b2b98056b94551 [term 0 FOLLOWER]: Consensus starting up: Expiring failure detector timer to make a prompt election more likely
I20260709 14:51:25.618443 13410 raft_consensus.cc:740] T ed14885866744a52aaa4fc91d380674a P 96cffe1aa06247f8b7b2b98056b94551 [term 0 FOLLOWER]: Becoming Follower/Learner. State: Replica: 96cffe1aa06247f8b7b2b98056b94551, State: Initialized, Role: FOLLOWER
I20260709 14:51:25.619043 13410 consensus_queue.cc:260] T ed14885866744a52aaa4fc91d380674a P 96cffe1aa06247f8b7b2b98056b94551 [NON_LEADER]: Queue going to NON_LEADER mode. State: All replicated index: 0, Majority replicated index: 0, Committed index: 0, Last appended: 0.0, Last appended by leader: 0, Current term: 0, Majority size: -1, State: 0, Mode: NON_LEADER, active raft config: opid_index: -1 OBSOLETE_local: false peers { permanent_uuid: "f6f3a8f135b044dc9e37bc127b4691c2" member_type: VOTER last_known_addr { host: "127.11.213.65" port: 38451 } } peers { permanent_uuid: "96cffe1aa06247f8b7b2b98056b94551" member_type: VOTER last_known_addr { host: "127.11.213.66" port: 38979 } } peers { permanent_uuid: "3867e3eec75a421194235491339d25db" member_type: VOTER last_known_addr { host: "127.11.213.67" port: 36923 } }
I20260709 14:51:25.620972 13410 ts_tablet_manager.cc:1434] T ed14885866744a52aaa4fc91d380674a P 96cffe1aa06247f8b7b2b98056b94551: Time spent starting tablet: real 0.020s	user 0.004s	sys 0.001s
I20260709 14:51:25.622378 13478 raft_consensus.cc:493] T 3b961f6596bf4f34a21edfcc5230d0cf P 3867e3eec75a421194235491339d25db [term 0 FOLLOWER]: Starting pre-election (no leader contacted us within the election timeout)
I20260709 14:51:25.622908 13478 raft_consensus.cc:515] T 3b961f6596bf4f34a21edfcc5230d0cf P 3867e3eec75a421194235491339d25db [term 0 FOLLOWER]: Starting pre-election with config: opid_index: -1 OBSOLETE_local: false peers { permanent_uuid: "f6f3a8f135b044dc9e37bc127b4691c2" member_type: VOTER last_known_addr { host: "127.11.213.65" port: 38451 } } peers { permanent_uuid: "96cffe1aa06247f8b7b2b98056b94551" member_type: VOTER last_known_addr { host: "127.11.213.66" port: 38979 } } peers { permanent_uuid: "3867e3eec75a421194235491339d25db" member_type: VOTER last_known_addr { host: "127.11.213.67" port: 36923 } }
I20260709 14:51:25.625452 13452 consensus_queue.cc:1048] T 63c642f6348a44c8b70ebe0285ede10a P f6f3a8f135b044dc9e37bc127b4691c2 [LEADER]: Connected to new peer: Peer: permanent_uuid: "96cffe1aa06247f8b7b2b98056b94551" member_type: VOTER last_known_addr { host: "127.11.213.66" port: 38979 }, Status: LMP_MISMATCH, Last received: 0.0, Next index: 1, Last known committed idx: 0, Time since last communication: 0.001s
I20260709 14:51:25.628549 13478 leader_election.cc:290] T 3b961f6596bf4f34a21edfcc5230d0cf P 3867e3eec75a421194235491339d25db [CANDIDATE]: Term 1 pre-election: Requested pre-vote from peers f6f3a8f135b044dc9e37bc127b4691c2 (127.11.213.65:38451), 96cffe1aa06247f8b7b2b98056b94551 (127.11.213.66:38979)
I20260709 14:51:25.632419 13220 tablet_service.cc:1917] Received RequestConsensusVote() RPC: tablet_id: "3b961f6596bf4f34a21edfcc5230d0cf" candidate_uuid: "3867e3eec75a421194235491339d25db" candidate_term: 1 candidate_status { last_received { term: 0 index: 0 } } ignore_live_leader: false dest_uuid: "f6f3a8f135b044dc9e37bc127b4691c2" is_pre_election: true
W20260709 14:51:25.633985 13336 leader_election.cc:343] T 3b961f6596bf4f34a21edfcc5230d0cf P 3867e3eec75a421194235491339d25db [CANDIDATE]: Term 1 pre-election: Tablet error from VoteRequest() call to peer f6f3a8f135b044dc9e37bc127b4691c2 (127.11.213.65:38451): Illegal state: must be running to vote when last-logged opid is not known
I20260709 14:51:25.633540 13417 consensus_queue.cc:1048] T 6d936c040f6146c289155ded8727a53d P 3867e3eec75a421194235491339d25db [LEADER]: Connected to new peer: Peer: permanent_uuid: "f6f3a8f135b044dc9e37bc127b4691c2" member_type: VOTER last_known_addr { host: "127.11.213.65" port: 38451 }, Status: LMP_MISMATCH, Last received: 0.0, Next index: 1, Last known committed idx: 0, Time since last communication: 0.001s
I20260709 14:51:25.636433 13411 tablet_bootstrap.cc:492] T 00fe60ace34e43f9b3467c076361c4ff P 3867e3eec75a421194235491339d25db: No bootstrap required, opened a new log
I20260709 14:51:25.636957 13411 ts_tablet_manager.cc:1403] T 00fe60ace34e43f9b3467c076361c4ff P 3867e3eec75a421194235491339d25db: Time spent bootstrapping tablet: real 0.046s	user 0.012s	sys 0.001s
I20260709 14:51:25.639402 13411 raft_consensus.cc:359] T 00fe60ace34e43f9b3467c076361c4ff P 3867e3eec75a421194235491339d25db [term 0 FOLLOWER]: Replica starting. Triggering 0 pending ops. Active config: opid_index: -1 OBSOLETE_local: false peers { permanent_uuid: "f6f3a8f135b044dc9e37bc127b4691c2" member_type: VOTER last_known_addr { host: "127.11.213.65" port: 38451 } } peers { permanent_uuid: "96cffe1aa06247f8b7b2b98056b94551" member_type: VOTER last_known_addr { host: "127.11.213.66" port: 38979 } } peers { permanent_uuid: "3867e3eec75a421194235491339d25db" member_type: VOTER last_known_addr { host: "127.11.213.67" port: 36923 } }
I20260709 14:51:25.640316 13411 raft_consensus.cc:385] T 00fe60ace34e43f9b3467c076361c4ff P 3867e3eec75a421194235491339d25db [term 0 FOLLOWER]: Consensus starting up: Expiring failure detector timer to make a prompt election more likely
I20260709 14:51:25.641024 13295 tablet_service.cc:1917] Received RequestConsensusVote() RPC: tablet_id: "3b961f6596bf4f34a21edfcc5230d0cf" candidate_uuid: "3867e3eec75a421194235491339d25db" candidate_term: 1 candidate_status { last_received { term: 0 index: 0 } } ignore_live_leader: false dest_uuid: "96cffe1aa06247f8b7b2b98056b94551" is_pre_election: true
I20260709 14:51:25.641460 13410 tablet_bootstrap.cc:492] T 4d763c0ace444e8b87cb27eddd418a03 P 96cffe1aa06247f8b7b2b98056b94551: Bootstrap starting.
I20260709 14:51:25.640594 13411 raft_consensus.cc:740] T 00fe60ace34e43f9b3467c076361c4ff P 3867e3eec75a421194235491339d25db [term 0 FOLLOWER]: Becoming Follower/Learner. State: Replica: 3867e3eec75a421194235491339d25db, State: Initialized, Role: FOLLOWER
I20260709 14:51:25.642691 13411 consensus_queue.cc:260] T 00fe60ace34e43f9b3467c076361c4ff P 3867e3eec75a421194235491339d25db [NON_LEADER]: Queue going to NON_LEADER mode. State: All replicated index: 0, Majority replicated index: 0, Committed index: 0, Last appended: 0.0, Last appended by leader: 0, Current term: 0, Majority size: -1, State: 0, Mode: NON_LEADER, active raft config: opid_index: -1 OBSOLETE_local: false peers { permanent_uuid: "f6f3a8f135b044dc9e37bc127b4691c2" member_type: VOTER last_known_addr { host: "127.11.213.65" port: 38451 } } peers { permanent_uuid: "96cffe1aa06247f8b7b2b98056b94551" member_type: VOTER last_known_addr { host: "127.11.213.66" port: 38979 } } peers { permanent_uuid: "3867e3eec75a421194235491339d25db" member_type: VOTER last_known_addr { host: "127.11.213.67" port: 36923 } }
W20260709 14:51:25.644266 13335 leader_election.cc:343] T 3b961f6596bf4f34a21edfcc5230d0cf P 3867e3eec75a421194235491339d25db [CANDIDATE]: Term 1 pre-election: Tablet error from VoteRequest() call to peer 96cffe1aa06247f8b7b2b98056b94551 (127.11.213.66:38979): Illegal state: must be running to vote when last-logged opid is not known
I20260709 14:51:25.644706 13335 leader_election.cc:304] T 3b961f6596bf4f34a21edfcc5230d0cf P 3867e3eec75a421194235491339d25db [CANDIDATE]: Term 1 pre-election: Election decided. Result: candidate lost. Election summary: received 3 responses out of 3 voters: 1 yes votes; 2 no votes. yes voters: 3867e3eec75a421194235491339d25db; no voters: 96cffe1aa06247f8b7b2b98056b94551, f6f3a8f135b044dc9e37bc127b4691c2
I20260709 14:51:25.645519 13478 raft_consensus.cc:2749] T 3b961f6596bf4f34a21edfcc5230d0cf P 3867e3eec75a421194235491339d25db [term 0 FOLLOWER]: Leader pre-election lost for term 1. Reason: could not achieve majority
I20260709 14:51:25.642331 13458 raft_consensus.cc:493] T ed14885866744a52aaa4fc91d380674a P 96cffe1aa06247f8b7b2b98056b94551 [term 0 FOLLOWER]: Starting pre-election (no leader contacted us within the election timeout)
I20260709 14:51:25.646598 13458 raft_consensus.cc:515] T ed14885866744a52aaa4fc91d380674a P 96cffe1aa06247f8b7b2b98056b94551 [term 0 FOLLOWER]: Starting pre-election with config: opid_index: -1 OBSOLETE_local: false peers { permanent_uuid: "f6f3a8f135b044dc9e37bc127b4691c2" member_type: VOTER last_known_addr { host: "127.11.213.65" port: 38451 } } peers { permanent_uuid: "96cffe1aa06247f8b7b2b98056b94551" member_type: VOTER last_known_addr { host: "127.11.213.66" port: 38979 } } peers { permanent_uuid: "3867e3eec75a421194235491339d25db" member_type: VOTER last_known_addr { host: "127.11.213.67" port: 36923 } }
W20260709 14:51:25.647799 13187 consensus_peers.cc:597] T 5dbf67367c7f4baf8ec1b17fdb494b06 P f6f3a8f135b044dc9e37bc127b4691c2 -> Peer 3867e3eec75a421194235491339d25db (127.11.213.67:36923): Couldn't send request to peer 3867e3eec75a421194235491339d25db. Error code: TABLET_NOT_RUNNING (12). Status: Illegal state: Tablet not RUNNING: INITIALIZED. This is attempt 1: this message will repeat every 5th retry.
I20260709 14:51:25.650012 13411 ts_tablet_manager.cc:1434] T 00fe60ace34e43f9b3467c076361c4ff P 3867e3eec75a421194235491339d25db: Time spent starting tablet: real 0.013s	user 0.005s	sys 0.000s
I20260709 14:51:25.651173 13411 tablet_bootstrap.cc:492] T 72c8db8fcd2a416283f2d6c9c54d4862 P 3867e3eec75a421194235491339d25db: Bootstrap starting.
I20260709 14:51:25.655357 13412 tablet_bootstrap.cc:492] T e9dad6ea7a3247c4a42c6ffb99843de0 P f6f3a8f135b044dc9e37bc127b4691c2: No bootstrap required, opened a new log
I20260709 14:51:25.694625 13412 ts_tablet_manager.cc:1403] T e9dad6ea7a3247c4a42c6ffb99843de0 P f6f3a8f135b044dc9e37bc127b4691c2: Time spent bootstrapping tablet: real 0.134s	user 0.029s	sys 0.025s
I20260709 14:51:25.708425 13452 consensus_queue.cc:1048] T 5dbf67367c7f4baf8ec1b17fdb494b06 P f6f3a8f135b044dc9e37bc127b4691c2 [LEADER]: Connected to new peer: Peer: permanent_uuid: "96cffe1aa06247f8b7b2b98056b94551" member_type: VOTER last_known_addr { host: "127.11.213.66" port: 38979 }, Status: LMP_MISMATCH, Last received: 0.0, Next index: 1, Last known committed idx: 0, Time since last communication: 0.001s
I20260709 14:51:25.709630 13219 tablet_service.cc:1917] Received RequestConsensusVote() RPC: tablet_id: "ed14885866744a52aaa4fc91d380674a" candidate_uuid: "96cffe1aa06247f8b7b2b98056b94551" candidate_term: 1 candidate_status { last_received { term: 0 index: 0 } } ignore_live_leader: false dest_uuid: "f6f3a8f135b044dc9e37bc127b4691c2" is_pre_election: true
I20260709 14:51:25.710398 13219 raft_consensus.cc:2393] T ed14885866744a52aaa4fc91d380674a P f6f3a8f135b044dc9e37bc127b4691c2 [term 1 FOLLOWER]: Leader pre-election vote request: Denying vote to candidate 96cffe1aa06247f8b7b2b98056b94551 in current term 1: Already voted for candidate 3867e3eec75a421194235491339d25db in this term.
I20260709 14:51:25.712050 13410 tablet_bootstrap.cc:654] T 4d763c0ace444e8b87cb27eddd418a03 P 96cffe1aa06247f8b7b2b98056b94551: Neither blocks nor log segments found. Creating new log.
I20260709 14:51:25.716730 13458 leader_election.cc:290] T ed14885866744a52aaa4fc91d380674a P 96cffe1aa06247f8b7b2b98056b94551 [CANDIDATE]: Term 1 pre-election: Requested pre-vote from peers f6f3a8f135b044dc9e37bc127b4691c2 (127.11.213.65:38451), 3867e3eec75a421194235491339d25db (127.11.213.67:36923)
I20260709 14:51:25.721611 13412 raft_consensus.cc:359] T e9dad6ea7a3247c4a42c6ffb99843de0 P f6f3a8f135b044dc9e37bc127b4691c2 [term 0 FOLLOWER]: Replica starting. Triggering 0 pending ops. Active config: opid_index: -1 OBSOLETE_local: false peers { permanent_uuid: "f6f3a8f135b044dc9e37bc127b4691c2" member_type: VOTER last_known_addr { host: "127.11.213.65" port: 38451 } } peers { permanent_uuid: "96cffe1aa06247f8b7b2b98056b94551" member_type: VOTER last_known_addr { host: "127.11.213.66" port: 38979 } } peers { permanent_uuid: "3867e3eec75a421194235491339d25db" member_type: VOTER last_known_addr { host: "127.11.213.67" port: 36923 } }
I20260709 14:51:25.722358 13412 raft_consensus.cc:385] T e9dad6ea7a3247c4a42c6ffb99843de0 P f6f3a8f135b044dc9e37bc127b4691c2 [term 0 FOLLOWER]: Consensus starting up: Expiring failure detector timer to make a prompt election more likely
I20260709 14:51:25.722640 13412 raft_consensus.cc:740] T e9dad6ea7a3247c4a42c6ffb99843de0 P f6f3a8f135b044dc9e37bc127b4691c2 [term 0 FOLLOWER]: Becoming Follower/Learner. State: Replica: f6f3a8f135b044dc9e37bc127b4691c2, State: Initialized, Role: FOLLOWER
I20260709 14:51:25.723541 13412 consensus_queue.cc:260] T e9dad6ea7a3247c4a42c6ffb99843de0 P f6f3a8f135b044dc9e37bc127b4691c2 [NON_LEADER]: Queue going to NON_LEADER mode. State: All replicated index: 0, Majority replicated index: 0, Committed index: 0, Last appended: 0.0, Last appended by leader: 0, Current term: 0, Majority size: -1, State: 0, Mode: NON_LEADER, active raft config: opid_index: -1 OBSOLETE_local: false peers { permanent_uuid: "f6f3a8f135b044dc9e37bc127b4691c2" member_type: VOTER last_known_addr { host: "127.11.213.65" port: 38451 } } peers { permanent_uuid: "96cffe1aa06247f8b7b2b98056b94551" member_type: VOTER last_known_addr { host: "127.11.213.66" port: 38979 } } peers { permanent_uuid: "3867e3eec75a421194235491339d25db" member_type: VOTER last_known_addr { host: "127.11.213.67" port: 36923 } }
I20260709 14:51:25.724318 13370 tablet_service.cc:1917] Received RequestConsensusVote() RPC: tablet_id: "ed14885866744a52aaa4fc91d380674a" candidate_uuid: "96cffe1aa06247f8b7b2b98056b94551" candidate_term: 1 candidate_status { last_received { term: 0 index: 0 } } ignore_live_leader: false dest_uuid: "3867e3eec75a421194235491339d25db" is_pre_election: true
I20260709 14:51:25.725804 13412 ts_tablet_manager.cc:1434] T e9dad6ea7a3247c4a42c6ffb99843de0 P f6f3a8f135b044dc9e37bc127b4691c2: Time spent starting tablet: real 0.030s	user 0.007s	sys 0.003s
I20260709 14:51:25.726341 13262 leader_election.cc:304] T ed14885866744a52aaa4fc91d380674a P 96cffe1aa06247f8b7b2b98056b94551 [CANDIDATE]: Term 1 pre-election: Election decided. Result: candidate lost. Election summary: received 3 responses out of 3 voters: 1 yes votes; 2 no votes. yes voters: 96cffe1aa06247f8b7b2b98056b94551; no voters: 3867e3eec75a421194235491339d25db, f6f3a8f135b044dc9e37bc127b4691c2
I20260709 14:51:25.708266 13418 consensus_queue.cc:1048] T 63c642f6348a44c8b70ebe0285ede10a P f6f3a8f135b044dc9e37bc127b4691c2 [LEADER]: Connected to new peer: Peer: permanent_uuid: "3867e3eec75a421194235491339d25db" member_type: VOTER last_known_addr { host: "127.11.213.67" port: 36923 }, Status: LMP_MISMATCH, Last received: 0.0, Next index: 1, Last known committed idx: 0, Time since last communication: 0.015s
I20260709 14:51:25.729655 13524 raft_consensus.cc:3060] T ed14885866744a52aaa4fc91d380674a P 96cffe1aa06247f8b7b2b98056b94551 [term 0 FOLLOWER]: Advancing to term 1
I20260709 14:51:25.731914 13410 tablet_bootstrap.cc:492] T 4d763c0ace444e8b87cb27eddd418a03 P 96cffe1aa06247f8b7b2b98056b94551: No bootstrap required, opened a new log
I20260709 14:51:25.732257 13412 tablet_bootstrap.cc:492] T 52c513f8b93d47e8a9b92d5f64c2fb3f P f6f3a8f135b044dc9e37bc127b4691c2: Bootstrap starting.
I20260709 14:51:25.732371 13410 ts_tablet_manager.cc:1403] T 4d763c0ace444e8b87cb27eddd418a03 P 96cffe1aa06247f8b7b2b98056b94551: Time spent bootstrapping tablet: real 0.091s	user 0.015s	sys 0.005s
I20260709 14:51:25.751808 13417 consensus_queue.cc:1048] T 6d936c040f6146c289155ded8727a53d P 3867e3eec75a421194235491339d25db [LEADER]: Connected to new peer: Peer: permanent_uuid: "96cffe1aa06247f8b7b2b98056b94551" member_type: VOTER last_known_addr { host: "127.11.213.66" port: 38979 }, Status: LMP_MISMATCH, Last received: 0.0, Next index: 1, Last known committed idx: 0, Time since last communication: 0.001s
I20260709 14:51:25.765115 13411 tablet_bootstrap.cc:654] T 72c8db8fcd2a416283f2d6c9c54d4862 P 3867e3eec75a421194235491339d25db: Neither blocks nor log segments found. Creating new log.
I20260709 14:51:25.778028 13412 tablet_bootstrap.cc:654] T 52c513f8b93d47e8a9b92d5f64c2fb3f P f6f3a8f135b044dc9e37bc127b4691c2: Neither blocks nor log segments found. Creating new log.
W20260709 14:51:25.790397 13187 consensus_peers.cc:597] T 72c8db8fcd2a416283f2d6c9c54d4862 P f6f3a8f135b044dc9e37bc127b4691c2 -> Peer 3867e3eec75a421194235491339d25db (127.11.213.67:36923): Couldn't send request to peer 3867e3eec75a421194235491339d25db. Error code: TABLET_NOT_RUNNING (12). Status: Illegal state: Tablet not RUNNING: BOOTSTRAPPING. This is attempt 1: this message will repeat every 5th retry.
I20260709 14:51:25.791292 13524 raft_consensus.cc:2749] T ed14885866744a52aaa4fc91d380674a P 96cffe1aa06247f8b7b2b98056b94551 [term 1 FOLLOWER]: Leader pre-election lost for term 1. Reason: could not achieve majority
I20260709 14:51:25.794337 13410 raft_consensus.cc:359] T 4d763c0ace444e8b87cb27eddd418a03 P 96cffe1aa06247f8b7b2b98056b94551 [term 0 FOLLOWER]: Replica starting. Triggering 0 pending ops. Active config: opid_index: -1 OBSOLETE_local: false peers { permanent_uuid: "f6f3a8f135b044dc9e37bc127b4691c2" member_type: VOTER last_known_addr { host: "127.11.213.65" port: 38451 } } peers { permanent_uuid: "96cffe1aa06247f8b7b2b98056b94551" member_type: VOTER last_known_addr { host: "127.11.213.66" port: 38979 } } peers { permanent_uuid: "3867e3eec75a421194235491339d25db" member_type: VOTER last_known_addr { host: "127.11.213.67" port: 36923 } }
I20260709 14:51:25.797470 13410 raft_consensus.cc:385] T 4d763c0ace444e8b87cb27eddd418a03 P 96cffe1aa06247f8b7b2b98056b94551 [term 0 FOLLOWER]: Consensus starting up: Expiring failure detector timer to make a prompt election more likely
I20260709 14:51:25.797853 13410 raft_consensus.cc:740] T 4d763c0ace444e8b87cb27eddd418a03 P 96cffe1aa06247f8b7b2b98056b94551 [term 0 FOLLOWER]: Becoming Follower/Learner. State: Replica: 96cffe1aa06247f8b7b2b98056b94551, State: Initialized, Role: FOLLOWER
I20260709 14:51:25.798710 13410 consensus_queue.cc:260] T 4d763c0ace444e8b87cb27eddd418a03 P 96cffe1aa06247f8b7b2b98056b94551 [NON_LEADER]: Queue going to NON_LEADER mode. State: All replicated index: 0, Majority replicated index: 0, Committed index: 0, Last appended: 0.0, Last appended by leader: 0, Current term: 0, Majority size: -1, State: 0, Mode: NON_LEADER, active raft config: opid_index: -1 OBSOLETE_local: false peers { permanent_uuid: "f6f3a8f135b044dc9e37bc127b4691c2" member_type: VOTER last_known_addr { host: "127.11.213.65" port: 38451 } } peers { permanent_uuid: "96cffe1aa06247f8b7b2b98056b94551" member_type: VOTER last_known_addr { host: "127.11.213.66" port: 38979 } } peers { permanent_uuid: "3867e3eec75a421194235491339d25db" member_type: VOTER last_known_addr { host: "127.11.213.67" port: 36923 } }
I20260709 14:51:25.804723 13478 consensus_queue.cc:1048] T 820553f1329043e8a21a56b1d596df12 P 3867e3eec75a421194235491339d25db [LEADER]: Connected to new peer: Peer: permanent_uuid: "96cffe1aa06247f8b7b2b98056b94551" member_type: VOTER last_known_addr { host: "127.11.213.66" port: 38979 }, Status: LMP_MISMATCH, Last received: 0.0, Next index: 1, Last known committed idx: 0, Time since last communication: 0.000s
I20260709 14:51:25.805070 13410 ts_tablet_manager.cc:1434] T 4d763c0ace444e8b87cb27eddd418a03 P 96cffe1aa06247f8b7b2b98056b94551: Time spent starting tablet: real 0.072s	user 0.007s	sys 0.001s
I20260709 14:51:25.813176 13410 tablet_bootstrap.cc:492] T 3b961f6596bf4f34a21edfcc5230d0cf P 96cffe1aa06247f8b7b2b98056b94551: Bootstrap starting.
