I20260709 14:51:12.758404 12819 tablet_service.cc:1917] Received RequestConsensusVote() RPC: tablet_id: "13ba0c37b452496fa4feeaa3f3f2ddce" candidate_uuid: "b4b9c7471c5a4f58996412b3dff5ad07" candidate_term: 1 candidate_status { last_received { term: 0 index: 0 } } ignore_live_leader: false dest_uuid: "2ef2889a91014e7391475d90df3d44f1" is_pre_election: true
I20260709 14:51:12.759114 12819 raft_consensus.cc:2468] T 13ba0c37b452496fa4feeaa3f3f2ddce P 2ef2889a91014e7391475d90df3d44f1 [term 0 FOLLOWER]: Leader pre-election vote request: Granting yes vote for candidate b4b9c7471c5a4f58996412b3dff5ad07 in term 0.
I20260709 14:51:12.758078 12933 raft_consensus.cc:359] T cbcd5599c44343ec8a90208bc952631f P 2ef2889a91014e7391475d90df3d44f1 [term 0 FOLLOWER]: Replica starting. Triggering 0 pending ops. Active config: opid_index: -1 OBSOLETE_local: false peers { permanent_uuid: "f0495ec79726499ca142385aca103147" member_type: VOTER last_known_addr { host: "127.11.213.65" port: 36929 } } peers { permanent_uuid: "2ef2889a91014e7391475d90df3d44f1" member_type: VOTER last_known_addr { host: "127.11.213.66" port: 40625 } } peers { permanent_uuid: "b4b9c7471c5a4f58996412b3dff5ad07" member_type: VOTER last_known_addr { host: "127.11.213.67" port: 42645 } }
I20260709 14:51:12.759172 12934 consensus_queue.cc:260] T eecf24caaf804c8b8dd9d1f9f806f27e P f0495ec79726499ca142385aca103147 [NON_LEADER]: Queue going to NON_LEADER mode. State: All replicated index: 0, Majority replicated index: 0, Committed index: 0, Last appended: 0.0, Last appended by leader: 0, Current term: 0, Majority size: -1, State: 0, Mode: NON_LEADER, active raft config: opid_index: -1 OBSOLETE_local: false peers { permanent_uuid: "f0495ec79726499ca142385aca103147" member_type: VOTER last_known_addr { host: "127.11.213.65" port: 36929 } } peers { permanent_uuid: "2ef2889a91014e7391475d90df3d44f1" member_type: VOTER last_known_addr { host: "127.11.213.66" port: 40625 } } peers { permanent_uuid: "b4b9c7471c5a4f58996412b3dff5ad07" member_type: VOTER last_known_addr { host: "127.11.213.67" port: 42645 } }
I20260709 14:51:12.759974 12933 raft_consensus.cc:385] T cbcd5599c44343ec8a90208bc952631f P 2ef2889a91014e7391475d90df3d44f1 [term 0 FOLLOWER]: Consensus starting up: Expiring failure detector timer to make a prompt election more likely
I20260709 14:51:12.760250 12933 raft_consensus.cc:740] T cbcd5599c44343ec8a90208bc952631f P 2ef2889a91014e7391475d90df3d44f1 [term 0 FOLLOWER]: Becoming Follower/Learner. State: Replica: 2ef2889a91014e7391475d90df3d44f1, State: Initialized, Role: FOLLOWER
I20260709 14:51:12.760694 12950 raft_consensus.cc:515] T 9758a6a40ca44231a54dd7ab844f2107 P f0495ec79726499ca142385aca103147 [term 1 FOLLOWER]: Starting leader election with config: opid_index: -1 OBSOLETE_local: false peers { permanent_uuid: "f0495ec79726499ca142385aca103147" member_type: VOTER last_known_addr { host: "127.11.213.65" port: 36929 } } peers { permanent_uuid: "2ef2889a91014e7391475d90df3d44f1" member_type: VOTER last_known_addr { host: "127.11.213.66" port: 40625 } } peers { permanent_uuid: "b4b9c7471c5a4f58996412b3dff5ad07" member_type: VOTER last_known_addr { host: "127.11.213.67" port: 42645 } }
I20260709 14:51:12.760934 12933 consensus_queue.cc:260] T cbcd5599c44343ec8a90208bc952631f P 2ef2889a91014e7391475d90df3d44f1 [NON_LEADER]: Queue going to NON_LEADER mode. State: All replicated index: 0, Majority replicated index: 0, Committed index: 0, Last appended: 0.0, Last appended by leader: 0, Current term: 0, Majority size: -1, State: 0, Mode: NON_LEADER, active raft config: opid_index: -1 OBSOLETE_local: false peers { permanent_uuid: "f0495ec79726499ca142385aca103147" member_type: VOTER last_known_addr { host: "127.11.213.65" port: 36929 } } peers { permanent_uuid: "2ef2889a91014e7391475d90df3d44f1" member_type: VOTER last_known_addr { host: "127.11.213.66" port: 40625 } } peers { permanent_uuid: "b4b9c7471c5a4f58996412b3dff5ad07" member_type: VOTER last_known_addr { host: "127.11.213.67" port: 42645 } }
I20260709 14:51:12.761551 12934 ts_tablet_manager.cc:1434] T eecf24caaf804c8b8dd9d1f9f806f27e P f0495ec79726499ca142385aca103147: Time spent starting tablet: real 0.007s	user 0.006s	sys 0.000s
I20260709 14:51:12.761582 12856 leader_election.cc:304] T 13ba0c37b452496fa4feeaa3f3f2ddce P b4b9c7471c5a4f58996412b3dff5ad07 [CANDIDATE]: Term 1 pre-election: Election decided. Result: candidate won. Election summary: received 3 responses out of 3 voters: 2 yes votes; 1 no votes. yes voters: 2ef2889a91014e7391475d90df3d44f1, b4b9c7471c5a4f58996412b3dff5ad07; no voters: f0495ec79726499ca142385aca103147
I20260709 14:51:12.762547 12950 leader_election.cc:290] T 9758a6a40ca44231a54dd7ab844f2107 P f0495ec79726499ca142385aca103147 [CANDIDATE]: Term 1 election: Requested vote from peers 2ef2889a91014e7391475d90df3d44f1 (127.11.213.66:40625), b4b9c7471c5a4f58996412b3dff5ad07 (127.11.213.67:42645)
I20260709 14:51:12.762722 12937 raft_consensus.cc:2804] T 13ba0c37b452496fa4feeaa3f3f2ddce P b4b9c7471c5a4f58996412b3dff5ad07 [term 0 FOLLOWER]: Leader pre-election won for term 1
I20260709 14:51:12.763044 12950 consensus_queue.cc:1048] T a83a2efcfbd04f4d9f56cfad118b3684 P f0495ec79726499ca142385aca103147 [LEADER]: Connected to new peer: Peer: permanent_uuid: "2ef2889a91014e7391475d90df3d44f1" member_type: VOTER last_known_addr { host: "127.11.213.66" port: 40625 }, Status: LMP_MISMATCH, Last received: 0.0, Next index: 1, Last known committed idx: 0, Time since last communication: 0.000s
I20260709 14:51:12.763057 12937 raft_consensus.cc:493] T 13ba0c37b452496fa4feeaa3f3f2ddce P b4b9c7471c5a4f58996412b3dff5ad07 [term 0 FOLLOWER]: Starting leader election (no leader contacted us within the election timeout)
I20260709 14:51:12.763674 12937 raft_consensus.cc:3060] T 13ba0c37b452496fa4feeaa3f3f2ddce P b4b9c7471c5a4f58996412b3dff5ad07 [term 0 FOLLOWER]: Advancing to term 1
I20260709 14:51:12.764021 12943 leader_election.cc:290] T 7bfd6626848f4a1d8e1029c502848d38 P f0495ec79726499ca142385aca103147 [CANDIDATE]: Term 1 election: Requested vote from peers 2ef2889a91014e7391475d90df3d44f1 (127.11.213.66:40625), b4b9c7471c5a4f58996412b3dff5ad07 (127.11.213.67:42645)
I20260709 14:51:12.765328 12934 tablet_bootstrap.cc:492] T 13ba0c37b452496fa4feeaa3f3f2ddce P f0495ec79726499ca142385aca103147: Bootstrap starting.
I20260709 14:51:12.769119 12933 ts_tablet_manager.cc:1434] T cbcd5599c44343ec8a90208bc952631f P 2ef2889a91014e7391475d90df3d44f1: Time spent starting tablet: real 0.013s	user 0.002s	sys 0.003s
I20260709 14:51:12.770008 12933 tablet_bootstrap.cc:492] T 1bd5c0870f5a4b71b04e7990c8831a22 P 2ef2889a91014e7391475d90df3d44f1: Bootstrap starting.
I20260709 14:51:12.770399 12937 raft_consensus.cc:515] T 13ba0c37b452496fa4feeaa3f3f2ddce P b4b9c7471c5a4f58996412b3dff5ad07 [term 1 FOLLOWER]: Starting leader election with config: opid_index: -1 OBSOLETE_local: false peers { permanent_uuid: "f0495ec79726499ca142385aca103147" member_type: VOTER last_known_addr { host: "127.11.213.65" port: 36929 } } peers { permanent_uuid: "2ef2889a91014e7391475d90df3d44f1" member_type: VOTER last_known_addr { host: "127.11.213.66" port: 40625 } } peers { permanent_uuid: "b4b9c7471c5a4f58996412b3dff5ad07" member_type: VOTER last_known_addr { host: "127.11.213.67" port: 42645 } }
I20260709 14:51:12.771385 12934 tablet_bootstrap.cc:654] T 13ba0c37b452496fa4feeaa3f3f2ddce P f0495ec79726499ca142385aca103147: Neither blocks nor log segments found. Creating new log.
I20260709 14:51:12.773545 12819 tablet_service.cc:1917] Received RequestConsensusVote() RPC: tablet_id: "9758a6a40ca44231a54dd7ab844f2107" candidate_uuid: "f0495ec79726499ca142385aca103147" candidate_term: 1 candidate_status { last_received { term: 0 index: 0 } } ignore_live_leader: false dest_uuid: "2ef2889a91014e7391475d90df3d44f1"
I20260709 14:51:12.774093 12819 raft_consensus.cc:3060] T 9758a6a40ca44231a54dd7ab844f2107 P 2ef2889a91014e7391475d90df3d44f1 [term 0 FOLLOWER]: Advancing to term 1
I20260709 14:51:12.774469 12710 leader_election.cc:304] T 7bfd6626848f4a1d8e1029c502848d38 P f0495ec79726499ca142385aca103147 [CANDIDATE]: Term 1 election: Election decided. Result: candidate won. Election summary: received 3 responses out of 3 voters: 2 yes votes; 1 no votes. yes voters: b4b9c7471c5a4f58996412b3dff5ad07, f0495ec79726499ca142385aca103147; no voters: 2ef2889a91014e7391475d90df3d44f1
I20260709 14:51:12.776000 12933 tablet_bootstrap.cc:654] T 1bd5c0870f5a4b71b04e7990c8831a22 P 2ef2889a91014e7391475d90df3d44f1: Neither blocks nor log segments found. Creating new log.
I20260709 14:51:12.783633 12934 tablet_bootstrap.cc:492] T 13ba0c37b452496fa4feeaa3f3f2ddce P f0495ec79726499ca142385aca103147: No bootstrap required, opened a new log
I20260709 14:51:12.784332 12934 ts_tablet_manager.cc:1403] T 13ba0c37b452496fa4feeaa3f3f2ddce P f0495ec79726499ca142385aca103147: Time spent bootstrapping tablet: real 0.019s	user 0.013s	sys 0.004s
I20260709 14:51:12.787878 12934 raft_consensus.cc:359] T 13ba0c37b452496fa4feeaa3f3f2ddce P f0495ec79726499ca142385aca103147 [term 0 FOLLOWER]: Replica starting. Triggering 0 pending ops. Active config: opid_index: -1 OBSOLETE_local: false peers { permanent_uuid: "f0495ec79726499ca142385aca103147" member_type: VOTER last_known_addr { host: "127.11.213.65" port: 36929 } } peers { permanent_uuid: "2ef2889a91014e7391475d90df3d44f1" member_type: VOTER last_known_addr { host: "127.11.213.66" port: 40625 } } peers { permanent_uuid: "b4b9c7471c5a4f58996412b3dff5ad07" member_type: VOTER last_known_addr { host: "127.11.213.67" port: 42645 } }
I20260709 14:51:12.788810 12934 raft_consensus.cc:385] T 13ba0c37b452496fa4feeaa3f3f2ddce P f0495ec79726499ca142385aca103147 [term 0 FOLLOWER]: Consensus starting up: Expiring failure detector timer to make a prompt election more likely
I20260709 14:51:12.790290 12817 tablet_service.cc:1917] Received RequestConsensusVote() RPC: tablet_id: "13ba0c37b452496fa4feeaa3f3f2ddce" candidate_uuid: "b4b9c7471c5a4f58996412b3dff5ad07" candidate_term: 1 candidate_status { last_received { term: 0 index: 0 } } ignore_live_leader: false dest_uuid: "2ef2889a91014e7391475d90df3d44f1"
I20260709 14:51:12.794970 12817 raft_consensus.cc:3060] T 13ba0c37b452496fa4feeaa3f3f2ddce P 2ef2889a91014e7391475d90df3d44f1 [term 0 FOLLOWER]: Advancing to term 1
I20260709 14:51:12.790762 12984 raft_consensus.cc:2804] T 7bfd6626848f4a1d8e1029c502848d38 P f0495ec79726499ca142385aca103147 [term 1 FOLLOWER]: Leader election won for term 1
I20260709 14:51:12.797875 12984 raft_consensus.cc:697] T 7bfd6626848f4a1d8e1029c502848d38 P f0495ec79726499ca142385aca103147 [term 1 LEADER]: Becoming Leader. State: Replica: f0495ec79726499ca142385aca103147, State: Running, Role: LEADER
I20260709 14:51:12.798774 12984 consensus_queue.cc:237] T 7bfd6626848f4a1d8e1029c502848d38 P f0495ec79726499ca142385aca103147 [LEADER]: Queue going to LEADER mode. State: All replicated index: 0, Majority replicated index: 0, Committed index: 0, Last appended: 0.0, Last appended by leader: 0, Current term: 1, Majority size: 2, State: 0, Mode: LEADER, active raft config: opid_index: -1 OBSOLETE_local: false peers { permanent_uuid: "f0495ec79726499ca142385aca103147" member_type: VOTER last_known_addr { host: "127.11.213.65" port: 36929 } } peers { permanent_uuid: "2ef2889a91014e7391475d90df3d44f1" member_type: VOTER last_known_addr { host: "127.11.213.66" port: 40625 } } peers { permanent_uuid: "b4b9c7471c5a4f58996412b3dff5ad07" member_type: VOTER last_known_addr { host: "127.11.213.67" port: 42645 } }
I20260709 14:51:12.780802 12819 raft_consensus.cc:2468] T 9758a6a40ca44231a54dd7ab844f2107 P 2ef2889a91014e7391475d90df3d44f1 [term 1 FOLLOWER]: Leader election vote request: Granting yes vote for candidate f0495ec79726499ca142385aca103147 in term 1.
I20260709 14:51:12.792001 12744 tablet_service.cc:1917] Received RequestConsensusVote() RPC: tablet_id: "13ba0c37b452496fa4feeaa3f3f2ddce" candidate_uuid: "b4b9c7471c5a4f58996412b3dff5ad07" candidate_term: 1 candidate_status { last_received { term: 0 index: 0 } } ignore_live_leader: false dest_uuid: "f0495ec79726499ca142385aca103147"
I20260709 14:51:12.790313 12937 leader_election.cc:290] T 13ba0c37b452496fa4feeaa3f3f2ddce P b4b9c7471c5a4f58996412b3dff5ad07 [CANDIDATE]: Term 1 election: Requested vote from peers f0495ec79726499ca142385aca103147 (127.11.213.65:36929), 2ef2889a91014e7391475d90df3d44f1 (127.11.213.66:40625)
I20260709 14:51:12.801913 12707 leader_election.cc:304] T 9758a6a40ca44231a54dd7ab844f2107 P f0495ec79726499ca142385aca103147 [CANDIDATE]: Term 1 election: Election decided. Result: candidate won. Election summary: received 2 responses out of 3 voters: 2 yes votes; 0 no votes. yes voters: 2ef2889a91014e7391475d90df3d44f1, f0495ec79726499ca142385aca103147; no voters: 
I20260709 14:51:12.802690 12817 raft_consensus.cc:2468] T 13ba0c37b452496fa4feeaa3f3f2ddce P 2ef2889a91014e7391475d90df3d44f1 [term 1 FOLLOWER]: Leader election vote request: Granting yes vote for candidate b4b9c7471c5a4f58996412b3dff5ad07 in term 1.
I20260709 14:51:12.803915 12856 leader_election.cc:304] T 13ba0c37b452496fa4feeaa3f3f2ddce P b4b9c7471c5a4f58996412b3dff5ad07 [CANDIDATE]: Term 1 election: Election decided. Result: candidate won. Election summary: received 2 responses out of 3 voters: 2 yes votes; 0 no votes. yes voters: 2ef2889a91014e7391475d90df3d44f1, b4b9c7471c5a4f58996412b3dff5ad07; no voters: 
I20260709 14:51:12.805150 12937 raft_consensus.cc:2804] T 13ba0c37b452496fa4feeaa3f3f2ddce P b4b9c7471c5a4f58996412b3dff5ad07 [term 1 FOLLOWER]: Leader election won for term 1
I20260709 14:51:12.805644 12937 raft_consensus.cc:697] T 13ba0c37b452496fa4feeaa3f3f2ddce P b4b9c7471c5a4f58996412b3dff5ad07 [term 1 LEADER]: Becoming Leader. State: Replica: b4b9c7471c5a4f58996412b3dff5ad07, State: Running, Role: LEADER
I20260709 14:51:12.804469 12641 catalog_manager.cc:5697] T eecf24caaf804c8b8dd9d1f9f806f27e P b4b9c7471c5a4f58996412b3dff5ad07 reported cstate change: term changed from 0 to 1, leader changed from <none> to b4b9c7471c5a4f58996412b3dff5ad07 (127.11.213.67). New cstate: current_term: 1 leader_uuid: "b4b9c7471c5a4f58996412b3dff5ad07" committed_config { opid_index: -1 OBSOLETE_local: false peers { permanent_uuid: "f0495ec79726499ca142385aca103147" member_type: VOTER last_known_addr { host: "127.11.213.65" port: 36929 } health_report { overall_health: UNKNOWN } } peers { permanent_uuid: "2ef2889a91014e7391475d90df3d44f1" member_type: VOTER last_known_addr { host: "127.11.213.66" port: 40625 } health_report { overall_health: UNKNOWN } } peers { permanent_uuid: "b4b9c7471c5a4f58996412b3dff5ad07" member_type: VOTER last_known_addr { host: "127.11.213.67" port: 42645 } health_report { overall_health: HEALTHY } } }
I20260709 14:51:12.806571 12937 consensus_queue.cc:237] T 13ba0c37b452496fa4feeaa3f3f2ddce P b4b9c7471c5a4f58996412b3dff5ad07 [LEADER]: Queue going to LEADER mode. State: All replicated index: 0, Majority replicated index: 0, Committed index: 0, Last appended: 0.0, Last appended by leader: 0, Current term: 1, Majority size: 2, State: 0, Mode: LEADER, active raft config: opid_index: -1 OBSOLETE_local: false peers { permanent_uuid: "f0495ec79726499ca142385aca103147" member_type: VOTER last_known_addr { host: "127.11.213.65" port: 36929 } } peers { permanent_uuid: "2ef2889a91014e7391475d90df3d44f1" member_type: VOTER last_known_addr { host: "127.11.213.66" port: 40625 } } peers { permanent_uuid: "b4b9c7471c5a4f58996412b3dff5ad07" member_type: VOTER last_known_addr { host: "127.11.213.67" port: 42645 } }
I20260709 14:51:12.802829 12985 raft_consensus.cc:2804] T 9758a6a40ca44231a54dd7ab844f2107 P f0495ec79726499ca142385aca103147 [term 1 FOLLOWER]: Leader election won for term 1
I20260709 14:51:12.809754 12985 raft_consensus.cc:697] T 9758a6a40ca44231a54dd7ab844f2107 P f0495ec79726499ca142385aca103147 [term 1 LEADER]: Becoming Leader. State: Replica: f0495ec79726499ca142385aca103147, State: Running, Role: LEADER
I20260709 14:51:12.810775 12985 consensus_queue.cc:237] T 9758a6a40ca44231a54dd7ab844f2107 P f0495ec79726499ca142385aca103147 [LEADER]: Queue going to LEADER mode. State: All replicated index: 0, Majority replicated index: 0, Committed index: 0, Last appended: 0.0, Last appended by leader: 0, Current term: 1, Majority size: 2, State: 0, Mode: LEADER, active raft config: opid_index: -1 OBSOLETE_local: false peers { permanent_uuid: "f0495ec79726499ca142385aca103147" member_type: VOTER last_known_addr { host: "127.11.213.65" port: 36929 } } peers { permanent_uuid: "2ef2889a91014e7391475d90df3d44f1" member_type: VOTER last_known_addr { host: "127.11.213.66" port: 40625 } } peers { permanent_uuid: "b4b9c7471c5a4f58996412b3dff5ad07" member_type: VOTER last_known_addr { host: "127.11.213.67" port: 42645 } }
I20260709 14:51:12.794332 12893 tablet_service.cc:1917] Received RequestConsensusVote() RPC: tablet_id: "9758a6a40ca44231a54dd7ab844f2107" candidate_uuid: "f0495ec79726499ca142385aca103147" candidate_term: 1 candidate_status { last_received { term: 0 index: 0 } } ignore_live_leader: false dest_uuid: "b4b9c7471c5a4f58996412b3dff5ad07"
I20260709 14:51:12.813095 12893 raft_consensus.cc:3060] T 9758a6a40ca44231a54dd7ab844f2107 P b4b9c7471c5a4f58996412b3dff5ad07 [term 0 FOLLOWER]: Advancing to term 1
I20260709 14:51:12.816083 12934 raft_consensus.cc:740] T 13ba0c37b452496fa4feeaa3f3f2ddce P f0495ec79726499ca142385aca103147 [term 0 FOLLOWER]: Becoming Follower/Learner. State: Replica: f0495ec79726499ca142385aca103147, State: Initialized, Role: FOLLOWER
I20260709 14:51:12.817052 12934 consensus_queue.cc:260] T 13ba0c37b452496fa4feeaa3f3f2ddce P f0495ec79726499ca142385aca103147 [NON_LEADER]: Queue going to NON_LEADER mode. State: All replicated index: 0, Majority replicated index: 0, Committed index: 0, Last appended: 0.0, Last appended by leader: 0, Current term: 0, Majority size: -1, State: 0, Mode: NON_LEADER, active raft config: opid_index: -1 OBSOLETE_local: false peers { permanent_uuid: "f0495ec79726499ca142385aca103147" member_type: VOTER last_known_addr { host: "127.11.213.65" port: 36929 } } peers { permanent_uuid: "2ef2889a91014e7391475d90df3d44f1" member_type: VOTER last_known_addr { host: "127.11.213.66" port: 40625 } } peers { permanent_uuid: "b4b9c7471c5a4f58996412b3dff5ad07" member_type: VOTER last_known_addr { host: "127.11.213.67" port: 42645 } }
I20260709 14:51:12.818055 12744 raft_consensus.cc:3060] T 13ba0c37b452496fa4feeaa3f3f2ddce P f0495ec79726499ca142385aca103147 [term 0 FOLLOWER]: Advancing to term 1
I20260709 14:51:12.819218 12934 ts_tablet_manager.cc:1434] T 13ba0c37b452496fa4feeaa3f3f2ddce P f0495ec79726499ca142385aca103147: Time spent starting tablet: real 0.034s	user 0.004s	sys 0.000s
I20260709 14:51:12.824004 12933 tablet_bootstrap.cc:492] T 1bd5c0870f5a4b71b04e7990c8831a22 P 2ef2889a91014e7391475d90df3d44f1: No bootstrap required, opened a new log
I20260709 14:51:12.824467 12933 ts_tablet_manager.cc:1403] T 1bd5c0870f5a4b71b04e7990c8831a22 P 2ef2889a91014e7391475d90df3d44f1: Time spent bootstrapping tablet: real 0.055s	user 0.031s	sys 0.020s
I20260709 14:51:12.827034 12933 raft_consensus.cc:359] T 1bd5c0870f5a4b71b04e7990c8831a22 P 2ef2889a91014e7391475d90df3d44f1 [term 0 FOLLOWER]: Replica starting. Triggering 0 pending ops. Active config: opid_index: -1 OBSOLETE_local: false peers { permanent_uuid: "f0495ec79726499ca142385aca103147" member_type: VOTER last_known_addr { host: "127.11.213.65" port: 36929 } } peers { permanent_uuid: "2ef2889a91014e7391475d90df3d44f1" member_type: VOTER last_known_addr { host: "127.11.213.66" port: 40625 } } peers { permanent_uuid: "b4b9c7471c5a4f58996412b3dff5ad07" member_type: VOTER last_known_addr { host: "127.11.213.67" port: 42645 } }
I20260709 14:51:12.827656 12933 raft_consensus.cc:385] T 1bd5c0870f5a4b71b04e7990c8831a22 P 2ef2889a91014e7391475d90df3d44f1 [term 0 FOLLOWER]: Consensus starting up: Expiring failure detector timer to make a prompt election more likely
I20260709 14:51:12.827961 12933 raft_consensus.cc:740] T 1bd5c0870f5a4b71b04e7990c8831a22 P 2ef2889a91014e7391475d90df3d44f1 [term 0 FOLLOWER]: Becoming Follower/Learner. State: Replica: 2ef2889a91014e7391475d90df3d44f1, State: Initialized, Role: FOLLOWER
I20260709 14:51:12.828820 12933 consensus_queue.cc:260] T 1bd5c0870f5a4b71b04e7990c8831a22 P 2ef2889a91014e7391475d90df3d44f1 [NON_LEADER]: Queue going to NON_LEADER mode. State: All replicated index: 0, Majority replicated index: 0, Committed index: 0, Last appended: 0.0, Last appended by leader: 0, Current term: 0, Majority size: -1, State: 0, Mode: NON_LEADER, active raft config: opid_index: -1 OBSOLETE_local: false peers { permanent_uuid: "f0495ec79726499ca142385aca103147" member_type: VOTER last_known_addr { host: "127.11.213.65" port: 36929 } } peers { permanent_uuid: "2ef2889a91014e7391475d90df3d44f1" member_type: VOTER last_known_addr { host: "127.11.213.66" port: 40625 } } peers { permanent_uuid: "b4b9c7471c5a4f58996412b3dff5ad07" member_type: VOTER last_known_addr { host: "127.11.213.67" port: 42645 } }
I20260709 14:51:12.829326 12893 raft_consensus.cc:2468] T 9758a6a40ca44231a54dd7ab844f2107 P b4b9c7471c5a4f58996412b3dff5ad07 [term 1 FOLLOWER]: Leader election vote request: Granting yes vote for candidate f0495ec79726499ca142385aca103147 in term 1.
I20260709 14:51:12.831792 12933 ts_tablet_manager.cc:1434] T 1bd5c0870f5a4b71b04e7990c8831a22 P 2ef2889a91014e7391475d90df3d44f1: Time spent starting tablet: real 0.007s	user 0.006s	sys 0.000s
I20260709 14:51:12.832681 12933 tablet_bootstrap.cc:492] T 7bfd6626848f4a1d8e1029c502848d38 P 2ef2889a91014e7391475d90df3d44f1: Bootstrap starting.
I20260709 14:51:12.832921 12941 raft_consensus.cc:493] T 1bd5c0870f5a4b71b04e7990c8831a22 P 2ef2889a91014e7391475d90df3d44f1 [term 0 FOLLOWER]: Starting pre-election (no leader contacted us within the election timeout)
I20260709 14:51:12.833366 12941 raft_consensus.cc:515] T 1bd5c0870f5a4b71b04e7990c8831a22 P 2ef2889a91014e7391475d90df3d44f1 [term 0 FOLLOWER]: Starting pre-election with config: opid_index: -1 OBSOLETE_local: false peers { permanent_uuid: "f0495ec79726499ca142385aca103147" member_type: VOTER last_known_addr { host: "127.11.213.65" port: 36929 } } peers { permanent_uuid: "2ef2889a91014e7391475d90df3d44f1" member_type: VOTER last_known_addr { host: "127.11.213.66" port: 40625 } } peers { permanent_uuid: "b4b9c7471c5a4f58996412b3dff5ad07" member_type: VOTER last_known_addr { host: "127.11.213.67" port: 42645 } }
I20260709 14:51:12.835274 12941 leader_election.cc:290] T 1bd5c0870f5a4b71b04e7990c8831a22 P 2ef2889a91014e7391475d90df3d44f1 [CANDIDATE]: Term 1 pre-election: Requested pre-vote from peers f0495ec79726499ca142385aca103147 (127.11.213.65:36929), b4b9c7471c5a4f58996412b3dff5ad07 (127.11.213.67:42645)
I20260709 14:51:12.835740 12943 consensus_queue.cc:1048] T a83a2efcfbd04f4d9f56cfad118b3684 P f0495ec79726499ca142385aca103147 [LEADER]: Connected to new peer: Peer: permanent_uuid: "b4b9c7471c5a4f58996412b3dff5ad07" member_type: VOTER last_known_addr { host: "127.11.213.67" port: 42645 }, Status: LMP_MISMATCH, Last received: 0.0, Next index: 1, Last known committed idx: 0, Time since last communication: 0.001s
I20260709 14:51:12.836926 12743 tablet_service.cc:1917] Received RequestConsensusVote() RPC: tablet_id: "1bd5c0870f5a4b71b04e7990c8831a22" candidate_uuid: "2ef2889a91014e7391475d90df3d44f1" candidate_term: 1 candidate_status { last_received { term: 0 index: 0 } } ignore_live_leader: false dest_uuid: "f0495ec79726499ca142385aca103147" is_pre_election: true
I20260709 14:51:12.837543 12743 raft_consensus.cc:2468] T 1bd5c0870f5a4b71b04e7990c8831a22 P f0495ec79726499ca142385aca103147 [term 0 FOLLOWER]: Leader pre-election vote request: Granting yes vote for candidate 2ef2889a91014e7391475d90df3d44f1 in term 0.
I20260709 14:51:12.837977 12933 tablet_bootstrap.cc:654] T 7bfd6626848f4a1d8e1029c502848d38 P 2ef2889a91014e7391475d90df3d44f1: Neither blocks nor log segments found. Creating new log.
I20260709 14:51:12.838704 12784 leader_election.cc:304] T 1bd5c0870f5a4b71b04e7990c8831a22 P 2ef2889a91014e7391475d90df3d44f1 [CANDIDATE]: Term 1 pre-election: Election decided. Result: candidate won. Election summary: received 2 responses out of 3 voters: 2 yes votes; 0 no votes. yes voters: 2ef2889a91014e7391475d90df3d44f1, f0495ec79726499ca142385aca103147; no voters: 
I20260709 14:51:12.839524 12941 raft_consensus.cc:2804] T 1bd5c0870f5a4b71b04e7990c8831a22 P 2ef2889a91014e7391475d90df3d44f1 [term 0 FOLLOWER]: Leader pre-election won for term 1
I20260709 14:51:12.839769 12744 raft_consensus.cc:2468] T 13ba0c37b452496fa4feeaa3f3f2ddce P f0495ec79726499ca142385aca103147 [term 1 FOLLOWER]: Leader election vote request: Granting yes vote for candidate b4b9c7471c5a4f58996412b3dff5ad07 in term 1.
I20260709 14:51:12.839905 12941 raft_consensus.cc:493] T 1bd5c0870f5a4b71b04e7990c8831a22 P 2ef2889a91014e7391475d90df3d44f1 [term 0 FOLLOWER]: Starting leader election (no leader contacted us within the election timeout)
I20260709 14:51:12.840284 12941 raft_consensus.cc:3060] T 1bd5c0870f5a4b71b04e7990c8831a22 P 2ef2889a91014e7391475d90df3d44f1 [term 0 FOLLOWER]: Advancing to term 1
I20260709 14:51:12.841425 12892 tablet_service.cc:1917] Received RequestConsensusVote() RPC: tablet_id: "1bd5c0870f5a4b71b04e7990c8831a22" candidate_uuid: "2ef2889a91014e7391475d90df3d44f1" candidate_term: 1 candidate_status { last_received { term: 0 index: 0 } } ignore_live_leader: false dest_uuid: "b4b9c7471c5a4f58996412b3dff5ad07" is_pre_election: true
I20260709 14:51:12.842017 12892 raft_consensus.cc:2468] T 1bd5c0870f5a4b71b04e7990c8831a22 P b4b9c7471c5a4f58996412b3dff5ad07 [term 0 FOLLOWER]: Leader pre-election vote request: Granting yes vote for candidate 2ef2889a91014e7391475d90df3d44f1 in term 0.
I20260709 14:51:12.829912 12641 catalog_manager.cc:5697] T 13ba0c37b452496fa4feeaa3f3f2ddce P b4b9c7471c5a4f58996412b3dff5ad07 reported cstate change: term changed from 0 to 1, leader changed from <none> to b4b9c7471c5a4f58996412b3dff5ad07 (127.11.213.67). New cstate: current_term: 1 leader_uuid: "b4b9c7471c5a4f58996412b3dff5ad07" committed_config { opid_index: -1 OBSOLETE_local: false peers { permanent_uuid: "f0495ec79726499ca142385aca103147" member_type: VOTER last_known_addr { host: "127.11.213.65" port: 36929 } health_report { overall_health: UNKNOWN } } peers { permanent_uuid: "2ef2889a91014e7391475d90df3d44f1" member_type: VOTER last_known_addr { host: "127.11.213.66" port: 40625 } health_report { overall_health: UNKNOWN } } peers { permanent_uuid: "b4b9c7471c5a4f58996412b3dff5ad07" member_type: VOTER last_known_addr { host: "127.11.213.67" port: 42645 } health_report { overall_health: HEALTHY } } }
I20260709 14:51:12.831794 12934 tablet_bootstrap.cc:492] T 3bb36386ac2a47cf8d2abdc7f47bdbc5 P f0495ec79726499ca142385aca103147: Bootstrap starting.
I20260709 14:51:12.847857 12941 raft_consensus.cc:515] T 1bd5c0870f5a4b71b04e7990c8831a22 P 2ef2889a91014e7391475d90df3d44f1 [term 1 FOLLOWER]: Starting leader election with config: opid_index: -1 OBSOLETE_local: false peers { permanent_uuid: "f0495ec79726499ca142385aca103147" member_type: VOTER last_known_addr { host: "127.11.213.65" port: 36929 } } peers { permanent_uuid: "2ef2889a91014e7391475d90df3d44f1" member_type: VOTER last_known_addr { host: "127.11.213.66" port: 40625 } } peers { permanent_uuid: "b4b9c7471c5a4f58996412b3dff5ad07" member_type: VOTER last_known_addr { host: "127.11.213.67" port: 42645 } }
I20260709 14:51:12.856376 12984 raft_consensus.cc:493] T 3c2ab5e81e2745478984720f397e3b2f P f0495ec79726499ca142385aca103147 [term 0 FOLLOWER]: Starting pre-election (no leader contacted us within the election timeout)
I20260709 14:51:12.856823 12984 raft_consensus.cc:515] T 3c2ab5e81e2745478984720f397e3b2f P f0495ec79726499ca142385aca103147 [term 0 FOLLOWER]: Starting pre-election with config: opid_index: -1 OBSOLETE_local: false peers { permanent_uuid: "b4b9c7471c5a4f58996412b3dff5ad07" member_type: VOTER last_known_addr { host: "127.11.213.67" port: 42645 } } peers { permanent_uuid: "2ef2889a91014e7391475d90df3d44f1" member_type: VOTER last_known_addr { host: "127.11.213.66" port: 40625 } } peers { permanent_uuid: "f0495ec79726499ca142385aca103147" member_type: VOTER last_known_addr { host: "127.11.213.65" port: 36929 } }
I20260709 14:51:12.860628 12818 tablet_service.cc:1917] Received RequestConsensusVote() RPC: tablet_id: "3c2ab5e81e2745478984720f397e3b2f" candidate_uuid: "f0495ec79726499ca142385aca103147" candidate_term: 1 candidate_status { last_received { term: 0 index: 0 } } ignore_live_leader: false dest_uuid: "2ef2889a91014e7391475d90df3d44f1" is_pre_election: true
I20260709 14:51:12.861842 12892 tablet_service.cc:1917] Received RequestConsensusVote() RPC: tablet_id: "3c2ab5e81e2745478984720f397e3b2f" candidate_uuid: "f0495ec79726499ca142385aca103147" candidate_term: 1 candidate_status { last_received { term: 0 index: 0 } } ignore_live_leader: false dest_uuid: "b4b9c7471c5a4f58996412b3dff5ad07" is_pre_election: true
I20260709 14:51:12.862597 12892 raft_consensus.cc:2393] T 3c2ab5e81e2745478984720f397e3b2f P b4b9c7471c5a4f58996412b3dff5ad07 [term 1 FOLLOWER]: Leader pre-election vote request: Denying vote to candidate f0495ec79726499ca142385aca103147 in current term 1: Already voted for candidate 2ef2889a91014e7391475d90df3d44f1 in this term.
I20260709 14:51:12.864663 12710 leader_election.cc:304] T 3c2ab5e81e2745478984720f397e3b2f P f0495ec79726499ca142385aca103147 [CANDIDATE]: Term 1 pre-election: Election decided. Result: candidate lost. Election summary: received 3 responses out of 3 voters: 1 yes votes; 2 no votes. yes voters: f0495ec79726499ca142385aca103147; no voters: 2ef2889a91014e7391475d90df3d44f1, b4b9c7471c5a4f58996412b3dff5ad07
I20260709 14:51:12.865535 12950 raft_consensus.cc:3060] T 3c2ab5e81e2745478984720f397e3b2f P f0495ec79726499ca142385aca103147 [term 0 FOLLOWER]: Advancing to term 1
I20260709 14:51:12.865235 12642 catalog_manager.cc:5697] T 7bfd6626848f4a1d8e1029c502848d38 P f0495ec79726499ca142385aca103147 reported cstate change: term changed from 0 to 1, leader changed from <none> to f0495ec79726499ca142385aca103147 (127.11.213.65). New cstate: current_term: 1 leader_uuid: "f0495ec79726499ca142385aca103147" committed_config { opid_index: -1 OBSOLETE_local: false peers { permanent_uuid: "f0495ec79726499ca142385aca103147" member_type: VOTER last_known_addr { host: "127.11.213.65" port: 36929 } health_report { overall_health: HEALTHY } } peers { permanent_uuid: "2ef2889a91014e7391475d90df3d44f1" member_type: VOTER last_known_addr { host: "127.11.213.66" port: 40625 } health_report { overall_health: UNKNOWN } } peers { permanent_uuid: "b4b9c7471c5a4f58996412b3dff5ad07" member_type: VOTER last_known_addr { host: "127.11.213.67" port: 42645 } health_report { overall_health: UNKNOWN } } }
I20260709 14:51:12.864815 12974 raft_consensus.cc:493] T cbcd5599c44343ec8a90208bc952631f P 2ef2889a91014e7391475d90df3d44f1 [term 0 FOLLOWER]: Starting pre-election (no leader contacted us within the election timeout)
I20260709 14:51:12.871449 12974 raft_consensus.cc:515] T cbcd5599c44343ec8a90208bc952631f P 2ef2889a91014e7391475d90df3d44f1 [term 0 FOLLOWER]: Starting pre-election with config: opid_index: -1 OBSOLETE_local: false peers { permanent_uuid: "f0495ec79726499ca142385aca103147" member_type: VOTER last_known_addr { host: "127.11.213.65" port: 36929 } } peers { permanent_uuid: "2ef2889a91014e7391475d90df3d44f1" member_type: VOTER last_known_addr { host: "127.11.213.66" port: 40625 } } peers { permanent_uuid: "b4b9c7471c5a4f58996412b3dff5ad07" member_type: VOTER last_known_addr { host: "127.11.213.67" port: 42645 } }
I20260709 14:51:12.873543 12974 leader_election.cc:290] T cbcd5599c44343ec8a90208bc952631f P 2ef2889a91014e7391475d90df3d44f1 [CANDIDATE]: Term 1 pre-election: Requested pre-vote from peers f0495ec79726499ca142385aca103147 (127.11.213.65:36929), b4b9c7471c5a4f58996412b3dff5ad07 (127.11.213.67:42645)
I20260709 14:51:12.874600 12744 tablet_service.cc:1917] Received RequestConsensusVote() RPC: tablet_id: "1bd5c0870f5a4b71b04e7990c8831a22" candidate_uuid: "2ef2889a91014e7391475d90df3d44f1" candidate_term: 1 candidate_status { last_received { term: 0 index: 0 } } ignore_live_leader: false dest_uuid: "f0495ec79726499ca142385aca103147"
I20260709 14:51:12.874967 12892 tablet_service.cc:1917] Received RequestConsensusVote() RPC: tablet_id: "cbcd5599c44343ec8a90208bc952631f" candidate_uuid: "2ef2889a91014e7391475d90df3d44f1" candidate_term: 1 candidate_status { last_received { term: 0 index: 0 } } ignore_live_leader: false dest_uuid: "b4b9c7471c5a4f58996412b3dff5ad07" is_pre_election: true
I20260709 14:51:12.875162 12744 raft_consensus.cc:3060] T 1bd5c0870f5a4b71b04e7990c8831a22 P f0495ec79726499ca142385aca103147 [term 0 FOLLOWER]: Advancing to term 1
I20260709 14:51:12.876597 12984 leader_election.cc:290] T 3c2ab5e81e2745478984720f397e3b2f P f0495ec79726499ca142385aca103147 [CANDIDATE]: Term 1 pre-election: Requested pre-vote from peers b4b9c7471c5a4f58996412b3dff5ad07 (127.11.213.67:42645), 2ef2889a91014e7391475d90df3d44f1 (127.11.213.66:40625)
I20260709 14:51:12.876905 12743 tablet_service.cc:1917] Received RequestConsensusVote() RPC: tablet_id: "cbcd5599c44343ec8a90208bc952631f" candidate_uuid: "2ef2889a91014e7391475d90df3d44f1" candidate_term: 1 candidate_status { last_received { term: 0 index: 0 } } ignore_live_leader: false dest_uuid: "f0495ec79726499ca142385aca103147" is_pre_election: true
I20260709 14:51:12.877584 12743 raft_consensus.cc:2393] T cbcd5599c44343ec8a90208bc952631f P f0495ec79726499ca142385aca103147 [term 1 FOLLOWER]: Leader pre-election vote request: Denying vote to candidate 2ef2889a91014e7391475d90df3d44f1 in current term 1: Already voted for candidate b4b9c7471c5a4f58996412b3dff5ad07 in this term.
I20260709 14:51:12.878502 12950 raft_consensus.cc:2749] T 3c2ab5e81e2745478984720f397e3b2f P f0495ec79726499ca142385aca103147 [term 1 FOLLOWER]: Leader pre-election lost for term 1. Reason: could not achieve majority
I20260709 14:51:12.878749 12784 leader_election.cc:304] T cbcd5599c44343ec8a90208bc952631f P 2ef2889a91014e7391475d90df3d44f1 [CANDIDATE]: Term 1 pre-election: Election decided. Result: candidate lost. Election summary: received 3 responses out of 3 voters: 1 yes votes; 2 no votes. yes voters: 2ef2889a91014e7391475d90df3d44f1; no voters: b4b9c7471c5a4f58996412b3dff5ad07, f0495ec79726499ca142385aca103147
I20260709 14:51:12.880714 12974 raft_consensus.cc:3060] T cbcd5599c44343ec8a90208bc952631f P 2ef2889a91014e7391475d90df3d44f1 [term 0 FOLLOWER]: Advancing to term 1
I20260709 14:51:12.855798 12934 tablet_bootstrap.cc:654] T 3bb36386ac2a47cf8d2abdc7f47bdbc5 P f0495ec79726499ca142385aca103147: Neither blocks nor log segments found. Creating new log.
I20260709 14:51:12.896456 12934 tablet_bootstrap.cc:492] T 3bb36386ac2a47cf8d2abdc7f47bdbc5 P f0495ec79726499ca142385aca103147: No bootstrap required, opened a new log
I20260709 14:51:12.897009 12934 ts_tablet_manager.cc:1403] T 3bb36386ac2a47cf8d2abdc7f47bdbc5 P f0495ec79726499ca142385aca103147: Time spent bootstrapping tablet: real 0.077s	user 0.017s	sys 0.003s
I20260709 14:51:12.897807 12744 raft_consensus.cc:2468] T 1bd5c0870f5a4b71b04e7990c8831a22 P f0495ec79726499ca142385aca103147 [term 1 FOLLOWER]: Leader election vote request: Granting yes vote for candidate 2ef2889a91014e7391475d90df3d44f1 in term 1.
I20260709 14:51:12.899294 12784 leader_election.cc:304] T 1bd5c0870f5a4b71b04e7990c8831a22 P 2ef2889a91014e7391475d90df3d44f1 [CANDIDATE]: Term 1 election: Election decided. Result: candidate won. Election summary: received 2 responses out of 3 voters: 2 yes votes; 0 no votes. yes voters: 2ef2889a91014e7391475d90df3d44f1, f0495ec79726499ca142385aca103147; no voters: 
I20260709 14:51:12.900539 12934 raft_consensus.cc:359] T 3bb36386ac2a47cf8d2abdc7f47bdbc5 P f0495ec79726499ca142385aca103147 [term 0 FOLLOWER]: Replica starting. Triggering 0 pending ops. Active config: opid_index: -1 OBSOLETE_local: false peers { permanent_uuid: "f0495ec79726499ca142385aca103147" member_type: VOTER last_known_addr { host: "127.11.213.65" port: 36929 } } peers { permanent_uuid: "2ef2889a91014e7391475d90df3d44f1" member_type: VOTER last_known_addr { host: "127.11.213.66" port: 40625 } } peers { permanent_uuid: "b4b9c7471c5a4f58996412b3dff5ad07" member_type: VOTER last_known_addr { host: "127.11.213.67" port: 42645 } }
I20260709 14:51:12.901463 12934 raft_consensus.cc:385] T 3bb36386ac2a47cf8d2abdc7f47bdbc5 P f0495ec79726499ca142385aca103147 [term 0 FOLLOWER]: Consensus starting up: Expiring failure detector timer to make a prompt election more likely
I20260709 14:51:12.901829 12934 raft_consensus.cc:740] T 3bb36386ac2a47cf8d2abdc7f47bdbc5 P f0495ec79726499ca142385aca103147 [term 0 FOLLOWER]: Becoming Follower/Learner. State: Replica: f0495ec79726499ca142385aca103147, State: Initialized, Role: FOLLOWER
I20260709 14:51:12.902777 12934 consensus_queue.cc:260] T 3bb36386ac2a47cf8d2abdc7f47bdbc5 P f0495ec79726499ca142385aca103147 [NON_LEADER]: Queue going to NON_LEADER mode. State: All replicated index: 0, Majority replicated index: 0, Committed index: 0, Last appended: 0.0, Last appended by leader: 0, Current term: 0, Majority size: -1, State: 0, Mode: NON_LEADER, active raft config: opid_index: -1 OBSOLETE_local: false peers { permanent_uuid: "f0495ec79726499ca142385aca103147" member_type: VOTER last_known_addr { host: "127.11.213.65" port: 36929 } } peers { permanent_uuid: "2ef2889a91014e7391475d90df3d44f1" member_type: VOTER last_known_addr { host: "127.11.213.66" port: 40625 } } peers { permanent_uuid: "b4b9c7471c5a4f58996412b3dff5ad07" member_type: VOTER last_known_addr { host: "127.11.213.67" port: 42645 } }
I20260709 14:51:12.905833 12934 ts_tablet_manager.cc:1434] T 3bb36386ac2a47cf8d2abdc7f47bdbc5 P f0495ec79726499ca142385aca103147: Time spent starting tablet: real 0.008s	user 0.004s	sys 0.002s
I20260709 14:51:12.909226 12641 catalog_manager.cc:5697] T 9758a6a40ca44231a54dd7ab844f2107 P f0495ec79726499ca142385aca103147 reported cstate change: term changed from 0 to 1, leader changed from <none> to f0495ec79726499ca142385aca103147 (127.11.213.65). New cstate: current_term: 1 leader_uuid: "f0495ec79726499ca142385aca103147" committed_config { opid_index: -1 OBSOLETE_local: false peers { permanent_uuid: "f0495ec79726499ca142385aca103147" member_type: VOTER last_known_addr { host: "127.11.213.65" port: 36929 } health_report { overall_health: HEALTHY } } peers { permanent_uuid: "2ef2889a91014e7391475d90df3d44f1" member_type: VOTER last_known_addr { host: "127.11.213.66" port: 40625 } health_report { overall_health: UNKNOWN } } peers { permanent_uuid: "b4b9c7471c5a4f58996412b3dff5ad07" member_type: VOTER last_known_addr { host: "127.11.213.67" port: 42645 } health_report { overall_health: UNKNOWN } } }
I20260709 14:51:12.910527 12974 raft_consensus.cc:2749] T cbcd5599c44343ec8a90208bc952631f P 2ef2889a91014e7391475d90df3d44f1 [term 1 FOLLOWER]: Leader pre-election lost for term 1. Reason: could not achieve majority
I20260709 14:51:12.911443 12974 raft_consensus.cc:2804] T 1bd5c0870f5a4b71b04e7990c8831a22 P 2ef2889a91014e7391475d90df3d44f1 [term 1 FOLLOWER]: Leader election won for term 1
I20260709 14:51:12.915102 12941 leader_election.cc:290] T 1bd5c0870f5a4b71b04e7990c8831a22 P 2ef2889a91014e7391475d90df3d44f1 [CANDIDATE]: Term 1 election: Requested vote from peers f0495ec79726499ca142385aca103147 (127.11.213.65:36929), b4b9c7471c5a4f58996412b3dff5ad07 (127.11.213.67:42645)
I20260709 14:51:12.915342 12892 tablet_service.cc:1917] Received RequestConsensusVote() RPC: tablet_id: "1bd5c0870f5a4b71b04e7990c8831a22" candidate_uuid: "2ef2889a91014e7391475d90df3d44f1" candidate_term: 1 candidate_status { last_received { term: 0 index: 0 } } ignore_live_leader: false dest_uuid: "b4b9c7471c5a4f58996412b3dff5ad07"
I20260709 14:51:12.915606 12974 raft_consensus.cc:697] T 1bd5c0870f5a4b71b04e7990c8831a22 P 2ef2889a91014e7391475d90df3d44f1 [term 1 LEADER]: Becoming Leader. State: Replica: 2ef2889a91014e7391475d90df3d44f1, State: Running, Role: LEADER
I20260709 14:51:12.916436 12974 consensus_queue.cc:237] T 1bd5c0870f5a4b71b04e7990c8831a22 P 2ef2889a91014e7391475d90df3d44f1 [LEADER]: Queue going to LEADER mode. State: All replicated index: 0, Majority replicated index: 0, Committed index: 0, Last appended: 0.0, Last appended by leader: 0, Current term: 1, Majority size: 2, State: 0, Mode: LEADER, active raft config: opid_index: -1 OBSOLETE_local: false peers { permanent_uuid: "f0495ec79726499ca142385aca103147" member_type: VOTER last_known_addr { host: "127.11.213.65" port: 36929 } } peers { permanent_uuid: "2ef2889a91014e7391475d90df3d44f1" member_type: VOTER last_known_addr { host: "127.11.213.66" port: 40625 } } peers { permanent_uuid: "b4b9c7471c5a4f58996412b3dff5ad07" member_type: VOTER last_known_addr { host: "127.11.213.67" port: 42645 } }
I20260709 14:51:12.915895 12892 raft_consensus.cc:3060] T 1bd5c0870f5a4b71b04e7990c8831a22 P b4b9c7471c5a4f58996412b3dff5ad07 [term 0 FOLLOWER]: Advancing to term 1
I20260709 14:51:12.922978 12985 raft_consensus.cc:493] T 1647e3150f5f40fc84904b66c9af6942 P f0495ec79726499ca142385aca103147 [term 0 FOLLOWER]: Starting pre-election (no leader contacted us within the election timeout)
I20260709 14:51:12.923430 12985 raft_consensus.cc:515] T 1647e3150f5f40fc84904b66c9af6942 P f0495ec79726499ca142385aca103147 [term 0 FOLLOWER]: Starting pre-election with config: opid_index: -1 OBSOLETE_local: false peers { permanent_uuid: "f0495ec79726499ca142385aca103147" member_type: VOTER last_known_addr { host: "127.11.213.65" port: 36929 } } peers { permanent_uuid: "2ef2889a91014e7391475d90df3d44f1" member_type: VOTER last_known_addr { host: "127.11.213.66" port: 40625 } } peers { permanent_uuid: "b4b9c7471c5a4f58996412b3dff5ad07" member_type: VOTER last_known_addr { host: "127.11.213.67" port: 42645 } }
I20260709 14:51:12.925542 12985 leader_election.cc:290] T 1647e3150f5f40fc84904b66c9af6942 P f0495ec79726499ca142385aca103147 [CANDIDATE]: Term 1 pre-election: Requested pre-vote from peers 2ef2889a91014e7391475d90df3d44f1 (127.11.213.66:40625), b4b9c7471c5a4f58996412b3dff5ad07 (127.11.213.67:42645)
I20260709 14:51:12.926128 12933 tablet_bootstrap.cc:492] T 7bfd6626848f4a1d8e1029c502848d38 P 2ef2889a91014e7391475d90df3d44f1: No bootstrap required, opened a new log
I20260709 14:51:12.926524 12933 ts_tablet_manager.cc:1403] T 7bfd6626848f4a1d8e1029c502848d38 P 2ef2889a91014e7391475d90df3d44f1: Time spent bootstrapping tablet: real 0.094s	user 0.046s	sys 0.038s
I20260709 14:51:12.927094 12818 tablet_service.cc:1917] Received RequestConsensusVote() RPC: tablet_id: "1647e3150f5f40fc84904b66c9af6942" candidate_uuid: "f0495ec79726499ca142385aca103147" candidate_term: 1 candidate_status { last_received { term: 0 index: 0 } } ignore_live_leader: false dest_uuid: "2ef2889a91014e7391475d90df3d44f1" is_pre_election: true
I20260709 14:51:12.927655 12818 raft_consensus.cc:2468] T 1647e3150f5f40fc84904b66c9af6942 P 2ef2889a91014e7391475d90df3d44f1 [term 0 FOLLOWER]: Leader pre-election vote request: Granting yes vote for candidate f0495ec79726499ca142385aca103147 in term 0.
I20260709 14:51:12.928901 12891 tablet_service.cc:1917] Received RequestConsensusVote() RPC: tablet_id: "1647e3150f5f40fc84904b66c9af6942" candidate_uuid: "f0495ec79726499ca142385aca103147" candidate_term: 1 candidate_status { last_received { term: 0 index: 0 } } ignore_live_leader: false dest_uuid: "b4b9c7471c5a4f58996412b3dff5ad07" is_pre_election: true
I20260709 14:51:12.928843 12933 raft_consensus.cc:359] T 7bfd6626848f4a1d8e1029c502848d38 P 2ef2889a91014e7391475d90df3d44f1 [term 0 FOLLOWER]: Replica starting. Triggering 0 pending ops. Active config: opid_index: -1 OBSOLETE_local: false peers { permanent_uuid: "f0495ec79726499ca142385aca103147" member_type: VOTER last_known_addr { host: "127.11.213.65" port: 36929 } } peers { permanent_uuid: "2ef2889a91014e7391475d90df3d44f1" member_type: VOTER last_known_addr { host: "127.11.213.66" port: 40625 } } peers { permanent_uuid: "b4b9c7471c5a4f58996412b3dff5ad07" member_type: VOTER last_known_addr { host: "127.11.213.67" port: 42645 } }
I20260709 14:51:12.929524 12933 raft_consensus.cc:385] T 7bfd6626848f4a1d8e1029c502848d38 P 2ef2889a91014e7391475d90df3d44f1 [term 0 FOLLOWER]: Consensus starting up: Expiring failure detector timer to make a prompt election more likely
I20260709 14:51:12.929803 12933 raft_consensus.cc:740] T 7bfd6626848f4a1d8e1029c502848d38 P 2ef2889a91014e7391475d90df3d44f1 [term 0 FOLLOWER]: Becoming Follower/Learner. State: Replica: 2ef2889a91014e7391475d90df3d44f1, State: Initialized, Role: FOLLOWER
I20260709 14:51:12.930095 12707 leader_election.cc:304] T 1647e3150f5f40fc84904b66c9af6942 P f0495ec79726499ca142385aca103147 [CANDIDATE]: Term 1 pre-election: Election decided. Result: candidate won. Election summary: received 2 responses out of 3 voters: 2 yes votes; 0 no votes. yes voters: 2ef2889a91014e7391475d90df3d44f1, f0495ec79726499ca142385aca103147; no voters: 
I20260709 14:51:12.930446 12933 consensus_queue.cc:260] T 7bfd6626848f4a1d8e1029c502848d38 P 2ef2889a91014e7391475d90df3d44f1 [NON_LEADER]: Queue going to NON_LEADER mode. State: All replicated index: 0, Majority replicated index: 0, Committed index: 0, Last appended: 0.0, Last appended by leader: 0, Current term: 0, Majority size: -1, State: 0, Mode: NON_LEADER, active raft config: opid_index: -1 OBSOLETE_local: false peers { permanent_uuid: "f0495ec79726499ca142385aca103147" member_type: VOTER last_known_addr { host: "127.11.213.65" port: 36929 } } peers { permanent_uuid: "2ef2889a91014e7391475d90df3d44f1" member_type: VOTER last_known_addr { host: "127.11.213.66" port: 40625 } } peers { permanent_uuid: "b4b9c7471c5a4f58996412b3dff5ad07" member_type: VOTER last_known_addr { host: "127.11.213.67" port: 42645 } }
I20260709 14:51:12.931151 12985 raft_consensus.cc:2804] T 1647e3150f5f40fc84904b66c9af6942 P f0495ec79726499ca142385aca103147 [term 0 FOLLOWER]: Leader pre-election won for term 1
I20260709 14:51:12.931517 12985 raft_consensus.cc:493] T 1647e3150f5f40fc84904b66c9af6942 P f0495ec79726499ca142385aca103147 [term 0 FOLLOWER]: Starting leader election (no leader contacted us within the election timeout)
I20260709 14:51:12.929540 12891 raft_consensus.cc:2468] T 1647e3150f5f40fc84904b66c9af6942 P b4b9c7471c5a4f58996412b3dff5ad07 [term 0 FOLLOWER]: Leader pre-election vote request: Granting yes vote for candidate f0495ec79726499ca142385aca103147 in term 0.
I20260709 14:51:12.932468 12933 ts_tablet_manager.cc:1434] T 7bfd6626848f4a1d8e1029c502848d38 P 2ef2889a91014e7391475d90df3d44f1: Time spent starting tablet: real 0.006s	user 0.006s	sys 0.000s
I20260709 14:51:12.931958 12639 catalog_manager.cc:5697] T 1bd5c0870f5a4b71b04e7990c8831a22 P 2ef2889a91014e7391475d90df3d44f1 reported cstate change: term changed from 0 to 1, leader changed from <none> to 2ef2889a91014e7391475d90df3d44f1 (127.11.213.66). New cstate: current_term: 1 leader_uuid: "2ef2889a91014e7391475d90df3d44f1" committed_config { opid_index: -1 OBSOLETE_local: false peers { permanent_uuid: "f0495ec79726499ca142385aca103147" member_type: VOTER last_known_addr { host: "127.11.213.65" port: 36929 } health_report { overall_health: UNKNOWN } } peers { permanent_uuid: "2ef2889a91014e7391475d90df3d44f1" member_type: VOTER last_known_addr { host: "127.11.213.66" port: 40625 } health_report { overall_health: HEALTHY } } peers { permanent_uuid: "b4b9c7471c5a4f58996412b3dff5ad07" member_type: VOTER last_known_addr { host: "127.11.213.67" port: 42645 } health_report { overall_health: UNKNOWN } } }
I20260709 14:51:12.931854 12985 raft_consensus.cc:3060] T 1647e3150f5f40fc84904b66c9af6942 P f0495ec79726499ca142385aca103147 [term 0 FOLLOWER]: Advancing to term 1
I20260709 14:51:12.934617 12892 raft_consensus.cc:2468] T 1bd5c0870f5a4b71b04e7990c8831a22 P b4b9c7471c5a4f58996412b3dff5ad07 [term 1 FOLLOWER]: Leader election vote request: Granting yes vote for candidate 2ef2889a91014e7391475d90df3d44f1 in term 1.
I20260709 14:51:12.939167 12985 raft_consensus.cc:515] T 1647e3150f5f40fc84904b66c9af6942 P f0495ec79726499ca142385aca103147 [term 1 FOLLOWER]: Starting leader election with config: opid_index: -1 OBSOLETE_local: false peers { permanent_uuid: "f0495ec79726499ca142385aca103147" member_type: VOTER last_known_addr { host: "127.11.213.65" port: 36929 } } peers { permanent_uuid: "2ef2889a91014e7391475d90df3d44f1" member_type: VOTER last_known_addr { host: "127.11.213.66" port: 40625 } } peers { permanent_uuid: "b4b9c7471c5a4f58996412b3dff5ad07" member_type: VOTER last_known_addr { host: "127.11.213.67" port: 42645 } }
I20260709 14:51:12.941013 12985 leader_election.cc:290] T 1647e3150f5f40fc84904b66c9af6942 P f0495ec79726499ca142385aca103147 [CANDIDATE]: Term 1 election: Requested vote from peers 2ef2889a91014e7391475d90df3d44f1 (127.11.213.66:40625), b4b9c7471c5a4f58996412b3dff5ad07 (127.11.213.67:42645)
I20260709 14:51:12.942773 12818 tablet_service.cc:1917] Received RequestConsensusVote() RPC: tablet_id: "1647e3150f5f40fc84904b66c9af6942" candidate_uuid: "f0495ec79726499ca142385aca103147" candidate_term: 1 candidate_status { last_received { term: 0 index: 0 } } ignore_live_leader: false dest_uuid: "2ef2889a91014e7391475d90df3d44f1"
I20260709 14:51:12.943307 12818 raft_consensus.cc:3060] T 1647e3150f5f40fc84904b66c9af6942 P 2ef2889a91014e7391475d90df3d44f1 [term 0 FOLLOWER]: Advancing to term 1
I20260709 14:51:12.943708 12937 consensus_queue.cc:1048] T cbcd5599c44343ec8a90208bc952631f P b4b9c7471c5a4f58996412b3dff5ad07 [LEADER]: Connected to new peer: Peer: permanent_uuid: "f0495ec79726499ca142385aca103147" member_type: VOTER last_known_addr { host: "127.11.213.65" port: 36929 }, Status: LMP_MISMATCH, Last received: 0.0, Next index: 1, Last known committed idx: 0, Time since last communication: 0.000s
