I20260709 14:52:00.428448   640 raft_consensus.cc:3060] T ff2fab27231446baa0c96a459ddcf6c8 P 4d59c80dc8324f93876b61c2cf65399a [term 2 FOLLOWER]: Advancing to term 3
I20260709 14:52:00.428821   714 raft_consensus.cc:515] T 51993a91cf5647848f57324947782b0f P 3c566feb22184d71930aa105d0d54d33 [term 3 FOLLOWER]: Starting forced leader election with config: opid_index: -1 OBSOLETE_local: false peers { permanent_uuid: "a365f9a3d1b44d338effc4c236f5eb66" member_type: VOTER last_known_addr { host: "127.0.107.193" port: 43707 } } peers { permanent_uuid: "4d59c80dc8324f93876b61c2cf65399a" member_type: VOTER last_known_addr { host: "127.0.107.194" port: 42107 } } peers { permanent_uuid: "3c566feb22184d71930aa105d0d54d33" member_type: VOTER last_known_addr { host: "127.0.107.195" port: 40377 } }
I20260709 14:52:00.431286   714 leader_election.cc:290] T 51993a91cf5647848f57324947782b0f P 3c566feb22184d71930aa105d0d54d33 [CANDIDATE]: Term 3 election: Requested vote from peers a365f9a3d1b44d338effc4c236f5eb66 (127.0.107.193:43707), 4d59c80dc8324f93876b61c2cf65399a (127.0.107.194:42107)
I20260709 14:52:00.431579   562 tablet_service.cc:1917] Received RequestConsensusVote() RPC: tablet_id: "51993a91cf5647848f57324947782b0f" candidate_uuid: "3c566feb22184d71930aa105d0d54d33" candidate_term: 3 candidate_status { last_received { term: 2 index: 2 } } ignore_live_leader: true dest_uuid: "a365f9a3d1b44d338effc4c236f5eb66"
I20260709 14:52:00.432277   562 raft_consensus.cc:3060] T 51993a91cf5647848f57324947782b0f P a365f9a3d1b44d338effc4c236f5eb66 [term 2 FOLLOWER]: Advancing to term 3
I20260709 14:52:00.432304   565 raft_consensus.cc:2468] T ff2fab27231446baa0c96a459ddcf6c8 P a365f9a3d1b44d338effc4c236f5eb66 [term 3 FOLLOWER]: Leader election vote request: Granting yes vote for candidate 3c566feb22184d71930aa105d0d54d33 in term 3.
I20260709 14:52:00.432148   637 tablet_service.cc:1917] Received RequestConsensusVote() RPC: tablet_id: "51993a91cf5647848f57324947782b0f" candidate_uuid: "3c566feb22184d71930aa105d0d54d33" candidate_term: 3 candidate_status { last_received { term: 2 index: 2 } } ignore_live_leader: true dest_uuid: "4d59c80dc8324f93876b61c2cf65399a"
I20260709 14:52:00.433122   637 raft_consensus.cc:3055] T 51993a91cf5647848f57324947782b0f P 4d59c80dc8324f93876b61c2cf65399a [term 2 LEADER]: Stepping down as leader of term 2
I20260709 14:52:00.433434   637 raft_consensus.cc:740] T 51993a91cf5647848f57324947782b0f P 4d59c80dc8324f93876b61c2cf65399a [term 2 LEADER]: Becoming Follower/Learner. State: Replica: 4d59c80dc8324f93876b61c2cf65399a, State: Running, Role: LEADER
I20260709 14:52:00.433691   679 leader_election.cc:304] T ff2fab27231446baa0c96a459ddcf6c8 P 3c566feb22184d71930aa105d0d54d33 [CANDIDATE]: Term 3 election: Election decided. Result: candidate won. Election summary: received 2 responses out of 3 voters: 2 yes votes; 0 no votes. yes voters: 3c566feb22184d71930aa105d0d54d33, a365f9a3d1b44d338effc4c236f5eb66; no voters: 
I20260709 14:52:00.434525   887 raft_consensus.cc:2804] T ff2fab27231446baa0c96a459ddcf6c8 P 3c566feb22184d71930aa105d0d54d33 [term 3 FOLLOWER]: Leader election won for term 3
I20260709 14:52:00.434259   637 consensus_queue.cc:260] T 51993a91cf5647848f57324947782b0f P 4d59c80dc8324f93876b61c2cf65399a [NON_LEADER]: Queue going to NON_LEADER mode. State: All replicated index: 0, Majority replicated index: 2, Committed index: 2, Last appended: 2.2, Last appended by leader: 2, Current term: 2, Majority size: -1, State: 0, Mode: NON_LEADER, active raft config: opid_index: -1 OBSOLETE_local: false peers { permanent_uuid: "a365f9a3d1b44d338effc4c236f5eb66" member_type: VOTER last_known_addr { host: "127.0.107.193" port: 43707 } } peers { permanent_uuid: "4d59c80dc8324f93876b61c2cf65399a" member_type: VOTER last_known_addr { host: "127.0.107.194" port: 42107 } } peers { permanent_uuid: "3c566feb22184d71930aa105d0d54d33" member_type: VOTER last_known_addr { host: "127.0.107.195" port: 40377 } }
I20260709 14:52:00.435567   887 raft_consensus.cc:697] T ff2fab27231446baa0c96a459ddcf6c8 P 3c566feb22184d71930aa105d0d54d33 [term 3 LEADER]: Becoming Leader. State: Replica: 3c566feb22184d71930aa105d0d54d33, State: Running, Role: LEADER
I20260709 14:52:00.435580   637 raft_consensus.cc:3060] T 51993a91cf5647848f57324947782b0f P 4d59c80dc8324f93876b61c2cf65399a [term 2 FOLLOWER]: Advancing to term 3
I20260709 14:52:00.436662   887 consensus_queue.cc:237] T ff2fab27231446baa0c96a459ddcf6c8 P 3c566feb22184d71930aa105d0d54d33 [LEADER]: Queue going to LEADER mode. State: All replicated index: 0, Majority replicated index: 2, Committed index: 2, Last appended: 2.2, Last appended by leader: 2, Current term: 3, Majority size: 2, State: 0, Mode: LEADER, active raft config: opid_index: -1 OBSOLETE_local: false peers { permanent_uuid: "a365f9a3d1b44d338effc4c236f5eb66" member_type: VOTER last_known_addr { host: "127.0.107.193" port: 43707 } } peers { permanent_uuid: "4d59c80dc8324f93876b61c2cf65399a" member_type: VOTER last_known_addr { host: "127.0.107.194" port: 42107 } } peers { permanent_uuid: "3c566feb22184d71930aa105d0d54d33" member_type: VOTER last_known_addr { host: "127.0.107.195" port: 40377 } }
I20260709 14:52:00.439359   562 raft_consensus.cc:2468] T 51993a91cf5647848f57324947782b0f P a365f9a3d1b44d338effc4c236f5eb66 [term 3 FOLLOWER]: Leader election vote request: Granting yes vote for candidate 3c566feb22184d71930aa105d0d54d33 in term 3.
I20260709 14:52:00.440932   679 leader_election.cc:304] T 51993a91cf5647848f57324947782b0f P 3c566feb22184d71930aa105d0d54d33 [CANDIDATE]: Term 3 election: Election decided. Result: candidate won. Election summary: received 2 responses out of 3 voters: 2 yes votes; 0 no votes. yes voters: 3c566feb22184d71930aa105d0d54d33, a365f9a3d1b44d338effc4c236f5eb66; no voters: 
I20260709 14:52:00.442317   932 raft_consensus.cc:2804] T 51993a91cf5647848f57324947782b0f P 3c566feb22184d71930aa105d0d54d33 [term 3 FOLLOWER]: Leader election won for term 3
I20260709 14:52:00.443303   637 raft_consensus.cc:2468] T 51993a91cf5647848f57324947782b0f P 4d59c80dc8324f93876b61c2cf65399a [term 3 FOLLOWER]: Leader election vote request: Granting yes vote for candidate 3c566feb22184d71930aa105d0d54d33 in term 3.
I20260709 14:52:00.444394   640 raft_consensus.cc:2468] T ff2fab27231446baa0c96a459ddcf6c8 P 4d59c80dc8324f93876b61c2cf65399a [term 3 FOLLOWER]: Leader election vote request: Granting yes vote for candidate 3c566feb22184d71930aa105d0d54d33 in term 3.
I20260709 14:52:00.445796   932 raft_consensus.cc:697] T 51993a91cf5647848f57324947782b0f P 3c566feb22184d71930aa105d0d54d33 [term 3 LEADER]: Becoming Leader. State: Replica: 3c566feb22184d71930aa105d0d54d33, State: Running, Role: LEADER
I20260709 14:52:00.446687   932 consensus_queue.cc:237] T 51993a91cf5647848f57324947782b0f P 3c566feb22184d71930aa105d0d54d33 [LEADER]: Queue going to LEADER mode. State: All replicated index: 0, Majority replicated index: 2, Committed index: 2, Last appended: 2.2, Last appended by leader: 2, Current term: 3, Majority size: 2, State: 0, Mode: LEADER, active raft config: opid_index: -1 OBSOLETE_local: false peers { permanent_uuid: "a365f9a3d1b44d338effc4c236f5eb66" member_type: VOTER last_known_addr { host: "127.0.107.193" port: 43707 } } peers { permanent_uuid: "4d59c80dc8324f93876b61c2cf65399a" member_type: VOTER last_known_addr { host: "127.0.107.194" port: 42107 } } peers { permanent_uuid: "3c566feb22184d71930aa105d0d54d33" member_type: VOTER last_known_addr { host: "127.0.107.195" port: 40377 } }
I20260709 14:52:00.450369   461 catalog_manager.cc:5697] T ff2fab27231446baa0c96a459ddcf6c8 P 3c566feb22184d71930aa105d0d54d33 reported cstate change: term changed from 2 to 3, leader changed from 4d59c80dc8324f93876b61c2cf65399a (127.0.107.194) to 3c566feb22184d71930aa105d0d54d33 (127.0.107.195). New cstate: current_term: 3 leader_uuid: "3c566feb22184d71930aa105d0d54d33" committed_config { opid_index: -1 OBSOLETE_local: false peers { permanent_uuid: "a365f9a3d1b44d338effc4c236f5eb66" member_type: VOTER last_known_addr { host: "127.0.107.193" port: 43707 } health_report { overall_health: UNKNOWN } } peers { permanent_uuid: "4d59c80dc8324f93876b61c2cf65399a" member_type: VOTER last_known_addr { host: "127.0.107.194" port: 42107 } health_report { overall_health: UNKNOWN } } peers { permanent_uuid: "3c566feb22184d71930aa105d0d54d33" member_type: VOTER last_known_addr { host: "127.0.107.195" port: 40377 } health_report { overall_health: HEALTHY } } }
I20260709 14:52:00.466969   461 catalog_manager.cc:5697] T 51993a91cf5647848f57324947782b0f P 3c566feb22184d71930aa105d0d54d33 reported cstate change: term changed from 2 to 3, leader changed from 4d59c80dc8324f93876b61c2cf65399a (127.0.107.194) to 3c566feb22184d71930aa105d0d54d33 (127.0.107.195). New cstate: current_term: 3 leader_uuid: "3c566feb22184d71930aa105d0d54d33" committed_config { opid_index: -1 OBSOLETE_local: false peers { permanent_uuid: "a365f9a3d1b44d338effc4c236f5eb66" member_type: VOTER last_known_addr { host: "127.0.107.193" port: 43707 } health_report { overall_health: UNKNOWN } } peers { permanent_uuid: "4d59c80dc8324f93876b61c2cf65399a" member_type: VOTER last_known_addr { host: "127.0.107.194" port: 42107 } health_report { overall_health: UNKNOWN } } peers { permanent_uuid: "3c566feb22184d71930aa105d0d54d33" member_type: VOTER last_known_addr { host: "127.0.107.195" port: 40377 } health_report { overall_health: HEALTHY } } }
I20260709 14:52:00.477072   930 raft_consensus.cc:993] T 2f7cee1326044b0aa4469b4b4ec24bd4 P 4d59c80dc8324f93876b61c2cf65399a: : Instructing follower a365f9a3d1b44d338effc4c236f5eb66 to start an election
I20260709 14:52:00.477522   888 raft_consensus.cc:1081] T 2f7cee1326044b0aa4469b4b4ec24bd4 P 4d59c80dc8324f93876b61c2cf65399a [term 1 LEADER]: Signalling peer a365f9a3d1b44d338effc4c236f5eb66 to start an election
I20260709 14:52:00.478860   562 tablet_service.cc:2044] Received Run Leader Election RPC: tablet_id: "2f7cee1326044b0aa4469b4b4ec24bd4"
dest_uuid: "a365f9a3d1b44d338effc4c236f5eb66"
 from {username='slave'} at 127.0.0.1:39144
I20260709 14:52:00.479246   562 raft_consensus.cc:493] T 2f7cee1326044b0aa4469b4b4ec24bd4 P a365f9a3d1b44d338effc4c236f5eb66 [term 1 FOLLOWER]: Starting forced leader election (received explicit request)
I20260709 14:52:00.479466   562 raft_consensus.cc:3060] T 2f7cee1326044b0aa4469b4b4ec24bd4 P a365f9a3d1b44d338effc4c236f5eb66 [term 1 FOLLOWER]: Advancing to term 2
I20260709 14:52:00.483091   562 raft_consensus.cc:515] T 2f7cee1326044b0aa4469b4b4ec24bd4 P a365f9a3d1b44d338effc4c236f5eb66 [term 2 FOLLOWER]: Starting forced leader election with config: opid_index: -1 OBSOLETE_local: false peers { permanent_uuid: "a365f9a3d1b44d338effc4c236f5eb66" member_type: VOTER last_known_addr { host: "127.0.107.193" port: 43707 } } peers { permanent_uuid: "4d59c80dc8324f93876b61c2cf65399a" member_type: VOTER last_known_addr { host: "127.0.107.194" port: 42107 } } peers { permanent_uuid: "3c566feb22184d71930aa105d0d54d33" member_type: VOTER last_known_addr { host: "127.0.107.195" port: 40377 } }
I20260709 14:52:00.484519   562 leader_election.cc:290] T 2f7cee1326044b0aa4469b4b4ec24bd4 P a365f9a3d1b44d338effc4c236f5eb66 [CANDIDATE]: Term 2 election: Requested vote from peers 4d59c80dc8324f93876b61c2cf65399a (127.0.107.194:42107), 3c566feb22184d71930aa105d0d54d33 (127.0.107.195:40377)
I20260709 14:52:00.485473   640 tablet_service.cc:1917] Received RequestConsensusVote() RPC: tablet_id: "2f7cee1326044b0aa4469b4b4ec24bd4" candidate_uuid: "a365f9a3d1b44d338effc4c236f5eb66" candidate_term: 2 candidate_status { last_received { term: 1 index: 1 } } ignore_live_leader: true dest_uuid: "4d59c80dc8324f93876b61c2cf65399a"
I20260709 14:52:00.485613   714 tablet_service.cc:1917] Received RequestConsensusVote() RPC: tablet_id: "2f7cee1326044b0aa4469b4b4ec24bd4" candidate_uuid: "a365f9a3d1b44d338effc4c236f5eb66" candidate_term: 2 candidate_status { last_received { term: 1 index: 1 } } ignore_live_leader: true dest_uuid: "3c566feb22184d71930aa105d0d54d33"
I20260709 14:52:00.486018   714 raft_consensus.cc:3060] T 2f7cee1326044b0aa4469b4b4ec24bd4 P 3c566feb22184d71930aa105d0d54d33 [term 1 FOLLOWER]: Advancing to term 2
I20260709 14:52:00.486016   640 raft_consensus.cc:3055] T 2f7cee1326044b0aa4469b4b4ec24bd4 P 4d59c80dc8324f93876b61c2cf65399a [term 1 LEADER]: Stepping down as leader of term 1
I20260709 14:52:00.486522   640 raft_consensus.cc:740] T 2f7cee1326044b0aa4469b4b4ec24bd4 P 4d59c80dc8324f93876b61c2cf65399a [term 1 LEADER]: Becoming Follower/Learner. State: Replica: 4d59c80dc8324f93876b61c2cf65399a, State: Running, Role: LEADER
I20260709 14:52:00.487248   640 consensus_queue.cc:260] T 2f7cee1326044b0aa4469b4b4ec24bd4 P 4d59c80dc8324f93876b61c2cf65399a [NON_LEADER]: Queue going to NON_LEADER mode. State: All replicated index: 0, Majority replicated index: 1, Committed index: 1, Last appended: 1.1, Last appended by leader: 1, Current term: 1, Majority size: -1, State: 0, Mode: NON_LEADER, active raft config: opid_index: -1 OBSOLETE_local: false peers { permanent_uuid: "a365f9a3d1b44d338effc4c236f5eb66" member_type: VOTER last_known_addr { host: "127.0.107.193" port: 43707 } } peers { permanent_uuid: "4d59c80dc8324f93876b61c2cf65399a" member_type: VOTER last_known_addr { host: "127.0.107.194" port: 42107 } } peers { permanent_uuid: "3c566feb22184d71930aa105d0d54d33" member_type: VOTER last_known_addr { host: "127.0.107.195" port: 40377 } }
I20260709 14:52:00.488377   640 raft_consensus.cc:3060] T 2f7cee1326044b0aa4469b4b4ec24bd4 P 4d59c80dc8324f93876b61c2cf65399a [term 1 FOLLOWER]: Advancing to term 2
I20260709 14:52:00.492110   714 raft_consensus.cc:2468] T 2f7cee1326044b0aa4469b4b4ec24bd4 P 3c566feb22184d71930aa105d0d54d33 [term 2 FOLLOWER]: Leader election vote request: Granting yes vote for candidate a365f9a3d1b44d338effc4c236f5eb66 in term 2.
I20260709 14:52:00.493469   529 leader_election.cc:304] T 2f7cee1326044b0aa4469b4b4ec24bd4 P a365f9a3d1b44d338effc4c236f5eb66 [CANDIDATE]: Term 2 election: Election decided. Result: candidate won. Election summary: received 2 responses out of 3 voters: 2 yes votes; 0 no votes. yes voters: 3c566feb22184d71930aa105d0d54d33, a365f9a3d1b44d338effc4c236f5eb66; no voters: 
I20260709 14:52:00.495107   640 raft_consensus.cc:2468] T 2f7cee1326044b0aa4469b4b4ec24bd4 P 4d59c80dc8324f93876b61c2cf65399a [term 2 FOLLOWER]: Leader election vote request: Granting yes vote for candidate a365f9a3d1b44d338effc4c236f5eb66 in term 2.
I20260709 14:52:00.495224   940 raft_consensus.cc:2804] T 2f7cee1326044b0aa4469b4b4ec24bd4 P a365f9a3d1b44d338effc4c236f5eb66 [term 2 FOLLOWER]: Leader election won for term 2
I20260709 14:52:00.496625   940 raft_consensus.cc:697] T 2f7cee1326044b0aa4469b4b4ec24bd4 P a365f9a3d1b44d338effc4c236f5eb66 [term 2 LEADER]: Becoming Leader. State: Replica: a365f9a3d1b44d338effc4c236f5eb66, State: Running, Role: LEADER
I20260709 14:52:00.497380   940 consensus_queue.cc:237] T 2f7cee1326044b0aa4469b4b4ec24bd4 P a365f9a3d1b44d338effc4c236f5eb66 [LEADER]: Queue going to LEADER mode. State: All replicated index: 0, Majority replicated index: 1, Committed index: 1, Last appended: 1.1, Last appended by leader: 1, Current term: 2, Majority size: 2, State: 0, Mode: LEADER, active raft config: opid_index: -1 OBSOLETE_local: false peers { permanent_uuid: "a365f9a3d1b44d338effc4c236f5eb66" member_type: VOTER last_known_addr { host: "127.0.107.193" port: 43707 } } peers { permanent_uuid: "4d59c80dc8324f93876b61c2cf65399a" member_type: VOTER last_known_addr { host: "127.0.107.194" port: 42107 } } peers { permanent_uuid: "3c566feb22184d71930aa105d0d54d33" member_type: VOTER last_known_addr { host: "127.0.107.195" port: 40377 } }
I20260709 14:52:00.507843   461 catalog_manager.cc:5697] T 2f7cee1326044b0aa4469b4b4ec24bd4 P a365f9a3d1b44d338effc4c236f5eb66 reported cstate change: term changed from 1 to 2, leader changed from 4d59c80dc8324f93876b61c2cf65399a (127.0.107.194) to a365f9a3d1b44d338effc4c236f5eb66 (127.0.107.193). New cstate: current_term: 2 leader_uuid: "a365f9a3d1b44d338effc4c236f5eb66" committed_config { opid_index: -1 OBSOLETE_local: false peers { permanent_uuid: "a365f9a3d1b44d338effc4c236f5eb66" member_type: VOTER last_known_addr { host: "127.0.107.193" port: 43707 } health_report { overall_health: HEALTHY } } peers { permanent_uuid: "4d59c80dc8324f93876b61c2cf65399a" member_type: VOTER last_known_addr { host: "127.0.107.194" port: 42107 } health_report { overall_health: UNKNOWN } } peers { permanent_uuid: "3c566feb22184d71930aa105d0d54d33" member_type: VOTER last_known_addr { host: "127.0.107.195" port: 40377 } health_report { overall_health: UNKNOWN } } }
I20260709 14:52:00.748562   888 raft_consensus.cc:993] T 2545298ffcf84e94a065a99221bd373a P 4d59c80dc8324f93876b61c2cf65399a: : Instructing follower a365f9a3d1b44d338effc4c236f5eb66 to start an election
I20260709 14:52:00.749022   888 raft_consensus.cc:1081] T 2545298ffcf84e94a065a99221bd373a P 4d59c80dc8324f93876b61c2cf65399a [term 4 LEADER]: Signalling peer a365f9a3d1b44d338effc4c236f5eb66 to start an election
I20260709 14:52:00.750448   562 tablet_service.cc:2044] Received Run Leader Election RPC: tablet_id: "2545298ffcf84e94a065a99221bd373a"
dest_uuid: "a365f9a3d1b44d338effc4c236f5eb66"
 from {username='slave'} at 127.0.0.1:39144
I20260709 14:52:00.750888   562 raft_consensus.cc:493] T 2545298ffcf84e94a065a99221bd373a P a365f9a3d1b44d338effc4c236f5eb66 [term 4 FOLLOWER]: Starting forced leader election (received explicit request)
I20260709 14:52:00.751130   562 raft_consensus.cc:3060] T 2545298ffcf84e94a065a99221bd373a P a365f9a3d1b44d338effc4c236f5eb66 [term 4 FOLLOWER]: Advancing to term 5
I20260709 14:52:00.755151   562 raft_consensus.cc:515] T 2545298ffcf84e94a065a99221bd373a P a365f9a3d1b44d338effc4c236f5eb66 [term 5 FOLLOWER]: Starting forced leader election with config: opid_index: -1 OBSOLETE_local: false peers { permanent_uuid: "a365f9a3d1b44d338effc4c236f5eb66" member_type: VOTER last_known_addr { host: "127.0.107.193" port: 43707 } } peers { permanent_uuid: "4d59c80dc8324f93876b61c2cf65399a" member_type: VOTER last_known_addr { host: "127.0.107.194" port: 42107 } } peers { permanent_uuid: "3c566feb22184d71930aa105d0d54d33" member_type: VOTER last_known_addr { host: "127.0.107.195" port: 40377 } }
I20260709 14:52:00.756763   562 leader_election.cc:290] T 2545298ffcf84e94a065a99221bd373a P a365f9a3d1b44d338effc4c236f5eb66 [CANDIDATE]: Term 5 election: Requested vote from peers 4d59c80dc8324f93876b61c2cf65399a (127.0.107.194:42107), 3c566feb22184d71930aa105d0d54d33 (127.0.107.195:40377)
I20260709 14:52:00.757607   640 tablet_service.cc:1917] Received RequestConsensusVote() RPC: tablet_id: "2545298ffcf84e94a065a99221bd373a" candidate_uuid: "a365f9a3d1b44d338effc4c236f5eb66" candidate_term: 5 candidate_status { last_received { term: 4 index: 4 } } ignore_live_leader: true dest_uuid: "4d59c80dc8324f93876b61c2cf65399a"
I20260709 14:52:00.757871   714 tablet_service.cc:1917] Received RequestConsensusVote() RPC: tablet_id: "2545298ffcf84e94a065a99221bd373a" candidate_uuid: "a365f9a3d1b44d338effc4c236f5eb66" candidate_term: 5 candidate_status { last_received { term: 4 index: 4 } } ignore_live_leader: true dest_uuid: "3c566feb22184d71930aa105d0d54d33"
I20260709 14:52:00.758122   640 raft_consensus.cc:3055] T 2545298ffcf84e94a065a99221bd373a P 4d59c80dc8324f93876b61c2cf65399a [term 4 LEADER]: Stepping down as leader of term 4
I20260709 14:52:00.758388   714 raft_consensus.cc:3060] T 2545298ffcf84e94a065a99221bd373a P 3c566feb22184d71930aa105d0d54d33 [term 4 FOLLOWER]: Advancing to term 5
I20260709 14:52:00.758426   640 raft_consensus.cc:740] T 2545298ffcf84e94a065a99221bd373a P 4d59c80dc8324f93876b61c2cf65399a [term 4 LEADER]: Becoming Follower/Learner. State: Replica: 4d59c80dc8324f93876b61c2cf65399a, State: Running, Role: LEADER
I20260709 14:52:00.759202   640 consensus_queue.cc:260] T 2545298ffcf84e94a065a99221bd373a P 4d59c80dc8324f93876b61c2cf65399a [NON_LEADER]: Queue going to NON_LEADER mode. State: All replicated index: 0, Majority replicated index: 4, Committed index: 4, Last appended: 4.4, Last appended by leader: 4, Current term: 4, Majority size: -1, State: 0, Mode: NON_LEADER, active raft config: opid_index: -1 OBSOLETE_local: false peers { permanent_uuid: "a365f9a3d1b44d338effc4c236f5eb66" member_type: VOTER last_known_addr { host: "127.0.107.193" port: 43707 } } peers { permanent_uuid: "4d59c80dc8324f93876b61c2cf65399a" member_type: VOTER last_known_addr { host: "127.0.107.194" port: 42107 } } peers { permanent_uuid: "3c566feb22184d71930aa105d0d54d33" member_type: VOTER last_known_addr { host: "127.0.107.195" port: 40377 } }
I20260709 14:52:00.760015   640 raft_consensus.cc:3060] T 2545298ffcf84e94a065a99221bd373a P 4d59c80dc8324f93876b61c2cf65399a [term 4 FOLLOWER]: Advancing to term 5
I20260709 14:52:00.763860   640 raft_consensus.cc:2468] T 2545298ffcf84e94a065a99221bd373a P 4d59c80dc8324f93876b61c2cf65399a [term 5 FOLLOWER]: Leader election vote request: Granting yes vote for candidate a365f9a3d1b44d338effc4c236f5eb66 in term 5.
I20260709 14:52:00.763914   714 raft_consensus.cc:2468] T 2545298ffcf84e94a065a99221bd373a P 3c566feb22184d71930aa105d0d54d33 [term 5 FOLLOWER]: Leader election vote request: Granting yes vote for candidate a365f9a3d1b44d338effc4c236f5eb66 in term 5.
I20260709 14:52:00.765008   529 leader_election.cc:304] T 2545298ffcf84e94a065a99221bd373a P a365f9a3d1b44d338effc4c236f5eb66 [CANDIDATE]: Term 5 election: Election decided. Result: candidate won. Election summary: received 2 responses out of 3 voters: 2 yes votes; 0 no votes. yes voters: 3c566feb22184d71930aa105d0d54d33, a365f9a3d1b44d338effc4c236f5eb66; no voters: 
I20260709 14:52:00.765779   940 raft_consensus.cc:2804] T 2545298ffcf84e94a065a99221bd373a P a365f9a3d1b44d338effc4c236f5eb66 [term 5 FOLLOWER]: Leader election won for term 5
I20260709 14:52:00.766280   940 raft_consensus.cc:697] T 2545298ffcf84e94a065a99221bd373a P a365f9a3d1b44d338effc4c236f5eb66 [term 5 LEADER]: Becoming Leader. State: Replica: a365f9a3d1b44d338effc4c236f5eb66, State: Running, Role: LEADER
I20260709 14:52:00.767239   940 consensus_queue.cc:237] T 2545298ffcf84e94a065a99221bd373a P a365f9a3d1b44d338effc4c236f5eb66 [LEADER]: Queue going to LEADER mode. State: All replicated index: 0, Majority replicated index: 4, Committed index: 4, Last appended: 4.4, Last appended by leader: 4, Current term: 5, Majority size: 2, State: 0, Mode: LEADER, active raft config: opid_index: -1 OBSOLETE_local: false peers { permanent_uuid: "a365f9a3d1b44d338effc4c236f5eb66" member_type: VOTER last_known_addr { host: "127.0.107.193" port: 43707 } } peers { permanent_uuid: "4d59c80dc8324f93876b61c2cf65399a" member_type: VOTER last_known_addr { host: "127.0.107.194" port: 42107 } } peers { permanent_uuid: "3c566feb22184d71930aa105d0d54d33" member_type: VOTER last_known_addr { host: "127.0.107.195" port: 40377 } }
I20260709 14:52:00.774726   461 catalog_manager.cc:5697] T 2545298ffcf84e94a065a99221bd373a P a365f9a3d1b44d338effc4c236f5eb66 reported cstate change: term changed from 4 to 5, leader changed from 4d59c80dc8324f93876b61c2cf65399a (127.0.107.194) to a365f9a3d1b44d338effc4c236f5eb66 (127.0.107.193). New cstate: current_term: 5 leader_uuid: "a365f9a3d1b44d338effc4c236f5eb66" committed_config { opid_index: -1 OBSOLETE_local: false peers { permanent_uuid: "a365f9a3d1b44d338effc4c236f5eb66" member_type: VOTER last_known_addr { host: "127.0.107.193" port: 43707 } health_report { overall_health: HEALTHY } } peers { permanent_uuid: "4d59c80dc8324f93876b61c2cf65399a" member_type: VOTER last_known_addr { host: "127.0.107.194" port: 42107 } health_report { overall_health: UNKNOWN } } peers { permanent_uuid: "3c566feb22184d71930aa105d0d54d33" member_type: VOTER last_known_addr { host: "127.0.107.195" port: 40377 } health_report { overall_health: UNKNOWN } } }
I20260709 14:52:00.786950   930 raft_consensus.cc:993] T 4eed701577cc46ec8d366086957684a8 P 4d59c80dc8324f93876b61c2cf65399a: : Instructing follower a365f9a3d1b44d338effc4c236f5eb66 to start an election
I20260709 14:52:00.787421   888 raft_consensus.cc:1081] T 4eed701577cc46ec8d366086957684a8 P 4d59c80dc8324f93876b61c2cf65399a [term 4 LEADER]: Signalling peer a365f9a3d1b44d338effc4c236f5eb66 to start an election
I20260709 14:52:00.789067   562 tablet_service.cc:2044] Received Run Leader Election RPC: tablet_id: "4eed701577cc46ec8d366086957684a8"
dest_uuid: "a365f9a3d1b44d338effc4c236f5eb66"
 from {username='slave'} at 127.0.0.1:39144
I20260709 14:52:00.789463   562 raft_consensus.cc:493] T 4eed701577cc46ec8d366086957684a8 P a365f9a3d1b44d338effc4c236f5eb66 [term 4 FOLLOWER]: Starting forced leader election (received explicit request)
I20260709 14:52:00.789685   562 raft_consensus.cc:3060] T 4eed701577cc46ec8d366086957684a8 P a365f9a3d1b44d338effc4c236f5eb66 [term 4 FOLLOWER]: Advancing to term 5
I20260709 14:52:00.794044   562 raft_consensus.cc:515] T 4eed701577cc46ec8d366086957684a8 P a365f9a3d1b44d338effc4c236f5eb66 [term 5 FOLLOWER]: Starting forced leader election with config: opid_index: -1 OBSOLETE_local: false peers { permanent_uuid: "a365f9a3d1b44d338effc4c236f5eb66" member_type: VOTER last_known_addr { host: "127.0.107.193" port: 43707 } } peers { permanent_uuid: "4d59c80dc8324f93876b61c2cf65399a" member_type: VOTER last_known_addr { host: "127.0.107.194" port: 42107 } } peers { permanent_uuid: "3c566feb22184d71930aa105d0d54d33" member_type: VOTER last_known_addr { host: "127.0.107.195" port: 40377 } }
I20260709 14:52:00.795693   562 leader_election.cc:290] T 4eed701577cc46ec8d366086957684a8 P a365f9a3d1b44d338effc4c236f5eb66 [CANDIDATE]: Term 5 election: Requested vote from peers 4d59c80dc8324f93876b61c2cf65399a (127.0.107.194:42107), 3c566feb22184d71930aa105d0d54d33 (127.0.107.195:40377)
I20260709 14:52:00.796617   640 tablet_service.cc:1917] Received RequestConsensusVote() RPC: tablet_id: "4eed701577cc46ec8d366086957684a8" candidate_uuid: "a365f9a3d1b44d338effc4c236f5eb66" candidate_term: 5 candidate_status { last_received { term: 4 index: 4 } } ignore_live_leader: true dest_uuid: "4d59c80dc8324f93876b61c2cf65399a"
I20260709 14:52:00.796936   714 tablet_service.cc:1917] Received RequestConsensusVote() RPC: tablet_id: "4eed701577cc46ec8d366086957684a8" candidate_uuid: "a365f9a3d1b44d338effc4c236f5eb66" candidate_term: 5 candidate_status { last_received { term: 4 index: 4 } } ignore_live_leader: true dest_uuid: "3c566feb22184d71930aa105d0d54d33"
I20260709 14:52:00.797230   640 raft_consensus.cc:3055] T 4eed701577cc46ec8d366086957684a8 P 4d59c80dc8324f93876b61c2cf65399a [term 4 LEADER]: Stepping down as leader of term 4
I20260709 14:52:00.797443   714 raft_consensus.cc:3060] T 4eed701577cc46ec8d366086957684a8 P 3c566feb22184d71930aa105d0d54d33 [term 4 FOLLOWER]: Advancing to term 5
I20260709 14:52:00.797595   640 raft_consensus.cc:740] T 4eed701577cc46ec8d366086957684a8 P 4d59c80dc8324f93876b61c2cf65399a [term 4 LEADER]: Becoming Follower/Learner. State: Replica: 4d59c80dc8324f93876b61c2cf65399a, State: Running, Role: LEADER
I20260709 14:52:00.798362   640 consensus_queue.cc:260] T 4eed701577cc46ec8d366086957684a8 P 4d59c80dc8324f93876b61c2cf65399a [NON_LEADER]: Queue going to NON_LEADER mode. State: All replicated index: 0, Majority replicated index: 4, Committed index: 4, Last appended: 4.4, Last appended by leader: 4, Current term: 4, Majority size: -1, State: 0, Mode: NON_LEADER, active raft config: opid_index: -1 OBSOLETE_local: false peers { permanent_uuid: "a365f9a3d1b44d338effc4c236f5eb66" member_type: VOTER last_known_addr { host: "127.0.107.193" port: 43707 } } peers { permanent_uuid: "4d59c80dc8324f93876b61c2cf65399a" member_type: VOTER last_known_addr { host: "127.0.107.194" port: 42107 } } peers { permanent_uuid: "3c566feb22184d71930aa105d0d54d33" member_type: VOTER last_known_addr { host: "127.0.107.195" port: 40377 } }
I20260709 14:52:00.799218   640 raft_consensus.cc:3060] T 4eed701577cc46ec8d366086957684a8 P 4d59c80dc8324f93876b61c2cf65399a [term 4 FOLLOWER]: Advancing to term 5
I20260709 14:52:00.801733   714 raft_consensus.cc:2468] T 4eed701577cc46ec8d366086957684a8 P 3c566feb22184d71930aa105d0d54d33 [term 5 FOLLOWER]: Leader election vote request: Granting yes vote for candidate a365f9a3d1b44d338effc4c236f5eb66 in term 5.
I20260709 14:52:00.802827   529 leader_election.cc:304] T 4eed701577cc46ec8d366086957684a8 P a365f9a3d1b44d338effc4c236f5eb66 [CANDIDATE]: Term 5 election: Election decided. Result: candidate won. Election summary: received 2 responses out of 3 voters: 2 yes votes; 0 no votes. yes voters: 3c566feb22184d71930aa105d0d54d33, a365f9a3d1b44d338effc4c236f5eb66; no voters: 
I20260709 14:52:00.803519   940 raft_consensus.cc:2804] T 4eed701577cc46ec8d366086957684a8 P a365f9a3d1b44d338effc4c236f5eb66 [term 5 FOLLOWER]: Leader election won for term 5
I20260709 14:52:00.803702   640 raft_consensus.cc:2468] T 4eed701577cc46ec8d366086957684a8 P 4d59c80dc8324f93876b61c2cf65399a [term 5 FOLLOWER]: Leader election vote request: Granting yes vote for candidate a365f9a3d1b44d338effc4c236f5eb66 in term 5.
I20260709 14:52:00.803968   940 raft_consensus.cc:697] T 4eed701577cc46ec8d366086957684a8 P a365f9a3d1b44d338effc4c236f5eb66 [term 5 LEADER]: Becoming Leader. State: Replica: a365f9a3d1b44d338effc4c236f5eb66, State: Running, Role: LEADER
I20260709 14:52:00.805081   940 consensus_queue.cc:237] T 4eed701577cc46ec8d366086957684a8 P a365f9a3d1b44d338effc4c236f5eb66 [LEADER]: Queue going to LEADER mode. State: All replicated index: 0, Majority replicated index: 4, Committed index: 4, Last appended: 4.4, Last appended by leader: 4, Current term: 5, Majority size: 2, State: 0, Mode: LEADER, active raft config: opid_index: -1 OBSOLETE_local: false peers { permanent_uuid: "a365f9a3d1b44d338effc4c236f5eb66" member_type: VOTER last_known_addr { host: "127.0.107.193" port: 43707 } } peers { permanent_uuid: "4d59c80dc8324f93876b61c2cf65399a" member_type: VOTER last_known_addr { host: "127.0.107.194" port: 42107 } } peers { permanent_uuid: "3c566feb22184d71930aa105d0d54d33" member_type: VOTER last_known_addr { host: "127.0.107.195" port: 40377 } }
I20260709 14:52:00.812315   461 catalog_manager.cc:5697] T 4eed701577cc46ec8d366086957684a8 P a365f9a3d1b44d338effc4c236f5eb66 reported cstate change: term changed from 4 to 5, leader changed from 4d59c80dc8324f93876b61c2cf65399a (127.0.107.194) to a365f9a3d1b44d338effc4c236f5eb66 (127.0.107.193). New cstate: current_term: 5 leader_uuid: "a365f9a3d1b44d338effc4c236f5eb66" committed_config { opid_index: -1 OBSOLETE_local: false peers { permanent_uuid: "a365f9a3d1b44d338effc4c236f5eb66" member_type: VOTER last_known_addr { host: "127.0.107.193" port: 43707 } health_report { overall_health: HEALTHY } } peers { permanent_uuid: "4d59c80dc8324f93876b61c2cf65399a" member_type: VOTER last_known_addr { host: "127.0.107.194" port: 42107 } health_report { overall_health: UNKNOWN } } peers { permanent_uuid: "3c566feb22184d71930aa105d0d54d33" member_type: VOTER last_known_addr { host: "127.0.107.195" port: 40377 } health_report { overall_health: UNKNOWN } } }
I20260709 14:52:00.870209   640 raft_consensus.cc:1275] T ff2fab27231446baa0c96a459ddcf6c8 P 4d59c80dc8324f93876b61c2cf65399a [term 3 FOLLOWER]: Refusing update from remote peer 3c566feb22184d71930aa105d0d54d33: Log matching property violated. Preceding OpId in replica: term: 2 index: 2. Preceding OpId from leader: term: 3 index: 3. (index mismatch)
I20260709 14:52:00.871487   932 consensus_queue.cc:1048] T ff2fab27231446baa0c96a459ddcf6c8 P 3c566feb22184d71930aa105d0d54d33 [LEADER]: Connected to new peer: Peer: permanent_uuid: "4d59c80dc8324f93876b61c2cf65399a" member_type: VOTER last_known_addr { host: "127.0.107.194" port: 42107 }, Status: LMP_MISMATCH, Last received: 0.0, Next index: 3, Last known committed idx: 2, Time since last communication: 0.000s
I20260709 14:52:00.880507   562 raft_consensus.cc:1275] T 51993a91cf5647848f57324947782b0f P a365f9a3d1b44d338effc4c236f5eb66 [term 3 FOLLOWER]: Refusing update from remote peer 3c566feb22184d71930aa105d0d54d33: Log matching property violated. Preceding OpId in replica: term: 2 index: 2. Preceding OpId from leader: term: 3 index: 3. (index mismatch)
I20260709 14:52:00.881820   887 consensus_queue.cc:1048] T 51993a91cf5647848f57324947782b0f P 3c566feb22184d71930aa105d0d54d33 [LEADER]: Connected to new peer: Peer: permanent_uuid: "a365f9a3d1b44d338effc4c236f5eb66" member_type: VOTER last_known_addr { host: "127.0.107.193" port: 43707 }, Status: LMP_MISMATCH, Last received: 0.0, Next index: 3, Last known committed idx: 2, Time since last communication: 0.000s
I20260709 14:52:00.884140   562 raft_consensus.cc:1275] T ff2fab27231446baa0c96a459ddcf6c8 P a365f9a3d1b44d338effc4c236f5eb66 [term 3 FOLLOWER]: Refusing update from remote peer 3c566feb22184d71930aa105d0d54d33: Log matching property violated. Preceding OpId in replica: term: 2 index: 2. Preceding OpId from leader: term: 3 index: 3. (index mismatch)
I20260709 14:52:00.887650   934 consensus_queue.cc:1048] T ff2fab27231446baa0c96a459ddcf6c8 P 3c566feb22184d71930aa105d0d54d33 [LEADER]: Connected to new peer: Peer: permanent_uuid: "a365f9a3d1b44d338effc4c236f5eb66" member_type: VOTER last_known_addr { host: "127.0.107.193" port: 43707 }, Status: LMP_MISMATCH, Last received: 0.0, Next index: 3, Last known committed idx: 2, Time since last communication: 0.001s
I20260709 14:52:00.892786   640 raft_consensus.cc:1275] T 51993a91cf5647848f57324947782b0f P 4d59c80dc8324f93876b61c2cf65399a [term 3 FOLLOWER]: Refusing update from remote peer 3c566feb22184d71930aa105d0d54d33: Log matching property violated. Preceding OpId in replica: term: 2 index: 2. Preceding OpId from leader: term: 3 index: 3. (index mismatch)
I20260709 14:52:00.894275   934 consensus_queue.cc:1048] T 51993a91cf5647848f57324947782b0f P 3c566feb22184d71930aa105d0d54d33 [LEADER]: Connected to new peer: Peer: permanent_uuid: "4d59c80dc8324f93876b61c2cf65399a" member_type: VOTER last_known_addr { host: "127.0.107.194" port: 42107 }, Status: LMP_MISMATCH, Last received: 0.0, Next index: 3, Last known committed idx: 2, Time since last communication: 0.000s
I20260709 14:52:00.925951   640 raft_consensus.cc:1275] T 2f7cee1326044b0aa4469b4b4ec24bd4 P 4d59c80dc8324f93876b61c2cf65399a [term 2 FOLLOWER]: Refusing update from remote peer a365f9a3d1b44d338effc4c236f5eb66: Log matching property violated. Preceding OpId in replica: term: 1 index: 1. Preceding OpId from leader: term: 2 index: 2. (index mismatch)
I20260709 14:52:00.927089   940 consensus_queue.cc:1048] T 2f7cee1326044b0aa4469b4b4ec24bd4 P a365f9a3d1b44d338effc4c236f5eb66 [LEADER]: Connected to new peer: Peer: permanent_uuid: "4d59c80dc8324f93876b61c2cf65399a" member_type: VOTER last_known_addr { host: "127.0.107.194" port: 42107 }, Status: LMP_MISMATCH, Last received: 0.0, Next index: 2, Last known committed idx: 1, Time since last communication: 0.000s
I20260709 14:52:00.935083   714 raft_consensus.cc:1275] T 2f7cee1326044b0aa4469b4b4ec24bd4 P 3c566feb22184d71930aa105d0d54d33 [term 2 FOLLOWER]: Refusing update from remote peer a365f9a3d1b44d338effc4c236f5eb66: Log matching property violated. Preceding OpId in replica: term: 1 index: 1. Preceding OpId from leader: term: 2 index: 2. (index mismatch)
I20260709 14:52:00.936972   954 consensus_queue.cc:1048] T 2f7cee1326044b0aa4469b4b4ec24bd4 P a365f9a3d1b44d338effc4c236f5eb66 [LEADER]: Connected to new peer: Peer: permanent_uuid: "3c566feb22184d71930aa105d0d54d33" member_type: VOTER last_known_addr { host: "127.0.107.195" port: 40377 }, Status: LMP_MISMATCH, Last received: 0.0, Next index: 2, Last known committed idx: 1, Time since last communication: 0.001s
I20260709 14:52:01.202453   640 raft_consensus.cc:1275] T 4eed701577cc46ec8d366086957684a8 P 4d59c80dc8324f93876b61c2cf65399a [term 5 FOLLOWER]: Refusing update from remote peer a365f9a3d1b44d338effc4c236f5eb66: Log matching property violated. Preceding OpId in replica: term: 4 index: 4. Preceding OpId from leader: term: 5 index: 5. (index mismatch)
I20260709 14:52:01.203938   954 consensus_queue.cc:1048] T 4eed701577cc46ec8d366086957684a8 P a365f9a3d1b44d338effc4c236f5eb66 [LEADER]: Connected to new peer: Peer: permanent_uuid: "4d59c80dc8324f93876b61c2cf65399a" member_type: VOTER last_known_addr { host: "127.0.107.194" port: 42107 }, Status: LMP_MISMATCH, Last received: 0.0, Next index: 5, Last known committed idx: 4, Time since last communication: 0.000s
I20260709 14:52:01.213075   714 raft_consensus.cc:1275] T 4eed701577cc46ec8d366086957684a8 P 3c566feb22184d71930aa105d0d54d33 [term 5 FOLLOWER]: Refusing update from remote peer a365f9a3d1b44d338effc4c236f5eb66: Log matching property violated. Preceding OpId in replica: term: 4 index: 4. Preceding OpId from leader: term: 5 index: 5. (index mismatch)
I20260709 14:52:01.214882   940 consensus_queue.cc:1048] T 4eed701577cc46ec8d366086957684a8 P a365f9a3d1b44d338effc4c236f5eb66 [LEADER]: Connected to new peer: Peer: permanent_uuid: "3c566feb22184d71930aa105d0d54d33" member_type: VOTER last_known_addr { host: "127.0.107.195" port: 40377 }, Status: LMP_MISMATCH, Last received: 0.0, Next index: 5, Last known committed idx: 4, Time since last communication: 0.001s
I20260709 14:52:01.239193   714 raft_consensus.cc:1275] T 2545298ffcf84e94a065a99221bd373a P 3c566feb22184d71930aa105d0d54d33 [term 5 FOLLOWER]: Refusing update from remote peer a365f9a3d1b44d338effc4c236f5eb66: Log matching property violated. Preceding OpId in replica: term: 4 index: 4. Preceding OpId from leader: term: 5 index: 5. (index mismatch)
I20260709 14:52:01.240646   941 consensus_queue.cc:1048] T 2545298ffcf84e94a065a99221bd373a P a365f9a3d1b44d338effc4c236f5eb66 [LEADER]: Connected to new peer: Peer: permanent_uuid: "3c566feb22184d71930aa105d0d54d33" member_type: VOTER last_known_addr { host: "127.0.107.195" port: 40377 }, Status: LMP_MISMATCH, Last received: 0.0, Next index: 5, Last known committed idx: 4, Time since last communication: 0.000s
I20260709 14:52:01.249157   640 raft_consensus.cc:1275] T 2545298ffcf84e94a065a99221bd373a P 4d59c80dc8324f93876b61c2cf65399a [term 5 FOLLOWER]: Refusing update from remote peer a365f9a3d1b44d338effc4c236f5eb66: Log matching property violated. Preceding OpId in replica: term: 4 index: 4. Preceding OpId from leader: term: 5 index: 5. (index mismatch)
I20260709 14:52:01.250797   941 consensus_queue.cc:1048] T 2545298ffcf84e94a065a99221bd373a P a365f9a3d1b44d338effc4c236f5eb66 [LEADER]: Connected to new peer: Peer: permanent_uuid: "4d59c80dc8324f93876b61c2cf65399a" member_type: VOTER last_known_addr { host: "127.0.107.194" port: 42107 }, Status: LMP_MISMATCH, Last received: 0.0, Next index: 5, Last known committed idx: 4, Time since last communication: 0.000s
I20260709 14:52:01.269560   431 auto_leader_rebalancer.cc:141] leader rebalance for table test-workload
I20260709 14:52:01.277340   431 tablet_server.cc:179] TabletServer@127.0.107.193:0 shutting down...
I20260709 14:52:01.306919   431 ts_tablet_manager.cc:1507] Shutting down tablet manager...
I20260709 14:52:01.307634   431 tablet_replica.cc:333] T daeb4a1649b241a299c735af2ff74e5c P a365f9a3d1b44d338effc4c236f5eb66: stopping tablet replica
I20260709 14:52:01.308413   431 raft_consensus.cc:2243] T daeb4a1649b241a299c735af2ff74e5c P a365f9a3d1b44d338effc4c236f5eb66 [term 3 FOLLOWER]: Raft consensus shutting down.
I20260709 14:52:01.308879   431 raft_consensus.cc:2272] T daeb4a1649b241a299c735af2ff74e5c P a365f9a3d1b44d338effc4c236f5eb66 [term 3 FOLLOWER]: Raft consensus is shut down!
I20260709 14:52:01.311040   431 tablet_replica.cc:333] T 2f7cee1326044b0aa4469b4b4ec24bd4 P a365f9a3d1b44d338effc4c236f5eb66: stopping tablet replica
I20260709 14:52:01.311533   431 raft_consensus.cc:2243] T 2f7cee1326044b0aa4469b4b4ec24bd4 P a365f9a3d1b44d338effc4c236f5eb66 [term 2 LEADER]: Raft consensus shutting down.
I20260709 14:52:01.312297   431 raft_consensus.cc:2272] T 2f7cee1326044b0aa4469b4b4ec24bd4 P a365f9a3d1b44d338effc4c236f5eb66 [term 2 FOLLOWER]: Raft consensus is shut down!
I20260709 14:52:01.314926   431 tablet_replica.cc:333] T a9fca18294f046e6b23d46b98dd427f8 P a365f9a3d1b44d338effc4c236f5eb66: stopping tablet replica
I20260709 14:52:01.315408   431 raft_consensus.cc:2243] T a9fca18294f046e6b23d46b98dd427f8 P a365f9a3d1b44d338effc4c236f5eb66 [term 2 FOLLOWER]: Raft consensus shutting down.
I20260709 14:52:01.315776   431 raft_consensus.cc:2272] T a9fca18294f046e6b23d46b98dd427f8 P a365f9a3d1b44d338effc4c236f5eb66 [term 2 FOLLOWER]: Raft consensus is shut down!
I20260709 14:52:01.317807   431 tablet_replica.cc:333] T 2545298ffcf84e94a065a99221bd373a P a365f9a3d1b44d338effc4c236f5eb66: stopping tablet replica
I20260709 14:52:01.318588   431 raft_consensus.cc:2243] T 2545298ffcf84e94a065a99221bd373a P a365f9a3d1b44d338effc4c236f5eb66 [term 5 LEADER]: Raft consensus shutting down.
I20260709 14:52:01.319602   431 raft_consensus.cc:2272] T 2545298ffcf84e94a065a99221bd373a P a365f9a3d1b44d338effc4c236f5eb66 [term 5 FOLLOWER]: Raft consensus is shut down!
I20260709 14:52:01.321775   431 tablet_replica.cc:333] T 51993a91cf5647848f57324947782b0f P a365f9a3d1b44d338effc4c236f5eb66: stopping tablet replica
I20260709 14:52:01.322376   431 raft_consensus.cc:2243] T 51993a91cf5647848f57324947782b0f P a365f9a3d1b44d338effc4c236f5eb66 [term 3 FOLLOWER]: Raft consensus shutting down.
I20260709 14:52:01.322793   431 raft_consensus.cc:2272] T 51993a91cf5647848f57324947782b0f P a365f9a3d1b44d338effc4c236f5eb66 [term 3 FOLLOWER]: Raft consensus is shut down!
I20260709 14:52:01.324747   431 tablet_replica.cc:333] T 8c51e64ef2fc44baba8dabac6f968689 P a365f9a3d1b44d338effc4c236f5eb66: stopping tablet replica
I20260709 14:52:01.325280   431 raft_consensus.cc:2243] T 8c51e64ef2fc44baba8dabac6f968689 P a365f9a3d1b44d338effc4c236f5eb66 [term 4 FOLLOWER]: Raft consensus shutting down.
I20260709 14:52:01.325738   431 raft_consensus.cc:2272] T 8c51e64ef2fc44baba8dabac6f968689 P a365f9a3d1b44d338effc4c236f5eb66 [term 4 FOLLOWER]: Raft consensus is shut down!
I20260709 14:52:01.327499   431 tablet_replica.cc:333] T 4eed701577cc46ec8d366086957684a8 P a365f9a3d1b44d338effc4c236f5eb66: stopping tablet replica
I20260709 14:52:01.328004   431 raft_consensus.cc:2243] T 4eed701577cc46ec8d366086957684a8 P a365f9a3d1b44d338effc4c236f5eb66 [term 5 LEADER]: Raft consensus shutting down.
I20260709 14:52:01.328752   431 raft_consensus.cc:2272] T 4eed701577cc46ec8d366086957684a8 P a365f9a3d1b44d338effc4c236f5eb66 [term 5 FOLLOWER]: Raft consensus is shut down!
I20260709 14:52:01.330790   431 tablet_replica.cc:333] T ff2fab27231446baa0c96a459ddcf6c8 P a365f9a3d1b44d338effc4c236f5eb66: stopping tablet replica
I20260709 14:52:01.331315   431 raft_consensus.cc:2243] T ff2fab27231446baa0c96a459ddcf6c8 P a365f9a3d1b44d338effc4c236f5eb66 [term 3 FOLLOWER]: Raft consensus shutting down.
I20260709 14:52:01.331729   431 raft_consensus.cc:2272] T ff2fab27231446baa0c96a459ddcf6c8 P a365f9a3d1b44d338effc4c236f5eb66 [term 3 FOLLOWER]: Raft consensus is shut down!
I20260709 14:52:01.333797   431 tablet_replica.cc:333] T beb671be3e7e440cb22dc35a43698716 P a365f9a3d1b44d338effc4c236f5eb66: stopping tablet replica
I20260709 14:52:01.334259   431 raft_consensus.cc:2243] T beb671be3e7e440cb22dc35a43698716 P a365f9a3d1b44d338effc4c236f5eb66 [term 3 FOLLOWER]: Raft consensus shutting down.
I20260709 14:52:01.334697   431 raft_consensus.cc:2272] T beb671be3e7e440cb22dc35a43698716 P a365f9a3d1b44d338effc4c236f5eb66 [term 3 FOLLOWER]: Raft consensus is shut down!
W20260709 14:52:01.472015   679 proxy.cc:239] Call had error, refreshing address and retrying: Network error: Client connection negotiation failed: client connection to 127.0.107.193:43707: connect: Connection refused (error 111)
I20260709 14:52:01.475615   431 tablet_server.cc:196] TabletServer@127.0.107.193:0 shutdown complete.
W20260709 14:52:01.477958   679 consensus_peers.cc:597] T ff2fab27231446baa0c96a459ddcf6c8 P 3c566feb22184d71930aa105d0d54d33 -> Peer a365f9a3d1b44d338effc4c236f5eb66 (127.0.107.193:43707): Couldn't send request to peer a365f9a3d1b44d338effc4c236f5eb66. Status: Network error: Client connection negotiation failed: client connection to 127.0.107.193:43707: connect: Connection refused (error 111). This is attempt 1: this message will repeat every 5th retry.
I20260709 14:52:01.495441   431 tablet_server.cc:179] TabletServer@127.0.107.194:0 shutting down...
I20260709 14:52:01.520704   431 ts_tablet_manager.cc:1507] Shutting down tablet manager...
I20260709 14:52:01.521505   431 tablet_replica.cc:333] T 2f7cee1326044b0aa4469b4b4ec24bd4 P 4d59c80dc8324f93876b61c2cf65399a: stopping tablet replica
I20260709 14:52:01.522197   431 raft_consensus.cc:2243] T 2f7cee1326044b0aa4469b4b4ec24bd4 P 4d59c80dc8324f93876b61c2cf65399a [term 2 FOLLOWER]: Raft consensus shutting down.
I20260709 14:52:01.522670   431 raft_consensus.cc:2272] T 2f7cee1326044b0aa4469b4b4ec24bd4 P 4d59c80dc8324f93876b61c2cf65399a [term 2 FOLLOWER]: Raft consensus is shut down!
I20260709 14:52:01.524894   431 tablet_replica.cc:333] T 51993a91cf5647848f57324947782b0f P 4d59c80dc8324f93876b61c2cf65399a: stopping tablet replica
I20260709 14:52:01.525419   431 raft_consensus.cc:2243] T 51993a91cf5647848f57324947782b0f P 4d59c80dc8324f93876b61c2cf65399a [term 3 FOLLOWER]: Raft consensus shutting down.
I20260709 14:52:01.525841   431 raft_consensus.cc:2272] T 51993a91cf5647848f57324947782b0f P 4d59c80dc8324f93876b61c2cf65399a [term 3 FOLLOWER]: Raft consensus is shut down!
I20260709 14:52:01.527818   431 tablet_replica.cc:333] T 8c51e64ef2fc44baba8dabac6f968689 P 4d59c80dc8324f93876b61c2cf65399a: stopping tablet replica
I20260709 14:52:01.528445   431 raft_consensus.cc:2243] T 8c51e64ef2fc44baba8dabac6f968689 P 4d59c80dc8324f93876b61c2cf65399a [term 4 LEADER]: Raft consensus shutting down.
I20260709 14:52:01.529213   431 raft_consensus.cc:2272] T 8c51e64ef2fc44baba8dabac6f968689 P 4d59c80dc8324f93876b61c2cf65399a [term 4 FOLLOWER]: Raft consensus is shut down!
I20260709 14:52:01.530819   431 tablet_replica.cc:333] T daeb4a1649b241a299c735af2ff74e5c P 4d59c80dc8324f93876b61c2cf65399a: stopping tablet replica
I20260709 14:52:01.531363   431 raft_consensus.cc:2243] T daeb4a1649b241a299c735af2ff74e5c P 4d59c80dc8324f93876b61c2cf65399a [term 3 LEADER]: Raft consensus shutting down.
I20260709 14:52:01.532094   431 raft_consensus.cc:2272] T daeb4a1649b241a299c735af2ff74e5c P 4d59c80dc8324f93876b61c2cf65399a [term 3 FOLLOWER]: Raft consensus is shut down!
I20260709 14:52:01.533776   431 tablet_replica.cc:333] T beb671be3e7e440cb22dc35a43698716 P 4d59c80dc8324f93876b61c2cf65399a: stopping tablet replica
I20260709 14:52:01.534302   431 raft_consensus.cc:2243] T beb671be3e7e440cb22dc35a43698716 P 4d59c80dc8324f93876b61c2cf65399a [term 3 LEADER]: Raft consensus shutting down.
I20260709 14:52:01.535025   431 raft_consensus.cc:2272] T beb671be3e7e440cb22dc35a43698716 P 4d59c80dc8324f93876b61c2cf65399a [term 3 FOLLOWER]: Raft consensus is shut down!
I20260709 14:52:01.536887   431 tablet_replica.cc:333] T 4eed701577cc46ec8d366086957684a8 P 4d59c80dc8324f93876b61c2cf65399a: stopping tablet replica
I20260709 14:52:01.537384   431 raft_consensus.cc:2243] T 4eed701577cc46ec8d366086957684a8 P 4d59c80dc8324f93876b61c2cf65399a [term 5 FOLLOWER]: Raft consensus shutting down.
I20260709 14:52:01.537791   431 raft_consensus.cc:2272] T 4eed701577cc46ec8d366086957684a8 P 4d59c80dc8324f93876b61c2cf65399a [term 5 FOLLOWER]: Raft consensus is shut down!
I20260709 14:52:01.539964   431 tablet_replica.cc:333] T ff2fab27231446baa0c96a459ddcf6c8 P 4d59c80dc8324f93876b61c2cf65399a: stopping tablet replica
I20260709 14:52:01.540531   431 raft_consensus.cc:2243] T ff2fab27231446baa0c96a459ddcf6c8 P 4d59c80dc8324f93876b61c2cf65399a [term 3 FOLLOWER]: Raft consensus shutting down.
I20260709 14:52:01.540942   431 raft_consensus.cc:2272] T ff2fab27231446baa0c96a459ddcf6c8 P 4d59c80dc8324f93876b61c2cf65399a [term 3 FOLLOWER]: Raft consensus is shut down!
I20260709 14:52:01.542954   431 tablet_replica.cc:333] T 2545298ffcf84e94a065a99221bd373a P 4d59c80dc8324f93876b61c2cf65399a: stopping tablet replica
I20260709 14:52:01.543437   431 raft_consensus.cc:2243] T 2545298ffcf84e94a065a99221bd373a P 4d59c80dc8324f93876b61c2cf65399a [term 5 FOLLOWER]: Raft consensus shutting down.
I20260709 14:52:01.543843   431 raft_consensus.cc:2272] T 2545298ffcf84e94a065a99221bd373a P 4d59c80dc8324f93876b61c2cf65399a [term 5 FOLLOWER]: Raft consensus is shut down!
I20260709 14:52:01.545998   431 tablet_replica.cc:333] T a9fca18294f046e6b23d46b98dd427f8 P 4d59c80dc8324f93876b61c2cf65399a: stopping tablet replica
I20260709 14:52:01.546451   431 raft_consensus.cc:2243] T a9fca18294f046e6b23d46b98dd427f8 P 4d59c80dc8324f93876b61c2cf65399a [term 2 FOLLOWER]: Raft consensus shutting down.
I20260709 14:52:01.546844   431 raft_consensus.cc:2272] T a9fca18294f046e6b23d46b98dd427f8 P 4d59c80dc8324f93876b61c2cf65399a [term 2 FOLLOWER]: Raft consensus is shut down!
I20260709 14:52:01.573575   431 tablet_server.cc:196] TabletServer@127.0.107.194:0 shutdown complete.
I20260709 14:52:01.590895   431 tablet_server.cc:179] TabletServer@127.0.107.195:0 shutting down...
I20260709 14:52:01.614763   431 ts_tablet_manager.cc:1507] Shutting down tablet manager...
I20260709 14:52:01.615451   431 tablet_replica.cc:333] T 2f7cee1326044b0aa4469b4b4ec24bd4 P 3c566feb22184d71930aa105d0d54d33: stopping tablet replica
I20260709 14:52:01.616026   431 raft_consensus.cc:2243] T 2f7cee1326044b0aa4469b4b4ec24bd4 P 3c566feb22184d71930aa105d0d54d33 [term 2 FOLLOWER]: Raft consensus shutting down.
I20260709 14:52:01.616537   431 raft_consensus.cc:2272] T 2f7cee1326044b0aa4469b4b4ec24bd4 P 3c566feb22184d71930aa105d0d54d33 [term 2 FOLLOWER]: Raft consensus is shut down!
