I20260709 14:52:13.630820  1752 raft_consensus.cc:359] T e789674bdfe847049b354d64ddd2aeda P 4e9c5218be6948cebd930229818bd3ba [term 0 FOLLOWER]: Replica starting. Triggering 0 pending ops. Active config: opid_index: -1 OBSOLETE_local: false peers { permanent_uuid: "2eadfadd57fb4b6ab75abff30d7d7c67" member_type: VOTER last_known_addr { host: "127.0.107.193" port: 33369 } } peers { permanent_uuid: "e05b4edd961c40aa8646cf37de6ad6e2" member_type: VOTER last_known_addr { host: "127.0.107.194" port: 42513 } } peers { permanent_uuid: "4e9c5218be6948cebd930229818bd3ba" member_type: VOTER last_known_addr { host: "127.0.107.195" port: 34179 } }
I20260709 14:52:13.631574  1752 raft_consensus.cc:385] T e789674bdfe847049b354d64ddd2aeda P 4e9c5218be6948cebd930229818bd3ba [term 0 FOLLOWER]: Consensus starting up: Expiring failure detector timer to make a prompt election more likely
I20260709 14:52:13.631875  1752 raft_consensus.cc:740] T e789674bdfe847049b354d64ddd2aeda P 4e9c5218be6948cebd930229818bd3ba [term 0 FOLLOWER]: Becoming Follower/Learner. State: Replica: 4e9c5218be6948cebd930229818bd3ba, State: Initialized, Role: FOLLOWER
I20260709 14:52:13.633608  1752 consensus_queue.cc:260] T e789674bdfe847049b354d64ddd2aeda P 4e9c5218be6948cebd930229818bd3ba [NON_LEADER]: Queue going to NON_LEADER mode. State: All replicated index: 0, Majority replicated index: 0, Committed index: 0, Last appended: 0.0, Last appended by leader: 0, Current term: 0, Majority size: -1, State: 0, Mode: NON_LEADER, active raft config: opid_index: -1 OBSOLETE_local: false peers { permanent_uuid: "2eadfadd57fb4b6ab75abff30d7d7c67" member_type: VOTER last_known_addr { host: "127.0.107.193" port: 33369 } } peers { permanent_uuid: "e05b4edd961c40aa8646cf37de6ad6e2" member_type: VOTER last_known_addr { host: "127.0.107.194" port: 42513 } } peers { permanent_uuid: "4e9c5218be6948cebd930229818bd3ba" member_type: VOTER last_known_addr { host: "127.0.107.195" port: 34179 } }
I20260709 14:52:13.635259  1751 tablet_bootstrap.cc:492] T b4f602898de942a598cafaac1310e2c9 P e05b4edd961c40aa8646cf37de6ad6e2: No bootstrap required, opened a new log
I20260709 14:52:13.635859  1751 ts_tablet_manager.cc:1403] T b4f602898de942a598cafaac1310e2c9 P e05b4edd961c40aa8646cf37de6ad6e2: Time spent bootstrapping tablet: real 0.063s	user 0.012s	sys 0.000s
I20260709 14:52:13.639043  1751 raft_consensus.cc:359] T b4f602898de942a598cafaac1310e2c9 P e05b4edd961c40aa8646cf37de6ad6e2 [term 0 FOLLOWER]: Replica starting. Triggering 0 pending ops. Active config: opid_index: -1 OBSOLETE_local: false peers { permanent_uuid: "2eadfadd57fb4b6ab75abff30d7d7c67" member_type: VOTER last_known_addr { host: "127.0.107.193" port: 33369 } } peers { permanent_uuid: "e05b4edd961c40aa8646cf37de6ad6e2" member_type: VOTER last_known_addr { host: "127.0.107.194" port: 42513 } } peers { permanent_uuid: "4e9c5218be6948cebd930229818bd3ba" member_type: VOTER last_known_addr { host: "127.0.107.195" port: 34179 } }
I20260709 14:52:13.639945  1751 raft_consensus.cc:385] T b4f602898de942a598cafaac1310e2c9 P e05b4edd961c40aa8646cf37de6ad6e2 [term 0 FOLLOWER]: Consensus starting up: Expiring failure detector timer to make a prompt election more likely
I20260709 14:52:13.640347  1751 raft_consensus.cc:740] T b4f602898de942a598cafaac1310e2c9 P e05b4edd961c40aa8646cf37de6ad6e2 [term 0 FOLLOWER]: Becoming Follower/Learner. State: Replica: e05b4edd961c40aa8646cf37de6ad6e2, State: Initialized, Role: FOLLOWER
I20260709 14:52:13.641184  1751 consensus_queue.cc:260] T b4f602898de942a598cafaac1310e2c9 P e05b4edd961c40aa8646cf37de6ad6e2 [NON_LEADER]: Queue going to NON_LEADER mode. State: All replicated index: 0, Majority replicated index: 0, Committed index: 0, Last appended: 0.0, Last appended by leader: 0, Current term: 0, Majority size: -1, State: 0, Mode: NON_LEADER, active raft config: opid_index: -1 OBSOLETE_local: false peers { permanent_uuid: "2eadfadd57fb4b6ab75abff30d7d7c67" member_type: VOTER last_known_addr { host: "127.0.107.193" port: 33369 } } peers { permanent_uuid: "e05b4edd961c40aa8646cf37de6ad6e2" member_type: VOTER last_known_addr { host: "127.0.107.194" port: 42513 } } peers { permanent_uuid: "4e9c5218be6948cebd930229818bd3ba" member_type: VOTER last_known_addr { host: "127.0.107.195" port: 34179 } }
I20260709 14:52:13.643491  1751 ts_tablet_manager.cc:1434] T b4f602898de942a598cafaac1310e2c9 P e05b4edd961c40aa8646cf37de6ad6e2: Time spent starting tablet: real 0.007s	user 0.005s	sys 0.000s
I20260709 14:52:13.643877  1752 ts_tablet_manager.cc:1434] T e789674bdfe847049b354d64ddd2aeda P 4e9c5218be6948cebd930229818bd3ba: Time spent starting tablet: real 0.016s	user 0.003s	sys 0.003s
I20260709 14:52:13.644629  1751 tablet_bootstrap.cc:492] T e5750054c22f47d89c4550956757ef55 P e05b4edd961c40aa8646cf37de6ad6e2: Bootstrap starting.
I20260709 14:52:13.644899  1752 tablet_bootstrap.cc:492] T 6f70b687c31740089f5792e4ec20b211 P 4e9c5218be6948cebd930229818bd3ba: Bootstrap starting.
I20260709 14:52:13.646688  1544 tablet_service.cc:1511] Processing CreateTablet for tablet 5e3274991136461caf6fe66b7a07667e (DEFAULT_TABLE table=test-workload [id=937076d7054442f5a95efa1bc78b5c4c]), partition=RANGE (key) PARTITION 545970405 <= VALUES < 582368432
I20260709 14:52:13.648018  1544 data_dirs.cc:400] Could only allocate 1 dirs of requested 3 for tablet 5e3274991136461caf6fe66b7a07667e. 1 dirs total, 0 dirs full, 0 dirs failed
I20260709 14:52:13.651513  1752 tablet_bootstrap.cc:654] T 6f70b687c31740089f5792e4ec20b211 P 4e9c5218be6948cebd930229818bd3ba: Neither blocks nor log segments found. Creating new log.
I20260709 14:52:13.651187  1701 tablet_service.cc:1511] Processing CreateTablet for tablet 36a51f8d5c714600a76410d9197bd2f1 (DEFAULT_TABLE table=test-workload [id=937076d7054442f5a95efa1bc78b5c4c]), partition=RANGE (key) PARTITION 509572378 <= VALUES < 545970405
I20260709 14:52:13.652025  1751 tablet_bootstrap.cc:654] T e5750054c22f47d89c4550956757ef55 P e05b4edd961c40aa8646cf37de6ad6e2: Neither blocks nor log segments found. Creating new log.
I20260709 14:52:13.652580  1701 data_dirs.cc:400] Could only allocate 1 dirs of requested 3 for tablet 36a51f8d5c714600a76410d9197bd2f1. 1 dirs total, 0 dirs full, 0 dirs failed
I20260709 14:52:13.654165  1623 tablet_service.cc:1511] Processing CreateTablet for tablet f155378270f947d2a1a740ff50ba2aa8 (DEFAULT_TABLE table=test-workload [id=937076d7054442f5a95efa1bc78b5c4c]), partition=RANGE (key) PARTITION 582368432 <= VALUES < 618766459
I20260709 14:52:13.655486  1623 data_dirs.cc:400] Could only allocate 1 dirs of requested 3 for tablet f155378270f947d2a1a740ff50ba2aa8. 1 dirs total, 0 dirs full, 0 dirs failed
I20260709 14:52:13.656395  1694 tablet_service.cc:1511] Processing CreateTablet for tablet 5e3274991136461caf6fe66b7a07667e (DEFAULT_TABLE table=test-workload [id=937076d7054442f5a95efa1bc78b5c4c]), partition=RANGE (key) PARTITION 545970405 <= VALUES < 582368432
I20260709 14:52:13.657699  1694 data_dirs.cc:400] Could only allocate 1 dirs of requested 3 for tablet 5e3274991136461caf6fe66b7a07667e. 1 dirs total, 0 dirs full, 0 dirs failed
I20260709 14:52:13.663872  1546 tablet_service.cc:1511] Processing CreateTablet for tablet f155378270f947d2a1a740ff50ba2aa8 (DEFAULT_TABLE table=test-workload [id=937076d7054442f5a95efa1bc78b5c4c]), partition=RANGE (key) PARTITION 582368432 <= VALUES < 618766459
I20260709 14:52:13.665256  1546 data_dirs.cc:400] Could only allocate 1 dirs of requested 3 for tablet f155378270f947d2a1a740ff50ba2aa8. 1 dirs total, 0 dirs full, 0 dirs failed
I20260709 14:52:13.668552  1552 tablet_service.cc:1511] Processing CreateTablet for tablet c7f4c317f77240ec84c4e5207dc96f3e (DEFAULT_TABLE table=test-workload [id=937076d7054442f5a95efa1bc78b5c4c]), partition=RANGE (key) PARTITION 618766459 <= VALUES < 655164486
I20260709 14:52:13.669898  1552 data_dirs.cc:400] Could only allocate 1 dirs of requested 3 for tablet c7f4c317f77240ec84c4e5207dc96f3e. 1 dirs total, 0 dirs full, 0 dirs failed
I20260709 14:52:13.674966  1626 tablet_service.cc:1511] Processing CreateTablet for tablet 5e3274991136461caf6fe66b7a07667e (DEFAULT_TABLE table=test-workload [id=937076d7054442f5a95efa1bc78b5c4c]), partition=RANGE (key) PARTITION 545970405 <= VALUES < 582368432
I20260709 14:52:13.676110  1695 tablet_service.cc:1511] Processing CreateTablet for tablet f155378270f947d2a1a740ff50ba2aa8 (DEFAULT_TABLE table=test-workload [id=937076d7054442f5a95efa1bc78b5c4c]), partition=RANGE (key) PARTITION 582368432 <= VALUES < 618766459
I20260709 14:52:13.677763  1695 data_dirs.cc:400] Could only allocate 1 dirs of requested 3 for tablet f155378270f947d2a1a740ff50ba2aa8. 1 dirs total, 0 dirs full, 0 dirs failed
I20260709 14:52:13.688496  1626 data_dirs.cc:400] Could only allocate 1 dirs of requested 3 for tablet 5e3274991136461caf6fe66b7a07667e. 1 dirs total, 0 dirs full, 0 dirs failed
I20260709 14:52:13.690117  1751 tablet_bootstrap.cc:492] T e5750054c22f47d89c4550956757ef55 P e05b4edd961c40aa8646cf37de6ad6e2: No bootstrap required, opened a new log
I20260709 14:52:13.692704  1751 ts_tablet_manager.cc:1403] T e5750054c22f47d89c4550956757ef55 P e05b4edd961c40aa8646cf37de6ad6e2: Time spent bootstrapping tablet: real 0.048s	user 0.005s	sys 0.017s
I20260709 14:52:13.698067  1751 raft_consensus.cc:359] T e5750054c22f47d89c4550956757ef55 P e05b4edd961c40aa8646cf37de6ad6e2 [term 0 FOLLOWER]: Replica starting. Triggering 0 pending ops. Active config: opid_index: -1 OBSOLETE_local: false peers { permanent_uuid: "2eadfadd57fb4b6ab75abff30d7d7c67" member_type: VOTER last_known_addr { host: "127.0.107.193" port: 33369 } } peers { permanent_uuid: "e05b4edd961c40aa8646cf37de6ad6e2" member_type: VOTER last_known_addr { host: "127.0.107.194" port: 42513 } } peers { permanent_uuid: "4e9c5218be6948cebd930229818bd3ba" member_type: VOTER last_known_addr { host: "127.0.107.195" port: 34179 } }
I20260709 14:52:13.699523  1751 raft_consensus.cc:385] T e5750054c22f47d89c4550956757ef55 P e05b4edd961c40aa8646cf37de6ad6e2 [term 0 FOLLOWER]: Consensus starting up: Expiring failure detector timer to make a prompt election more likely
I20260709 14:52:13.699918  1751 raft_consensus.cc:740] T e5750054c22f47d89c4550956757ef55 P e05b4edd961c40aa8646cf37de6ad6e2 [term 0 FOLLOWER]: Becoming Follower/Learner. State: Replica: e05b4edd961c40aa8646cf37de6ad6e2, State: Initialized, Role: FOLLOWER
I20260709 14:52:13.701130  1752 tablet_bootstrap.cc:492] T 6f70b687c31740089f5792e4ec20b211 P 4e9c5218be6948cebd930229818bd3ba: No bootstrap required, opened a new log
I20260709 14:52:13.700981  1751 consensus_queue.cc:260] T e5750054c22f47d89c4550956757ef55 P e05b4edd961c40aa8646cf37de6ad6e2 [NON_LEADER]: Queue going to NON_LEADER mode. State: All replicated index: 0, Majority replicated index: 0, Committed index: 0, Last appended: 0.0, Last appended by leader: 0, Current term: 0, Majority size: -1, State: 0, Mode: NON_LEADER, active raft config: opid_index: -1 OBSOLETE_local: false peers { permanent_uuid: "2eadfadd57fb4b6ab75abff30d7d7c67" member_type: VOTER last_known_addr { host: "127.0.107.193" port: 33369 } } peers { permanent_uuid: "e05b4edd961c40aa8646cf37de6ad6e2" member_type: VOTER last_known_addr { host: "127.0.107.194" port: 42513 } } peers { permanent_uuid: "4e9c5218be6948cebd930229818bd3ba" member_type: VOTER last_known_addr { host: "127.0.107.195" port: 34179 } }
I20260709 14:52:13.701645  1752 ts_tablet_manager.cc:1403] T 6f70b687c31740089f5792e4ec20b211 P 4e9c5218be6948cebd930229818bd3ba: Time spent bootstrapping tablet: real 0.057s	user 0.018s	sys 0.003s
I20260709 14:52:13.703583  1751 ts_tablet_manager.cc:1434] T e5750054c22f47d89c4550956757ef55 P e05b4edd961c40aa8646cf37de6ad6e2: Time spent starting tablet: real 0.010s	user 0.006s	sys 0.002s
I20260709 14:52:13.704689  1751 tablet_bootstrap.cc:492] T b1d2be0a4d9f455ab2f9671879ee6cab P e05b4edd961c40aa8646cf37de6ad6e2: Bootstrap starting.
I20260709 14:52:13.704911  1752 raft_consensus.cc:359] T 6f70b687c31740089f5792e4ec20b211 P 4e9c5218be6948cebd930229818bd3ba [term 0 FOLLOWER]: Replica starting. Triggering 0 pending ops. Active config: opid_index: -1 OBSOLETE_local: false peers { permanent_uuid: "2eadfadd57fb4b6ab75abff30d7d7c67" member_type: VOTER last_known_addr { host: "127.0.107.193" port: 33369 } } peers { permanent_uuid: "e05b4edd961c40aa8646cf37de6ad6e2" member_type: VOTER last_known_addr { host: "127.0.107.194" port: 42513 } } peers { permanent_uuid: "4e9c5218be6948cebd930229818bd3ba" member_type: VOTER last_known_addr { host: "127.0.107.195" port: 34179 } }
I20260709 14:52:13.705664  1752 raft_consensus.cc:385] T 6f70b687c31740089f5792e4ec20b211 P 4e9c5218be6948cebd930229818bd3ba [term 0 FOLLOWER]: Consensus starting up: Expiring failure detector timer to make a prompt election more likely
I20260709 14:52:13.705983  1752 raft_consensus.cc:740] T 6f70b687c31740089f5792e4ec20b211 P 4e9c5218be6948cebd930229818bd3ba [term 0 FOLLOWER]: Becoming Follower/Learner. State: Replica: 4e9c5218be6948cebd930229818bd3ba, State: Initialized, Role: FOLLOWER
I20260709 14:52:13.707873  1758 raft_consensus.cc:493] T f4da6592d573413eb44d28f1701182af P 4e9c5218be6948cebd930229818bd3ba [term 0 FOLLOWER]: Starting pre-election (no leader contacted us within the election timeout)
I20260709 14:52:13.708570  1758 raft_consensus.cc:515] T f4da6592d573413eb44d28f1701182af P 4e9c5218be6948cebd930229818bd3ba [term 0 FOLLOWER]: Starting pre-election with config: opid_index: -1 OBSOLETE_local: false peers { permanent_uuid: "2eadfadd57fb4b6ab75abff30d7d7c67" member_type: VOTER last_known_addr { host: "127.0.107.193" port: 33369 } } peers { permanent_uuid: "e05b4edd961c40aa8646cf37de6ad6e2" member_type: VOTER last_known_addr { host: "127.0.107.194" port: 42513 } } peers { permanent_uuid: "4e9c5218be6948cebd930229818bd3ba" member_type: VOTER last_known_addr { host: "127.0.107.195" port: 34179 } }
I20260709 14:52:13.725225  1758 leader_election.cc:290] T f4da6592d573413eb44d28f1701182af P 4e9c5218be6948cebd930229818bd3ba [CANDIDATE]: Term 1 pre-election: Requested pre-vote from peers 2eadfadd57fb4b6ab75abff30d7d7c67 (127.0.107.193:33369), e05b4edd961c40aa8646cf37de6ad6e2 (127.0.107.194:42513)
I20260709 14:52:13.706791  1752 consensus_queue.cc:260] T 6f70b687c31740089f5792e4ec20b211 P 4e9c5218be6948cebd930229818bd3ba [NON_LEADER]: Queue going to NON_LEADER mode. State: All replicated index: 0, Majority replicated index: 0, Committed index: 0, Last appended: 0.0, Last appended by leader: 0, Current term: 0, Majority size: -1, State: 0, Mode: NON_LEADER, active raft config: opid_index: -1 OBSOLETE_local: false peers { permanent_uuid: "2eadfadd57fb4b6ab75abff30d7d7c67" member_type: VOTER last_known_addr { host: "127.0.107.193" port: 33369 } } peers { permanent_uuid: "e05b4edd961c40aa8646cf37de6ad6e2" member_type: VOTER last_known_addr { host: "127.0.107.194" port: 42513 } } peers { permanent_uuid: "4e9c5218be6948cebd930229818bd3ba" member_type: VOTER last_known_addr { host: "127.0.107.195" port: 34179 } }
I20260709 14:52:13.734987  1752 ts_tablet_manager.cc:1434] T 6f70b687c31740089f5792e4ec20b211 P 4e9c5218be6948cebd930229818bd3ba: Time spent starting tablet: real 0.033s	user 0.006s	sys 0.000s
I20260709 14:52:13.736163  1752 tablet_bootstrap.cc:492] T e5750054c22f47d89c4550956757ef55 P 4e9c5218be6948cebd930229818bd3ba: Bootstrap starting.
I20260709 14:52:13.741230  1753 tablet_bootstrap.cc:492] T 958b37b3cd8845648ca07baa5ff0b71f P 2eadfadd57fb4b6ab75abff30d7d7c67: No bootstrap required, opened a new log
I20260709 14:52:13.748993  1753 ts_tablet_manager.cc:1403] T 958b37b3cd8845648ca07baa5ff0b71f P 2eadfadd57fb4b6ab75abff30d7d7c67: Time spent bootstrapping tablet: real 0.144s	user 0.023s	sys 0.022s
I20260709 14:52:13.750547  1759 raft_consensus.cc:493] T e789674bdfe847049b354d64ddd2aeda P e05b4edd961c40aa8646cf37de6ad6e2 [term 0 FOLLOWER]: Starting pre-election (no leader contacted us within the election timeout)
I20260709 14:52:13.751160  1759 raft_consensus.cc:515] T e789674bdfe847049b354d64ddd2aeda P e05b4edd961c40aa8646cf37de6ad6e2 [term 0 FOLLOWER]: Starting pre-election with config: opid_index: -1 OBSOLETE_local: false peers { permanent_uuid: "2eadfadd57fb4b6ab75abff30d7d7c67" member_type: VOTER last_known_addr { host: "127.0.107.193" port: 33369 } } peers { permanent_uuid: "e05b4edd961c40aa8646cf37de6ad6e2" member_type: VOTER last_known_addr { host: "127.0.107.194" port: 42513 } } peers { permanent_uuid: "4e9c5218be6948cebd930229818bd3ba" member_type: VOTER last_known_addr { host: "127.0.107.195" port: 34179 } }
I20260709 14:52:13.752281  1753 raft_consensus.cc:359] T 958b37b3cd8845648ca07baa5ff0b71f P 2eadfadd57fb4b6ab75abff30d7d7c67 [term 0 FOLLOWER]: Replica starting. Triggering 0 pending ops. Active config: opid_index: -1 OBSOLETE_local: false peers { permanent_uuid: "2eadfadd57fb4b6ab75abff30d7d7c67" member_type: VOTER last_known_addr { host: "127.0.107.193" port: 33369 } } peers { permanent_uuid: "e05b4edd961c40aa8646cf37de6ad6e2" member_type: VOTER last_known_addr { host: "127.0.107.194" port: 42513 } } peers { permanent_uuid: "4e9c5218be6948cebd930229818bd3ba" member_type: VOTER last_known_addr { host: "127.0.107.195" port: 34179 } }
I20260709 14:52:13.753836  1753 raft_consensus.cc:385] T 958b37b3cd8845648ca07baa5ff0b71f P 2eadfadd57fb4b6ab75abff30d7d7c67 [term 0 FOLLOWER]: Consensus starting up: Expiring failure detector timer to make a prompt election more likely
I20260709 14:52:13.754154  1753 raft_consensus.cc:740] T 958b37b3cd8845648ca07baa5ff0b71f P 2eadfadd57fb4b6ab75abff30d7d7c67 [term 0 FOLLOWER]: Becoming Follower/Learner. State: Replica: 2eadfadd57fb4b6ab75abff30d7d7c67, State: Initialized, Role: FOLLOWER
I20260709 14:52:13.754976  1753 consensus_queue.cc:260] T 958b37b3cd8845648ca07baa5ff0b71f P 2eadfadd57fb4b6ab75abff30d7d7c67 [NON_LEADER]: Queue going to NON_LEADER mode. State: All replicated index: 0, Majority replicated index: 0, Committed index: 0, Last appended: 0.0, Last appended by leader: 0, Current term: 0, Majority size: -1, State: 0, Mode: NON_LEADER, active raft config: opid_index: -1 OBSOLETE_local: false peers { permanent_uuid: "2eadfadd57fb4b6ab75abff30d7d7c67" member_type: VOTER last_known_addr { host: "127.0.107.193" port: 33369 } } peers { permanent_uuid: "e05b4edd961c40aa8646cf37de6ad6e2" member_type: VOTER last_known_addr { host: "127.0.107.194" port: 42513 } } peers { permanent_uuid: "4e9c5218be6948cebd930229818bd3ba" member_type: VOTER last_known_addr { host: "127.0.107.195" port: 34179 } }
I20260709 14:52:13.757330  1753 ts_tablet_manager.cc:1434] T 958b37b3cd8845648ca07baa5ff0b71f P 2eadfadd57fb4b6ab75abff30d7d7c67: Time spent starting tablet: real 0.008s	user 0.004s	sys 0.003s
I20260709 14:52:13.742239  1751 tablet_bootstrap.cc:654] T b1d2be0a4d9f455ab2f9671879ee6cab P e05b4edd961c40aa8646cf37de6ad6e2: Neither blocks nor log segments found. Creating new log.
I20260709 14:52:13.767179  1759 leader_election.cc:290] T e789674bdfe847049b354d64ddd2aeda P e05b4edd961c40aa8646cf37de6ad6e2 [CANDIDATE]: Term 1 pre-election: Requested pre-vote from peers 2eadfadd57fb4b6ab75abff30d7d7c67 (127.0.107.193:33369), 4e9c5218be6948cebd930229818bd3ba (127.0.107.195:34179)
I20260709 14:52:13.769862  1753 tablet_bootstrap.cc:492] T b4f602898de942a598cafaac1310e2c9 P 2eadfadd57fb4b6ab75abff30d7d7c67: Bootstrap starting.
I20260709 14:52:13.789654  1757 raft_consensus.cc:493] T e789674bdfe847049b354d64ddd2aeda P 2eadfadd57fb4b6ab75abff30d7d7c67 [term 0 FOLLOWER]: Starting pre-election (no leader contacted us within the election timeout)
I20260709 14:52:13.790248  1757 raft_consensus.cc:515] T e789674bdfe847049b354d64ddd2aeda P 2eadfadd57fb4b6ab75abff30d7d7c67 [term 0 FOLLOWER]: Starting pre-election with config: opid_index: -1 OBSOLETE_local: false peers { permanent_uuid: "2eadfadd57fb4b6ab75abff30d7d7c67" member_type: VOTER last_known_addr { host: "127.0.107.193" port: 33369 } } peers { permanent_uuid: "e05b4edd961c40aa8646cf37de6ad6e2" member_type: VOTER last_known_addr { host: "127.0.107.194" port: 42513 } } peers { permanent_uuid: "4e9c5218be6948cebd930229818bd3ba" member_type: VOTER last_known_addr { host: "127.0.107.195" port: 34179 } }
I20260709 14:52:13.793784  1752 tablet_bootstrap.cc:654] T e5750054c22f47d89c4550956757ef55 P 4e9c5218be6948cebd930229818bd3ba: Neither blocks nor log segments found. Creating new log.
I20260709 14:52:13.807803  1758 raft_consensus.cc:493] T e789674bdfe847049b354d64ddd2aeda P 4e9c5218be6948cebd930229818bd3ba [term 0 FOLLOWER]: Starting pre-election (no leader contacted us within the election timeout)
I20260709 14:52:13.808389  1758 raft_consensus.cc:515] T e789674bdfe847049b354d64ddd2aeda P 4e9c5218be6948cebd930229818bd3ba [term 0 FOLLOWER]: Starting pre-election with config: opid_index: -1 OBSOLETE_local: false peers { permanent_uuid: "2eadfadd57fb4b6ab75abff30d7d7c67" member_type: VOTER last_known_addr { host: "127.0.107.193" port: 33369 } } peers { permanent_uuid: "e05b4edd961c40aa8646cf37de6ad6e2" member_type: VOTER last_known_addr { host: "127.0.107.194" port: 42513 } } peers { permanent_uuid: "4e9c5218be6948cebd930229818bd3ba" member_type: VOTER last_known_addr { host: "127.0.107.195" port: 34179 } }
I20260709 14:52:13.809605  1757 leader_election.cc:290] T e789674bdfe847049b354d64ddd2aeda P 2eadfadd57fb4b6ab75abff30d7d7c67 [CANDIDATE]: Term 1 pre-election: Requested pre-vote from peers e05b4edd961c40aa8646cf37de6ad6e2 (127.0.107.194:42513), 4e9c5218be6948cebd930229818bd3ba (127.0.107.195:34179)
I20260709 14:52:13.810484  1758 leader_election.cc:290] T e789674bdfe847049b354d64ddd2aeda P 4e9c5218be6948cebd930229818bd3ba [CANDIDATE]: Term 1 pre-election: Requested pre-vote from peers 2eadfadd57fb4b6ab75abff30d7d7c67 (127.0.107.193:33369), e05b4edd961c40aa8646cf37de6ad6e2 (127.0.107.194:42513)
I20260709 14:52:13.812166  1562 tablet_service.cc:1917] Received RequestConsensusVote() RPC: tablet_id: "f4da6592d573413eb44d28f1701182af" candidate_uuid: "4e9c5218be6948cebd930229818bd3ba" candidate_term: 1 candidate_status { last_received { term: 0 index: 0 } } ignore_live_leader: false dest_uuid: "2eadfadd57fb4b6ab75abff30d7d7c67" is_pre_election: true
I20260709 14:52:13.814366  1562 tablet_service.cc:1917] Received RequestConsensusVote() RPC: tablet_id: "e789674bdfe847049b354d64ddd2aeda" candidate_uuid: "4e9c5218be6948cebd930229818bd3ba" candidate_term: 1 candidate_status { last_received { term: 0 index: 0 } } ignore_live_leader: false dest_uuid: "2eadfadd57fb4b6ab75abff30d7d7c67" is_pre_election: true
I20260709 14:52:13.815009  1562 raft_consensus.cc:2468] T e789674bdfe847049b354d64ddd2aeda P 2eadfadd57fb4b6ab75abff30d7d7c67 [term 0 FOLLOWER]: Leader pre-election vote request: Granting yes vote for candidate 4e9c5218be6948cebd930229818bd3ba in term 0.
W20260709 14:52:13.816555  1675 leader_election.cc:343] T f4da6592d573413eb44d28f1701182af P 4e9c5218be6948cebd930229818bd3ba [CANDIDATE]: Term 1 pre-election: Tablet error from VoteRequest() call to peer 2eadfadd57fb4b6ab75abff30d7d7c67 (127.0.107.193:33369): Illegal state: must be running to vote when last-logged opid is not known
I20260709 14:52:13.819214  1675 leader_election.cc:304] T e789674bdfe847049b354d64ddd2aeda P 4e9c5218be6948cebd930229818bd3ba [CANDIDATE]: Term 1 pre-election: Election decided. Result: candidate won. Election summary: received 2 responses out of 3 voters: 2 yes votes; 0 no votes. yes voters: 2eadfadd57fb4b6ab75abff30d7d7c67, 4e9c5218be6948cebd930229818bd3ba; no voters: 
I20260709 14:52:13.821295  1637 tablet_service.cc:1917] Received RequestConsensusVote() RPC: tablet_id: "f4da6592d573413eb44d28f1701182af" candidate_uuid: "4e9c5218be6948cebd930229818bd3ba" candidate_term: 1 candidate_status { last_received { term: 0 index: 0 } } ignore_live_leader: false dest_uuid: "e05b4edd961c40aa8646cf37de6ad6e2" is_pre_election: true
I20260709 14:52:13.822911  1758 raft_consensus.cc:2804] T e789674bdfe847049b354d64ddd2aeda P 4e9c5218be6948cebd930229818bd3ba [term 0 FOLLOWER]: Leader pre-election won for term 1
I20260709 14:52:13.823352  1758 raft_consensus.cc:493] T e789674bdfe847049b354d64ddd2aeda P 4e9c5218be6948cebd930229818bd3ba [term 0 FOLLOWER]: Starting leader election (no leader contacted us within the election timeout)
W20260709 14:52:13.823457  1674 leader_election.cc:343] T f4da6592d573413eb44d28f1701182af P 4e9c5218be6948cebd930229818bd3ba [CANDIDATE]: Term 1 pre-election: Tablet error from VoteRequest() call to peer e05b4edd961c40aa8646cf37de6ad6e2 (127.0.107.194:42513): Illegal state: must be running to vote when last-logged opid is not known
I20260709 14:52:13.823855  1758 raft_consensus.cc:3060] T e789674bdfe847049b354d64ddd2aeda P 4e9c5218be6948cebd930229818bd3ba [term 0 FOLLOWER]: Advancing to term 1
I20260709 14:52:13.824030  1674 leader_election.cc:304] T f4da6592d573413eb44d28f1701182af P 4e9c5218be6948cebd930229818bd3ba [CANDIDATE]: Term 1 pre-election: Election decided. Result: candidate lost. Election summary: received 3 responses out of 3 voters: 1 yes votes; 2 no votes. yes voters: 4e9c5218be6948cebd930229818bd3ba; no voters: 2eadfadd57fb4b6ab75abff30d7d7c67, e05b4edd961c40aa8646cf37de6ad6e2
I20260709 14:52:13.821295  1636 tablet_service.cc:1917] Received RequestConsensusVote() RPC: tablet_id: "e789674bdfe847049b354d64ddd2aeda" candidate_uuid: "4e9c5218be6948cebd930229818bd3ba" candidate_term: 1 candidate_status { last_received { term: 0 index: 0 } } ignore_live_leader: false dest_uuid: "e05b4edd961c40aa8646cf37de6ad6e2" is_pre_election: true
I20260709 14:52:13.825671  1636 raft_consensus.cc:2468] T e789674bdfe847049b354d64ddd2aeda P e05b4edd961c40aa8646cf37de6ad6e2 [term 0 FOLLOWER]: Leader pre-election vote request: Granting yes vote for candidate 4e9c5218be6948cebd930229818bd3ba in term 0.
I20260709 14:52:13.835258  1753 tablet_bootstrap.cc:654] T b4f602898de942a598cafaac1310e2c9 P 2eadfadd57fb4b6ab75abff30d7d7c67: Neither blocks nor log segments found. Creating new log.
I20260709 14:52:13.849516  1772 raft_consensus.cc:2749] T f4da6592d573413eb44d28f1701182af P 4e9c5218be6948cebd930229818bd3ba [term 0 FOLLOWER]: Leader pre-election lost for term 1. Reason: could not achieve majority
I20260709 14:52:13.852649  1751 tablet_bootstrap.cc:492] T b1d2be0a4d9f455ab2f9671879ee6cab P e05b4edd961c40aa8646cf37de6ad6e2: No bootstrap required, opened a new log
I20260709 14:52:13.853193  1751 ts_tablet_manager.cc:1403] T b1d2be0a4d9f455ab2f9671879ee6cab P e05b4edd961c40aa8646cf37de6ad6e2: Time spent bootstrapping tablet: real 0.149s	user 0.012s	sys 0.009s
I20260709 14:52:13.853482  1753 tablet_bootstrap.cc:492] T b4f602898de942a598cafaac1310e2c9 P 2eadfadd57fb4b6ab75abff30d7d7c67: No bootstrap required, opened a new log
I20260709 14:52:13.853374  1759 raft_consensus.cc:493] T e5750054c22f47d89c4550956757ef55 P e05b4edd961c40aa8646cf37de6ad6e2 [term 0 FOLLOWER]: Starting pre-election (no leader contacted us within the election timeout)
I20260709 14:52:13.854022  1753 ts_tablet_manager.cc:1403] T b4f602898de942a598cafaac1310e2c9 P 2eadfadd57fb4b6ab75abff30d7d7c67: Time spent bootstrapping tablet: real 0.088s	user 0.007s	sys 0.008s
I20260709 14:52:13.854022  1759 raft_consensus.cc:515] T e5750054c22f47d89c4550956757ef55 P e05b4edd961c40aa8646cf37de6ad6e2 [term 0 FOLLOWER]: Starting pre-election with config: opid_index: -1 OBSOLETE_local: false peers { permanent_uuid: "2eadfadd57fb4b6ab75abff30d7d7c67" member_type: VOTER last_known_addr { host: "127.0.107.193" port: 33369 } } peers { permanent_uuid: "e05b4edd961c40aa8646cf37de6ad6e2" member_type: VOTER last_known_addr { host: "127.0.107.194" port: 42513 } } peers { permanent_uuid: "4e9c5218be6948cebd930229818bd3ba" member_type: VOTER last_known_addr { host: "127.0.107.195" port: 34179 } }
I20260709 14:52:13.856307  1751 raft_consensus.cc:359] T b1d2be0a4d9f455ab2f9671879ee6cab P e05b4edd961c40aa8646cf37de6ad6e2 [term 0 FOLLOWER]: Replica starting. Triggering 0 pending ops. Active config: opid_index: -1 OBSOLETE_local: false peers { permanent_uuid: "2eadfadd57fb4b6ab75abff30d7d7c67" member_type: VOTER last_known_addr { host: "127.0.107.193" port: 33369 } } peers { permanent_uuid: "e05b4edd961c40aa8646cf37de6ad6e2" member_type: VOTER last_known_addr { host: "127.0.107.194" port: 42513 } } peers { permanent_uuid: "4e9c5218be6948cebd930229818bd3ba" member_type: VOTER last_known_addr { host: "127.0.107.195" port: 34179 } }
I20260709 14:52:13.856909  1759 leader_election.cc:290] T e5750054c22f47d89c4550956757ef55 P e05b4edd961c40aa8646cf37de6ad6e2 [CANDIDATE]: Term 1 pre-election: Requested pre-vote from peers 2eadfadd57fb4b6ab75abff30d7d7c67 (127.0.107.193:33369), 4e9c5218be6948cebd930229818bd3ba (127.0.107.195:34179)
I20260709 14:52:13.857095  1751 raft_consensus.cc:385] T b1d2be0a4d9f455ab2f9671879ee6cab P e05b4edd961c40aa8646cf37de6ad6e2 [term 0 FOLLOWER]: Consensus starting up: Expiring failure detector timer to make a prompt election more likely
I20260709 14:52:13.857430  1751 raft_consensus.cc:740] T b1d2be0a4d9f455ab2f9671879ee6cab P e05b4edd961c40aa8646cf37de6ad6e2 [term 0 FOLLOWER]: Becoming Follower/Learner. State: Replica: e05b4edd961c40aa8646cf37de6ad6e2, State: Initialized, Role: FOLLOWER
I20260709 14:52:13.857256  1753 raft_consensus.cc:359] T b4f602898de942a598cafaac1310e2c9 P 2eadfadd57fb4b6ab75abff30d7d7c67 [term 0 FOLLOWER]: Replica starting. Triggering 0 pending ops. Active config: opid_index: -1 OBSOLETE_local: false peers { permanent_uuid: "2eadfadd57fb4b6ab75abff30d7d7c67" member_type: VOTER last_known_addr { host: "127.0.107.193" port: 33369 } } peers { permanent_uuid: "e05b4edd961c40aa8646cf37de6ad6e2" member_type: VOTER last_known_addr { host: "127.0.107.194" port: 42513 } } peers { permanent_uuid: "4e9c5218be6948cebd930229818bd3ba" member_type: VOTER last_known_addr { host: "127.0.107.195" port: 34179 } }
I20260709 14:52:13.858098  1753 raft_consensus.cc:385] T b4f602898de942a598cafaac1310e2c9 P 2eadfadd57fb4b6ab75abff30d7d7c67 [term 0 FOLLOWER]: Consensus starting up: Expiring failure detector timer to make a prompt election more likely
I20260709 14:52:13.858431  1753 raft_consensus.cc:740] T b4f602898de942a598cafaac1310e2c9 P 2eadfadd57fb4b6ab75abff30d7d7c67 [term 0 FOLLOWER]: Becoming Follower/Learner. State: Replica: 2eadfadd57fb4b6ab75abff30d7d7c67, State: Initialized, Role: FOLLOWER
I20260709 14:52:13.858347  1710 tablet_service.cc:1917] Received RequestConsensusVote() RPC: tablet_id: "e5750054c22f47d89c4550956757ef55" candidate_uuid: "e05b4edd961c40aa8646cf37de6ad6e2" candidate_term: 1 candidate_status { last_received { term: 0 index: 0 } } ignore_live_leader: false dest_uuid: "4e9c5218be6948cebd930229818bd3ba" is_pre_election: true
I20260709 14:52:13.858394  1751 consensus_queue.cc:260] T b1d2be0a4d9f455ab2f9671879ee6cab P e05b4edd961c40aa8646cf37de6ad6e2 [NON_LEADER]: Queue going to NON_LEADER mode. State: All replicated index: 0, Majority replicated index: 0, Committed index: 0, Last appended: 0.0, Last appended by leader: 0, Current term: 0, Majority size: -1, State: 0, Mode: NON_LEADER, active raft config: opid_index: -1 OBSOLETE_local: false peers { permanent_uuid: "2eadfadd57fb4b6ab75abff30d7d7c67" member_type: VOTER last_known_addr { host: "127.0.107.193" port: 33369 } } peers { permanent_uuid: "e05b4edd961c40aa8646cf37de6ad6e2" member_type: VOTER last_known_addr { host: "127.0.107.194" port: 42513 } } peers { permanent_uuid: "4e9c5218be6948cebd930229818bd3ba" member_type: VOTER last_known_addr { host: "127.0.107.195" port: 34179 } }
I20260709 14:52:13.859308  1753 consensus_queue.cc:260] T b4f602898de942a598cafaac1310e2c9 P 2eadfadd57fb4b6ab75abff30d7d7c67 [NON_LEADER]: Queue going to NON_LEADER mode. State: All replicated index: 0, Majority replicated index: 0, Committed index: 0, Last appended: 0.0, Last appended by leader: 0, Current term: 0, Majority size: -1, State: 0, Mode: NON_LEADER, active raft config: opid_index: -1 OBSOLETE_local: false peers { permanent_uuid: "2eadfadd57fb4b6ab75abff30d7d7c67" member_type: VOTER last_known_addr { host: "127.0.107.193" port: 33369 } } peers { permanent_uuid: "e05b4edd961c40aa8646cf37de6ad6e2" member_type: VOTER last_known_addr { host: "127.0.107.194" port: 42513 } } peers { permanent_uuid: "4e9c5218be6948cebd930229818bd3ba" member_type: VOTER last_known_addr { host: "127.0.107.195" port: 34179 } }
W20260709 14:52:13.860109  1600 leader_election.cc:343] T e5750054c22f47d89c4550956757ef55 P e05b4edd961c40aa8646cf37de6ad6e2 [CANDIDATE]: Term 1 pre-election: Tablet error from VoteRequest() call to peer 4e9c5218be6948cebd930229818bd3ba (127.0.107.195:34179): Illegal state: must be running to vote when last-logged opid is not known
I20260709 14:52:13.860931  1751 ts_tablet_manager.cc:1434] T b1d2be0a4d9f455ab2f9671879ee6cab P e05b4edd961c40aa8646cf37de6ad6e2: Time spent starting tablet: real 0.007s	user 0.007s	sys 0.000s
I20260709 14:52:13.861797  1753 ts_tablet_manager.cc:1434] T b4f602898de942a598cafaac1310e2c9 P 2eadfadd57fb4b6ab75abff30d7d7c67: Time spent starting tablet: real 0.007s	user 0.000s	sys 0.006s
I20260709 14:52:13.861965  1751 tablet_bootstrap.cc:492] T f4da6592d573413eb44d28f1701182af P e05b4edd961c40aa8646cf37de6ad6e2: Bootstrap starting.
I20260709 14:52:13.862844  1753 tablet_bootstrap.cc:492] T d6a15d2d3b3e4839847c949355bbb259 P 2eadfadd57fb4b6ab75abff30d7d7c67: Bootstrap starting.
I20260709 14:52:13.869272  1751 tablet_bootstrap.cc:654] T f4da6592d573413eb44d28f1701182af P e05b4edd961c40aa8646cf37de6ad6e2: Neither blocks nor log segments found. Creating new log.
I20260709 14:52:13.847591  1711 tablet_service.cc:1917] Received RequestConsensusVote() RPC: tablet_id: "e789674bdfe847049b354d64ddd2aeda" candidate_uuid: "e05b4edd961c40aa8646cf37de6ad6e2" candidate_term: 1 candidate_status { last_received { term: 0 index: 0 } } ignore_live_leader: false dest_uuid: "4e9c5218be6948cebd930229818bd3ba" is_pre_election: true
I20260709 14:52:13.873481  1758 raft_consensus.cc:515] T e789674bdfe847049b354d64ddd2aeda P 4e9c5218be6948cebd930229818bd3ba [term 1 FOLLOWER]: Starting leader election with config: opid_index: -1 OBSOLETE_local: false peers { permanent_uuid: "2eadfadd57fb4b6ab75abff30d7d7c67" member_type: VOTER last_known_addr { host: "127.0.107.193" port: 33369 } } peers { permanent_uuid: "e05b4edd961c40aa8646cf37de6ad6e2" member_type: VOTER last_known_addr { host: "127.0.107.194" port: 42513 } } peers { permanent_uuid: "4e9c5218be6948cebd930229818bd3ba" member_type: VOTER last_known_addr { host: "127.0.107.195" port: 34179 } }
I20260709 14:52:13.874737  1711 raft_consensus.cc:2393] T e789674bdfe847049b354d64ddd2aeda P 4e9c5218be6948cebd930229818bd3ba [term 1 FOLLOWER]: Leader pre-election vote request: Denying vote to candidate e05b4edd961c40aa8646cf37de6ad6e2 in current term 1: Already voted for candidate 4e9c5218be6948cebd930229818bd3ba in this term.
W20260709 14:52:13.877651  1444 outbound_call.cc:321] RPC callback for RPC call kudu.tserver.TabletServerAdminService.CreateTablet -> {remote=127.0.107.195:34179, user_credentials={real_user=slave}} blocked reactor thread for 207780us
I20260709 14:52:13.883271  1626 tablet_service.cc:1511] Processing CreateTablet for tablet c7f4c317f77240ec84c4e5207dc96f3e (DEFAULT_TABLE table=test-workload [id=937076d7054442f5a95efa1bc78b5c4c]), partition=RANGE (key) PARTITION 618766459 <= VALUES < 655164486
I20260709 14:52:13.883952  1753 tablet_bootstrap.cc:654] T d6a15d2d3b3e4839847c949355bbb259 P 2eadfadd57fb4b6ab75abff30d7d7c67: Neither blocks nor log segments found. Creating new log.
I20260709 14:52:13.884714  1626 data_dirs.cc:400] Could only allocate 1 dirs of requested 3 for tablet c7f4c317f77240ec84c4e5207dc96f3e. 1 dirs total, 0 dirs full, 0 dirs failed
I20260709 14:52:13.886704  1752 tablet_bootstrap.cc:492] T e5750054c22f47d89c4550956757ef55 P 4e9c5218be6948cebd930229818bd3ba: No bootstrap required, opened a new log
I20260709 14:52:13.894810  1752 ts_tablet_manager.cc:1403] T e5750054c22f47d89c4550956757ef55 P 4e9c5218be6948cebd930229818bd3ba: Time spent bootstrapping tablet: real 0.159s	user 0.013s	sys 0.001s
I20260709 14:52:13.895782  1758 leader_election.cc:290] T e789674bdfe847049b354d64ddd2aeda P 4e9c5218be6948cebd930229818bd3ba [CANDIDATE]: Term 1 election: Requested vote from peers 2eadfadd57fb4b6ab75abff30d7d7c67 (127.0.107.193:33369), e05b4edd961c40aa8646cf37de6ad6e2 (127.0.107.194:42513)
I20260709 14:52:13.898187  1562 tablet_service.cc:1917] Received RequestConsensusVote() RPC: tablet_id: "e789674bdfe847049b354d64ddd2aeda" candidate_uuid: "4e9c5218be6948cebd930229818bd3ba" candidate_term: 1 candidate_status { last_received { term: 0 index: 0 } } ignore_live_leader: false dest_uuid: "2eadfadd57fb4b6ab75abff30d7d7c67"
I20260709 14:52:13.899052  1562 raft_consensus.cc:3060] T e789674bdfe847049b354d64ddd2aeda P 2eadfadd57fb4b6ab75abff30d7d7c67 [term 0 FOLLOWER]: Advancing to term 1
I20260709 14:52:13.898617  1752 raft_consensus.cc:359] T e5750054c22f47d89c4550956757ef55 P 4e9c5218be6948cebd930229818bd3ba [term 0 FOLLOWER]: Replica starting. Triggering 0 pending ops. Active config: opid_index: -1 OBSOLETE_local: false peers { permanent_uuid: "2eadfadd57fb4b6ab75abff30d7d7c67" member_type: VOTER last_known_addr { host: "127.0.107.193" port: 33369 } } peers { permanent_uuid: "e05b4edd961c40aa8646cf37de6ad6e2" member_type: VOTER last_known_addr { host: "127.0.107.194" port: 42513 } } peers { permanent_uuid: "4e9c5218be6948cebd930229818bd3ba" member_type: VOTER last_known_addr { host: "127.0.107.195" port: 34179 } }
I20260709 14:52:13.899710  1752 raft_consensus.cc:385] T e5750054c22f47d89c4550956757ef55 P 4e9c5218be6948cebd930229818bd3ba [term 0 FOLLOWER]: Consensus starting up: Expiring failure detector timer to make a prompt election more likely
I20260709 14:52:13.902735  1757 raft_consensus.cc:493] T 6f70b687c31740089f5792e4ec20b211 P 2eadfadd57fb4b6ab75abff30d7d7c67 [term 0 FOLLOWER]: Starting pre-election (no leader contacted us within the election timeout)
I20260709 14:52:13.903443  1757 raft_consensus.cc:515] T 6f70b687c31740089f5792e4ec20b211 P 2eadfadd57fb4b6ab75abff30d7d7c67 [term 0 FOLLOWER]: Starting pre-election with config: opid_index: -1 OBSOLETE_local: false peers { permanent_uuid: "2eadfadd57fb4b6ab75abff30d7d7c67" member_type: VOTER last_known_addr { host: "127.0.107.193" port: 33369 } } peers { permanent_uuid: "e05b4edd961c40aa8646cf37de6ad6e2" member_type: VOTER last_known_addr { host: "127.0.107.194" port: 42513 } } peers { permanent_uuid: "4e9c5218be6948cebd930229818bd3ba" member_type: VOTER last_known_addr { host: "127.0.107.195" port: 34179 } }
I20260709 14:52:13.906243  1757 leader_election.cc:290] T 6f70b687c31740089f5792e4ec20b211 P 2eadfadd57fb4b6ab75abff30d7d7c67 [CANDIDATE]: Term 1 pre-election: Requested pre-vote from peers e05b4edd961c40aa8646cf37de6ad6e2 (127.0.107.194:42513), 4e9c5218be6948cebd930229818bd3ba (127.0.107.195:34179)
I20260709 14:52:13.900141  1752 raft_consensus.cc:740] T e5750054c22f47d89c4550956757ef55 P 4e9c5218be6948cebd930229818bd3ba [term 0 FOLLOWER]: Becoming Follower/Learner. State: Replica: 4e9c5218be6948cebd930229818bd3ba, State: Initialized, Role: FOLLOWER
I20260709 14:52:13.959995  1562 raft_consensus.cc:2468] T e789674bdfe847049b354d64ddd2aeda P 2eadfadd57fb4b6ab75abff30d7d7c67 [term 1 FOLLOWER]: Leader election vote request: Granting yes vote for candidate 4e9c5218be6948cebd930229818bd3ba in term 1.
I20260709 14:52:13.978880  1637 tablet_service.cc:1917] Received RequestConsensusVote() RPC: tablet_id: "e789674bdfe847049b354d64ddd2aeda" candidate_uuid: "2eadfadd57fb4b6ab75abff30d7d7c67" candidate_term: 1 candidate_status { last_received { term: 0 index: 0 } } ignore_live_leader: false dest_uuid: "e05b4edd961c40aa8646cf37de6ad6e2" is_pre_election: true
I20260709 14:52:14.022205  1561 tablet_service.cc:1917] Received RequestConsensusVote() RPC: tablet_id: "e789674bdfe847049b354d64ddd2aeda" candidate_uuid: "e05b4edd961c40aa8646cf37de6ad6e2" candidate_term: 1 candidate_status { last_received { term: 0 index: 0 } } ignore_live_leader: false dest_uuid: "2eadfadd57fb4b6ab75abff30d7d7c67" is_pre_election: true
I20260709 14:52:14.022306  1560 tablet_service.cc:1917] Received RequestConsensusVote() RPC: tablet_id: "e5750054c22f47d89c4550956757ef55" candidate_uuid: "e05b4edd961c40aa8646cf37de6ad6e2" candidate_term: 1 candidate_status { last_received { term: 0 index: 0 } } ignore_live_leader: false dest_uuid: "2eadfadd57fb4b6ab75abff30d7d7c67" is_pre_election: true
I20260709 14:52:14.068778  1637 raft_consensus.cc:2468] T e789674bdfe847049b354d64ddd2aeda P e05b4edd961c40aa8646cf37de6ad6e2 [term 0 FOLLOWER]: Leader pre-election vote request: Granting yes vote for candidate 2eadfadd57fb4b6ab75abff30d7d7c67 in term 0.
I20260709 14:52:14.068481  1752 consensus_queue.cc:260] T e5750054c22f47d89c4550956757ef55 P 4e9c5218be6948cebd930229818bd3ba [NON_LEADER]: Queue going to NON_LEADER mode. State: All replicated index: 0, Majority replicated index: 0, Committed index: 0, Last appended: 0.0, Last appended by leader: 0, Current term: 0, Majority size: -1, State: 0, Mode: NON_LEADER, active raft config: opid_index: -1 OBSOLETE_local: false peers { permanent_uuid: "2eadfadd57fb4b6ab75abff30d7d7c67" member_type: VOTER last_known_addr { host: "127.0.107.193" port: 33369 } } peers { permanent_uuid: "e05b4edd961c40aa8646cf37de6ad6e2" member_type: VOTER last_known_addr { host: "127.0.107.194" port: 42513 } } peers { permanent_uuid: "4e9c5218be6948cebd930229818bd3ba" member_type: VOTER last_known_addr { host: "127.0.107.195" port: 34179 } }
I20260709 14:52:14.069299  1561 raft_consensus.cc:2393] T e789674bdfe847049b354d64ddd2aeda P 2eadfadd57fb4b6ab75abff30d7d7c67 [term 1 FOLLOWER]: Leader pre-election vote request: Denying vote to candidate e05b4edd961c40aa8646cf37de6ad6e2 in current term 1: Already voted for candidate 4e9c5218be6948cebd930229818bd3ba in this term.
W20260709 14:52:14.069919  1601 leader_election.cc:343] T e5750054c22f47d89c4550956757ef55 P e05b4edd961c40aa8646cf37de6ad6e2 [CANDIDATE]: Term 1 pre-election: Tablet error from VoteRequest() call to peer 2eadfadd57fb4b6ab75abff30d7d7c67 (127.0.107.193:33369): Illegal state: must be running to vote when last-logged opid is not known
I20260709 14:52:14.070411  1601 leader_election.cc:304] T e5750054c22f47d89c4550956757ef55 P e05b4edd961c40aa8646cf37de6ad6e2 [CANDIDATE]: Term 1 pre-election: Election decided. Result: candidate lost. Election summary: received 3 responses out of 3 voters: 1 yes votes; 2 no votes. yes voters: e05b4edd961c40aa8646cf37de6ad6e2; no voters: 2eadfadd57fb4b6ab75abff30d7d7c67, 4e9c5218be6948cebd930229818bd3ba
I20260709 14:52:14.070556  1675 leader_election.cc:304] T e789674bdfe847049b354d64ddd2aeda P 4e9c5218be6948cebd930229818bd3ba [CANDIDATE]: Term 1 election: Election decided. Result: candidate won. Election summary: received 2 responses out of 3 voters: 2 yes votes; 0 no votes. yes voters: 2eadfadd57fb4b6ab75abff30d7d7c67, 4e9c5218be6948cebd930229818bd3ba; no voters: 
I20260709 14:52:14.070948  1752 ts_tablet_manager.cc:1434] T e5750054c22f47d89c4550956757ef55 P 4e9c5218be6948cebd930229818bd3ba: Time spent starting tablet: real 0.176s	user 0.009s	sys 0.003s
I20260709 14:52:14.072096  1752 tablet_bootstrap.cc:492] T b4f602898de942a598cafaac1310e2c9 P 4e9c5218be6948cebd930229818bd3ba: Bootstrap starting.
I20260709 14:52:14.072149  1779 raft_consensus.cc:493] T b4f602898de942a598cafaac1310e2c9 P e05b4edd961c40aa8646cf37de6ad6e2 [term 0 FOLLOWER]: Starting pre-election (no leader contacted us within the election timeout)
I20260709 14:52:14.072780  1758 raft_consensus.cc:2804] T e789674bdfe847049b354d64ddd2aeda P 4e9c5218be6948cebd930229818bd3ba [term 1 FOLLOWER]: Leader election won for term 1
I20260709 14:52:14.072829  1779 raft_consensus.cc:515] T b4f602898de942a598cafaac1310e2c9 P e05b4edd961c40aa8646cf37de6ad6e2 [term 0 FOLLOWER]: Starting pre-election with config: opid_index: -1 OBSOLETE_local: false peers { permanent_uuid: "2eadfadd57fb4b6ab75abff30d7d7c67" member_type: VOTER last_known_addr { host: "127.0.107.193" port: 33369 } } peers { permanent_uuid: "e05b4edd961c40aa8646cf37de6ad6e2" member_type: VOTER last_known_addr { host: "127.0.107.194" port: 42513 } } peers { permanent_uuid: "4e9c5218be6948cebd930229818bd3ba" member_type: VOTER last_known_addr { host: "127.0.107.195" port: 34179 } }
I20260709 14:52:14.073412  1758 raft_consensus.cc:697] T e789674bdfe847049b354d64ddd2aeda P 4e9c5218be6948cebd930229818bd3ba [term 1 LEADER]: Becoming Leader. State: Replica: 4e9c5218be6948cebd930229818bd3ba, State: Running, Role: LEADER
I20260709 14:52:14.073660  1525 leader_election.cc:304] T e789674bdfe847049b354d64ddd2aeda P 2eadfadd57fb4b6ab75abff30d7d7c67 [CANDIDATE]: Term 1 pre-election: Election decided. Result: candidate won. Election summary: received 2 responses out of 3 voters: 2 yes votes; 0 no votes. yes voters: 2eadfadd57fb4b6ab75abff30d7d7c67, e05b4edd961c40aa8646cf37de6ad6e2; no voters: 
I20260709 14:52:14.074318  1758 consensus_queue.cc:237] T e789674bdfe847049b354d64ddd2aeda P 4e9c5218be6948cebd930229818bd3ba [LEADER]: Queue going to LEADER mode. State: All replicated index: 0, Majority replicated index: 0, Committed index: 0, Last appended: 0.0, Last appended by leader: 0, Current term: 1, Majority size: 2, State: 0, Mode: LEADER, active raft config: opid_index: -1 OBSOLETE_local: false peers { permanent_uuid: "2eadfadd57fb4b6ab75abff30d7d7c67" member_type: VOTER last_known_addr { host: "127.0.107.193" port: 33369 } } peers { permanent_uuid: "e05b4edd961c40aa8646cf37de6ad6e2" member_type: VOTER last_known_addr { host: "127.0.107.194" port: 42513 } } peers { permanent_uuid: "4e9c5218be6948cebd930229818bd3ba" member_type: VOTER last_known_addr { host: "127.0.107.195" port: 34179 } }
I20260709 14:52:14.075004  1601 leader_election.cc:304] T e789674bdfe847049b354d64ddd2aeda P e05b4edd961c40aa8646cf37de6ad6e2 [CANDIDATE]: Term 1 pre-election: Election decided. Result: candidate lost. Election summary: received 3 responses out of 3 voters: 1 yes votes; 2 no votes. yes voters: e05b4edd961c40aa8646cf37de6ad6e2; no voters: 2eadfadd57fb4b6ab75abff30d7d7c67, 4e9c5218be6948cebd930229818bd3ba
I20260709 14:52:14.076138  1779 leader_election.cc:290] T b4f602898de942a598cafaac1310e2c9 P e05b4edd961c40aa8646cf37de6ad6e2 [CANDIDATE]: Term 1 pre-election: Requested pre-vote from peers 2eadfadd57fb4b6ab75abff30d7d7c67 (127.0.107.193:33369), 4e9c5218be6948cebd930229818bd3ba (127.0.107.195:34179)
I20260709 14:52:14.076421  1757 raft_consensus.cc:2764] T e789674bdfe847049b354d64ddd2aeda P 2eadfadd57fb4b6ab75abff30d7d7c67 [term 1 FOLLOWER]: Leader pre-election decision vote started in defunct term 0: won
I20260709 14:52:14.076689  1779 raft_consensus.cc:2749] T e5750054c22f47d89c4550956757ef55 P e05b4edd961c40aa8646cf37de6ad6e2 [term 0 FOLLOWER]: Leader pre-election lost for term 1. Reason: could not achieve majority
I20260709 14:52:14.076586  1709 tablet_service.cc:1917] Received RequestConsensusVote() RPC: tablet_id: "b4f602898de942a598cafaac1310e2c9" candidate_uuid: "e05b4edd961c40aa8646cf37de6ad6e2" candidate_term: 1 candidate_status { last_received { term: 0 index: 0 } } ignore_live_leader: false dest_uuid: "4e9c5218be6948cebd930229818bd3ba" is_pre_election: true
I20260709 14:52:14.077361  1779 raft_consensus.cc:3060] T e789674bdfe847049b354d64ddd2aeda P e05b4edd961c40aa8646cf37de6ad6e2 [term 0 FOLLOWER]: Advancing to term 1
W20260709 14:52:14.078568  1600 leader_election.cc:343] T b4f602898de942a598cafaac1310e2c9 P e05b4edd961c40aa8646cf37de6ad6e2 [CANDIDATE]: Term 1 pre-election: Tablet error from VoteRequest() call to peer 4e9c5218be6948cebd930229818bd3ba (127.0.107.195:34179): Illegal state: must be running to vote when last-logged opid is not known
I20260709 14:52:14.079295  1752 tablet_bootstrap.cc:654] T b4f602898de942a598cafaac1310e2c9 P 4e9c5218be6948cebd930229818bd3ba: Neither blocks nor log segments found. Creating new log.
I20260709 14:52:14.086833  1779 raft_consensus.cc:2749] T e789674bdfe847049b354d64ddd2aeda P e05b4edd961c40aa8646cf37de6ad6e2 [term 1 FOLLOWER]: Leader pre-election lost for term 1. Reason: could not achieve majority
I20260709 14:52:14.087442  1561 tablet_service.cc:1917] Received RequestConsensusVote() RPC: tablet_id: "b4f602898de942a598cafaac1310e2c9" candidate_uuid: "e05b4edd961c40aa8646cf37de6ad6e2" candidate_term: 1 candidate_status { last_received { term: 0 index: 0 } } ignore_live_leader: false dest_uuid: "2eadfadd57fb4b6ab75abff30d7d7c67" is_pre_election: true
I20260709 14:52:14.088004  1561 raft_consensus.cc:2468] T b4f602898de942a598cafaac1310e2c9 P 2eadfadd57fb4b6ab75abff30d7d7c67 [term 0 FOLLOWER]: Leader pre-election vote request: Granting yes vote for candidate e05b4edd961c40aa8646cf37de6ad6e2 in term 0.
I20260709 14:52:14.089098  1601 leader_election.cc:304] T b4f602898de942a598cafaac1310e2c9 P e05b4edd961c40aa8646cf37de6ad6e2 [CANDIDATE]: Term 1 pre-election: Election decided. Result: candidate won. Election summary: received 3 responses out of 3 voters: 2 yes votes; 1 no votes. yes voters: 2eadfadd57fb4b6ab75abff30d7d7c67, e05b4edd961c40aa8646cf37de6ad6e2; no voters: 4e9c5218be6948cebd930229818bd3ba
I20260709 14:52:14.089741  1779 raft_consensus.cc:2804] T b4f602898de942a598cafaac1310e2c9 P e05b4edd961c40aa8646cf37de6ad6e2 [term 0 FOLLOWER]: Leader pre-election won for term 1
I20260709 14:52:14.090102  1779 raft_consensus.cc:493] T b4f602898de942a598cafaac1310e2c9 P e05b4edd961c40aa8646cf37de6ad6e2 [term 0 FOLLOWER]: Starting leader election (no leader contacted us within the election timeout)
I20260709 14:52:14.091085  1779 raft_consensus.cc:3060] T b4f602898de942a598cafaac1310e2c9 P e05b4edd961c40aa8646cf37de6ad6e2 [term 0 FOLLOWER]: Advancing to term 1
I20260709 14:52:14.030398  1546 tablet_service.cc:1511] Processing CreateTablet for tablet 1d9303ca68f74c71951be5435cd436d7 (DEFAULT_TABLE table=test-workload [id=937076d7054442f5a95efa1bc78b5c4c]), partition=RANGE (key) PARTITION 655164486 <= VALUES < 691562513
