[==========] Running 8 tests from 2 test suites.
[----------] Global test environment set-up.
[----------] 6 tests from LeaderRebalancerTest
[ RUN      ] LeaderRebalancerTest.FunctionalTestForDivided
WARNING: Logging before InitGoogleLogging() is written to STDERR
I20260709 14:50:55.199985 12173 internal_mini_cluster.cc:156] Creating distributed mini masters. Addrs: 127.11.227.126:37321
I20260709 14:50:55.201509 12173 env_posix.cc:2285] Not raising this process' open files per process limit of 1048576; it is already as high as it can go
I20260709 14:50:55.202534 12173 file_cache.cc:504] Constructed file cache file cache with capacity 419430
W20260709 14:50:55.217095 12179 instance_detector.cc:116] could not retrieve AWS instance metadata: Network error: curl error: HTTP response code said error: The requested URL returned error: 404
W20260709 14:50:55.217118 12180 instance_detector.cc:116] could not retrieve Azure instance metadata: Network error: curl error: HTTP response code said error: The requested URL returned error: 404
W20260709 14:50:55.218931 12182 instance_detector.cc:116] could not retrieve OpenStack instance metadata: Network error: curl error: HTTP response code said error: The requested URL returned error: 404
W20260709 14:50:56.428925 12181 instance_detector.cc:116] could not retrieve GCE instance metadata: Timed out: curl timeout: Timeout was reached: Resolving timed out after 1211 milliseconds
I20260709 14:50:56.429028 12173 server_base.cc:1056] Not found: could not retrieve instance metadata: unable to detect cloud type of this node, probably running in non-cloud environment
I20260709 14:50:56.430286 12173 hybrid_clock.cc:584] initializing the hybrid clock with 'system_unsync' time source
W20260709 14:50:56.430531 12173 system_unsync_time.cc:38] NTP support is disabled. Clock error bounds will not be accurate. This configuration is not suitable for distributed clusters.
I20260709 14:50:56.430733 12173 hybrid_clock.cc:648] HybridClock initialized: now 1783608656430711 us; error 0 us; skew 500 ppm
I20260709 14:50:56.431540 12173 server_base.cc:861] Flag tcmalloc_max_total_thread_cache_bytes is not working since tcmalloc is not enabled.
I20260709 14:50:56.437425 12173 webserver.cc:533] Webserver started at http://127.11.227.126:46271/ using document root <none> and password file <none>
I20260709 14:50:56.438278 12173 fs_manager.cc:362] Metadata directory not provided
I20260709 14:50:56.438509 12173 fs_manager.cc:368] Using write-ahead log directory (fs_wal_dir) as metadata directory
I20260709 14:50:56.438935 12173 server_base.cc:909] This appears to be a new deployment of Kudu; creating new FS layout
I20260709 14:50:56.444578 12173 fs_manager.cc:1068] Generated new instance metadata in path /tmp/dist-test-task0yaCI5/test-tmp/auto_leader_rebalancer-test.0.LeaderRebalancerTest.FunctionalTestForDivided.1783608655032267-12173-0/minicluster-data/master-0-root/instance:
uuid: "ca1416aefdc24ffca7153061b619b271"
format_stamp: "Formatted at 2026-07-09 14:50:56 on dist-test-slave-hvwp"
I20260709 14:50:56.452394 12173 fs_manager.cc:696] Time spent creating directory manager: real 0.007s	user 0.007s	sys 0.001s
I20260709 14:50:56.457297 12188 log_block_manager.cc:4127] Time spent loading block containers with low live blocks: real 0.000s	user 0.000s	sys 0.000s
I20260709 14:50:56.458320 12173 fs_manager.cc:730] Time spent opening block manager: real 0.003s	user 0.005s	sys 0.000s
I20260709 14:50:56.458663 12173 fs_manager.cc:647] Opened local filesystem: /tmp/dist-test-task0yaCI5/test-tmp/auto_leader_rebalancer-test.0.LeaderRebalancerTest.FunctionalTestForDivided.1783608655032267-12173-0/minicluster-data/master-0-root
uuid: "ca1416aefdc24ffca7153061b619b271"
format_stamp: "Formatted at 2026-07-09 14:50:56 on dist-test-slave-hvwp"
I20260709 14:50:56.459005 12173 fs_report.cc:389] FS layout report
--------------------
wal directory: /tmp/dist-test-task0yaCI5/test-tmp/auto_leader_rebalancer-test.0.LeaderRebalancerTest.FunctionalTestForDivided.1783608655032267-12173-0/minicluster-data/master-0-root
metadata directory: /tmp/dist-test-task0yaCI5/test-tmp/auto_leader_rebalancer-test.0.LeaderRebalancerTest.FunctionalTestForDivided.1783608655032267-12173-0/minicluster-data/master-0-root
1 data directories: /tmp/dist-test-task0yaCI5/test-tmp/auto_leader_rebalancer-test.0.LeaderRebalancerTest.FunctionalTestForDivided.1783608655032267-12173-0/minicluster-data/master-0-root/data
Total live blocks: 0
Total live bytes: 0
Total live bytes (after alignment): 0
Total number of LBM containers: 0 (0 full)
Did not check for missing blocks
Did not check for orphaned blocks
Total full LBM containers with extra space: 0 (0 repaired)
Total full LBM container extra space in bytes: 0 (0 repaired)
Total incomplete LBM containers: 0 (0 repaired)
Total LBM partial records: 0 (0 repaired)
Total corrupted LBM metadata records in RocksDB: 0 (0 repaired)
I20260709 14:50:56.510743 12173 rpc_server.cc:225] running with OpenSSL 1.1.1  11 Sep 2018
I20260709 14:50:56.512269 12173 env_posix.cc:2285] Not raising this process' running threads per effective uid limit of 18446744073709551615; it is already as high as it can go
I20260709 14:50:56.512713 12173 kserver.cc:163] Server-wide thread pool size limit: 3276
I20260709 14:50:56.583240 12173 rpc_server.cc:307] RPC server started. Bound to: 127.11.227.126:37321
I20260709 14:50:56.583305 12239 acceptor_pool.cc:272] collecting diagnostics on the listening RPC socket 127.11.227.126:37321 every 8 connection(s)
I20260709 14:50:56.590903 12240 data_dirs.cc:400] Could only allocate 1 dirs of requested 3 for tablet 00000000000000000000000000000000. 1 dirs total, 0 dirs full, 0 dirs failed
I20260709 14:50:56.611896 12240 tablet_bootstrap.cc:492] T 00000000000000000000000000000000 P ca1416aefdc24ffca7153061b619b271: Bootstrap starting.
I20260709 14:50:56.617584 12240 tablet_bootstrap.cc:654] T 00000000000000000000000000000000 P ca1416aefdc24ffca7153061b619b271: Neither blocks nor log segments found. Creating new log.
I20260709 14:50:56.619328 12240 log.cc:826] T 00000000000000000000000000000000 P ca1416aefdc24ffca7153061b619b271: Log is configured to *not* fsync() on all Append() calls
I20260709 14:50:56.624086 12240 tablet_bootstrap.cc:492] T 00000000000000000000000000000000 P ca1416aefdc24ffca7153061b619b271: No bootstrap required, opened a new log
I20260709 14:50:56.644743 12240 raft_consensus.cc:359] T 00000000000000000000000000000000 P ca1416aefdc24ffca7153061b619b271 [term 0 FOLLOWER]: Replica starting. Triggering 0 pending ops. Active config: opid_index: -1 OBSOLETE_local: true peers { permanent_uuid: "ca1416aefdc24ffca7153061b619b271" member_type: VOTER }
I20260709 14:50:56.645301 12240 raft_consensus.cc:385] T 00000000000000000000000000000000 P ca1416aefdc24ffca7153061b619b271 [term 0 FOLLOWER]: Consensus starting up: Expiring failure detector timer to make a prompt election more likely
I20260709 14:50:56.645612 12240 raft_consensus.cc:740] T 00000000000000000000000000000000 P ca1416aefdc24ffca7153061b619b271 [term 0 FOLLOWER]: Becoming Follower/Learner. State: Replica: ca1416aefdc24ffca7153061b619b271, State: Initialized, Role: FOLLOWER
I20260709 14:50:56.646610 12240 consensus_queue.cc:260] T 00000000000000000000000000000000 P ca1416aefdc24ffca7153061b619b271 [NON_LEADER]: Queue going to NON_LEADER mode. State: All replicated index: 0, Majority replicated index: 0, Committed index: 0, Last appended: 0.0, Last appended by leader: 0, Current term: 0, Majority size: -1, State: 0, Mode: NON_LEADER, active raft config: opid_index: -1 OBSOLETE_local: true peers { permanent_uuid: "ca1416aefdc24ffca7153061b619b271" member_type: VOTER }
I20260709 14:50:56.647111 12240 raft_consensus.cc:399] T 00000000000000000000000000000000 P ca1416aefdc24ffca7153061b619b271 [term 0 FOLLOWER]: Only one voter in the Raft config. Triggering election immediately
I20260709 14:50:56.647410 12240 raft_consensus.cc:493] T 00000000000000000000000000000000 P ca1416aefdc24ffca7153061b619b271 [term 0 FOLLOWER]: Starting leader election (initial election of a single-replica configuration)
I20260709 14:50:56.647781 12240 raft_consensus.cc:3060] T 00000000000000000000000000000000 P ca1416aefdc24ffca7153061b619b271 [term 0 FOLLOWER]: Advancing to term 1
I20260709 14:50:56.651906 12240 raft_consensus.cc:515] T 00000000000000000000000000000000 P ca1416aefdc24ffca7153061b619b271 [term 1 FOLLOWER]: Starting leader election with config: opid_index: -1 OBSOLETE_local: true peers { permanent_uuid: "ca1416aefdc24ffca7153061b619b271" member_type: VOTER }
I20260709 14:50:56.652971 12240 leader_election.cc:304] T 00000000000000000000000000000000 P ca1416aefdc24ffca7153061b619b271 [CANDIDATE]: Term 1 election: Election decided. Result: candidate won. Election summary: received 1 responses out of 1 voters: 1 yes votes; 0 no votes. yes voters: ca1416aefdc24ffca7153061b619b271; no voters: 
I20260709 14:50:56.654700 12240 leader_election.cc:290] T 00000000000000000000000000000000 P ca1416aefdc24ffca7153061b619b271 [CANDIDATE]: Term 1 election: Requested vote from peers 
I20260709 14:50:56.655109 12243 raft_consensus.cc:2804] T 00000000000000000000000000000000 P ca1416aefdc24ffca7153061b619b271 [term 1 FOLLOWER]: Leader election won for term 1
I20260709 14:50:56.657302 12243 raft_consensus.cc:697] T 00000000000000000000000000000000 P ca1416aefdc24ffca7153061b619b271 [term 1 LEADER]: Becoming Leader. State: Replica: ca1416aefdc24ffca7153061b619b271, State: Running, Role: LEADER
I20260709 14:50:56.658236 12243 consensus_queue.cc:237] T 00000000000000000000000000000000 P ca1416aefdc24ffca7153061b619b271 [LEADER]: Queue going to LEADER mode. State: All replicated index: 0, Majority replicated index: 0, Committed index: 0, Last appended: 0.0, Last appended by leader: 0, Current term: 1, Majority size: 1, State: 0, Mode: LEADER, active raft config: opid_index: -1 OBSOLETE_local: true peers { permanent_uuid: "ca1416aefdc24ffca7153061b619b271" member_type: VOTER }
I20260709 14:50:56.659235 12240 sys_catalog.cc:565] T 00000000000000000000000000000000 P ca1416aefdc24ffca7153061b619b271 [sys.catalog]: configured and running, proceeding with master startup.
I20260709 14:50:56.669597 12245 sys_catalog.cc:455] T 00000000000000000000000000000000 P ca1416aefdc24ffca7153061b619b271 [sys.catalog]: SysCatalogTable state changed. Reason: New leader ca1416aefdc24ffca7153061b619b271. Latest consensus state: current_term: 1 leader_uuid: "ca1416aefdc24ffca7153061b619b271" committed_config { opid_index: -1 OBSOLETE_local: true peers { permanent_uuid: "ca1416aefdc24ffca7153061b619b271" member_type: VOTER } }
I20260709 14:50:56.669662 12244 sys_catalog.cc:455] T 00000000000000000000000000000000 P ca1416aefdc24ffca7153061b619b271 [sys.catalog]: SysCatalogTable state changed. Reason: RaftConsensus started. Latest consensus state: current_term: 1 leader_uuid: "ca1416aefdc24ffca7153061b619b271" committed_config { opid_index: -1 OBSOLETE_local: true peers { permanent_uuid: "ca1416aefdc24ffca7153061b619b271" member_type: VOTER } }
I20260709 14:50:56.670311 12245 sys_catalog.cc:458] T 00000000000000000000000000000000 P ca1416aefdc24ffca7153061b619b271 [sys.catalog]: This master's current role is: LEADER
I20260709 14:50:56.670359 12244 sys_catalog.cc:458] T 00000000000000000000000000000000 P ca1416aefdc24ffca7153061b619b271 [sys.catalog]: This master's current role is: LEADER
I20260709 14:50:56.673442 12252 catalog_manager.cc:1511] Loading table and tablet metadata into memory...
I20260709 14:50:56.686801 12252 catalog_manager.cc:1520] Initializing Kudu cluster ID...
I20260709 14:50:56.689116 12173 internal_mini_cluster.cc:184] Waiting to initialize catalog manager on master 0
I20260709 14:50:56.704092 12252 catalog_manager.cc:1383] Generated new cluster ID: ab180a6e94244fa4b2d157935afdbd3b
I20260709 14:50:56.704464 12252 catalog_manager.cc:1531] Initializing Kudu internal certificate authority...
I20260709 14:50:56.731173 12252 catalog_manager.cc:1406] Generated new certificate authority record
I20260709 14:50:56.732744 12252 catalog_manager.cc:1540] Loading token signing keys...
I20260709 14:50:56.746286 12252 catalog_manager.cc:6070] T 00000000000000000000000000000000 P ca1416aefdc24ffca7153061b619b271: Generated new TSK 0
I20260709 14:50:56.747219 12252 catalog_manager.cc:1550] Initializing in-progress tserver states...
I20260709 14:50:56.756058 12173 file_cache.cc:504] Constructed file cache file cache with capacity 419430
W20260709 14:50:56.765857 12262 instance_detector.cc:116] could not retrieve AWS instance metadata: Network error: curl error: HTTP response code said error: The requested URL returned error: 404
W20260709 14:50:56.767606 12263 instance_detector.cc:116] could not retrieve Azure instance metadata: Network error: curl error: HTTP response code said error: The requested URL returned error: 404
W20260709 14:50:56.770040 12265 instance_detector.cc:116] could not retrieve OpenStack instance metadata: Network error: curl error: HTTP response code said error: The requested URL returned error: 404
I20260709 14:50:56.771471 12173 server_base.cc:1061] running on GCE node
I20260709 14:50:56.772248 12173 hybrid_clock.cc:584] initializing the hybrid clock with 'system_unsync' time source
W20260709 14:50:56.772480 12173 system_unsync_time.cc:38] NTP support is disabled. Clock error bounds will not be accurate. This configuration is not suitable for distributed clusters.
I20260709 14:50:56.772667 12173 hybrid_clock.cc:648] HybridClock initialized: now 1783608656772646 us; error 0 us; skew 500 ppm
I20260709 14:50:56.773248 12173 server_base.cc:861] Flag tcmalloc_max_total_thread_cache_bytes is not working since tcmalloc is not enabled.
I20260709 14:50:56.777896 12173 webserver.cc:533] Webserver started at http://127.11.227.65:40465/ using document root <none> and password file <none>
I20260709 14:50:56.778486 12173 fs_manager.cc:362] Metadata directory not provided
I20260709 14:50:56.778718 12173 fs_manager.cc:368] Using write-ahead log directory (fs_wal_dir) as metadata directory
I20260709 14:50:56.779014 12173 server_base.cc:909] This appears to be a new deployment of Kudu; creating new FS layout
I20260709 14:50:56.780211 12173 fs_manager.cc:1068] Generated new instance metadata in path /tmp/dist-test-task0yaCI5/test-tmp/auto_leader_rebalancer-test.0.LeaderRebalancerTest.FunctionalTestForDivided.1783608655032267-12173-0/minicluster-data/ts-0-root/instance:
uuid: "ba304fc3b6eb47cb8d6581c691a7847a"
format_stamp: "Formatted at 2026-07-09 14:50:56 on dist-test-slave-hvwp"
I20260709 14:50:56.785924 12173 fs_manager.cc:696] Time spent creating directory manager: real 0.005s	user 0.001s	sys 0.004s
I20260709 14:50:56.790392 12270 log_block_manager.cc:4127] Time spent loading block containers with low live blocks: real 0.000s	user 0.000s	sys 0.000s
I20260709 14:50:56.791262 12173 fs_manager.cc:730] Time spent opening block manager: real 0.003s	user 0.002s	sys 0.000s
I20260709 14:50:56.791553 12173 fs_manager.cc:647] Opened local filesystem: /tmp/dist-test-task0yaCI5/test-tmp/auto_leader_rebalancer-test.0.LeaderRebalancerTest.FunctionalTestForDivided.1783608655032267-12173-0/minicluster-data/ts-0-root
uuid: "ba304fc3b6eb47cb8d6581c691a7847a"
format_stamp: "Formatted at 2026-07-09 14:50:56 on dist-test-slave-hvwp"
I20260709 14:50:56.791898 12173 fs_report.cc:389] FS layout report
--------------------
wal directory: /tmp/dist-test-task0yaCI5/test-tmp/auto_leader_rebalancer-test.0.LeaderRebalancerTest.FunctionalTestForDivided.1783608655032267-12173-0/minicluster-data/ts-0-root
metadata directory: /tmp/dist-test-task0yaCI5/test-tmp/auto_leader_rebalancer-test.0.LeaderRebalancerTest.FunctionalTestForDivided.1783608655032267-12173-0/minicluster-data/ts-0-root
1 data directories: /tmp/dist-test-task0yaCI5/test-tmp/auto_leader_rebalancer-test.0.LeaderRebalancerTest.FunctionalTestForDivided.1783608655032267-12173-0/minicluster-data/ts-0-root/data
Total live blocks: 0
Total live bytes: 0
Total live bytes (after alignment): 0
Total number of LBM containers: 0 (0 full)
Did not check for missing blocks
Did not check for orphaned blocks
Total full LBM containers with extra space: 0 (0 repaired)
Total full LBM container extra space in bytes: 0 (0 repaired)
Total incomplete LBM containers: 0 (0 repaired)
Total LBM partial records: 0 (0 repaired)
Total corrupted LBM metadata records in RocksDB: 0 (0 repaired)
I20260709 14:50:56.810031 12173 rpc_server.cc:225] running with OpenSSL 1.1.1  11 Sep 2018
I20260709 14:50:56.811374 12173 kserver.cc:163] Server-wide thread pool size limit: 3276
I20260709 14:50:56.814208 12173 txn_system_client.cc:432] TxnSystemClient initialization is disabled...
I20260709 14:50:56.818840 12173 ts_tablet_manager.cc:585] Loaded tablet metadata (0 total tablets, 0 live tablets)
I20260709 14:50:56.819059 12173 ts_tablet_manager.cc:531] Time spent load tablet metadata: real 0.000s	user 0.000s	sys 0.000s
I20260709 14:50:56.819387 12173 ts_tablet_manager.cc:616] Registered 0 tablets
I20260709 14:50:56.819537 12173 ts_tablet_manager.cc:595] Time spent register tablets: real 0.000s	user 0.000s	sys 0.000s
I20260709 14:50:56.925993 12173 rpc_server.cc:307] RPC server started. Bound to: 127.11.227.65:41361
I20260709 14:50:56.926138 12332 acceptor_pool.cc:272] collecting diagnostics on the listening RPC socket 127.11.227.65:41361 every 8 connection(s)
I20260709 14:50:56.933180 12173 file_cache.cc:504] Constructed file cache file cache with capacity 419430
W20260709 14:50:56.945039 12337 instance_detector.cc:116] could not retrieve AWS instance metadata: Network error: curl error: HTTP response code said error: The requested URL returned error: 404
W20260709 14:50:56.947557 12338 instance_detector.cc:116] could not retrieve Azure instance metadata: Network error: curl error: HTTP response code said error: The requested URL returned error: 404
I20260709 14:50:56.954820 12173 server_base.cc:1061] running on GCE node
W20260709 14:50:56.956825 12340 instance_detector.cc:116] could not retrieve OpenStack instance metadata: Network error: curl error: HTTP response code said error: The requested URL returned error: 404
I20260709 14:50:56.957983 12173 hybrid_clock.cc:584] initializing the hybrid clock with 'system_unsync' time source
W20260709 14:50:56.958250 12173 system_unsync_time.cc:38] NTP support is disabled. Clock error bounds will not be accurate. This configuration is not suitable for distributed clusters.
I20260709 14:50:56.958453 12173 hybrid_clock.cc:648] HybridClock initialized: now 1783608656958437 us; error 0 us; skew 500 ppm
I20260709 14:50:56.959242 12173 server_base.cc:861] Flag tcmalloc_max_total_thread_cache_bytes is not working since tcmalloc is not enabled.
I20260709 14:50:56.961724 12333 heartbeater.cc:344] Connected to a master server at 127.11.227.126:37321
I20260709 14:50:56.962220 12333 heartbeater.cc:461] Registering TS with master...
I20260709 14:50:56.962322 12173 webserver.cc:533] Webserver started at http://127.11.227.66:33529/ using document root <none> and password file <none>
I20260709 14:50:56.963004 12173 fs_manager.cc:362] Metadata directory not provided
I20260709 14:50:56.963256 12173 fs_manager.cc:368] Using write-ahead log directory (fs_wal_dir) as metadata directory
I20260709 14:50:56.963263 12333 heartbeater.cc:507] Master 127.11.227.126:37321 requested a full tablet report, sending...
I20260709 14:50:56.963683 12173 server_base.cc:909] This appears to be a new deployment of Kudu; creating new FS layout
I20260709 14:50:56.965139 12173 fs_manager.cc:1068] Generated new instance metadata in path /tmp/dist-test-task0yaCI5/test-tmp/auto_leader_rebalancer-test.0.LeaderRebalancerTest.FunctionalTestForDivided.1783608655032267-12173-0/minicluster-data/ts-1-root/instance:
uuid: "a9a6c37b639f48c0b37da475f7d6fafc"
format_stamp: "Formatted at 2026-07-09 14:50:56 on dist-test-slave-hvwp"
I20260709 14:50:56.966243 12205 ts_manager.cc:194] Registered new tserver with Master: ba304fc3b6eb47cb8d6581c691a7847a (127.11.227.65:41361)
I20260709 14:50:56.968353 12205 master_service.cc:502] Signed X509 certificate for tserver {username='slave'} at 127.0.0.1:34736
I20260709 14:50:56.971889 12173 fs_manager.cc:696] Time spent creating directory manager: real 0.006s	user 0.005s	sys 0.002s
I20260709 14:50:56.977082 12345 log_block_manager.cc:4127] Time spent loading block containers with low live blocks: real 0.000s	user 0.000s	sys 0.000s
I20260709 14:50:56.977900 12173 fs_manager.cc:730] Time spent opening block manager: real 0.003s	user 0.005s	sys 0.000s
I20260709 14:50:56.978209 12173 fs_manager.cc:647] Opened local filesystem: /tmp/dist-test-task0yaCI5/test-tmp/auto_leader_rebalancer-test.0.LeaderRebalancerTest.FunctionalTestForDivided.1783608655032267-12173-0/minicluster-data/ts-1-root
uuid: "a9a6c37b639f48c0b37da475f7d6fafc"
format_stamp: "Formatted at 2026-07-09 14:50:56 on dist-test-slave-hvwp"
I20260709 14:50:56.978538 12173 fs_report.cc:389] FS layout report
--------------------
wal directory: /tmp/dist-test-task0yaCI5/test-tmp/auto_leader_rebalancer-test.0.LeaderRebalancerTest.FunctionalTestForDivided.1783608655032267-12173-0/minicluster-data/ts-1-root
metadata directory: /tmp/dist-test-task0yaCI5/test-tmp/auto_leader_rebalancer-test.0.LeaderRebalancerTest.FunctionalTestForDivided.1783608655032267-12173-0/minicluster-data/ts-1-root
1 data directories: /tmp/dist-test-task0yaCI5/test-tmp/auto_leader_rebalancer-test.0.LeaderRebalancerTest.FunctionalTestForDivided.1783608655032267-12173-0/minicluster-data/ts-1-root/data
Total live blocks: 0
Total live bytes: 0
Total live bytes (after alignment): 0
Total number of LBM containers: 0 (0 full)
Did not check for missing blocks
Did not check for orphaned blocks
Total full LBM containers with extra space: 0 (0 repaired)
Total full LBM container extra space in bytes: 0 (0 repaired)
Total incomplete LBM containers: 0 (0 repaired)
Total LBM partial records: 0 (0 repaired)
Total corrupted LBM metadata records in RocksDB: 0 (0 repaired)
I20260709 14:50:57.006726 12173 rpc_server.cc:225] running with OpenSSL 1.1.1  11 Sep 2018
I20260709 14:50:57.008296 12173 kserver.cc:163] Server-wide thread pool size limit: 3276
I20260709 14:50:57.010735 12173 txn_system_client.cc:432] TxnSystemClient initialization is disabled...
I20260709 14:50:57.014245 12173 ts_tablet_manager.cc:585] Loaded tablet metadata (0 total tablets, 0 live tablets)
I20260709 14:50:57.014495 12173 ts_tablet_manager.cc:531] Time spent load tablet metadata: real 0.000s	user 0.000s	sys 0.000s
I20260709 14:50:57.014823 12173 ts_tablet_manager.cc:616] Registered 0 tablets
I20260709 14:50:57.015015 12173 ts_tablet_manager.cc:595] Time spent register tablets: real 0.000s	user 0.000s	sys 0.000s
I20260709 14:50:57.101110 12173 rpc_server.cc:307] RPC server started. Bound to: 127.11.227.66:42825
I20260709 14:50:57.101207 12407 acceptor_pool.cc:272] collecting diagnostics on the listening RPC socket 127.11.227.66:42825 every 8 connection(s)
I20260709 14:50:57.108042 12173 file_cache.cc:504] Constructed file cache file cache with capacity 419430
W20260709 14:50:57.115983 12411 instance_detector.cc:116] could not retrieve AWS instance metadata: Network error: curl error: HTTP response code said error: The requested URL returned error: 404
W20260709 14:50:57.117533 12412 instance_detector.cc:116] could not retrieve Azure instance metadata: Network error: curl error: HTTP response code said error: The requested URL returned error: 404
I20260709 14:50:57.123694 12408 heartbeater.cc:344] Connected to a master server at 127.11.227.126:37321
I20260709 14:50:57.124107 12408 heartbeater.cc:461] Registering TS with master...
I20260709 14:50:57.124836 12408 heartbeater.cc:507] Master 127.11.227.126:37321 requested a full tablet report, sending...
I20260709 14:50:57.127220 12205 ts_manager.cc:194] Registered new tserver with Master: a9a6c37b639f48c0b37da475f7d6fafc (127.11.227.66:42825)
I20260709 14:50:57.129199 12205 master_service.cc:502] Signed X509 certificate for tserver {username='slave'} at 127.0.0.1:34746
W20260709 14:50:57.130183 12414 instance_detector.cc:116] could not retrieve OpenStack instance metadata: Network error: curl error: HTTP response code said error: The requested URL returned error: 404
I20260709 14:50:57.130707 12173 server_base.cc:1061] running on GCE node
I20260709 14:50:57.131749 12173 hybrid_clock.cc:584] initializing the hybrid clock with 'system_unsync' time source
W20260709 14:50:57.132040 12173 system_unsync_time.cc:38] NTP support is disabled. Clock error bounds will not be accurate. This configuration is not suitable for distributed clusters.
I20260709 14:50:57.132246 12173 hybrid_clock.cc:648] HybridClock initialized: now 1783608657132231 us; error 0 us; skew 500 ppm
I20260709 14:50:57.132959 12173 server_base.cc:861] Flag tcmalloc_max_total_thread_cache_bytes is not working since tcmalloc is not enabled.
I20260709 14:50:57.135563 12173 webserver.cc:533] Webserver started at http://127.11.227.67:39883/ using document root <none> and password file <none>
I20260709 14:50:57.136195 12173 fs_manager.cc:362] Metadata directory not provided
I20260709 14:50:57.136430 12173 fs_manager.cc:368] Using write-ahead log directory (fs_wal_dir) as metadata directory
I20260709 14:50:57.136739 12173 server_base.cc:909] This appears to be a new deployment of Kudu; creating new FS layout
I20260709 14:50:57.138160 12173 fs_manager.cc:1068] Generated new instance metadata in path /tmp/dist-test-task0yaCI5/test-tmp/auto_leader_rebalancer-test.0.LeaderRebalancerTest.FunctionalTestForDivided.1783608655032267-12173-0/minicluster-data/ts-2-root/instance:
uuid: "fceca56222bc4dfaa68bdbdbb0e6c415"
format_stamp: "Formatted at 2026-07-09 14:50:57 on dist-test-slave-hvwp"
I20260709 14:50:57.143599 12173 fs_manager.cc:696] Time spent creating directory manager: real 0.005s	user 0.007s	sys 0.000s
I20260709 14:50:57.147433 12419 log_block_manager.cc:4127] Time spent loading block containers with low live blocks: real 0.000s	user 0.000s	sys 0.000s
I20260709 14:50:57.148221 12173 fs_manager.cc:730] Time spent opening block manager: real 0.002s	user 0.003s	sys 0.000s
I20260709 14:50:57.148523 12173 fs_manager.cc:647] Opened local filesystem: /tmp/dist-test-task0yaCI5/test-tmp/auto_leader_rebalancer-test.0.LeaderRebalancerTest.FunctionalTestForDivided.1783608655032267-12173-0/minicluster-data/ts-2-root
uuid: "fceca56222bc4dfaa68bdbdbb0e6c415"
format_stamp: "Formatted at 2026-07-09 14:50:57 on dist-test-slave-hvwp"
I20260709 14:50:57.148885 12173 fs_report.cc:389] FS layout report
--------------------
wal directory: /tmp/dist-test-task0yaCI5/test-tmp/auto_leader_rebalancer-test.0.LeaderRebalancerTest.FunctionalTestForDivided.1783608655032267-12173-0/minicluster-data/ts-2-root
metadata directory: /tmp/dist-test-task0yaCI5/test-tmp/auto_leader_rebalancer-test.0.LeaderRebalancerTest.FunctionalTestForDivided.1783608655032267-12173-0/minicluster-data/ts-2-root
1 data directories: /tmp/dist-test-task0yaCI5/test-tmp/auto_leader_rebalancer-test.0.LeaderRebalancerTest.FunctionalTestForDivided.1783608655032267-12173-0/minicluster-data/ts-2-root/data
Total live blocks: 0
Total live bytes: 0
Total live bytes (after alignment): 0
Total number of LBM containers: 0 (0 full)
Did not check for missing blocks
Did not check for orphaned blocks
Total full LBM containers with extra space: 0 (0 repaired)
Total full LBM container extra space in bytes: 0 (0 repaired)
Total incomplete LBM containers: 0 (0 repaired)
Total LBM partial records: 0 (0 repaired)
Total corrupted LBM metadata records in RocksDB: 0 (0 repaired)
I20260709 14:50:57.182018 12173 rpc_server.cc:225] running with OpenSSL 1.1.1  11 Sep 2018
I20260709 14:50:57.183667 12173 kserver.cc:163] Server-wide thread pool size limit: 3276
I20260709 14:50:57.185261 12173 txn_system_client.cc:432] TxnSystemClient initialization is disabled...
I20260709 14:50:57.187887 12173 ts_tablet_manager.cc:585] Loaded tablet metadata (0 total tablets, 0 live tablets)
I20260709 14:50:57.188138 12173 ts_tablet_manager.cc:531] Time spent load tablet metadata: real 0.000s	user 0.000s	sys 0.000s
I20260709 14:50:57.188414 12173 ts_tablet_manager.cc:616] Registered 0 tablets
I20260709 14:50:57.188623 12173 ts_tablet_manager.cc:595] Time spent register tablets: real 0.000s	user 0.000s	sys 0.000s
I20260709 14:50:57.271731 12173 rpc_server.cc:307] RPC server started. Bound to: 127.11.227.67:44251
I20260709 14:50:57.271843 12481 acceptor_pool.cc:272] collecting diagnostics on the listening RPC socket 127.11.227.67:44251 every 8 connection(s)
I20260709 14:50:57.288744 12482 heartbeater.cc:344] Connected to a master server at 127.11.227.126:37321
I20260709 14:50:57.289148 12482 heartbeater.cc:461] Registering TS with master...
I20260709 14:50:57.289875 12482 heartbeater.cc:507] Master 127.11.227.126:37321 requested a full tablet report, sending...
I20260709 14:50:57.291821 12205 ts_manager.cc:194] Registered new tserver with Master: fceca56222bc4dfaa68bdbdbb0e6c415 (127.11.227.67:44251)
I20260709 14:50:57.292342 12173 internal_mini_cluster.cc:371] 3 TS(s) registered with all masters after 0.013471005s
I20260709 14:50:57.293198 12205 master_service.cc:502] Signed X509 certificate for tserver {username='slave'} at 127.0.0.1:34756
I20260709 14:50:57.344303 12205 catalog_manager.cc:2283] Servicing CreateTable request from {username='slave'} at 127.0.0.1:34768:
name: "test-workload"
schema {
  columns {
    name: "key"
    type: INT32
    is_key: true
    is_nullable: false
    encoding: AUTO_ENCODING
    compression: DEFAULT_COMPRESSION
    cfile_block_size: 0
    immutable: false
  }
  columns {
    name: "int_val"
    type: INT32
    is_key: false
    is_nullable: false
    encoding: AUTO_ENCODING
    compression: DEFAULT_COMPRESSION
    cfile_block_size: 0
    immutable: false
  }
  columns {
    name: "string_val"
    type: STRING
    is_key: false
    is_nullable: true
    encoding: AUTO_ENCODING
    compression: DEFAULT_COMPRESSION
    cfile_block_size: 0
    immutable: false
  }
}
num_replicas: 3
split_rows_range_bounds {
  rows: "\004\001\000\216\3438\016\004\001\000\034\307q\034\004\001\000\252\252\252*\004\001\0008\216\3438\004\001\000\306q\034G\004\001\000TUUU\004\001\000\3428\216c\004\001\000p\034\307q""\004\001\000\216\3438\016\004\001\000\034\307q\034\004\001\000\252\252\252*\004\001\0008\216\3438\004\001\000\306q\034G\004\001\000TUUU\004\001\000\3428\216c\004\001\000p\034\307q"
  indirect_data: """"
}
partition_schema {
  range_schema {
    columns {
      name: "key"
    }
  }
}
W20260709 14:50:57.347836 12205 catalog_manager.cc:7077] The number of live tablet servers is not enough to re-replicate a tablet replica of the newly created table test-workload in case of a server failure: 4 tablet servers would be needed, 3 are available. Consider bringing up more tablet servers.
I20260709 14:50:57.452191 12372 tablet_service.cc:1511] Processing CreateTablet for tablet e775f215a9424d058ccad9c517b5d6d7 (DEFAULT_TABLE table=test-workload [id=97cd7e9ec1b7419285a8cf09a97a1a75]), partition=RANGE (key) PARTITION 238609294 <= VALUES < 477218588
I20260709 14:50:57.453307 12370 tablet_service.cc:1511] Processing CreateTablet for tablet 52af72b93b89422b99586e9749f664dc (DEFAULT_TABLE table=test-workload [id=97cd7e9ec1b7419285a8cf09a97a1a75]), partition=RANGE (key) PARTITION 715827882 <= VALUES < 954437176
I20260709 14:50:57.453991 12372 data_dirs.cc:400] Could only allocate 1 dirs of requested 3 for tablet e775f215a9424d058ccad9c517b5d6d7. 1 dirs total, 0 dirs full, 0 dirs failed
I20260709 14:50:57.455114 12370 data_dirs.cc:400] Could only allocate 1 dirs of requested 3 for tablet 52af72b93b89422b99586e9749f664dc. 1 dirs total, 0 dirs full, 0 dirs failed
I20260709 14:50:57.452196 12371 tablet_service.cc:1511] Processing CreateTablet for tablet f256c9d9207e480b9d7ebe0f704fcc20 (DEFAULT_TABLE table=test-workload [id=97cd7e9ec1b7419285a8cf09a97a1a75]), partition=RANGE (key) PARTITION 477218588 <= VALUES < 715827882
I20260709 14:50:57.457305 12298 tablet_service.cc:1511] Processing CreateTablet for tablet fa9d5f50efb849d7a7ce7aa310c2efef (DEFAULT_TABLE table=test-workload [id=97cd7e9ec1b7419285a8cf09a97a1a75]), partition=RANGE (key) PARTITION VALUES < 238609294
I20260709 14:50:57.464293 12294 tablet_service.cc:1511] Processing CreateTablet for tablet 4414731983e74c9a9fcaa937e216130f (DEFAULT_TABLE table=test-workload [id=97cd7e9ec1b7419285a8cf09a97a1a75]), partition=RANGE (key) PARTITION 954437176 <= VALUES < 1193046470
I20260709 14:50:57.470367 12369 tablet_service.cc:1511] Processing CreateTablet for tablet 4414731983e74c9a9fcaa937e216130f (DEFAULT_TABLE table=test-workload [id=97cd7e9ec1b7419285a8cf09a97a1a75]), partition=RANGE (key) PARTITION 954437176 <= VALUES < 1193046470
I20260709 14:50:57.469358 12371 data_dirs.cc:400] Could only allocate 1 dirs of requested 3 for tablet f256c9d9207e480b9d7ebe0f704fcc20. 1 dirs total, 0 dirs full, 0 dirs failed
I20260709 14:50:57.470444 12297 tablet_service.cc:1511] Processing CreateTablet for tablet e775f215a9424d058ccad9c517b5d6d7 (DEFAULT_TABLE table=test-workload [id=97cd7e9ec1b7419285a8cf09a97a1a75]), partition=RANGE (key) PARTITION 238609294 <= VALUES < 477218588
I20260709 14:50:57.471096 12295 tablet_service.cc:1511] Processing CreateTablet for tablet 52af72b93b89422b99586e9749f664dc (DEFAULT_TABLE table=test-workload [id=97cd7e9ec1b7419285a8cf09a97a1a75]), partition=RANGE (key) PARTITION 715827882 <= VALUES < 954437176
I20260709 14:50:57.469579 12296 tablet_service.cc:1511] Processing CreateTablet for tablet f256c9d9207e480b9d7ebe0f704fcc20 (DEFAULT_TABLE table=test-workload [id=97cd7e9ec1b7419285a8cf09a97a1a75]), partition=RANGE (key) PARTITION 477218588 <= VALUES < 715827882
I20260709 14:50:57.477311 12373 tablet_service.cc:1511] Processing CreateTablet for tablet fa9d5f50efb849d7a7ce7aa310c2efef (DEFAULT_TABLE table=test-workload [id=97cd7e9ec1b7419285a8cf09a97a1a75]), partition=RANGE (key) PARTITION VALUES < 238609294
I20260709 14:50:57.480136 12298 data_dirs.cc:400] Could only allocate 1 dirs of requested 3 for tablet fa9d5f50efb849d7a7ce7aa310c2efef. 1 dirs total, 0 dirs full, 0 dirs failed
I20260709 14:50:57.479516 12446 tablet_service.cc:1511] Processing CreateTablet for tablet e775f215a9424d058ccad9c517b5d6d7 (DEFAULT_TABLE table=test-workload [id=97cd7e9ec1b7419285a8cf09a97a1a75]), partition=RANGE (key) PARTITION 238609294 <= VALUES < 477218588
I20260709 14:50:57.481621 12369 data_dirs.cc:400] Could only allocate 1 dirs of requested 3 for tablet 4414731983e74c9a9fcaa937e216130f. 1 dirs total, 0 dirs full, 0 dirs failed
I20260709 14:50:57.482745 12447 tablet_service.cc:1511] Processing CreateTablet for tablet fa9d5f50efb849d7a7ce7aa310c2efef (DEFAULT_TABLE table=test-workload [id=97cd7e9ec1b7419285a8cf09a97a1a75]), partition=RANGE (key) PARTITION VALUES < 238609294
I20260709 14:50:57.484373 12297 data_dirs.cc:400] Could only allocate 1 dirs of requested 3 for tablet e775f215a9424d058ccad9c517b5d6d7. 1 dirs total, 0 dirs full, 0 dirs failed
I20260709 14:50:57.489354 12444 tablet_service.cc:1511] Processing CreateTablet for tablet 52af72b93b89422b99586e9749f664dc (DEFAULT_TABLE table=test-workload [id=97cd7e9ec1b7419285a8cf09a97a1a75]), partition=RANGE (key) PARTITION 715827882 <= VALUES < 954437176
I20260709 14:50:57.492265 12443 tablet_service.cc:1511] Processing CreateTablet for tablet 4414731983e74c9a9fcaa937e216130f (DEFAULT_TABLE table=test-workload [id=97cd7e9ec1b7419285a8cf09a97a1a75]), partition=RANGE (key) PARTITION 954437176 <= VALUES < 1193046470
I20260709 14:50:57.491226 12373 data_dirs.cc:400] Could only allocate 1 dirs of requested 3 for tablet fa9d5f50efb849d7a7ce7aa310c2efef. 1 dirs total, 0 dirs full, 0 dirs failed
I20260709 14:50:57.494323 12295 data_dirs.cc:400] Could only allocate 1 dirs of requested 3 for tablet 52af72b93b89422b99586e9749f664dc. 1 dirs total, 0 dirs full, 0 dirs failed
I20260709 14:50:57.498710 12368 tablet_service.cc:1511] Processing CreateTablet for tablet 369e9d6fe18b4cbf81c2592db905a263 (DEFAULT_TABLE table=test-workload [id=97cd7e9ec1b7419285a8cf09a97a1a75]), partition=RANGE (key) PARTITION 1193046470 <= VALUES < 1431655764
I20260709 14:50:57.494375 12446 data_dirs.cc:400] Could only allocate 1 dirs of requested 3 for tablet e775f215a9424d058ccad9c517b5d6d7. 1 dirs total, 0 dirs full, 0 dirs failed
I20260709 14:50:57.501098 12368 data_dirs.cc:400] Could only allocate 1 dirs of requested 3 for tablet 369e9d6fe18b4cbf81c2592db905a263. 1 dirs total, 0 dirs full, 0 dirs failed
I20260709 14:50:57.487886 12293 tablet_service.cc:1511] Processing CreateTablet for tablet 369e9d6fe18b4cbf81c2592db905a263 (DEFAULT_TABLE table=test-workload [id=97cd7e9ec1b7419285a8cf09a97a1a75]), partition=RANGE (key) PARTITION 1193046470 <= VALUES < 1431655764
I20260709 14:50:57.509024 12442 tablet_service.cc:1511] Processing CreateTablet for tablet 369e9d6fe18b4cbf81c2592db905a263 (DEFAULT_TABLE table=test-workload [id=97cd7e9ec1b7419285a8cf09a97a1a75]), partition=RANGE (key) PARTITION 1193046470 <= VALUES < 1431655764
I20260709 14:50:57.487946 12445 tablet_service.cc:1511] Processing CreateTablet for tablet f256c9d9207e480b9d7ebe0f704fcc20 (DEFAULT_TABLE table=test-workload [id=97cd7e9ec1b7419285a8cf09a97a1a75]), partition=RANGE (key) PARTITION 477218588 <= VALUES < 715827882
I20260709 14:50:57.514348 12443 data_dirs.cc:400] Could only allocate 1 dirs of requested 3 for tablet 4414731983e74c9a9fcaa937e216130f. 1 dirs total, 0 dirs full, 0 dirs failed
I20260709 14:50:57.515692 12445 data_dirs.cc:400] Could only allocate 1 dirs of requested 3 for tablet f256c9d9207e480b9d7ebe0f704fcc20. 1 dirs total, 0 dirs full, 0 dirs failed
I20260709 14:50:57.516613 12442 data_dirs.cc:400] Could only allocate 1 dirs of requested 3 for tablet 369e9d6fe18b4cbf81c2592db905a263. 1 dirs total, 0 dirs full, 0 dirs failed
I20260709 14:50:57.513414 12296 data_dirs.cc:400] Could only allocate 1 dirs of requested 3 for tablet f256c9d9207e480b9d7ebe0f704fcc20. 1 dirs total, 0 dirs full, 0 dirs failed
I20260709 14:50:57.518162 12444 data_dirs.cc:400] Could only allocate 1 dirs of requested 3 for tablet 52af72b93b89422b99586e9749f664dc. 1 dirs total, 0 dirs full, 0 dirs failed
I20260709 14:50:57.519687 12293 data_dirs.cc:400] Could only allocate 1 dirs of requested 3 for tablet 369e9d6fe18b4cbf81c2592db905a263. 1 dirs total, 0 dirs full, 0 dirs failed
I20260709 14:50:57.546422 12447 data_dirs.cc:400] Could only allocate 1 dirs of requested 3 for tablet fa9d5f50efb849d7a7ce7aa310c2efef. 1 dirs total, 0 dirs full, 0 dirs failed
I20260709 14:50:57.554132 12294 data_dirs.cc:400] Could only allocate 1 dirs of requested 3 for tablet 4414731983e74c9a9fcaa937e216130f. 1 dirs total, 0 dirs full, 0 dirs failed
I20260709 14:50:57.564970 12292 tablet_service.cc:1511] Processing CreateTablet for tablet 8e66236d55ba45c8bbf1960ddbd57061 (DEFAULT_TABLE table=test-workload [id=97cd7e9ec1b7419285a8cf09a97a1a75]), partition=RANGE (key) PARTITION 1431655764 <= VALUES < 1670265058
I20260709 14:50:57.568214 12292 data_dirs.cc:400] Could only allocate 1 dirs of requested 3 for tablet 8e66236d55ba45c8bbf1960ddbd57061. 1 dirs total, 0 dirs full, 0 dirs failed
I20260709 14:50:57.581888 12500 tablet_bootstrap.cc:492] T e775f215a9424d058ccad9c517b5d6d7 P a9a6c37b639f48c0b37da475f7d6fafc: Bootstrap starting.
I20260709 14:50:57.614387 12372 tablet_service.cc:1511] Processing CreateTablet for tablet 8e66236d55ba45c8bbf1960ddbd57061 (DEFAULT_TABLE table=test-workload [id=97cd7e9ec1b7419285a8cf09a97a1a75]), partition=RANGE (key) PARTITION 1431655764 <= VALUES < 1670265058
I20260709 14:50:57.615690 12372 data_dirs.cc:400] Could only allocate 1 dirs of requested 3 for tablet 8e66236d55ba45c8bbf1960ddbd57061. 1 dirs total, 0 dirs full, 0 dirs failed
I20260709 14:50:57.623899 12441 tablet_service.cc:1511] Processing CreateTablet for tablet 8e66236d55ba45c8bbf1960ddbd57061 (DEFAULT_TABLE table=test-workload [id=97cd7e9ec1b7419285a8cf09a97a1a75]), partition=RANGE (key) PARTITION 1431655764 <= VALUES < 1670265058
I20260709 14:50:57.632822 12441 data_dirs.cc:400] Could only allocate 1 dirs of requested 3 for tablet 8e66236d55ba45c8bbf1960ddbd57061. 1 dirs total, 0 dirs full, 0 dirs failed
I20260709 14:50:57.646595 12373 tablet_service.cc:1511] Processing CreateTablet for tablet 7080c6837edf46eb8807c52e36ef46b3 (DEFAULT_TABLE table=test-workload [id=97cd7e9ec1b7419285a8cf09a97a1a75]), partition=RANGE (key) PARTITION 1670265058 <= VALUES < 1908874352
I20260709 14:50:57.648808 12373 data_dirs.cc:400] Could only allocate 1 dirs of requested 3 for tablet 7080c6837edf46eb8807c52e36ef46b3. 1 dirs total, 0 dirs full, 0 dirs failed
I20260709 14:50:57.663838 12501 tablet_bootstrap.cc:492] T 52af72b93b89422b99586e9749f664dc P fceca56222bc4dfaa68bdbdbb0e6c415: Bootstrap starting.
I20260709 14:50:57.666540 12293 tablet_service.cc:1511] Processing CreateTablet for tablet 7080c6837edf46eb8807c52e36ef46b3 (DEFAULT_TABLE table=test-workload [id=97cd7e9ec1b7419285a8cf09a97a1a75]), partition=RANGE (key) PARTITION 1670265058 <= VALUES < 1908874352
W20260709 14:50:57.679669 12253 auto_rebalancer.cc:288] Could not retrieve cluster info: Service unavailable: Tablet not running
I20260709 14:50:57.698810 12445 tablet_service.cc:1511] Processing CreateTablet for tablet 7080c6837edf46eb8807c52e36ef46b3 (DEFAULT_TABLE table=test-workload [id=97cd7e9ec1b7419285a8cf09a97a1a75]), partition=RANGE (key) PARTITION 1670265058 <= VALUES < 1908874352
I20260709 14:50:57.699656 12295 tablet_service.cc:1511] Processing CreateTablet for tablet 18b4fac7e8e9410c8f5304df49e6ef11 (DEFAULT_TABLE table=test-workload [id=97cd7e9ec1b7419285a8cf09a97a1a75]), partition=RANGE (key) PARTITION 1908874352 <= VALUES
I20260709 14:50:57.700150 12445 data_dirs.cc:400] Could only allocate 1 dirs of requested 3 for tablet 7080c6837edf46eb8807c52e36ef46b3. 1 dirs total, 0 dirs full, 0 dirs failed
I20260709 14:50:57.701141 12295 data_dirs.cc:400] Could only allocate 1 dirs of requested 3 for tablet 18b4fac7e8e9410c8f5304df49e6ef11. 1 dirs total, 0 dirs full, 0 dirs failed
I20260709 14:50:57.701063 12370 tablet_service.cc:1511] Processing CreateTablet for tablet 18b4fac7e8e9410c8f5304df49e6ef11 (DEFAULT_TABLE table=test-workload [id=97cd7e9ec1b7419285a8cf09a97a1a75]), partition=RANGE (key) PARTITION 1908874352 <= VALUES
I20260709 14:50:57.702535 12370 data_dirs.cc:400] Could only allocate 1 dirs of requested 3 for tablet 18b4fac7e8e9410c8f5304df49e6ef11. 1 dirs total, 0 dirs full, 0 dirs failed
I20260709 14:50:57.705117 12502 tablet_bootstrap.cc:492] T 369e9d6fe18b4cbf81c2592db905a263 P ba304fc3b6eb47cb8d6581c691a7847a: Bootstrap starting.
I20260709 14:50:57.706947 12446 tablet_service.cc:1511] Processing CreateTablet for tablet 18b4fac7e8e9410c8f5304df49e6ef11 (DEFAULT_TABLE table=test-workload [id=97cd7e9ec1b7419285a8cf09a97a1a75]), partition=RANGE (key) PARTITION 1908874352 <= VALUES
I20260709 14:50:57.709905 12293 data_dirs.cc:400] Could only allocate 1 dirs of requested 3 for tablet 7080c6837edf46eb8807c52e36ef46b3. 1 dirs total, 0 dirs full, 0 dirs failed
I20260709 14:50:57.716719 12500 tablet_bootstrap.cc:654] T e775f215a9424d058ccad9c517b5d6d7 P a9a6c37b639f48c0b37da475f7d6fafc: Neither blocks nor log segments found. Creating new log.
I20260709 14:50:57.735819 12446 data_dirs.cc:400] Could only allocate 1 dirs of requested 3 for tablet 18b4fac7e8e9410c8f5304df49e6ef11. 1 dirs total, 0 dirs full, 0 dirs failed
I20260709 14:50:57.751641 12502 tablet_bootstrap.cc:654] T 369e9d6fe18b4cbf81c2592db905a263 P ba304fc3b6eb47cb8d6581c691a7847a: Neither blocks nor log segments found. Creating new log.
I20260709 14:50:57.752059 12501 tablet_bootstrap.cc:654] T 52af72b93b89422b99586e9749f664dc P fceca56222bc4dfaa68bdbdbb0e6c415: Neither blocks nor log segments found. Creating new log.
I20260709 14:50:57.755208 12500 tablet_bootstrap.cc:492] T e775f215a9424d058ccad9c517b5d6d7 P a9a6c37b639f48c0b37da475f7d6fafc: No bootstrap required, opened a new log
I20260709 14:50:57.756513 12500 ts_tablet_manager.cc:1403] T e775f215a9424d058ccad9c517b5d6d7 P a9a6c37b639f48c0b37da475f7d6fafc: Time spent bootstrapping tablet: real 0.176s	user 0.015s	sys 0.023s
I20260709 14:50:57.767216 12501 tablet_bootstrap.cc:492] T 52af72b93b89422b99586e9749f664dc P fceca56222bc4dfaa68bdbdbb0e6c415: No bootstrap required, opened a new log
I20260709 14:50:57.767807 12501 ts_tablet_manager.cc:1403] T 52af72b93b89422b99586e9749f664dc P fceca56222bc4dfaa68bdbdbb0e6c415: Time spent bootstrapping tablet: real 0.139s	user 0.016s	sys 0.005s
I20260709 14:50:57.767210 12500 raft_consensus.cc:359] T e775f215a9424d058ccad9c517b5d6d7 P a9a6c37b639f48c0b37da475f7d6fafc [term 0 FOLLOWER]: Replica starting. Triggering 0 pending ops. Active config: opid_index: -1 OBSOLETE_local: false peers { permanent_uuid: "ba304fc3b6eb47cb8d6581c691a7847a" member_type: VOTER last_known_addr { host: "127.11.227.65" port: 41361 } } peers { permanent_uuid: "a9a6c37b639f48c0b37da475f7d6fafc" member_type: VOTER last_known_addr { host: "127.11.227.66" port: 42825 } } peers { permanent_uuid: "fceca56222bc4dfaa68bdbdbb0e6c415" member_type: VOTER last_known_addr { host: "127.11.227.67" port: 44251 } }
I20260709 14:50:57.768456 12500 raft_consensus.cc:385] T e775f215a9424d058ccad9c517b5d6d7 P a9a6c37b639f48c0b37da475f7d6fafc [term 0 FOLLOWER]: Consensus starting up: Expiring failure detector timer to make a prompt election more likely
I20260709 14:50:57.768811 12500 raft_consensus.cc:740] T e775f215a9424d058ccad9c517b5d6d7 P a9a6c37b639f48c0b37da475f7d6fafc [term 0 FOLLOWER]: Becoming Follower/Learner. State: Replica: a9a6c37b639f48c0b37da475f7d6fafc, State: Initialized, Role: FOLLOWER
I20260709 14:50:57.769779 12500 consensus_queue.cc:260] T e775f215a9424d058ccad9c517b5d6d7 P a9a6c37b639f48c0b37da475f7d6fafc [NON_LEADER]: Queue going to NON_LEADER mode. State: All replicated index: 0, Majority replicated index: 0, Committed index: 0, Last appended: 0.0, Last appended by leader: 0, Current term: 0, Majority size: -1, State: 0, Mode: NON_LEADER, active raft config: opid_index: -1 OBSOLETE_local: false peers { permanent_uuid: "ba304fc3b6eb47cb8d6581c691a7847a" member_type: VOTER last_known_addr { host: "127.11.227.65" port: 41361 } } peers { permanent_uuid: "a9a6c37b639f48c0b37da475f7d6fafc" member_type: VOTER last_known_addr { host: "127.11.227.66" port: 42825 } } peers { permanent_uuid: "fceca56222bc4dfaa68bdbdbb0e6c415" member_type: VOTER last_known_addr { host: "127.11.227.67" port: 44251 } }
I20260709 14:50:57.770565 12502 tablet_bootstrap.cc:492] T 369e9d6fe18b4cbf81c2592db905a263 P ba304fc3b6eb47cb8d6581c691a7847a: No bootstrap required, opened a new log
I20260709 14:50:57.771075 12502 ts_tablet_manager.cc:1403] T 369e9d6fe18b4cbf81c2592db905a263 P ba304fc3b6eb47cb8d6581c691a7847a: Time spent bootstrapping tablet: real 0.067s	user 0.016s	sys 0.000s
I20260709 14:50:57.771425 12501 raft_consensus.cc:359] T 52af72b93b89422b99586e9749f664dc P fceca56222bc4dfaa68bdbdbb0e6c415 [term 0 FOLLOWER]: Replica starting. Triggering 0 pending ops. Active config: opid_index: -1 OBSOLETE_local: false peers { permanent_uuid: "ba304fc3b6eb47cb8d6581c691a7847a" member_type: VOTER last_known_addr { host: "127.11.227.65" port: 41361 } } peers { permanent_uuid: "a9a6c37b639f48c0b37da475f7d6fafc" member_type: VOTER last_known_addr { host: "127.11.227.66" port: 42825 } } peers { permanent_uuid: "fceca56222bc4dfaa68bdbdbb0e6c415" member_type: VOTER last_known_addr { host: "127.11.227.67" port: 44251 } }
I20260709 14:50:57.772326 12501 raft_consensus.cc:385] T 52af72b93b89422b99586e9749f664dc P fceca56222bc4dfaa68bdbdbb0e6c415 [term 0 FOLLOWER]: Consensus starting up: Expiring failure detector timer to make a prompt election more likely
I20260709 14:50:57.772704 12501 raft_consensus.cc:740] T 52af72b93b89422b99586e9749f664dc P fceca56222bc4dfaa68bdbdbb0e6c415 [term 0 FOLLOWER]: Becoming Follower/Learner. State: Replica: fceca56222bc4dfaa68bdbdbb0e6c415, State: Initialized, Role: FOLLOWER
I20260709 14:50:57.773617 12501 consensus_queue.cc:260] T 52af72b93b89422b99586e9749f664dc P fceca56222bc4dfaa68bdbdbb0e6c415 [NON_LEADER]: Queue going to NON_LEADER mode. State: All replicated index: 0, Majority replicated index: 0, Committed index: 0, Last appended: 0.0, Last appended by leader: 0, Current term: 0, Majority size: -1, State: 0, Mode: NON_LEADER, active raft config: opid_index: -1 OBSOLETE_local: false peers { permanent_uuid: "ba304fc3b6eb47cb8d6581c691a7847a" member_type: VOTER last_known_addr { host: "127.11.227.65" port: 41361 } } peers { permanent_uuid: "a9a6c37b639f48c0b37da475f7d6fafc" member_type: VOTER last_known_addr { host: "127.11.227.66" port: 42825 } } peers { permanent_uuid: "fceca56222bc4dfaa68bdbdbb0e6c415" member_type: VOTER last_known_addr { host: "127.11.227.67" port: 44251 } }
I20260709 14:50:57.774782 12502 raft_consensus.cc:359] T 369e9d6fe18b4cbf81c2592db905a263 P ba304fc3b6eb47cb8d6581c691a7847a [term 0 FOLLOWER]: Replica starting. Triggering 0 pending ops. Active config: opid_index: -1 OBSOLETE_local: false peers { permanent_uuid: "ba304fc3b6eb47cb8d6581c691a7847a" member_type: VOTER last_known_addr { host: "127.11.227.65" port: 41361 } } peers { permanent_uuid: "a9a6c37b639f48c0b37da475f7d6fafc" member_type: VOTER last_known_addr { host: "127.11.227.66" port: 42825 } } peers { permanent_uuid: "fceca56222bc4dfaa68bdbdbb0e6c415" member_type: VOTER last_known_addr { host: "127.11.227.67" port: 44251 } }
I20260709 14:50:57.775602 12502 raft_consensus.cc:385] T 369e9d6fe18b4cbf81c2592db905a263 P ba304fc3b6eb47cb8d6581c691a7847a [term 0 FOLLOWER]: Consensus starting up: Expiring failure detector timer to make a prompt election more likely
