I20260709 14:51:18.603894 13118 raft_consensus.cc:2804] T 90df8110892c4649a9ecb8f379b73883 P 7dc2a7684393448bad7b8b4fa756a01e [term 1 FOLLOWER]: Leader election won for term 1
I20260709 14:51:18.604188 12792 raft_consensus.cc:2468] T 90df8110892c4649a9ecb8f379b73883 P 962f565d98c7440491ffca52997e0209 [term 1 FOLLOWER]: Leader election vote request: Granting yes vote for candidate 7dc2a7684393448bad7b8b4fa756a01e in term 1.
I20260709 14:51:18.604482 13118 raft_consensus.cc:697] T 90df8110892c4649a9ecb8f379b73883 P 7dc2a7684393448bad7b8b4fa756a01e [term 1 LEADER]: Becoming Leader. State: Replica: 7dc2a7684393448bad7b8b4fa756a01e, State: Running, Role: LEADER
I20260709 14:51:18.605439 12985 ts_tablet_manager.cc:1434] T 4d47c3294434423e94ea31afc748b6b6 P 8978bf436eaf4c6398608273ceba5d36: Time spent starting tablet: real 0.224s	user 0.005s	sys 0.000s
I20260709 14:51:18.606657 12985 tablet_bootstrap.cc:492] T 0af3d00746b84da698f26ee8804331db P 8978bf436eaf4c6398608273ceba5d36: Bootstrap starting.
I20260709 14:51:18.607983 12692 catalog_manager.cc:5697] T 4b9879c8749a461996d5ea1c3424fc6e P 7dc2a7684393448bad7b8b4fa756a01e reported cstate change: term changed from 0 to 1, leader changed from <none> to 7dc2a7684393448bad7b8b4fa756a01e (127.11.106.194). New cstate: current_term: 1 leader_uuid: "7dc2a7684393448bad7b8b4fa756a01e" committed_config { opid_index: -1 OBSOLETE_local: false peers { permanent_uuid: "962f565d98c7440491ffca52997e0209" member_type: VOTER last_known_addr { host: "127.11.106.193" port: 42119 } health_report { overall_health: UNKNOWN } } peers { permanent_uuid: "7dc2a7684393448bad7b8b4fa756a01e" member_type: VOTER last_known_addr { host: "127.11.106.194" port: 39399 } health_report { overall_health: HEALTHY } } peers { permanent_uuid: "8978bf436eaf4c6398608273ceba5d36" member_type: VOTER last_known_addr { host: "127.11.106.195" port: 33503 } health_report { overall_health: UNKNOWN } } }
I20260709 14:51:18.610065 12760 leader_election.cc:304] T 0ecf7246c6af4358bb01a30f097a9100 P 962f565d98c7440491ffca52997e0209 [CANDIDATE]: Term 1 pre-election: Election decided. Result: candidate lost. Election summary: received 3 responses out of 3 voters: 1 yes votes; 2 no votes. yes voters: 962f565d98c7440491ffca52997e0209; no voters: 7dc2a7684393448bad7b8b4fa756a01e, 8978bf436eaf4c6398608273ceba5d36
I20260709 14:51:18.611675 13092 raft_consensus.cc:3060] T 0ecf7246c6af4358bb01a30f097a9100 P 962f565d98c7440491ffca52997e0209 [term 0 FOLLOWER]: Advancing to term 1
I20260709 14:51:18.612208 13118 consensus_queue.cc:237] T 90df8110892c4649a9ecb8f379b73883 P 7dc2a7684393448bad7b8b4fa756a01e [LEADER]: Queue going to LEADER mode. State: All replicated index: 0, Majority replicated index: 0, Committed index: 0, Last appended: 0.0, Last appended by leader: 0, Current term: 1, Majority size: 2, State: 0, Mode: LEADER, active raft config: opid_index: -1 OBSOLETE_local: false peers { permanent_uuid: "962f565d98c7440491ffca52997e0209" member_type: VOTER last_known_addr { host: "127.11.106.193" port: 42119 } } peers { permanent_uuid: "7dc2a7684393448bad7b8b4fa756a01e" member_type: VOTER last_known_addr { host: "127.11.106.194" port: 39399 } } peers { permanent_uuid: "8978bf436eaf4c6398608273ceba5d36" member_type: VOTER last_known_addr { host: "127.11.106.195" port: 33503 } }
I20260709 14:51:18.617435 12985 tablet_bootstrap.cc:654] T 0af3d00746b84da698f26ee8804331db P 8978bf436eaf4c6398608273ceba5d36: Neither blocks nor log segments found. Creating new log.
I20260709 14:51:18.618064 13092 raft_consensus.cc:2749] T 0ecf7246c6af4358bb01a30f097a9100 P 962f565d98c7440491ffca52997e0209 [term 1 FOLLOWER]: Leader pre-election lost for term 1. Reason: could not achieve majority
I20260709 14:51:18.621418 12988 tablet_bootstrap.cc:492] T de6855178cb84b6f8aa3ed3859e3381b P 7dc2a7684393448bad7b8b4fa756a01e: No bootstrap required, opened a new log
I20260709 14:51:18.621836 12988 ts_tablet_manager.cc:1403] T de6855178cb84b6f8aa3ed3859e3381b P 7dc2a7684393448bad7b8b4fa756a01e: Time spent bootstrapping tablet: real 0.047s	user 0.009s	sys 0.001s
I20260709 14:51:18.625560 12988 raft_consensus.cc:359] T de6855178cb84b6f8aa3ed3859e3381b P 7dc2a7684393448bad7b8b4fa756a01e [term 0 FOLLOWER]: Replica starting. Triggering 0 pending ops. Active config: opid_index: -1 OBSOLETE_local: false peers { permanent_uuid: "962f565d98c7440491ffca52997e0209" member_type: VOTER last_known_addr { host: "127.11.106.193" port: 42119 } } peers { permanent_uuid: "7dc2a7684393448bad7b8b4fa756a01e" member_type: VOTER last_known_addr { host: "127.11.106.194" port: 39399 } } peers { permanent_uuid: "8978bf436eaf4c6398608273ceba5d36" member_type: VOTER last_known_addr { host: "127.11.106.195" port: 33503 } }
I20260709 14:51:18.626164 12988 raft_consensus.cc:385] T de6855178cb84b6f8aa3ed3859e3381b P 7dc2a7684393448bad7b8b4fa756a01e [term 0 FOLLOWER]: Consensus starting up: Expiring failure detector timer to make a prompt election more likely
I20260709 14:51:18.626405 12988 raft_consensus.cc:740] T de6855178cb84b6f8aa3ed3859e3381b P 7dc2a7684393448bad7b8b4fa756a01e [term 0 FOLLOWER]: Becoming Follower/Learner. State: Replica: 7dc2a7684393448bad7b8b4fa756a01e, State: Initialized, Role: FOLLOWER
W20260709 14:51:18.430639 12909 consensus_peers.cc:597] T e7eb21221a7c41af9e389abf1799db48 P 8978bf436eaf4c6398608273ceba5d36 -> Peer 962f565d98c7440491ffca52997e0209 (127.11.106.193:42119): Couldn't send request to peer 962f565d98c7440491ffca52997e0209. Error code: TABLET_NOT_RUNNING (12). Status: Illegal state: Tablet not RUNNING: INITIALIZED. This is attempt 1: this message will repeat every 5th retry.
W20260709 14:51:18.626930 12909 outbound_call.cc:321] RPC callback for RPC call kudu.consensus.ConsensusService.UpdateConsensus -> {remote=127.11.106.193:42119, user_credentials={real_user=slave}} blocked reactor thread for 196350us
I20260709 14:51:18.631207 12789 tablet_service.cc:1917] Received RequestConsensusVote() RPC: tablet_id: "0af3d00746b84da698f26ee8804331db" candidate_uuid: "7dc2a7684393448bad7b8b4fa756a01e" candidate_term: 1 candidate_status { last_received { term: 0 index: 0 } } ignore_live_leader: false dest_uuid: "962f565d98c7440491ffca52997e0209" is_pre_election: true
I20260709 14:51:18.633052 13035 consensus_queue.cc:1048] T 80647396b7f8422aa97f5656c8272ed4 P 7dc2a7684393448bad7b8b4fa756a01e [LEADER]: Connected to new peer: Peer: permanent_uuid: "962f565d98c7440491ffca52997e0209" member_type: VOTER last_known_addr { host: "127.11.106.193" port: 42119 }, Status: LMP_MISMATCH, Last received: 0.0, Next index: 1, Last known committed idx: 0, Time since last communication: 0.000s
I20260709 14:51:18.633942 12986 tablet_bootstrap.cc:492] T e7eb21221a7c41af9e389abf1799db48 P 962f565d98c7440491ffca52997e0209: Bootstrap starting.
W20260709 14:51:18.635326 12835 leader_election.cc:343] T 0af3d00746b84da698f26ee8804331db P 7dc2a7684393448bad7b8b4fa756a01e [CANDIDATE]: Term 1 pre-election: Tablet error from VoteRequest() call to peer 962f565d98c7440491ffca52997e0209 (127.11.106.193:42119): Illegal state: must be running to vote when last-logged opid is not known
I20260709 14:51:18.627009 12988 consensus_queue.cc:260] T de6855178cb84b6f8aa3ed3859e3381b P 7dc2a7684393448bad7b8b4fa756a01e [NON_LEADER]: Queue going to NON_LEADER mode. State: All replicated index: 0, Majority replicated index: 0, Committed index: 0, Last appended: 0.0, Last appended by leader: 0, Current term: 0, Majority size: -1, State: 0, Mode: NON_LEADER, active raft config: opid_index: -1 OBSOLETE_local: false peers { permanent_uuid: "962f565d98c7440491ffca52997e0209" member_type: VOTER last_known_addr { host: "127.11.106.193" port: 42119 } } peers { permanent_uuid: "7dc2a7684393448bad7b8b4fa756a01e" member_type: VOTER last_known_addr { host: "127.11.106.194" port: 39399 } } peers { permanent_uuid: "8978bf436eaf4c6398608273ceba5d36" member_type: VOTER last_known_addr { host: "127.11.106.195" port: 33503 } }
I20260709 14:51:18.635710 12835 leader_election.cc:304] T 0af3d00746b84da698f26ee8804331db P 7dc2a7684393448bad7b8b4fa756a01e [CANDIDATE]: Term 1 pre-election: Election decided. Result: candidate lost. Election summary: received 3 responses out of 3 voters: 1 yes votes; 2 no votes. yes voters: 7dc2a7684393448bad7b8b4fa756a01e; no voters: 8978bf436eaf4c6398608273ceba5d36, 962f565d98c7440491ffca52997e0209
I20260709 14:51:18.639227 13123 consensus_queue.cc:1048] T e7eb21221a7c41af9e389abf1799db48 P 8978bf436eaf4c6398608273ceba5d36 [LEADER]: Connected to new peer: Peer: permanent_uuid: "7dc2a7684393448bad7b8b4fa756a01e" member_type: VOTER last_known_addr { host: "127.11.106.194" port: 39399 }, Status: LMP_MISMATCH, Last received: 0.0, Next index: 1, Last known committed idx: 0, Time since last communication: 0.000s
I20260709 14:51:18.640411 13123 consensus_queue.cc:1048] T 8740d9c775b04573badffc041dcd1d14 P 8978bf436eaf4c6398608273ceba5d36 [LEADER]: Connected to new peer: Peer: permanent_uuid: "7dc2a7684393448bad7b8b4fa756a01e" member_type: VOTER last_known_addr { host: "127.11.106.194" port: 39399 }, Status: LMP_MISMATCH, Last received: 0.0, Next index: 1, Last known committed idx: 0, Time since last communication: 0.000s
I20260709 14:51:18.640954 13200 raft_consensus.cc:2749] T 0af3d00746b84da698f26ee8804331db P 7dc2a7684393448bad7b8b4fa756a01e [term 0 FOLLOWER]: Leader pre-election lost for term 1. Reason: could not achieve majority
I20260709 14:51:18.643838 13035 raft_consensus.cc:493] T de6855178cb84b6f8aa3ed3859e3381b P 7dc2a7684393448bad7b8b4fa756a01e [term 0 FOLLOWER]: Starting pre-election (no leader contacted us within the election timeout)
I20260709 14:51:18.643891 12797 tablet_service.cc:1917] Received RequestConsensusVote() RPC: tablet_id: "90df8110892c4649a9ecb8f379b73883" candidate_uuid: "7dc2a7684393448bad7b8b4fa756a01e" candidate_term: 1 candidate_status { last_received { term: 0 index: 0 } } ignore_live_leader: false dest_uuid: "962f565d98c7440491ffca52997e0209" is_pre_election: true
I20260709 14:51:18.644649 12985 tablet_bootstrap.cc:492] T 0af3d00746b84da698f26ee8804331db P 8978bf436eaf4c6398608273ceba5d36: No bootstrap required, opened a new log
I20260709 14:51:18.644523 12797 raft_consensus.cc:2376] T 90df8110892c4649a9ecb8f379b73883 P 962f565d98c7440491ffca52997e0209 [term 1 FOLLOWER]: Leader pre-election vote request: Already granted yes vote for candidate 7dc2a7684393448bad7b8b4fa756a01e in term 1. Re-sending same reply.
I20260709 14:51:18.644377 13035 raft_consensus.cc:515] T de6855178cb84b6f8aa3ed3859e3381b P 7dc2a7684393448bad7b8b4fa756a01e [term 0 FOLLOWER]: Starting pre-election with config: opid_index: -1 OBSOLETE_local: false peers { permanent_uuid: "962f565d98c7440491ffca52997e0209" member_type: VOTER last_known_addr { host: "127.11.106.193" port: 42119 } } peers { permanent_uuid: "7dc2a7684393448bad7b8b4fa756a01e" member_type: VOTER last_known_addr { host: "127.11.106.194" port: 39399 } } peers { permanent_uuid: "8978bf436eaf4c6398608273ceba5d36" member_type: VOTER last_known_addr { host: "127.11.106.195" port: 33503 } }
I20260709 14:51:18.645057 12985 ts_tablet_manager.cc:1403] T 0af3d00746b84da698f26ee8804331db P 8978bf436eaf4c6398608273ceba5d36: Time spent bootstrapping tablet: real 0.039s	user 0.009s	sys 0.000s
I20260709 14:51:18.645821 12986 tablet_bootstrap.cc:654] T e7eb21221a7c41af9e389abf1799db48 P 962f565d98c7440491ffca52997e0209: Neither blocks nor log segments found. Creating new log.
I20260709 14:51:18.646345 13035 leader_election.cc:290] T de6855178cb84b6f8aa3ed3859e3381b P 7dc2a7684393448bad7b8b4fa756a01e [CANDIDATE]: Term 1 pre-election: Requested pre-vote from peers 962f565d98c7440491ffca52997e0209 (127.11.106.193:42119), 8978bf436eaf4c6398608273ceba5d36 (127.11.106.195:33503)
I20260709 14:51:18.647444 12985 raft_consensus.cc:359] T 0af3d00746b84da698f26ee8804331db P 8978bf436eaf4c6398608273ceba5d36 [term 0 FOLLOWER]: Replica starting. Triggering 0 pending ops. Active config: opid_index: -1 OBSOLETE_local: false peers { permanent_uuid: "962f565d98c7440491ffca52997e0209" member_type: VOTER last_known_addr { host: "127.11.106.193" port: 42119 } } peers { permanent_uuid: "7dc2a7684393448bad7b8b4fa756a01e" member_type: VOTER last_known_addr { host: "127.11.106.194" port: 39399 } } peers { permanent_uuid: "8978bf436eaf4c6398608273ceba5d36" member_type: VOTER last_known_addr { host: "127.11.106.195" port: 33503 } }
I20260709 14:51:18.648056 12985 raft_consensus.cc:385] T 0af3d00746b84da698f26ee8804331db P 8978bf436eaf4c6398608273ceba5d36 [term 0 FOLLOWER]: Consensus starting up: Expiring failure detector timer to make a prompt election more likely
I20260709 14:51:18.648317 12985 raft_consensus.cc:740] T 0af3d00746b84da698f26ee8804331db P 8978bf436eaf4c6398608273ceba5d36 [term 0 FOLLOWER]: Becoming Follower/Learner. State: Replica: 8978bf436eaf4c6398608273ceba5d36, State: Initialized, Role: FOLLOWER
I20260709 14:51:18.648815 12941 tablet_service.cc:1917] Received RequestConsensusVote() RPC: tablet_id: "de6855178cb84b6f8aa3ed3859e3381b" candidate_uuid: "7dc2a7684393448bad7b8b4fa756a01e" candidate_term: 1 candidate_status { last_received { term: 0 index: 0 } } ignore_live_leader: false dest_uuid: "8978bf436eaf4c6398608273ceba5d36" is_pre_election: true
I20260709 14:51:18.653723 12793 tablet_service.cc:1917] Received RequestConsensusVote() RPC: tablet_id: "de6855178cb84b6f8aa3ed3859e3381b" candidate_uuid: "7dc2a7684393448bad7b8b4fa756a01e" candidate_term: 1 candidate_status { last_received { term: 0 index: 0 } } ignore_live_leader: false dest_uuid: "962f565d98c7440491ffca52997e0209" is_pre_election: true
W20260709 14:51:18.663841 12835 leader_election.cc:343] T de6855178cb84b6f8aa3ed3859e3381b P 7dc2a7684393448bad7b8b4fa756a01e [CANDIDATE]: Term 1 pre-election: Tablet error from VoteRequest() call to peer 8978bf436eaf4c6398608273ceba5d36 (127.11.106.195:33503): Illegal state: must be running to vote when last-logged opid is not known
I20260709 14:51:18.663846 12985 consensus_queue.cc:260] T 0af3d00746b84da698f26ee8804331db P 8978bf436eaf4c6398608273ceba5d36 [NON_LEADER]: Queue going to NON_LEADER mode. State: All replicated index: 0, Majority replicated index: 0, Committed index: 0, Last appended: 0.0, Last appended by leader: 0, Current term: 0, Majority size: -1, State: 0, Mode: NON_LEADER, active raft config: opid_index: -1 OBSOLETE_local: false peers { permanent_uuid: "962f565d98c7440491ffca52997e0209" member_type: VOTER last_known_addr { host: "127.11.106.193" port: 42119 } } peers { permanent_uuid: "7dc2a7684393448bad7b8b4fa756a01e" member_type: VOTER last_known_addr { host: "127.11.106.194" port: 39399 } } peers { permanent_uuid: "8978bf436eaf4c6398608273ceba5d36" member_type: VOTER last_known_addr { host: "127.11.106.195" port: 33503 } }
W20260709 14:51:18.664986 12835 leader_election.cc:343] T de6855178cb84b6f8aa3ed3859e3381b P 7dc2a7684393448bad7b8b4fa756a01e [CANDIDATE]: Term 1 pre-election: Tablet error from VoteRequest() call to peer 962f565d98c7440491ffca52997e0209 (127.11.106.193:42119): Illegal state: must be running to vote when last-logged opid is not known
I20260709 14:51:18.665340 12835 leader_election.cc:304] T de6855178cb84b6f8aa3ed3859e3381b P 7dc2a7684393448bad7b8b4fa756a01e [CANDIDATE]: Term 1 pre-election: Election decided. Result: candidate lost. Election summary: received 3 responses out of 3 voters: 1 yes votes; 2 no votes. yes voters: 7dc2a7684393448bad7b8b4fa756a01e; no voters: 8978bf436eaf4c6398608273ceba5d36, 962f565d98c7440491ffca52997e0209
I20260709 14:51:18.642629 12988 ts_tablet_manager.cc:1434] T de6855178cb84b6f8aa3ed3859e3381b P 7dc2a7684393448bad7b8b4fa756a01e: Time spent starting tablet: real 0.021s	user 0.005s	sys 0.001s
I20260709 14:51:18.666437 12985 ts_tablet_manager.cc:1434] T 0af3d00746b84da698f26ee8804331db P 8978bf436eaf4c6398608273ceba5d36: Time spent starting tablet: real 0.021s	user 0.004s	sys 0.002s
I20260709 14:51:18.667070 12988 tablet_bootstrap.cc:492] T 5625a94059dc44389ccc8e559700accf P 7dc2a7684393448bad7b8b4fa756a01e: Bootstrap starting.
I20260709 14:51:18.667203 12985 tablet_bootstrap.cc:492] T f187ad5489e14f6c9f4f93c2bff3813b P 8978bf436eaf4c6398608273ceba5d36: Bootstrap starting.
I20260709 14:51:18.668744 13090 raft_consensus.cc:515] T 428245cbb58c436692105e0b11b45b38 P 8978bf436eaf4c6398608273ceba5d36 [term 2 FOLLOWER]: Starting leader election with config: opid_index: -1 OBSOLETE_local: false peers { permanent_uuid: "962f565d98c7440491ffca52997e0209" member_type: VOTER last_known_addr { host: "127.11.106.193" port: 42119 } } peers { permanent_uuid: "7dc2a7684393448bad7b8b4fa756a01e" member_type: VOTER last_known_addr { host: "127.11.106.194" port: 39399 } } peers { permanent_uuid: "8978bf436eaf4c6398608273ceba5d36" member_type: VOTER last_known_addr { host: "127.11.106.195" port: 33503 } }
I20260709 14:51:18.672916 12985 tablet_bootstrap.cc:654] T f187ad5489e14f6c9f4f93c2bff3813b P 8978bf436eaf4c6398608273ceba5d36: Neither blocks nor log segments found. Creating new log.
I20260709 14:51:18.673310 12988 tablet_bootstrap.cc:654] T 5625a94059dc44389ccc8e559700accf P 7dc2a7684393448bad7b8b4fa756a01e: Neither blocks nor log segments found. Creating new log.
I20260709 14:51:18.674736 12691 catalog_manager.cc:5697] T 90df8110892c4649a9ecb8f379b73883 P 7dc2a7684393448bad7b8b4fa756a01e reported cstate change: term changed from 0 to 1, leader changed from <none> to 7dc2a7684393448bad7b8b4fa756a01e (127.11.106.194). New cstate: current_term: 1 leader_uuid: "7dc2a7684393448bad7b8b4fa756a01e" committed_config { opid_index: -1 OBSOLETE_local: false peers { permanent_uuid: "962f565d98c7440491ffca52997e0209" member_type: VOTER last_known_addr { host: "127.11.106.193" port: 42119 } health_report { overall_health: UNKNOWN } } peers { permanent_uuid: "7dc2a7684393448bad7b8b4fa756a01e" member_type: VOTER last_known_addr { host: "127.11.106.194" port: 39399 } health_report { overall_health: HEALTHY } } peers { permanent_uuid: "8978bf436eaf4c6398608273ceba5d36" member_type: VOTER last_known_addr { host: "127.11.106.195" port: 33503 } health_report { overall_health: UNKNOWN } } }
I20260709 14:51:18.677366 13090 leader_election.cc:290] T 428245cbb58c436692105e0b11b45b38 P 8978bf436eaf4c6398608273ceba5d36 [CANDIDATE]: Term 2 election: Requested vote from peers 962f565d98c7440491ffca52997e0209 (127.11.106.193:42119), 7dc2a7684393448bad7b8b4fa756a01e (127.11.106.194:39399)
I20260709 14:51:18.687005 12986 tablet_bootstrap.cc:492] T e7eb21221a7c41af9e389abf1799db48 P 962f565d98c7440491ffca52997e0209: No bootstrap required, opened a new log
I20260709 14:51:18.687528 12986 ts_tablet_manager.cc:1403] T e7eb21221a7c41af9e389abf1799db48 P 962f565d98c7440491ffca52997e0209: Time spent bootstrapping tablet: real 0.054s	user 0.009s	sys 0.001s
I20260709 14:51:18.690104 12986 raft_consensus.cc:359] T e7eb21221a7c41af9e389abf1799db48 P 962f565d98c7440491ffca52997e0209 [term 0 FOLLOWER]: Replica starting. Triggering 0 pending ops. Active config: opid_index: -1 OBSOLETE_local: false peers { permanent_uuid: "962f565d98c7440491ffca52997e0209" member_type: VOTER last_known_addr { host: "127.11.106.193" port: 42119 } } peers { permanent_uuid: "7dc2a7684393448bad7b8b4fa756a01e" member_type: VOTER last_known_addr { host: "127.11.106.194" port: 39399 } } peers { permanent_uuid: "8978bf436eaf4c6398608273ceba5d36" member_type: VOTER last_known_addr { host: "127.11.106.195" port: 33503 } }
I20260709 14:51:18.660808 13218 raft_consensus.cc:493] T 3990d75ac4974c65801d0e5d72c2c8d9 P 8978bf436eaf4c6398608273ceba5d36 [term 1 FOLLOWER]: Starting pre-election (detected failure of leader 7dc2a7684393448bad7b8b4fa756a01e)
I20260709 14:51:18.666069 13118 raft_consensus.cc:2749] T de6855178cb84b6f8aa3ed3859e3381b P 7dc2a7684393448bad7b8b4fa756a01e [term 0 FOLLOWER]: Leader pre-election lost for term 1. Reason: could not achieve majority
I20260709 14:51:18.690734 12986 raft_consensus.cc:385] T e7eb21221a7c41af9e389abf1799db48 P 962f565d98c7440491ffca52997e0209 [term 0 FOLLOWER]: Consensus starting up: Expiring failure detector timer to make a prompt election more likely
I20260709 14:51:18.691461 12986 raft_consensus.cc:740] T e7eb21221a7c41af9e389abf1799db48 P 962f565d98c7440491ffca52997e0209 [term 0 FOLLOWER]: Becoming Follower/Learner. State: Replica: 962f565d98c7440491ffca52997e0209, State: Initialized, Role: FOLLOWER
I20260709 14:51:18.692083 12986 consensus_queue.cc:260] T e7eb21221a7c41af9e389abf1799db48 P 962f565d98c7440491ffca52997e0209 [NON_LEADER]: Queue going to NON_LEADER mode. State: All replicated index: 0, Majority replicated index: 0, Committed index: 0, Last appended: 0.0, Last appended by leader: 0, Current term: 0, Majority size: -1, State: 0, Mode: NON_LEADER, active raft config: opid_index: -1 OBSOLETE_local: false peers { permanent_uuid: "962f565d98c7440491ffca52997e0209" member_type: VOTER last_known_addr { host: "127.11.106.193" port: 42119 } } peers { permanent_uuid: "7dc2a7684393448bad7b8b4fa756a01e" member_type: VOTER last_known_addr { host: "127.11.106.194" port: 39399 } } peers { permanent_uuid: "8978bf436eaf4c6398608273ceba5d36" member_type: VOTER last_known_addr { host: "127.11.106.195" port: 33503 } }
I20260709 14:51:18.694128 12986 ts_tablet_manager.cc:1434] T e7eb21221a7c41af9e389abf1799db48 P 962f565d98c7440491ffca52997e0209: Time spent starting tablet: real 0.006s	user 0.005s	sys 0.000s
I20260709 14:51:18.695009 12986 tablet_bootstrap.cc:492] T de6855178cb84b6f8aa3ed3859e3381b P 962f565d98c7440491ffca52997e0209: Bootstrap starting.
I20260709 14:51:18.697521 13118 raft_consensus.cc:493] T 3990d75ac4974c65801d0e5d72c2c8d9 P 7dc2a7684393448bad7b8b4fa756a01e [term 2 FOLLOWER]: Starting pre-election (no leader contacted us within the election timeout)
I20260709 14:51:18.697983 13118 raft_consensus.cc:515] T 3990d75ac4974c65801d0e5d72c2c8d9 P 7dc2a7684393448bad7b8b4fa756a01e [term 2 FOLLOWER]: Starting pre-election with config: opid_index: -1 OBSOLETE_local: false peers { permanent_uuid: "962f565d98c7440491ffca52997e0209" member_type: VOTER last_known_addr { host: "127.11.106.193" port: 42119 } } peers { permanent_uuid: "7dc2a7684393448bad7b8b4fa756a01e" member_type: VOTER last_known_addr { host: "127.11.106.194" port: 39399 } } peers { permanent_uuid: "8978bf436eaf4c6398608273ceba5d36" member_type: VOTER last_known_addr { host: "127.11.106.195" port: 33503 } }
I20260709 14:51:18.699812 13118 leader_election.cc:290] T 3990d75ac4974c65801d0e5d72c2c8d9 P 7dc2a7684393448bad7b8b4fa756a01e [CANDIDATE]: Term 3 pre-election: Requested pre-vote from peers 962f565d98c7440491ffca52997e0209 (127.11.106.193:42119), 8978bf436eaf4c6398608273ceba5d36 (127.11.106.195:33503)
I20260709 14:51:18.700219 12986 tablet_bootstrap.cc:654] T de6855178cb84b6f8aa3ed3859e3381b P 962f565d98c7440491ffca52997e0209: Neither blocks nor log segments found. Creating new log.
I20260709 14:51:18.704361 12793 tablet_service.cc:1917] Received RequestConsensusVote() RPC: tablet_id: "3990d75ac4974c65801d0e5d72c2c8d9" candidate_uuid: "7dc2a7684393448bad7b8b4fa756a01e" candidate_term: 3 candidate_status { last_received { term: 1 index: 1 } } ignore_live_leader: false dest_uuid: "962f565d98c7440491ffca52997e0209" is_pre_election: true
I20260709 14:51:18.704980 12793 raft_consensus.cc:2468] T 3990d75ac4974c65801d0e5d72c2c8d9 P 962f565d98c7440491ffca52997e0209 [term 2 FOLLOWER]: Leader pre-election vote request: Granting yes vote for candidate 7dc2a7684393448bad7b8b4fa756a01e in term 2.
I20260709 14:51:18.708495 12835 leader_election.cc:304] T 3990d75ac4974c65801d0e5d72c2c8d9 P 7dc2a7684393448bad7b8b4fa756a01e [CANDIDATE]: Term 3 pre-election: Election decided. Result: candidate won. Election summary: received 2 responses out of 3 voters: 2 yes votes; 0 no votes. yes voters: 7dc2a7684393448bad7b8b4fa756a01e, 962f565d98c7440491ffca52997e0209; no voters: 
I20260709 14:51:18.709507 12941 tablet_service.cc:1917] Received RequestConsensusVote() RPC: tablet_id: "3990d75ac4974c65801d0e5d72c2c8d9" candidate_uuid: "7dc2a7684393448bad7b8b4fa756a01e" candidate_term: 3 candidate_status { last_received { term: 1 index: 1 } } ignore_live_leader: false dest_uuid: "8978bf436eaf4c6398608273ceba5d36" is_pre_election: true
I20260709 14:51:18.713107 13118 raft_consensus.cc:2804] T 3990d75ac4974c65801d0e5d72c2c8d9 P 7dc2a7684393448bad7b8b4fa756a01e [term 2 FOLLOWER]: Leader pre-election won for term 3
I20260709 14:51:18.713533 13118 raft_consensus.cc:493] T 3990d75ac4974c65801d0e5d72c2c8d9 P 7dc2a7684393448bad7b8b4fa756a01e [term 2 FOLLOWER]: Starting leader election (no leader contacted us within the election timeout)
I20260709 14:51:18.713912 13118 raft_consensus.cc:3060] T 3990d75ac4974c65801d0e5d72c2c8d9 P 7dc2a7684393448bad7b8b4fa756a01e [term 2 FOLLOWER]: Advancing to term 3
I20260709 14:51:18.713990 13218 raft_consensus.cc:515] T 3990d75ac4974c65801d0e5d72c2c8d9 P 8978bf436eaf4c6398608273ceba5d36 [term 1 FOLLOWER]: Starting pre-election with config: opid_index: -1 OBSOLETE_local: false peers { permanent_uuid: "962f565d98c7440491ffca52997e0209" member_type: VOTER last_known_addr { host: "127.11.106.193" port: 42119 } } peers { permanent_uuid: "7dc2a7684393448bad7b8b4fa756a01e" member_type: VOTER last_known_addr { host: "127.11.106.194" port: 39399 } } peers { permanent_uuid: "8978bf436eaf4c6398608273ceba5d36" member_type: VOTER last_known_addr { host: "127.11.106.195" port: 33503 } }
I20260709 14:51:18.716117 13218 leader_election.cc:290] T 3990d75ac4974c65801d0e5d72c2c8d9 P 8978bf436eaf4c6398608273ceba5d36 [CANDIDATE]: Term 2 pre-election: Requested pre-vote from peers 962f565d98c7440491ffca52997e0209 (127.11.106.193:42119), 7dc2a7684393448bad7b8b4fa756a01e (127.11.106.194:39399)
I20260709 14:51:18.716621 12941 raft_consensus.cc:2468] T 3990d75ac4974c65801d0e5d72c2c8d9 P 8978bf436eaf4c6398608273ceba5d36 [term 1 FOLLOWER]: Leader pre-election vote request: Granting yes vote for candidate 7dc2a7684393448bad7b8b4fa756a01e in term 1.
W20260709 14:51:18.732977 12909 outbound_call.cc:321] RPC callback for RPC call kudu.consensus.ConsensusService.UpdateConsensus -> {remote=127.11.106.194:39399, user_credentials={real_user=slave}} blocked reactor thread for 77207.8us
I20260709 14:51:18.733003 13118 raft_consensus.cc:515] T 3990d75ac4974c65801d0e5d72c2c8d9 P 7dc2a7684393448bad7b8b4fa756a01e [term 3 FOLLOWER]: Starting leader election with config: opid_index: -1 OBSOLETE_local: false peers { permanent_uuid: "962f565d98c7440491ffca52997e0209" member_type: VOTER last_known_addr { host: "127.11.106.193" port: 42119 } } peers { permanent_uuid: "7dc2a7684393448bad7b8b4fa756a01e" member_type: VOTER last_known_addr { host: "127.11.106.194" port: 39399 } } peers { permanent_uuid: "8978bf436eaf4c6398608273ceba5d36" member_type: VOTER last_known_addr { host: "127.11.106.195" port: 33503 } }
I20260709 14:51:18.735932 12793 tablet_service.cc:1917] Received RequestConsensusVote() RPC: tablet_id: "3990d75ac4974c65801d0e5d72c2c8d9" candidate_uuid: "7dc2a7684393448bad7b8b4fa756a01e" candidate_term: 3 candidate_status { last_received { term: 1 index: 1 } } ignore_live_leader: false dest_uuid: "962f565d98c7440491ffca52997e0209"
I20260709 14:51:18.736464 12793 raft_consensus.cc:3060] T 3990d75ac4974c65801d0e5d72c2c8d9 P 962f565d98c7440491ffca52997e0209 [term 2 FOLLOWER]: Advancing to term 3
I20260709 14:51:18.738269 12989 consensus_queue.cc:1048] T 8740d9c775b04573badffc041dcd1d14 P 8978bf436eaf4c6398608273ceba5d36 [LEADER]: Connected to new peer: Peer: permanent_uuid: "962f565d98c7440491ffca52997e0209" member_type: VOTER last_known_addr { host: "127.11.106.193" port: 42119 }, Status: LMP_MISMATCH, Last received: 0.0, Next index: 1, Last known committed idx: 0, Time since last communication: 0.000s
I20260709 14:51:18.747792 12985 tablet_bootstrap.cc:492] T f187ad5489e14f6c9f4f93c2bff3813b P 8978bf436eaf4c6398608273ceba5d36: No bootstrap required, opened a new log
I20260709 14:51:18.747819 12870 tablet_service.cc:1917] Received RequestConsensusVote() RPC: tablet_id: "428245cbb58c436692105e0b11b45b38" candidate_uuid: "8978bf436eaf4c6398608273ceba5d36" candidate_term: 2 candidate_status { last_received { term: 0 index: 0 } } ignore_live_leader: false dest_uuid: "7dc2a7684393448bad7b8b4fa756a01e"
I20260709 14:51:18.748306 12985 ts_tablet_manager.cc:1403] T f187ad5489e14f6c9f4f93c2bff3813b P 8978bf436eaf4c6398608273ceba5d36: Time spent bootstrapping tablet: real 0.081s	user 0.028s	sys 0.016s
I20260709 14:51:18.749469 12870 raft_consensus.cc:3060] T 428245cbb58c436692105e0b11b45b38 P 7dc2a7684393448bad7b8b4fa756a01e [term 1 FOLLOWER]: Advancing to term 2
I20260709 14:51:18.749571 12794 tablet_service.cc:1917] Received RequestConsensusVote() RPC: tablet_id: "428245cbb58c436692105e0b11b45b38" candidate_uuid: "8978bf436eaf4c6398608273ceba5d36" candidate_term: 2 candidate_status { last_received { term: 0 index: 0 } } ignore_live_leader: false dest_uuid: "962f565d98c7440491ffca52997e0209"
I20260709 14:51:18.750125 12794 raft_consensus.cc:3060] T 428245cbb58c436692105e0b11b45b38 P 962f565d98c7440491ffca52997e0209 [term 1 FOLLOWER]: Advancing to term 2
I20260709 14:51:18.750754 12985 raft_consensus.cc:359] T f187ad5489e14f6c9f4f93c2bff3813b P 8978bf436eaf4c6398608273ceba5d36 [term 0 FOLLOWER]: Replica starting. Triggering 0 pending ops. Active config: opid_index: -1 OBSOLETE_local: false peers { permanent_uuid: "962f565d98c7440491ffca52997e0209" member_type: VOTER last_known_addr { host: "127.11.106.193" port: 42119 } } peers { permanent_uuid: "7dc2a7684393448bad7b8b4fa756a01e" member_type: VOTER last_known_addr { host: "127.11.106.194" port: 39399 } } peers { permanent_uuid: "8978bf436eaf4c6398608273ceba5d36" member_type: VOTER last_known_addr { host: "127.11.106.195" port: 33503 } }
I20260709 14:51:18.751369 12985 raft_consensus.cc:385] T f187ad5489e14f6c9f4f93c2bff3813b P 8978bf436eaf4c6398608273ceba5d36 [term 0 FOLLOWER]: Consensus starting up: Expiring failure detector timer to make a prompt election more likely
I20260709 14:51:18.751609 12985 raft_consensus.cc:740] T f187ad5489e14f6c9f4f93c2bff3813b P 8978bf436eaf4c6398608273ceba5d36 [term 0 FOLLOWER]: Becoming Follower/Learner. State: Replica: 8978bf436eaf4c6398608273ceba5d36, State: Initialized, Role: FOLLOWER
I20260709 14:51:18.752202 12985 consensus_queue.cc:260] T f187ad5489e14f6c9f4f93c2bff3813b P 8978bf436eaf4c6398608273ceba5d36 [NON_LEADER]: Queue going to NON_LEADER mode. State: All replicated index: 0, Majority replicated index: 0, Committed index: 0, Last appended: 0.0, Last appended by leader: 0, Current term: 0, Majority size: -1, State: 0, Mode: NON_LEADER, active raft config: opid_index: -1 OBSOLETE_local: false peers { permanent_uuid: "962f565d98c7440491ffca52997e0209" member_type: VOTER last_known_addr { host: "127.11.106.193" port: 42119 } } peers { permanent_uuid: "7dc2a7684393448bad7b8b4fa756a01e" member_type: VOTER last_known_addr { host: "127.11.106.194" port: 39399 } } peers { permanent_uuid: "8978bf436eaf4c6398608273ceba5d36" member_type: VOTER last_known_addr { host: "127.11.106.195" port: 33503 } }
I20260709 14:51:18.752931 12789 tablet_service.cc:1917] Received RequestConsensusVote() RPC: tablet_id: "3990d75ac4974c65801d0e5d72c2c8d9" candidate_uuid: "8978bf436eaf4c6398608273ceba5d36" candidate_term: 2 candidate_status { last_received { term: 1 index: 1 } } ignore_live_leader: false dest_uuid: "962f565d98c7440491ffca52997e0209" is_pre_election: true
I20260709 14:51:18.755550 12869 tablet_service.cc:1917] Received RequestConsensusVote() RPC: tablet_id: "3990d75ac4974c65801d0e5d72c2c8d9" candidate_uuid: "8978bf436eaf4c6398608273ceba5d36" candidate_term: 2 candidate_status { last_received { term: 1 index: 1 } } ignore_live_leader: false dest_uuid: "7dc2a7684393448bad7b8b4fa756a01e" is_pre_election: true
I20260709 14:51:18.756239 13221 raft_consensus.cc:493] T 375c9c41c5c7404f959bc81111f1c392 P 8978bf436eaf4c6398608273ceba5d36 [term 1 FOLLOWER]: Starting pre-election (no leader contacted us within the election timeout)
I20260709 14:51:18.756774 13221 raft_consensus.cc:515] T 375c9c41c5c7404f959bc81111f1c392 P 8978bf436eaf4c6398608273ceba5d36 [term 1 FOLLOWER]: Starting pre-election with config: opid_index: -1 OBSOLETE_local: false peers { permanent_uuid: "962f565d98c7440491ffca52997e0209" member_type: VOTER last_known_addr { host: "127.11.106.193" port: 42119 } } peers { permanent_uuid: "7dc2a7684393448bad7b8b4fa756a01e" member_type: VOTER last_known_addr { host: "127.11.106.194" port: 39399 } } peers { permanent_uuid: "8978bf436eaf4c6398608273ceba5d36" member_type: VOTER last_known_addr { host: "127.11.106.195" port: 33503 } }
I20260709 14:51:18.757445 12985 ts_tablet_manager.cc:1434] T f187ad5489e14f6c9f4f93c2bff3813b P 8978bf436eaf4c6398608273ceba5d36: Time spent starting tablet: real 0.009s	user 0.005s	sys 0.000s
I20260709 14:51:18.758263 12985 tablet_bootstrap.cc:492] T b265b9c47aa4424bb89be4d9599ff5b7 P 8978bf436eaf4c6398608273ceba5d36: Bootstrap starting.
I20260709 14:51:18.758836 13221 leader_election.cc:290] T 375c9c41c5c7404f959bc81111f1c392 P 8978bf436eaf4c6398608273ceba5d36 [CANDIDATE]: Term 2 pre-election: Requested pre-vote from peers 962f565d98c7440491ffca52997e0209 (127.11.106.193:42119), 7dc2a7684393448bad7b8b4fa756a01e (127.11.106.194:39399)
I20260709 14:51:18.756251 12869 raft_consensus.cc:2368] T 3990d75ac4974c65801d0e5d72c2c8d9 P 7dc2a7684393448bad7b8b4fa756a01e [term 3 FOLLOWER]: Leader pre-election vote request: Denying vote to candidate 8978bf436eaf4c6398608273ceba5d36 for earlier term 2. Current term is 3.
I20260709 14:51:18.760447 12794 raft_consensus.cc:2468] T 428245cbb58c436692105e0b11b45b38 P 962f565d98c7440491ffca52997e0209 [term 2 FOLLOWER]: Leader election vote request: Granting yes vote for candidate 8978bf436eaf4c6398608273ceba5d36 in term 2.
I20260709 14:51:18.766525 13200 consensus_queue.cc:1048] T 4b9879c8749a461996d5ea1c3424fc6e P 7dc2a7684393448bad7b8b4fa756a01e [LEADER]: Connected to new peer: Peer: permanent_uuid: "8978bf436eaf4c6398608273ceba5d36" member_type: VOTER last_known_addr { host: "127.11.106.195" port: 33503 }, Status: LMP_MISMATCH, Last received: 0.0, Next index: 1, Last known committed idx: 0, Time since last communication: 0.000s
I20260709 14:51:18.770730 12985 tablet_bootstrap.cc:654] T b265b9c47aa4424bb89be4d9599ff5b7 P 8978bf436eaf4c6398608273ceba5d36: Neither blocks nor log segments found. Creating new log.
I20260709 14:51:18.777465 12870 raft_consensus.cc:2468] T 428245cbb58c436692105e0b11b45b38 P 7dc2a7684393448bad7b8b4fa756a01e [term 2 FOLLOWER]: Leader election vote request: Granting yes vote for candidate 8978bf436eaf4c6398608273ceba5d36 in term 2.
I20260709 14:51:18.779024 12985 tablet_bootstrap.cc:492] T b265b9c47aa4424bb89be4d9599ff5b7 P 8978bf436eaf4c6398608273ceba5d36: No bootstrap required, opened a new log
I20260709 14:51:18.779430 12985 ts_tablet_manager.cc:1403] T b265b9c47aa4424bb89be4d9599ff5b7 P 8978bf436eaf4c6398608273ceba5d36: Time spent bootstrapping tablet: real 0.021s	user 0.008s	sys 0.000s
I20260709 14:51:18.780678 13200 consensus_queue.cc:1048] T 4b9879c8749a461996d5ea1c3424fc6e P 7dc2a7684393448bad7b8b4fa756a01e [LEADER]: Connected to new peer: Peer: permanent_uuid: "962f565d98c7440491ffca52997e0209" member_type: VOTER last_known_addr { host: "127.11.106.193" port: 42119 }, Status: LMP_MISMATCH, Last received: 0.0, Next index: 1, Last known committed idx: 0, Time since last communication: 0.000s
I20260709 14:51:18.781201 12794 tablet_service.cc:1917] Received RequestConsensusVote() RPC: tablet_id: "375c9c41c5c7404f959bc81111f1c392" candidate_uuid: "8978bf436eaf4c6398608273ceba5d36" candidate_term: 2 candidate_status { last_received { term: 0 index: 0 } } ignore_live_leader: false dest_uuid: "962f565d98c7440491ffca52997e0209" is_pre_election: true
I20260709 14:51:18.781893 12794 raft_consensus.cc:2468] T 375c9c41c5c7404f959bc81111f1c392 P 962f565d98c7440491ffca52997e0209 [term 1 FOLLOWER]: Leader pre-election vote request: Granting yes vote for candidate 8978bf436eaf4c6398608273ceba5d36 in term 1.
I20260709 14:51:18.781787 12985 raft_consensus.cc:359] T b265b9c47aa4424bb89be4d9599ff5b7 P 8978bf436eaf4c6398608273ceba5d36 [term 0 FOLLOWER]: Replica starting. Triggering 0 pending ops. Active config: opid_index: -1 OBSOLETE_local: false peers { permanent_uuid: "962f565d98c7440491ffca52997e0209" member_type: VOTER last_known_addr { host: "127.11.106.193" port: 42119 } } peers { permanent_uuid: "7dc2a7684393448bad7b8b4fa756a01e" member_type: VOTER last_known_addr { host: "127.11.106.194" port: 39399 } } peers { permanent_uuid: "8978bf436eaf4c6398608273ceba5d36" member_type: VOTER last_known_addr { host: "127.11.106.195" port: 33503 } }
I20260709 14:51:18.782444 12985 raft_consensus.cc:385] T b265b9c47aa4424bb89be4d9599ff5b7 P 8978bf436eaf4c6398608273ceba5d36 [term 0 FOLLOWER]: Consensus starting up: Expiring failure detector timer to make a prompt election more likely
I20260709 14:51:18.782716 12985 raft_consensus.cc:740] T b265b9c47aa4424bb89be4d9599ff5b7 P 8978bf436eaf4c6398608273ceba5d36 [term 0 FOLLOWER]: Becoming Follower/Learner. State: Replica: 8978bf436eaf4c6398608273ceba5d36, State: Initialized, Role: FOLLOWER
I20260709 14:51:18.784082 12869 tablet_service.cc:1917] Received RequestConsensusVote() RPC: tablet_id: "375c9c41c5c7404f959bc81111f1c392" candidate_uuid: "8978bf436eaf4c6398608273ceba5d36" candidate_term: 2 candidate_status { last_received { term: 0 index: 0 } } ignore_live_leader: false dest_uuid: "7dc2a7684393448bad7b8b4fa756a01e" is_pre_election: true
I20260709 14:51:18.784704 12869 raft_consensus.cc:2468] T 375c9c41c5c7404f959bc81111f1c392 P 7dc2a7684393448bad7b8b4fa756a01e [term 1 FOLLOWER]: Leader pre-election vote request: Granting yes vote for candidate 8978bf436eaf4c6398608273ceba5d36 in term 1.
I20260709 14:51:18.788898 12793 raft_consensus.cc:2468] T 3990d75ac4974c65801d0e5d72c2c8d9 P 962f565d98c7440491ffca52997e0209 [term 3 FOLLOWER]: Leader election vote request: Granting yes vote for candidate 7dc2a7684393448bad7b8b4fa756a01e in term 3.
I20260709 14:51:18.788467 12985 consensus_queue.cc:260] T b265b9c47aa4424bb89be4d9599ff5b7 P 8978bf436eaf4c6398608273ceba5d36 [NON_LEADER]: Queue going to NON_LEADER mode. State: All replicated index: 0, Majority replicated index: 0, Committed index: 0, Last appended: 0.0, Last appended by leader: 0, Current term: 0, Majority size: -1, State: 0, Mode: NON_LEADER, active raft config: opid_index: -1 OBSOLETE_local: false peers { permanent_uuid: "962f565d98c7440491ffca52997e0209" member_type: VOTER last_known_addr { host: "127.11.106.193" port: 42119 } } peers { permanent_uuid: "7dc2a7684393448bad7b8b4fa756a01e" member_type: VOTER last_known_addr { host: "127.11.106.194" port: 39399 } } peers { permanent_uuid: "8978bf436eaf4c6398608273ceba5d36" member_type: VOTER last_known_addr { host: "127.11.106.195" port: 33503 } }
I20260709 14:51:18.790102 12835 leader_election.cc:304] T 3990d75ac4974c65801d0e5d72c2c8d9 P 7dc2a7684393448bad7b8b4fa756a01e [CANDIDATE]: Term 3 election: Election decided. Result: candidate won. Election summary: received 2 responses out of 3 voters: 2 yes votes; 0 no votes. yes voters: 7dc2a7684393448bad7b8b4fa756a01e, 962f565d98c7440491ffca52997e0209; no voters: 
I20260709 14:51:18.791043 13200 raft_consensus.cc:2804] T 3990d75ac4974c65801d0e5d72c2c8d9 P 7dc2a7684393448bad7b8b4fa756a01e [term 3 FOLLOWER]: Leader election won for term 3
I20260709 14:51:18.791750 12985 ts_tablet_manager.cc:1434] T b265b9c47aa4424bb89be4d9599ff5b7 P 8978bf436eaf4c6398608273ceba5d36: Time spent starting tablet: real 0.012s	user 0.006s	sys 0.000s
I20260709 14:51:18.791726 13200 raft_consensus.cc:697] T 3990d75ac4974c65801d0e5d72c2c8d9 P 7dc2a7684393448bad7b8b4fa756a01e [term 3 LEADER]: Becoming Leader. State: Replica: 7dc2a7684393448bad7b8b4fa756a01e, State: Running, Role: LEADER
I20260709 14:51:18.794301 13200 consensus_queue.cc:237] T 3990d75ac4974c65801d0e5d72c2c8d9 P 7dc2a7684393448bad7b8b4fa756a01e [LEADER]: Queue going to LEADER mode. State: All replicated index: 0, Majority replicated index: 1, Committed index: 1, Last appended: 1.1, Last appended by leader: 1, Current term: 3, Majority size: 2, State: 0, Mode: LEADER, active raft config: opid_index: -1 OBSOLETE_local: false peers { permanent_uuid: "962f565d98c7440491ffca52997e0209" member_type: VOTER last_known_addr { host: "127.11.106.193" port: 42119 } } peers { permanent_uuid: "7dc2a7684393448bad7b8b4fa756a01e" member_type: VOTER last_known_addr { host: "127.11.106.194" port: 39399 } } peers { permanent_uuid: "8978bf436eaf4c6398608273ceba5d36" member_type: VOTER last_known_addr { host: "127.11.106.195" port: 33503 } }
I20260709 14:51:18.795598 12985 tablet_bootstrap.cc:492] T de6855178cb84b6f8aa3ed3859e3381b P 8978bf436eaf4c6398608273ceba5d36: Bootstrap starting.
I20260709 14:51:18.800947 12909 leader_election.cc:304] T 428245cbb58c436692105e0b11b45b38 P 8978bf436eaf4c6398608273ceba5d36 [CANDIDATE]: Term 2 election: Election decided. Result: candidate won. Election summary: received 2 responses out of 3 voters: 2 yes votes; 0 no votes. yes voters: 8978bf436eaf4c6398608273ceba5d36, 962f565d98c7440491ffca52997e0209; no voters: 
I20260709 14:51:18.801630 13221 raft_consensus.cc:2804] T 428245cbb58c436692105e0b11b45b38 P 8978bf436eaf4c6398608273ceba5d36 [term 2 FOLLOWER]: Leader election won for term 2
I20260709 14:51:18.802243 13221 raft_consensus.cc:697] T 428245cbb58c436692105e0b11b45b38 P 8978bf436eaf4c6398608273ceba5d36 [term 2 LEADER]: Becoming Leader. State: Replica: 8978bf436eaf4c6398608273ceba5d36, State: Running, Role: LEADER
I20260709 14:51:18.803031 13221 consensus_queue.cc:237] T 428245cbb58c436692105e0b11b45b38 P 8978bf436eaf4c6398608273ceba5d36 [LEADER]: Queue going to LEADER mode. State: All replicated index: 0, Majority replicated index: 0, Committed index: 0, Last appended: 0.0, Last appended by leader: 0, Current term: 2, Majority size: 2, State: 0, Mode: LEADER, active raft config: opid_index: -1 OBSOLETE_local: false peers { permanent_uuid: "962f565d98c7440491ffca52997e0209" member_type: VOTER last_known_addr { host: "127.11.106.193" port: 42119 } } peers { permanent_uuid: "7dc2a7684393448bad7b8b4fa756a01e" member_type: VOTER last_known_addr { host: "127.11.106.194" port: 39399 } } peers { permanent_uuid: "8978bf436eaf4c6398608273ceba5d36" member_type: VOTER last_known_addr { host: "127.11.106.195" port: 33503 } }
I20260709 14:51:18.806272 12988 tablet_bootstrap.cc:492] T 5625a94059dc44389ccc8e559700accf P 7dc2a7684393448bad7b8b4fa756a01e: No bootstrap required, opened a new log
I20260709 14:51:18.806730 12988 ts_tablet_manager.cc:1403] T 5625a94059dc44389ccc8e559700accf P 7dc2a7684393448bad7b8b4fa756a01e: Time spent bootstrapping tablet: real 0.140s	user 0.016s	sys 0.008s
I20260709 14:51:18.806846 12985 tablet_bootstrap.cc:654] T de6855178cb84b6f8aa3ed3859e3381b P 8978bf436eaf4c6398608273ceba5d36: Neither blocks nor log segments found. Creating new log.
I20260709 14:51:18.806895 12909 leader_election.cc:304] T 375c9c41c5c7404f959bc81111f1c392 P 8978bf436eaf4c6398608273ceba5d36 [CANDIDATE]: Term 2 pre-election: Election decided. Result: candidate won. Election summary: received 2 responses out of 3 voters: 2 yes votes; 0 no votes. yes voters: 8978bf436eaf4c6398608273ceba5d36, 962f565d98c7440491ffca52997e0209; no voters: 
I20260709 14:51:18.807636 13218 raft_consensus.cc:2804] T 375c9c41c5c7404f959bc81111f1c392 P 8978bf436eaf4c6398608273ceba5d36 [term 1 FOLLOWER]: Leader pre-election won for term 2
I20260709 14:51:18.807973 13218 raft_consensus.cc:493] T 375c9c41c5c7404f959bc81111f1c392 P 8978bf436eaf4c6398608273ceba5d36 [term 1 FOLLOWER]: Starting leader election (no leader contacted us within the election timeout)
I20260709 14:51:18.808301 13218 raft_consensus.cc:3060] T 375c9c41c5c7404f959bc81111f1c392 P 8978bf436eaf4c6398608273ceba5d36 [term 1 FOLLOWER]: Advancing to term 2
I20260709 14:51:18.816040 13218 raft_consensus.cc:515] T 375c9c41c5c7404f959bc81111f1c392 P 8978bf436eaf4c6398608273ceba5d36 [term 2 FOLLOWER]: Starting leader election with config: opid_index: -1 OBSOLETE_local: false peers { permanent_uuid: "962f565d98c7440491ffca52997e0209" member_type: VOTER last_known_addr { host: "127.11.106.193" port: 42119 } } peers { permanent_uuid: "7dc2a7684393448bad7b8b4fa756a01e" member_type: VOTER last_known_addr { host: "127.11.106.194" port: 39399 } } peers { permanent_uuid: "8978bf436eaf4c6398608273ceba5d36" member_type: VOTER last_known_addr { host: "127.11.106.195" port: 33503 } }
I20260709 14:51:18.817050 12989 raft_consensus.cc:493] T 0af3d00746b84da698f26ee8804331db P 8978bf436eaf4c6398608273ceba5d36 [term 0 FOLLOWER]: Starting pre-election (no leader contacted us within the election timeout)
I20260709 14:51:18.817543 12989 raft_consensus.cc:515] T 0af3d00746b84da698f26ee8804331db P 8978bf436eaf4c6398608273ceba5d36 [term 0 FOLLOWER]: Starting pre-election with config: opid_index: -1 OBSOLETE_local: false peers { permanent_uuid: "962f565d98c7440491ffca52997e0209" member_type: VOTER last_known_addr { host: "127.11.106.193" port: 42119 } } peers { permanent_uuid: "7dc2a7684393448bad7b8b4fa756a01e" member_type: VOTER last_known_addr { host: "127.11.106.194" port: 39399 } } peers { permanent_uuid: "8978bf436eaf4c6398608273ceba5d36" member_type: VOTER last_known_addr { host: "127.11.106.195" port: 33503 } }
I20260709 14:51:18.817986 13218 leader_election.cc:290] T 375c9c41c5c7404f959bc81111f1c392 P 8978bf436eaf4c6398608273ceba5d36 [CANDIDATE]: Term 2 election: Requested vote from peers 962f565d98c7440491ffca52997e0209 (127.11.106.193:42119), 7dc2a7684393448bad7b8b4fa756a01e (127.11.106.194:39399)
I20260709 14:51:18.818182 12985 tablet_bootstrap.cc:492] T de6855178cb84b6f8aa3ed3859e3381b P 8978bf436eaf4c6398608273ceba5d36: No bootstrap required, opened a new log
I20260709 14:51:18.818591 12985 ts_tablet_manager.cc:1403] T de6855178cb84b6f8aa3ed3859e3381b P 8978bf436eaf4c6398608273ceba5d36: Time spent bootstrapping tablet: real 0.023s	user 0.006s	sys 0.003s
I20260709 14:51:18.819257 12909 leader_election.cc:400] T 3990d75ac4974c65801d0e5d72c2c8d9 P 8978bf436eaf4c6398608273ceba5d36 [CANDIDATE]: Term 2 pre-election: Vote denied by peer 7dc2a7684393448bad7b8b4fa756a01e (127.11.106.194:39399) with higher term. Message: Invalid argument: T 3990d75ac4974c65801d0e5d72c2c8d9 P 7dc2a7684393448bad7b8b4fa756a01e [term 3 FOLLOWER]: Leader pre-election vote request: Denying vote to candidate 8978bf436eaf4c6398608273ceba5d36 for earlier term 2. Current term is 3.
I20260709 14:51:18.822142 12909 leader_election.cc:403] T 3990d75ac4974c65801d0e5d72c2c8d9 P 8978bf436eaf4c6398608273ceba5d36 [CANDIDATE]: Term 2 pre-election: Cancelling election due to peer responding with higher term
I20260709 14:51:18.823504 12989 leader_election.cc:290] T 0af3d00746b84da698f26ee8804331db P 8978bf436eaf4c6398608273ceba5d36 [CANDIDATE]: Term 1 pre-election: Requested pre-vote from peers 962f565d98c7440491ffca52997e0209 (127.11.106.193:42119), 7dc2a7684393448bad7b8b4fa756a01e (127.11.106.194:39399)
I20260709 14:51:18.834398 12795 tablet_service.cc:1917] Received RequestConsensusVote() RPC: tablet_id: "375c9c41c5c7404f959bc81111f1c392" candidate_uuid: "8978bf436eaf4c6398608273ceba5d36" candidate_term: 2 candidate_status { last_received { term: 0 index: 0 } } ignore_live_leader: false dest_uuid: "962f565d98c7440491ffca52997e0209"
I20260709 14:51:18.834592 12985 raft_consensus.cc:359] T de6855178cb84b6f8aa3ed3859e3381b P 8978bf436eaf4c6398608273ceba5d36 [term 0 FOLLOWER]: Replica starting. Triggering 0 pending ops. Active config: opid_index: -1 OBSOLETE_local: false peers { permanent_uuid: "962f565d98c7440491ffca52997e0209" member_type: VOTER last_known_addr { host: "127.11.106.193" port: 42119 } } peers { permanent_uuid: "7dc2a7684393448bad7b8b4fa756a01e" member_type: VOTER last_known_addr { host: "127.11.106.194" port: 39399 } } peers { permanent_uuid: "8978bf436eaf4c6398608273ceba5d36" member_type: VOTER last_known_addr { host: "127.11.106.195" port: 33503 } }
I20260709 14:51:18.835671 12985 raft_consensus.cc:385] T de6855178cb84b6f8aa3ed3859e3381b P 8978bf436eaf4c6398608273ceba5d36 [term 0 FOLLOWER]: Consensus starting up: Expiring failure detector timer to make a prompt election more likely
I20260709 14:51:18.835983 12985 raft_consensus.cc:740] T de6855178cb84b6f8aa3ed3859e3381b P 8978bf436eaf4c6398608273ceba5d36 [term 0 FOLLOWER]: Becoming Follower/Learner. State: Replica: 8978bf436eaf4c6398608273ceba5d36, State: Initialized, Role: FOLLOWER
I20260709 14:51:18.836404 12795 raft_consensus.cc:3060] T 375c9c41c5c7404f959bc81111f1c392 P 962f565d98c7440491ffca52997e0209 [term 1 FOLLOWER]: Advancing to term 2
I20260709 14:51:18.836694 12985 consensus_queue.cc:260] T de6855178cb84b6f8aa3ed3859e3381b P 8978bf436eaf4c6398608273ceba5d36 [NON_LEADER]: Queue going to NON_LEADER mode. State: All replicated index: 0, Majority replicated index: 0, Committed index: 0, Last appended: 0.0, Last appended by leader: 0, Current term: 0, Majority size: -1, State: 0, Mode: NON_LEADER, active raft config: opid_index: -1 OBSOLETE_local: false peers { permanent_uuid: "962f565d98c7440491ffca52997e0209" member_type: VOTER last_known_addr { host: "127.11.106.193" port: 42119 } } peers { permanent_uuid: "7dc2a7684393448bad7b8b4fa756a01e" member_type: VOTER last_known_addr { host: "127.11.106.194" port: 39399 } } peers { permanent_uuid: "8978bf436eaf4c6398608273ceba5d36" member_type: VOTER last_known_addr { host: "127.11.106.195" port: 33503 } }
I20260709 14:51:18.838900 12869 tablet_service.cc:1917] Received RequestConsensusVote() RPC: tablet_id: "0af3d00746b84da698f26ee8804331db" candidate_uuid: "8978bf436eaf4c6398608273ceba5d36" candidate_term: 1 candidate_status { last_received { term: 0 index: 0 } } ignore_live_leader: false dest_uuid: "7dc2a7684393448bad7b8b4fa756a01e" is_pre_election: true
